Jul 20 13:11:01.609001 n-d-843862-5 devstack@placement-api.service[116458]: INFO placement.requestlog [req-781c63d5-482a-43f0-996d-e0a0edee12e4 req-833f3144-bc0d-4f07-81c0-285f0b29a74d service placement] 10.222.0.20 "GET /placement/allocation_candidates?limit=1000&resources=DISK_GB%3A1%2CMEMORY_MB%3A1024%2CVCPU%3A1&root_required=%21COMPUTE_STATUS_DISABLED" status: 200 len: 1309 microversion: 1.36
Jul 20 13:11:01.616371 n-d-843862-5 devstack@placement-api.service[116458]: [pid: 116458|app: 0|req: 395/788] 10.222.0.20 () {60 vars in 1506 bytes} [Wed Jul 20 13:11:00 2022] GET /placement/allocation_candidates?limit=1000&resources=DISK_GB%3A1%2CMEMORY_MB%3A1024%2CVCPU%3A1&root_required=%21COMPUTE_STATUS_DISABLED => generated 1309 bytes in 666 msecs (HTTP/1.1 200) 8 headers in 297 bytes (2 switches on core 0)
Jul 20 13:11:01.740822 n-d-843862-5 devstack@placement-api.service[116459]: DEBUG placement.requestlog [req-781c63d5-482a-43f0-996d-e0a0edee12e4 req-bc64534e-5c9c-43ec-91aa-25834cf68894 None None] Starting request: 10.222.0.20 "GET /placement/allocations/c5fc79ae-55e0-4f1a-b016-a706715af5b0" {{(pid=116459) __call__ /opt/stack/placement/placement/requestlog.py:55}}
Jul 20 13:11:01.762357 n-d-843862-5 devstack@placement-api.service[116459]: INFO placement.requestlog [req-781c63d5-482a-43f0-996d-e0a0edee12e4 req-bc64534e-5c9c-43ec-91aa-25834cf68894 service placement] 10.222.0.20 "GET /placement/allocations/c5fc79ae-55e0-4f1a-b016-a706715af5b0" status: 200 len: 19 microversion: 1.28
Jul 20 13:11:01.762766 n-d-843862-5 devstack@placement-api.service[116459]: [pid: 116459|app: 0|req: 394/789] 10.222.0.20 () {60 vars in 1380 bytes} [Wed Jul 20 13:11:01 2022] GET /placement/allocations/c5fc79ae-55e0-4f1a-b016-a706715af5b0 => generated 19 bytes in 22 msecs (HTTP/1.1 200) 8 headers in 295 bytes (1 switches on core 0)
Jul 20 13:11:01.769900 n-d-843862-5 devstack@placement-api.service[116458]: DEBUG placement.requestlog [req-781c63d5-482a-43f0-996d-e0a0edee12e4 req-aadc26cd-3f3f-4f25-a0bc-f3353b9af262 None None] Starting request: 10.222.0.20 "PUT /placement/allocations/c5fc79ae-55e0-4f1a-b016-a706715af5b0" {{(pid=116458) __call__ /opt/stack/placement/placement/requestlog.py:55}}
Jul 20 13:11:01.906442 n-d-843862-5 devstack@placement-api.service[116458]: DEBUG placement.handlers.allocation [req-781c63d5-482a-43f0-996d-e0a0edee12e4 req-aadc26cd-3f3f-4f25-a0bc-f3353b9af262 service placement] Successfully wrote allocations [, , ] {{(pid=116458) _update_consumers_and_create_allocations /opt/stack/placement/placement/handlers/allocation.py:462}}
Jul 20 13:11:01.913519 n-d-843862-5 devstack@placement-api.service[116458]: INFO placement.requestlog [req-781c63d5-482a-43f0-996d-e0a0edee12e4 req-aadc26cd-3f3f-4f25-a0bc-f3353b9af262 service placement] 10.222.0.20 "PUT /placement/allocations/c5fc79ae-55e0-4f1a-b016-a706715af5b0" status: 204 len: 0 microversion: 1.36
Jul 20 13:11:01.914154 n-d-843862-5 devstack@placement-api.service[116458]: [pid: 116458|app: 0|req: 396/790] 10.222.0.20 () {64 vars in 1433 bytes} [Wed Jul 20 13:11:01 2022] PUT /placement/allocations/c5fc79ae-55e0-4f1a-b016-a706715af5b0 => generated 0 bytes in 145 msecs (HTTP/1.1 204) 5 headers in 199 bytes (1 switches on core 0)
Jul 20 13:11:02.556070 n-d-843862-5 devstack@placement-api.service[116459]: DEBUG placement.requestlog [req-987653d4-5087-44fa-807d-af2e275b3732 req-4ef5deb7-1c47-450e-9d43-2857995127bb None None] Starting request: 10.222.0.46 "GET /placement/resource_providers/8124d289-1a95-402d-bb1e-f850728a4782/allocations" {{(pid=116459) __call__ /opt/stack/placement/placement/requestlog.py:55}}
Jul 20 13:11:02.649268 n-d-843862-5 devstack@placement-api.service[116459]: INFO placement.requestlog [req-987653d4-5087-44fa-807d-af2e275b3732 req-4ef5deb7-1c47-450e-9d43-2857995127bb service placement] 10.222.0.46 "GET /placement/resource_providers/8124d289-1a95-402d-bb1e-f850728a4782/allocations" status: 200 len: 241 microversion: 1.0
Jul 20 13:11:02.650811 n-d-843862-5 devstack@placement-api.service[116459]: [pid: 116459|app: 0|req: 395/791] 10.222.0.46 () {58 vars in 1390 bytes} [Wed Jul 20 13:11:02 2022] GET /placement/resource_providers/8124d289-1a95-402d-bb1e-f850728a4782/allocations => generated 241 bytes in 95 msecs (HTTP/1.1 200) 6 headers in 224 bytes (2 switches on core 0)
Jul 20 13:11:02.793379 n-d-843862-5 devstack@placement-api.service[116458]: DEBUG placement.requestlog [req-781c63d5-482a-43f0-996d-e0a0edee12e4 req-4f2a19e6-013b-4a03-9fd5-53d9548bb3fb None None] Starting request: 10.222.0.16 "GET /placement/allocations/c5fc79ae-55e0-4f1a-b016-a706715af5b0" {{(pid=116458) __call__ /opt/stack/placement/placement/requestlog.py:55}}
Jul 20 13:11:02.843944 n-d-843862-5 devstack@placement-api.service[116458]: INFO placement.requestlog [req-781c63d5-482a-43f0-996d-e0a0edee12e4 req-4f2a19e6-013b-4a03-9fd5-53d9548bb3fb service placement] 10.222.0.16 "GET /placement/allocations/c5fc79ae-55e0-4f1a-b016-a706715af5b0" status: 200 len: 259 microversion: 1.28
Jul 20 13:11:02.846663 n-d-843862-5 devstack@placement-api.service[116458]: [pid: 116458|app: 0|req: 397/792] 10.222.0.16 () {60 vars in 1377 bytes} [Wed Jul 20 13:11:02 2022] GET /placement/allocations/c5fc79ae-55e0-4f1a-b016-a706715af5b0 => generated 259 bytes in 53 msecs (HTTP/1.1 200) 8 headers in 296 bytes (1 switches on core 0)
Jul 20 13:11:04.300117 n-d-843862-5 devstack@placement-api.service[116459]: DEBUG placement.requestlog [req-94dc00ea-7d35-4f9c-8965-0f0214aa5b55 req-8a8f01dc-c672-4b21-b2cc-f514bc78c914 None None] Starting request: 10.222.0.16 "DELETE /placement/allocations/a5fd8441-7807-450f-8b06-d18294cd6b2e" {{(pid=116459) __call__ /opt/stack/placement/placement/requestlog.py:55}}
Jul 20 13:11:04.356086 n-d-843862-5 devstack@placement-api.service[116459]: DEBUG placement.handlers.allocation [req-94dc00ea-7d35-4f9c-8965-0f0214aa5b55 req-8a8f01dc-c672-4b21-b2cc-f514bc78c914 service placement] Successfully deleted allocations [, , ] {{(pid=116459) delete_allocations /opt/stack/placement/placement/handlers/allocation.py:627}}
Jul 20 13:11:04.356873 n-d-843862-5 devstack@placement-api.service[116459]: INFO placement.requestlog [req-94dc00ea-7d35-4f9c-8965-0f0214aa5b55 req-8a8f01dc-c672-4b21-b2cc-f514bc78c914 service placement] 10.222.0.16 "DELETE /placement/allocations/a5fd8441-7807-450f-8b06-d18294cd6b2e" status: 204 len: 0 microversion: 1.0
Jul 20 13:11:04.358071 n-d-843862-5 devstack@placement-api.service[116459]: [pid: 116459|app: 0|req: 396/793] 10.222.0.16 () {60 vars in 1355 bytes} [Wed Jul 20 13:11:04 2022] DELETE /placement/allocations/a5fd8441-7807-450f-8b06-d18294cd6b2e => generated 0 bytes in 58 msecs (HTTP/1.1 204) 5 headers in 198 bytes (1 switches on core 0)
Jul 20 13:11:07.587237 n-d-843862-5 devstack@placement-api.service[116458]: DEBUG placement.requestlog [req-c1f79ac7-d3e5-4dc5-9fc9-d642967130e0 req-0d99e88c-9e4d-434e-9516-36dab694e089 None None] Starting request: 10.222.0.46 "DELETE /placement/allocations/db56911c-3db0-4d1e-ab74-8706bd06db60" {{(pid=116458) __call__ /opt/stack/placement/placement/requestlog.py:55}}
Jul 20 13:11:07.651361 n-d-843862-5 devstack@placement-api.service[116458]: DEBUG placement.handlers.allocation [req-c1f79ac7-d3e5-4dc5-9fc9-d642967130e0 req-0d99e88c-9e4d-434e-9516-36dab694e089 service placement] Successfully deleted allocations [, , ] {{(pid=116458) delete_allocations /opt/stack/placement/placement/handlers/allocation.py:627}}
Jul 20 13:11:07.652246 n-d-843862-5 devstack@placement-api.service[116458]: INFO placement.requestlog [req-c1f79ac7-d3e5-4dc5-9fc9-d642967130e0 req-0d99e88c-9e4d-434e-9516-36dab694e089 service placement] 10.222.0.46 "DELETE /placement/allocations/db56911c-3db0-4d1e-ab74-8706bd06db60" status: 204 len: 0 microversion: 1.0
Jul 20 13:11:07.652857 n-d-843862-5 devstack@placement-api.service[116458]: [pid: 116458|app: 0|req: 398/794] 10.222.0.46 () {60 vars in 1355 bytes} [Wed Jul 20 13:11:07 2022] DELETE /placement/allocations/db56911c-3db0-4d1e-ab74-8706bd06db60 => generated 0 bytes in 67 msecs (HTTP/1.1 204) 5 headers in 198 bytes (1 switches on core 0)
Jul 20 13:11:14.350532 n-d-843862-5 devstack@placement-api.service[116459]: DEBUG dbcounter [-] [116459] Writing DB stats placement:SELECT=32,placement:DELETE=4 {{(pid=116459) stat_writer /usr/local/lib/python3.8/dist-packages/dbcounter.py:114}}
Jul 20 13:11:17.644070 n-d-843862-5 devstack@placement-api.service[116458]: DEBUG dbcounter [-] [116458] Writing DB stats placement:SELECT=40,placement:INSERT=4,placement:DELETE=4,placement:UPDATE=2 {{(pid=116458) stat_writer /usr/local/lib/python3.8/dist-packages/dbcounter.py:114}}
Jul 20 13:11:17.982805 n-d-843862-5 devstack@placement-api.service[116459]: DEBUG placement.requestlog [None req-259500ac-a23e-4edd-9061-852f160a2dd2 None None] Starting request: 10.222.0.20 "GET /placement/resource_providers/89c24db6-baee-4640-9863-487c1c6b47f8/aggregates" {{(pid=116459) __call__ /opt/stack/placement/placement/requestlog.py:55}}
Jul 20 13:11:18.002838 n-d-843862-5 devstack@placement-api.service[116459]: INFO placement.requestlog [None req-259500ac-a23e-4edd-9061-852f160a2dd2 service placement] 10.222.0.20 "GET /placement/resource_providers/89c24db6-baee-4640-9863-487c1c6b47f8/aggregates" status: 404 len: 235 microversion: 1.1
Jul 20 13:11:18.003721 n-d-843862-5 devstack@placement-api.service[116459]: [pid: 116459|app: 0|req: 397/795] 10.222.0.20 () {58 vars in 1362 bytes} [Wed Jul 20 13:11:17 2022] GET /placement/resource_providers/89c24db6-baee-4640-9863-487c1c6b47f8/aggregates => generated 235 bytes in 23 msecs (HTTP/1.1 404) 5 headers in 202 bytes (1 switches on core 0)
Jul 20 13:11:18.015850 n-d-843862-5 devstack@placement-api.service[116458]: DEBUG placement.requestlog [None req-8e602af5-2736-4c12-9e85-d6375e966a5f None None] Starting request: 10.222.0.20 "DELETE /placement/resource_providers/89c24db6-baee-4640-9863-487c1c6b47f8" {{(pid=116458) __call__ /opt/stack/placement/placement/requestlog.py:55}}
Jul 20 13:11:18.033580 n-d-843862-5 devstack@placement-api.service[116458]: DEBUG placement.wsgi_wrapper [None req-8e602af5-2736-4c12-9e85-d6375e966a5f service placement] Placement API returning an error response: No resource provider with uuid 89c24db6-baee-4640-9863-487c1c6b47f8 found for delete {{(pid=116458) call_func /opt/stack/placement/placement/wsgi_wrapper.py:31}}
Jul 20 13:11:18.036656 n-d-843862-5 devstack@placement-api.service[116458]: INFO placement.requestlog [None req-8e602af5-2736-4c12-9e85-d6375e966a5f service placement] 10.222.0.20 "DELETE /placement/resource_providers/89c24db6-baee-4640-9863-487c1c6b47f8" status: 404 len: 246 microversion: 1.1
Jul 20 13:11:18.037423 n-d-843862-5 devstack@placement-api.service[116458]: [pid: 116458|app: 0|req: 399/796] 10.222.0.20 () {60 vars in 1351 bytes} [Wed Jul 20 13:11:18 2022] DELETE /placement/resource_providers/89c24db6-baee-4640-9863-487c1c6b47f8 => generated 246 bytes in 22 msecs (HTTP/1.1 404) 6 headers in 231 bytes (2 switches on core 0)
Jul 20 13:11:27.997513 n-d-843862-5 devstack@placement-api.service[116459]: DEBUG dbcounter [-] [116459] Writing DB stats placement:SELECT=2 {{(pid=116459) stat_writer /usr/local/lib/python3.8/dist-packages/dbcounter.py:114}}
Jul 20 13:11:28.030612 n-d-843862-5 devstack@placement-api.service[116458]: DEBUG dbcounter [-] [116458] Writing DB stats placement:SELECT=2 {{(pid=116458) stat_writer /usr/local/lib/python3.8/dist-packages/dbcounter.py:114}}
Jul 20 13:11:34.078138 n-d-843862-5 devstack@placement-api.service[116459]: DEBUG placement.requestlog [req-3caab8e7-8af8-4f08-af30-8b72bb28426a req-17964e1a-e535-442b-9b8d-1cf13ab12eff None None] Starting request: 10.222.0.20 "GET /placement/allocation_candidates?limit=1000&resources=DISK_GB%3A1%2CMEMORY_MB%3A1024%2CVCPU%3A1&root_required=%21COMPUTE_STATUS_DISABLED" {{(pid=116459) __call__ /opt/stack/placement/placement/requestlog.py:55}}
Jul 20 13:11:34.184469 n-d-843862-5 devstack@placement-api.service[116459]: DEBUG placement.objects.research_context [req-3caab8e7-8af8-4f08-af30-8b72bb28426a req-17964e1a-e535-442b-9b8d-1cf13ab12eff service placement] getting providers with 1 DISK_GB {{(pid=116459) __init__ /opt/stack/placement/placement/objects/research_context.py:136}}
Jul 20 13:11:34.198119 n-d-843862-5 devstack@placement-api.service[116459]: DEBUG placement.objects.research_context [req-3caab8e7-8af8-4f08-af30-8b72bb28426a req-17964e1a-e535-442b-9b8d-1cf13ab12eff service placement] getting providers with 1024 MEMORY_MB {{(pid=116459) __init__ /opt/stack/placement/placement/objects/research_context.py:136}}
Jul 20 13:11:34.204548 n-d-843862-5 devstack@placement-api.service[116459]: DEBUG placement.objects.research_context [req-3caab8e7-8af8-4f08-af30-8b72bb28426a req-17964e1a-e535-442b-9b8d-1cf13ab12eff service placement] getting providers with 1 VCPU {{(pid=116459) __init__ /opt/stack/placement/placement/objects/research_context.py:136}}
Jul 20 13:11:34.215074 n-d-843862-5 devstack@placement-api.service[116459]: DEBUG placement.objects.research_context [req-3caab8e7-8af8-4f08-af30-8b72bb28426a req-17964e1a-e535-442b-9b8d-1cf13ab12eff service placement] found 2 providers with available 1 DISK_GB {{(pid=116459) get_provider_ids_matching /opt/stack/placement/placement/objects/research_context.py:563}}
Jul 20 13:11:34.215620 n-d-843862-5 devstack@placement-api.service[116459]: DEBUG placement.objects.research_context [req-3caab8e7-8af8-4f08-af30-8b72bb28426a req-17964e1a-e535-442b-9b8d-1cf13ab12eff service placement] found 2 providers with available 1024 MEMORY_MB {{(pid=116459) get_provider_ids_matching /opt/stack/placement/placement/objects/research_context.py:563}}
Jul 20 13:11:34.216056 n-d-843862-5 devstack@placement-api.service[116459]: DEBUG placement.objects.research_context [req-3caab8e7-8af8-4f08-af30-8b72bb28426a req-17964e1a-e535-442b-9b8d-1cf13ab12eff service placement] found 2 providers after filtering by previous result {{(pid=116459) get_provider_ids_matching /opt/stack/placement/placement/objects/research_context.py:594}}
Jul 20 13:11:34.216535 n-d-843862-5 devstack@placement-api.service[116459]: DEBUG placement.objects.research_context [req-3caab8e7-8af8-4f08-af30-8b72bb28426a req-17964e1a-e535-442b-9b8d-1cf13ab12eff service placement] found 2 providers with available 1 VCPU {{(pid=116459) get_provider_ids_matching /opt/stack/placement/placement/objects/research_context.py:563}}
Jul 20 13:11:34.227636 n-d-843862-5 devstack@placement-api.service[116459]: DEBUG placement.objects.research_context [req-3caab8e7-8af8-4f08-af30-8b72bb28426a req-17964e1a-e535-442b-9b8d-1cf13ab12eff service placement] found 2 providers after filtering by previous result {{(pid=116459) get_provider_ids_matching /opt/stack/placement/placement/objects/research_context.py:594}}
Jul 20 13:11:34.272279 n-d-843862-5 devstack@placement-api.service[116459]: DEBUG placement.objects.allocation_candidate [req-3caab8e7-8af8-4f08-af30-8b72bb28426a req-17964e1a-e535-442b-9b8d-1cf13ab12eff service placement] RequestGroup(use_same_provider=False, resources={DISK_GB:1, MEMORY_MB:1024, VCPU:1}, traits=(), aggregates=[]) (suffix '') returned 2 matches {{(pid=116459) _get_by_requests /opt/stack/placement/placement/objects/allocation_candidate.py:156}}
Jul 20 13:11:34.272730 n-d-843862-5 devstack@placement-api.service[116459]: DEBUG placement.objects.allocation_candidate [req-3caab8e7-8af8-4f08-af30-8b72bb28426a req-17964e1a-e535-442b-9b8d-1cf13ab12eff service placement] Merging candidates yields 2 allocation requests and 2 provider summaries {{(pid=116459) _merge_candidates /opt/stack/placement/placement/objects/allocation_candidate.py:809}}
Jul 20 13:11:34.278468 n-d-843862-5 devstack@placement-api.service[116459]: INFO placement.requestlog [req-3caab8e7-8af8-4f08-af30-8b72bb28426a req-17964e1a-e535-442b-9b8d-1cf13ab12eff service placement] 10.222.0.20 "GET /placement/allocation_candidates?limit=1000&resources=DISK_GB%3A1%2CMEMORY_MB%3A1024%2CVCPU%3A1&root_required=%21COMPUTE_STATUS_DISABLED" status: 200 len: 1309 microversion: 1.36
Jul 20 13:11:34.279200 n-d-843862-5 devstack@placement-api.service[116459]: [pid: 116459|app: 0|req: 398/797] 10.222.0.20 () {60 vars in 1506 bytes} [Wed Jul 20 13:11:34 2022] GET /placement/allocation_candidates?limit=1000&resources=DISK_GB%3A1%2CMEMORY_MB%3A1024%2CVCPU%3A1&root_required=%21COMPUTE_STATUS_DISABLED => generated 1309 bytes in 201 msecs (HTTP/1.1 200) 8 headers in 297 bytes (1 switches on core 0)
Jul 20 13:11:34.531405 n-d-843862-5 devstack@placement-api.service[116458]: DEBUG placement.requestlog [req-3caab8e7-8af8-4f08-af30-8b72bb28426a req-b5b779d3-2511-4e1b-865d-8782f3f5e25d None None] Starting request: 10.222.0.20 "GET /placement/allocations/1977a8d2-82ae-48ab-a404-fbfa8c0e6479" {{(pid=116458) __call__ /opt/stack/placement/placement/requestlog.py:55}}
Jul 20 13:11:34.546346 n-d-843862-5 devstack@placement-api.service[116458]: INFO placement.requestlog [req-3caab8e7-8af8-4f08-af30-8b72bb28426a req-b5b779d3-2511-4e1b-865d-8782f3f5e25d service placement] 10.222.0.20 "GET /placement/allocations/1977a8d2-82ae-48ab-a404-fbfa8c0e6479" status: 200 len: 19 microversion: 1.28
Jul 20 13:11:34.547347 n-d-843862-5 devstack@placement-api.service[116458]: [pid: 116458|app: 0|req: 400/798] 10.222.0.20 () {60 vars in 1380 bytes} [Wed Jul 20 13:11:34 2022] GET /placement/allocations/1977a8d2-82ae-48ab-a404-fbfa8c0e6479 => generated 19 bytes in 17 msecs (HTTP/1.1 200) 8 headers in 295 bytes (1 switches on core 0)
Jul 20 13:11:34.554831 n-d-843862-5 devstack@placement-api.service[116459]: DEBUG placement.requestlog [req-3caab8e7-8af8-4f08-af30-8b72bb28426a req-1df9e5e3-46ce-42cd-bda6-3654021d8e5d None None] Starting request: 10.222.0.20 "PUT /placement/allocations/1977a8d2-82ae-48ab-a404-fbfa8c0e6479" {{(pid=116459) __call__ /opt/stack/placement/placement/requestlog.py:55}}
Jul 20 13:11:34.726719 n-d-843862-5 devstack@placement-api.service[116459]: DEBUG placement.handlers.allocation [req-3caab8e7-8af8-4f08-af30-8b72bb28426a req-1df9e5e3-46ce-42cd-bda6-3654021d8e5d service placement] Successfully wrote allocations [, , ] {{(pid=116459) _update_consumers_and_create_allocations /opt/stack/placement/placement/handlers/allocation.py:462}}
Jul 20 13:11:34.738045 n-d-843862-5 devstack@placement-api.service[116459]: INFO placement.requestlog [req-3caab8e7-8af8-4f08-af30-8b72bb28426a req-1df9e5e3-46ce-42cd-bda6-3654021d8e5d service placement] 10.222.0.20 "PUT /placement/allocations/1977a8d2-82ae-48ab-a404-fbfa8c0e6479" status: 204 len: 0 microversion: 1.36
Jul 20 13:11:34.739457 n-d-843862-5 devstack@placement-api.service[116459]: [pid: 116459|app: 0|req: 399/799] 10.222.0.20 () {64 vars in 1433 bytes} [Wed Jul 20 13:11:34 2022] PUT /placement/allocations/1977a8d2-82ae-48ab-a404-fbfa8c0e6479 => generated 0 bytes in 185 msecs (HTTP/1.1 204) 5 headers in 199 bytes (1 switches on core 0)
Jul 20 13:11:35.632932 n-d-843862-5 devstack@placement-api.service[116458]: DEBUG placement.requestlog [req-3caab8e7-8af8-4f08-af30-8b72bb28426a req-d1f2c0e9-1639-4631-9fed-a6fa432df737 None None] Starting request: 10.222.0.46 "GET /placement/allocations/1977a8d2-82ae-48ab-a404-fbfa8c0e6479" {{(pid=116458) __call__ /opt/stack/placement/placement/requestlog.py:55}}
Jul 20 13:11:35.665780 n-d-843862-5 devstack@placement-api.service[116458]: INFO placement.requestlog [req-3caab8e7-8af8-4f08-af30-8b72bb28426a req-d1f2c0e9-1639-4631-9fed-a6fa432df737 service placement] 10.222.0.46 "GET /placement/allocations/1977a8d2-82ae-48ab-a404-fbfa8c0e6479" status: 200 len: 259 microversion: 1.28
Jul 20 13:11:35.670131 n-d-843862-5 devstack@placement-api.service[116458]: [pid: 116458|app: 0|req: 401/800] 10.222.0.46 () {60 vars in 1377 bytes} [Wed Jul 20 13:11:35 2022] GET /placement/allocations/1977a8d2-82ae-48ab-a404-fbfa8c0e6479 => generated 259 bytes in 37 msecs (HTTP/1.1 200) 8 headers in 296 bytes (1 switches on core 0)
Jul 20 13:11:36.526083 n-d-843862-5 devstack@placement-api.service[116459]: DEBUG placement.requestlog [req-63a4b3b6-44a2-4508-a0a4-31ca1ad222d9 req-c5b48f42-518f-4e0f-b863-78a679f0b2e2 None None] Starting request: 10.222.0.20 "GET /placement/allocation_candidates?limit=1000&resources=DISK_GB%3A1%2CMEMORY_MB%3A1024%2CVCPU%3A1&root_required=%21COMPUTE_STATUS_DISABLED" {{(pid=116459) __call__ /opt/stack/placement/placement/requestlog.py:55}}
Jul 20 13:11:36.618975 n-d-843862-5 devstack@placement-api.service[116459]: DEBUG placement.objects.research_context [req-63a4b3b6-44a2-4508-a0a4-31ca1ad222d9 req-c5b48f42-518f-4e0f-b863-78a679f0b2e2 service placement] getting providers with 1 DISK_GB {{(pid=116459) __init__ /opt/stack/placement/placement/objects/research_context.py:136}}
Jul 20 13:11:36.641599 n-d-843862-5 devstack@placement-api.service[116459]: DEBUG placement.objects.research_context [req-63a4b3b6-44a2-4508-a0a4-31ca1ad222d9 req-c5b48f42-518f-4e0f-b863-78a679f0b2e2 service placement] getting providers with 1024 MEMORY_MB {{(pid=116459) __init__ /opt/stack/placement/placement/objects/research_context.py:136}}
Jul 20 13:11:36.667243 n-d-843862-5 devstack@placement-api.service[116459]: DEBUG placement.objects.research_context [req-63a4b3b6-44a2-4508-a0a4-31ca1ad222d9 req-c5b48f42-518f-4e0f-b863-78a679f0b2e2 service placement] getting providers with 1 VCPU {{(pid=116459) __init__ /opt/stack/placement/placement/objects/research_context.py:136}}
Jul 20 13:11:36.679949 n-d-843862-5 devstack@placement-api.service[116459]: DEBUG placement.objects.research_context [req-63a4b3b6-44a2-4508-a0a4-31ca1ad222d9 req-c5b48f42-518f-4e0f-b863-78a679f0b2e2 service placement] found 2 providers with available 1 DISK_GB {{(pid=116459) get_provider_ids_matching /opt/stack/placement/placement/objects/research_context.py:563}}
Jul 20 13:11:36.680546 n-d-843862-5 devstack@placement-api.service[116459]: DEBUG placement.objects.research_context [req-63a4b3b6-44a2-4508-a0a4-31ca1ad222d9 req-c5b48f42-518f-4e0f-b863-78a679f0b2e2 service placement] found 2 providers with available 1024 MEMORY_MB {{(pid=116459) get_provider_ids_matching /opt/stack/placement/placement/objects/research_context.py:563}}
Jul 20 13:11:36.681013 n-d-843862-5 devstack@placement-api.service[116459]: DEBUG placement.objects.research_context [req-63a4b3b6-44a2-4508-a0a4-31ca1ad222d9 req-c5b48f42-518f-4e0f-b863-78a679f0b2e2 service placement] found 2 providers after filtering by previous result {{(pid=116459) get_provider_ids_matching /opt/stack/placement/placement/objects/research_context.py:594}}
Jul 20 13:11:36.681490 n-d-843862-5 devstack@placement-api.service[116459]: DEBUG placement.objects.research_context [req-63a4b3b6-44a2-4508-a0a4-31ca1ad222d9 req-c5b48f42-518f-4e0f-b863-78a679f0b2e2 service placement] found 2 providers with available 1 VCPU {{(pid=116459) get_provider_ids_matching /opt/stack/placement/placement/objects/research_context.py:563}}
Jul 20 13:11:36.681991 n-d-843862-5 devstack@placement-api.service[116459]: DEBUG placement.objects.research_context [req-63a4b3b6-44a2-4508-a0a4-31ca1ad222d9 req-c5b48f42-518f-4e0f-b863-78a679f0b2e2 service placement] found 2 providers after filtering by previous result {{(pid=116459) get_provider_ids_matching /opt/stack/placement/placement/objects/research_context.py:594}}
Jul 20 13:11:36.713505 n-d-843862-5 devstack@placement-api.service[116459]: DEBUG placement.objects.allocation_candidate [req-63a4b3b6-44a2-4508-a0a4-31ca1ad222d9 req-c5b48f42-518f-4e0f-b863-78a679f0b2e2 service placement] RequestGroup(use_same_provider=False, resources={DISK_GB:1, MEMORY_MB:1024, VCPU:1}, traits=(), aggregates=[]) (suffix '') returned 2 matches {{(pid=116459) _get_by_requests /opt/stack/placement/placement/objects/allocation_candidate.py:156}}
Jul 20 13:11:36.714160 n-d-843862-5 devstack@placement-api.service[116459]: DEBUG placement.objects.allocation_candidate [req-63a4b3b6-44a2-4508-a0a4-31ca1ad222d9 req-c5b48f42-518f-4e0f-b863-78a679f0b2e2 service placement] Merging candidates yields 2 allocation requests and 2 provider summaries {{(pid=116459) _merge_candidates /opt/stack/placement/placement/objects/allocation_candidate.py:809}}
Jul 20 13:11:36.716511 n-d-843862-5 devstack@placement-api.service[116459]: INFO placement.requestlog [req-63a4b3b6-44a2-4508-a0a4-31ca1ad222d9 req-c5b48f42-518f-4e0f-b863-78a679f0b2e2 service placement] 10.222.0.20 "GET /placement/allocation_candidates?limit=1000&resources=DISK_GB%3A1%2CMEMORY_MB%3A1024%2CVCPU%3A1&root_required=%21COMPUTE_STATUS_DISABLED" status: 200 len: 1309 microversion: 1.36
Jul 20 13:11:36.717517 n-d-843862-5 devstack@placement-api.service[116459]: [pid: 116459|app: 0|req: 400/801] 10.222.0.20 () {60 vars in 1506 bytes} [Wed Jul 20 13:11:36 2022] GET /placement/allocation_candidates?limit=1000&resources=DISK_GB%3A1%2CMEMORY_MB%3A1024%2CVCPU%3A1&root_required=%21COMPUTE_STATUS_DISABLED => generated 1309 bytes in 192 msecs (HTTP/1.1 200) 8 headers in 297 bytes (1 switches on core 0)
Jul 20 13:11:36.869982 n-d-843862-5 devstack@placement-api.service[116458]: DEBUG placement.requestlog [req-63a4b3b6-44a2-4508-a0a4-31ca1ad222d9 req-ed2c7e06-48d9-4405-8b52-2267a2b961a8 None None] Starting request: 10.222.0.20 "GET /placement/allocations/5774d4f6-eee2-4479-9f15-5ad14119eb37" {{(pid=116458) __call__ /opt/stack/placement/placement/requestlog.py:55}}
Jul 20 13:11:36.882457 n-d-843862-5 devstack@placement-api.service[116458]: INFO placement.requestlog [req-63a4b3b6-44a2-4508-a0a4-31ca1ad222d9 req-ed2c7e06-48d9-4405-8b52-2267a2b961a8 service placement] 10.222.0.20 "GET /placement/allocations/5774d4f6-eee2-4479-9f15-5ad14119eb37" status: 200 len: 19 microversion: 1.28
Jul 20 13:11:36.884123 n-d-843862-5 devstack@placement-api.service[116458]: [pid: 116458|app: 0|req: 402/802] 10.222.0.20 () {60 vars in 1380 bytes} [Wed Jul 20 13:11:36 2022] GET /placement/allocations/5774d4f6-eee2-4479-9f15-5ad14119eb37 => generated 19 bytes in 14 msecs (HTTP/1.1 200) 8 headers in 295 bytes (1 switches on core 0)
Jul 20 13:11:36.892070 n-d-843862-5 devstack@placement-api.service[116459]: DEBUG placement.requestlog [req-63a4b3b6-44a2-4508-a0a4-31ca1ad222d9 req-c4a90a93-25b9-4d24-ba88-778d119638f5 None None] Starting request: 10.222.0.20 "PUT /placement/allocations/5774d4f6-eee2-4479-9f15-5ad14119eb37" {{(pid=116459) __call__ /opt/stack/placement/placement/requestlog.py:55}}
Jul 20 13:11:37.033130 n-d-843862-5 devstack@placement-api.service[116459]: DEBUG placement.handlers.allocation [req-63a4b3b6-44a2-4508-a0a4-31ca1ad222d9 req-c4a90a93-25b9-4d24-ba88-778d119638f5 service placement] Successfully wrote allocations [, , ] {{(pid=116459) _update_consumers_and_create_allocations /opt/stack/placement/placement/handlers/allocation.py:462}}
Jul 20 13:11:37.048023 n-d-843862-5 devstack@placement-api.service[116459]: INFO placement.requestlog [req-63a4b3b6-44a2-4508-a0a4-31ca1ad222d9 req-c4a90a93-25b9-4d24-ba88-778d119638f5 service placement] 10.222.0.20 "PUT /placement/allocations/5774d4f6-eee2-4479-9f15-5ad14119eb37" status: 204 len: 0 microversion: 1.36
Jul 20 13:11:37.056488 n-d-843862-5 devstack@placement-api.service[116459]: [pid: 116459|app: 0|req: 401/803] 10.222.0.20 () {64 vars in 1433 bytes} [Wed Jul 20 13:11:36 2022] PUT /placement/allocations/5774d4f6-eee2-4479-9f15-5ad14119eb37 => generated 0 bytes in 157 msecs (HTTP/1.1 204) 5 headers in 199 bytes (1 switches on core 0)
Jul 20 13:11:37.695751 n-d-843862-5 devstack@placement-api.service[116458]: DEBUG placement.requestlog [req-63a4b3b6-44a2-4508-a0a4-31ca1ad222d9 req-a2f6f0a4-1620-4f85-8ea6-347f468d1e99 None None] Starting request: 10.222.0.16 "GET /placement/allocations/5774d4f6-eee2-4479-9f15-5ad14119eb37" {{(pid=116458) __call__ /opt/stack/placement/placement/requestlog.py:55}}
Jul 20 13:11:37.724450 n-d-843862-5 devstack@placement-api.service[116458]: INFO placement.requestlog [req-63a4b3b6-44a2-4508-a0a4-31ca1ad222d9 req-a2f6f0a4-1620-4f85-8ea6-347f468d1e99 service placement] 10.222.0.16 "GET /placement/allocations/5774d4f6-eee2-4479-9f15-5ad14119eb37" status: 200 len: 259 microversion: 1.28
Jul 20 13:11:37.729664 n-d-843862-5 devstack@placement-api.service[116458]: [pid: 116458|app: 0|req: 403/804] 10.222.0.16 () {60 vars in 1377 bytes} [Wed Jul 20 13:11:37 2022] GET /placement/allocations/5774d4f6-eee2-4479-9f15-5ad14119eb37 => generated 259 bytes in 34 msecs (HTTP/1.1 200) 8 headers in 296 bytes (1 switches on core 0)
Jul 20 13:11:47.038160 n-d-843862-5 devstack@placement-api.service[116459]: DEBUG dbcounter [-] [116459] Writing DB stats placement:SELECT=52,placement:INSERT=10,placement:DELETE=4,placement:UPDATE=4 {{(pid=116459) stat_writer /usr/local/lib/python3.8/dist-packages/dbcounter.py:114}}
Jul 20 13:11:47.719938 n-d-843862-5 devstack@placement-api.service[116458]: DEBUG dbcounter [-] [116458] Writing DB stats placement:SELECT=12 {{(pid=116458) stat_writer /usr/local/lib/python3.8/dist-packages/dbcounter.py:114}}
Jul 20 13:11:49.478071 n-d-843862-5 devstack@placement-api.service[116459]: DEBUG placement.requestlog [None req-85d6ba2e-202b-4e92-84c4-ea26f7fa17a4 None None] Starting request: 10.222.0.20 "GET /placement/resource_providers/c0184566-9ac0-4734-bf16-17f62b2dfca1/aggregates" {{(pid=116459) __call__ /opt/stack/placement/placement/requestlog.py:55}}
Jul 20 13:11:49.489230 n-d-843862-5 devstack@placement-api.service[116459]: INFO placement.requestlog [None req-85d6ba2e-202b-4e92-84c4-ea26f7fa17a4 service placement] 10.222.0.20 "GET /placement/resource_providers/c0184566-9ac0-4734-bf16-17f62b2dfca1/aggregates" status: 404 len: 235 microversion: 1.1
Jul 20 13:11:49.490128 n-d-843862-5 devstack@placement-api.service[116459]: [pid: 116459|app: 0|req: 402/805] 10.222.0.20 () {58 vars in 1362 bytes} [Wed Jul 20 13:11:49 2022] GET /placement/resource_providers/c0184566-9ac0-4734-bf16-17f62b2dfca1/aggregates => generated 235 bytes in 13 msecs (HTTP/1.1 404) 5 headers in 202 bytes (1 switches on core 0)
Jul 20 13:11:49.512439 n-d-843862-5 devstack@placement-api.service[116458]: DEBUG placement.requestlog [None req-12d4d25c-f4f7-46dc-aa72-c81de8a4d8ec None None] Starting request: 10.222.0.20 "DELETE /placement/resource_providers/c0184566-9ac0-4734-bf16-17f62b2dfca1" {{(pid=116458) __call__ /opt/stack/placement/placement/requestlog.py:55}}
Jul 20 13:11:49.526146 n-d-843862-5 devstack@placement-api.service[116458]: DEBUG placement.wsgi_wrapper [None req-12d4d25c-f4f7-46dc-aa72-c81de8a4d8ec service placement] Placement API returning an error response: No resource provider with uuid c0184566-9ac0-4734-bf16-17f62b2dfca1 found for delete {{(pid=116458) call_func /opt/stack/placement/placement/wsgi_wrapper.py:31}}
Jul 20 13:11:49.527505 n-d-843862-5 devstack@placement-api.service[116458]: INFO placement.requestlog [None req-12d4d25c-f4f7-46dc-aa72-c81de8a4d8ec service placement] 10.222.0.20 "DELETE /placement/resource_providers/c0184566-9ac0-4734-bf16-17f62b2dfca1" status: 404 len: 246 microversion: 1.1
Jul 20 13:11:49.528796 n-d-843862-5 devstack@placement-api.service[116458]: [pid: 116458|app: 0|req: 404/806] 10.222.0.20 () {60 vars in 1351 bytes} [Wed Jul 20 13:11:49 2022] DELETE /placement/resource_providers/c0184566-9ac0-4734-bf16-17f62b2dfca1 => generated 246 bytes in 17 msecs (HTTP/1.1 404) 6 headers in 231 bytes (1 switches on core 0)
Jul 20 13:11:56.015363 n-d-843862-5 devstack@placement-api.service[116459]: DEBUG placement.requestlog [req-846bfe32-c8cd-4fea-a683-94f67b746be9 req-c8835233-5ccc-4470-8785-18105f60969b None None] Starting request: 10.222.0.46 "GET /placement/resource_providers/8124d289-1a95-402d-bb1e-f850728a4782/allocations" {{(pid=116459) __call__ /opt/stack/placement/placement/requestlog.py:55}}
Jul 20 13:11:56.149719 n-d-843862-5 devstack@placement-api.service[116459]: INFO placement.requestlog [req-846bfe32-c8cd-4fea-a683-94f67b746be9 req-c8835233-5ccc-4470-8785-18105f60969b service placement] 10.222.0.46 "GET /placement/resource_providers/8124d289-1a95-402d-bb1e-f850728a4782/allocations" status: 200 len: 241 microversion: 1.0
Jul 20 13:11:56.158807 n-d-843862-5 devstack@placement-api.service[116459]: [pid: 116459|app: 0|req: 403/807] 10.222.0.46 () {58 vars in 1390 bytes} [Wed Jul 20 13:11:56 2022] GET /placement/resource_providers/8124d289-1a95-402d-bb1e-f850728a4782/allocations => generated 241 bytes in 144 msecs (HTTP/1.1 200) 6 headers in 224 bytes (1 switches on core 0)
Jul 20 13:11:59.523774 n-d-843862-5 devstack@placement-api.service[116458]: DEBUG dbcounter [-] [116458] Writing DB stats placement:SELECT=2 {{(pid=116458) stat_writer /usr/local/lib/python3.8/dist-packages/dbcounter.py:114}}
Jul 20 13:11:59.775942 n-d-843862-5 devstack@placement-api.service[116458]: DEBUG placement.requestlog [None req-8b785224-c875-41dc-a0fb-b59a6850b6f4 None None] Starting request: 10.222.0.20 "GET /placement/resource_providers/7248a2ed-1a28-49dc-9171-e53c0dca195a/aggregates" {{(pid=116458) __call__ /opt/stack/placement/placement/requestlog.py:55}}
Jul 20 13:11:59.795669 n-d-843862-5 devstack@placement-api.service[116458]: INFO placement.requestlog [None req-8b785224-c875-41dc-a0fb-b59a6850b6f4 service placement] 10.222.0.20 "GET /placement/resource_providers/7248a2ed-1a28-49dc-9171-e53c0dca195a/aggregates" status: 404 len: 235 microversion: 1.1
Jul 20 13:11:59.798408 n-d-843862-5 devstack@placement-api.service[116458]: [pid: 116458|app: 0|req: 405/808] 10.222.0.20 () {58 vars in 1362 bytes} [Wed Jul 20 13:11:59 2022] GET /placement/resource_providers/7248a2ed-1a28-49dc-9171-e53c0dca195a/aggregates => generated 235 bytes in 23 msecs (HTTP/1.1 404) 5 headers in 202 bytes (1 switches on core 0)
Jul 20 13:11:59.945776 n-d-843862-5 devstack@placement-api.service[116459]: DEBUG placement.requestlog [None req-dfb6e5f3-ad0d-4ff2-b871-f6cac33a0f2e None None] Starting request: 10.222.0.20 "DELETE /placement/resource_providers/7248a2ed-1a28-49dc-9171-e53c0dca195a" {{(pid=116459) __call__ /opt/stack/placement/placement/requestlog.py:55}}
Jul 20 13:11:59.978780 n-d-843862-5 devstack@placement-api.service[116459]: DEBUG placement.wsgi_wrapper [None req-dfb6e5f3-ad0d-4ff2-b871-f6cac33a0f2e service placement] Placement API returning an error response: No resource provider with uuid 7248a2ed-1a28-49dc-9171-e53c0dca195a found for delete {{(pid=116459) call_func /opt/stack/placement/placement/wsgi_wrapper.py:31}}
Jul 20 13:11:59.979749 n-d-843862-5 devstack@placement-api.service[116459]: INFO placement.requestlog [None req-dfb6e5f3-ad0d-4ff2-b871-f6cac33a0f2e service placement] 10.222.0.20 "DELETE /placement/resource_providers/7248a2ed-1a28-49dc-9171-e53c0dca195a" status: 404 len: 246 microversion: 1.1
Jul 20 13:11:59.989225 n-d-843862-5 devstack@placement-api.service[116459]: [pid: 116459|app: 0|req: 404/809] 10.222.0.20 () {60 vars in 1351 bytes} [Wed Jul 20 13:11:59 2022] DELETE /placement/resource_providers/7248a2ed-1a28-49dc-9171-e53c0dca195a => generated 246 bytes in 43 msecs (HTTP/1.1 404) 6 headers in 231 bytes (1 switches on core 0)
Jul 20 13:12:09.786419 n-d-843862-5 devstack@placement-api.service[116458]: DEBUG dbcounter [-] [116458] Writing DB stats placement:SELECT=2 {{(pid=116458) stat_writer /usr/local/lib/python3.8/dist-packages/dbcounter.py:114}}
Jul 20 13:12:09.967510 n-d-843862-5 devstack@placement-api.service[116459]: DEBUG dbcounter [-] [116459] Writing DB stats placement:SELECT=10 {{(pid=116459) stat_writer /usr/local/lib/python3.8/dist-packages/dbcounter.py:114}}
Jul 20 13:12:12.380957 n-d-843862-5 devstack@placement-api.service[116458]: DEBUG placement.requestlog [req-3c680afd-6605-4f8c-ac85-2494a09a47fa req-85d4d441-ba73-4dd8-8db2-c26748de9c7d None None] Starting request: 10.222.0.16 "GET /placement/resource_providers/69b80031-1d72-441e-835e-b92c9cf8b78c/allocations" {{(pid=116458) __call__ /opt/stack/placement/placement/requestlog.py:55}}
Jul 20 13:12:12.462673 n-d-843862-5 devstack@placement-api.service[116458]: INFO placement.requestlog [req-3c680afd-6605-4f8c-ac85-2494a09a47fa req-85d4d441-ba73-4dd8-8db2-c26748de9c7d service placement] 10.222.0.16 "GET /placement/resource_providers/69b80031-1d72-441e-835e-b92c9cf8b78c/allocations" status: 200 len: 342 microversion: 1.0
Jul 20 13:12:12.470449 n-d-843862-5 devstack@placement-api.service[116458]: [pid: 116458|app: 0|req: 406/810] 10.222.0.16 () {58 vars in 1390 bytes} [Wed Jul 20 13:12:12 2022] GET /placement/resource_providers/69b80031-1d72-441e-835e-b92c9cf8b78c/allocations => generated 342 bytes in 90 msecs (HTTP/1.1 200) 6 headers in 224 bytes (1 switches on core 0)
Jul 20 13:12:12.737988 n-d-843862-5 devstack@placement-api.service[116459]: DEBUG placement.requestlog [None req-f0bd1564-a70f-45d5-bc0f-345a598a2459 None None] Starting request: 10.222.0.20 "GET /placement/resource_providers/5397a629-c301-4f08-8dcf-998bdff0a197/aggregates" {{(pid=116459) __call__ /opt/stack/placement/placement/requestlog.py:55}}
Jul 20 13:12:12.761030 n-d-843862-5 devstack@placement-api.service[116459]: INFO placement.requestlog [None req-f0bd1564-a70f-45d5-bc0f-345a598a2459 service placement] 10.222.0.20 "GET /placement/resource_providers/5397a629-c301-4f08-8dcf-998bdff0a197/aggregates" status: 404 len: 235 microversion: 1.1
Jul 20 13:12:12.763439 n-d-843862-5 devstack@placement-api.service[116459]: [pid: 116459|app: 0|req: 405/811] 10.222.0.20 () {58 vars in 1362 bytes} [Wed Jul 20 13:12:12 2022] GET /placement/resource_providers/5397a629-c301-4f08-8dcf-998bdff0a197/aggregates => generated 235 bytes in 28 msecs (HTTP/1.1 404) 5 headers in 202 bytes (1 switches on core 0)
Jul 20 13:12:12.772707 n-d-843862-5 devstack@placement-api.service[116458]: DEBUG placement.requestlog [None req-097ab0d4-b487-4760-a90e-22f868fc0810 None None] Starting request: 10.222.0.20 "DELETE /placement/resource_providers/5397a629-c301-4f08-8dcf-998bdff0a197" {{(pid=116458) __call__ /opt/stack/placement/placement/requestlog.py:55}}
Jul 20 13:12:12.786061 n-d-843862-5 devstack@placement-api.service[116458]: DEBUG placement.wsgi_wrapper [None req-097ab0d4-b487-4760-a90e-22f868fc0810 service placement] Placement API returning an error response: No resource provider with uuid 5397a629-c301-4f08-8dcf-998bdff0a197 found for delete {{(pid=116458) call_func /opt/stack/placement/placement/wsgi_wrapper.py:31}}
Jul 20 13:12:12.787059 n-d-843862-5 devstack@placement-api.service[116458]: INFO placement.requestlog [None req-097ab0d4-b487-4760-a90e-22f868fc0810 service placement] 10.222.0.20 "DELETE /placement/resource_providers/5397a629-c301-4f08-8dcf-998bdff0a197" status: 404 len: 246 microversion: 1.1
Jul 20 13:12:12.790112 n-d-843862-5 devstack@placement-api.service[116458]: [pid: 116458|app: 0|req: 407/812] 10.222.0.20 () {60 vars in 1351 bytes} [Wed Jul 20 13:12:12 2022] DELETE /placement/resource_providers/5397a629-c301-4f08-8dcf-998bdff0a197 => generated 246 bytes in 18 msecs (HTTP/1.1 404) 6 headers in 231 bytes (1 switches on core 0)
Jul 20 13:12:19.896835 n-d-843862-5 devstack@placement-api.service[116459]: DEBUG placement.requestlog [req-440f09e2-930d-46b5-b4d2-b64bdcfc2dc2 req-d554dae0-f73a-4182-b5d4-60ff0bbe5885 None None] Starting request: 10.222.0.20 "GET /placement/allocation_candidates?limit=1000&resources=DISK_GB%3A1%2CMEMORY_MB%3A1024%2CVCPU%3A1&root_required=%21COMPUTE_STATUS_DISABLED" {{(pid=116459) __call__ /opt/stack/placement/placement/requestlog.py:55}}
Jul 20 13:12:20.012235 n-d-843862-5 devstack@placement-api.service[116459]: DEBUG placement.objects.research_context [req-440f09e2-930d-46b5-b4d2-b64bdcfc2dc2 req-d554dae0-f73a-4182-b5d4-60ff0bbe5885 service placement] getting providers with 1 DISK_GB {{(pid=116459) __init__ /opt/stack/placement/placement/objects/research_context.py:136}}
Jul 20 13:12:20.044704 n-d-843862-5 devstack@placement-api.service[116459]: DEBUG placement.objects.research_context [req-440f09e2-930d-46b5-b4d2-b64bdcfc2dc2 req-d554dae0-f73a-4182-b5d4-60ff0bbe5885 service placement] getting providers with 1024 MEMORY_MB {{(pid=116459) __init__ /opt/stack/placement/placement/objects/research_context.py:136}}
Jul 20 13:12:20.070992 n-d-843862-5 devstack@placement-api.service[116459]: DEBUG placement.objects.research_context [req-440f09e2-930d-46b5-b4d2-b64bdcfc2dc2 req-d554dae0-f73a-4182-b5d4-60ff0bbe5885 service placement] getting providers with 1 VCPU {{(pid=116459) __init__ /opt/stack/placement/placement/objects/research_context.py:136}}
Jul 20 13:12:20.093397 n-d-843862-5 devstack@placement-api.service[116459]: DEBUG placement.objects.research_context [req-440f09e2-930d-46b5-b4d2-b64bdcfc2dc2 req-d554dae0-f73a-4182-b5d4-60ff0bbe5885 service placement] found 2 providers with available 1 DISK_GB {{(pid=116459) get_provider_ids_matching /opt/stack/placement/placement/objects/research_context.py:563}}
Jul 20 13:12:20.093747 n-d-843862-5 devstack@placement-api.service[116459]: DEBUG placement.objects.research_context [req-440f09e2-930d-46b5-b4d2-b64bdcfc2dc2 req-d554dae0-f73a-4182-b5d4-60ff0bbe5885 service placement] found 2 providers with available 1024 MEMORY_MB {{(pid=116459) get_provider_ids_matching /opt/stack/placement/placement/objects/research_context.py:563}}
Jul 20 13:12:20.093918 n-d-843862-5 devstack@placement-api.service[116459]: DEBUG placement.objects.research_context [req-440f09e2-930d-46b5-b4d2-b64bdcfc2dc2 req-d554dae0-f73a-4182-b5d4-60ff0bbe5885 service placement] found 2 providers after filtering by previous result {{(pid=116459) get_provider_ids_matching /opt/stack/placement/placement/objects/research_context.py:594}}
Jul 20 13:12:20.094164 n-d-843862-5 devstack@placement-api.service[116459]: DEBUG placement.objects.research_context [req-440f09e2-930d-46b5-b4d2-b64bdcfc2dc2 req-d554dae0-f73a-4182-b5d4-60ff0bbe5885 service placement] found 2 providers with available 1 VCPU {{(pid=116459) get_provider_ids_matching /opt/stack/placement/placement/objects/research_context.py:563}}
Jul 20 13:12:20.094415 n-d-843862-5 devstack@placement-api.service[116459]: DEBUG placement.objects.research_context [req-440f09e2-930d-46b5-b4d2-b64bdcfc2dc2 req-d554dae0-f73a-4182-b5d4-60ff0bbe5885 service placement] found 2 providers after filtering by previous result {{(pid=116459) get_provider_ids_matching /opt/stack/placement/placement/objects/research_context.py:594}}
Jul 20 13:12:20.137621 n-d-843862-5 devstack@placement-api.service[116459]: DEBUG placement.objects.allocation_candidate [req-440f09e2-930d-46b5-b4d2-b64bdcfc2dc2 req-d554dae0-f73a-4182-b5d4-60ff0bbe5885 service placement] RequestGroup(use_same_provider=False, resources={DISK_GB:1, MEMORY_MB:1024, VCPU:1}, traits=(), aggregates=[]) (suffix '') returned 2 matches {{(pid=116459) _get_by_requests /opt/stack/placement/placement/objects/allocation_candidate.py:156}}
Jul 20 13:12:20.138000 n-d-843862-5 devstack@placement-api.service[116459]: DEBUG placement.objects.allocation_candidate [req-440f09e2-930d-46b5-b4d2-b64bdcfc2dc2 req-d554dae0-f73a-4182-b5d4-60ff0bbe5885 service placement] Merging candidates yields 2 allocation requests and 2 provider summaries {{(pid=116459) _merge_candidates /opt/stack/placement/placement/objects/allocation_candidate.py:809}}
Jul 20 13:12:20.139717 n-d-843862-5 devstack@placement-api.service[116459]: INFO placement.requestlog [req-440f09e2-930d-46b5-b4d2-b64bdcfc2dc2 req-d554dae0-f73a-4182-b5d4-60ff0bbe5885 service placement] 10.222.0.20 "GET /placement/allocation_candidates?limit=1000&resources=DISK_GB%3A1%2CMEMORY_MB%3A1024%2CVCPU%3A1&root_required=%21COMPUTE_STATUS_DISABLED" status: 200 len: 1309 microversion: 1.36
Jul 20 13:12:20.140107 n-d-843862-5 devstack@placement-api.service[116459]: [pid: 116459|app: 0|req: 406/813] 10.222.0.20 () {60 vars in 1506 bytes} [Wed Jul 20 13:12:19 2022] GET /placement/allocation_candidates?limit=1000&resources=DISK_GB%3A1%2CMEMORY_MB%3A1024%2CVCPU%3A1&root_required=%21COMPUTE_STATUS_DISABLED => generated 1309 bytes in 244 msecs (HTTP/1.1 200) 8 headers in 297 bytes (1 switches on core 0)
Jul 20 13:12:20.261135 n-d-843862-5 devstack@placement-api.service[116458]: DEBUG placement.requestlog [req-440f09e2-930d-46b5-b4d2-b64bdcfc2dc2 req-cdb06431-a631-4e7d-ba7e-0b924483543a None None] Starting request: 10.222.0.20 "GET /placement/allocations/b5fdf39a-35c1-4e5c-811f-51df0af87cd8" {{(pid=116458) __call__ /opt/stack/placement/placement/requestlog.py:55}}
Jul 20 13:12:20.287545 n-d-843862-5 devstack@placement-api.service[116458]: INFO placement.requestlog [req-440f09e2-930d-46b5-b4d2-b64bdcfc2dc2 req-cdb06431-a631-4e7d-ba7e-0b924483543a service placement] 10.222.0.20 "GET /placement/allocations/b5fdf39a-35c1-4e5c-811f-51df0af87cd8" status: 200 len: 19 microversion: 1.28
Jul 20 13:12:20.288235 n-d-843862-5 devstack@placement-api.service[116458]: [pid: 116458|app: 0|req: 408/814] 10.222.0.20 () {60 vars in 1380 bytes} [Wed Jul 20 13:12:20 2022] GET /placement/allocations/b5fdf39a-35c1-4e5c-811f-51df0af87cd8 => generated 19 bytes in 27 msecs (HTTP/1.1 200) 8 headers in 295 bytes (1 switches on core 0)
Jul 20 13:12:20.296181 n-d-843862-5 devstack@placement-api.service[116459]: DEBUG placement.requestlog [req-440f09e2-930d-46b5-b4d2-b64bdcfc2dc2 req-d48f62d7-3e1a-4ce4-8e5a-e626db38faba None None] Starting request: 10.222.0.20 "PUT /placement/allocations/b5fdf39a-35c1-4e5c-811f-51df0af87cd8" {{(pid=116459) __call__ /opt/stack/placement/placement/requestlog.py:55}}
Jul 20 13:12:20.476837 n-d-843862-5 devstack@placement-api.service[116459]: DEBUG placement.handlers.allocation [req-440f09e2-930d-46b5-b4d2-b64bdcfc2dc2 req-d48f62d7-3e1a-4ce4-8e5a-e626db38faba service placement] Successfully wrote allocations [, , ] {{(pid=116459) _update_consumers_and_create_allocations /opt/stack/placement/placement/handlers/allocation.py:462}}
Jul 20 13:12:20.482307 n-d-843862-5 devstack@placement-api.service[116459]: INFO placement.requestlog [req-440f09e2-930d-46b5-b4d2-b64bdcfc2dc2 req-d48f62d7-3e1a-4ce4-8e5a-e626db38faba service placement] 10.222.0.20 "PUT /placement/allocations/b5fdf39a-35c1-4e5c-811f-51df0af87cd8" status: 204 len: 0 microversion: 1.36
Jul 20 13:12:20.483087 n-d-843862-5 devstack@placement-api.service[116459]: [pid: 116459|app: 0|req: 407/815] 10.222.0.20 () {64 vars in 1433 bytes} [Wed Jul 20 13:12:20 2022] PUT /placement/allocations/b5fdf39a-35c1-4e5c-811f-51df0af87cd8 => generated 0 bytes in 187 msecs (HTTP/1.1 204) 5 headers in 199 bytes (2 switches on core 0)
Jul 20 13:12:21.060601 n-d-843862-5 devstack@placement-api.service[116458]: DEBUG placement.requestlog [req-440f09e2-930d-46b5-b4d2-b64bdcfc2dc2 req-4609a65f-f28f-4561-bba8-f6b4f9c89a1c None None] Starting request: 10.222.0.46 "GET /placement/allocations/b5fdf39a-35c1-4e5c-811f-51df0af87cd8" {{(pid=116458) __call__ /opt/stack/placement/placement/requestlog.py:55}}
Jul 20 13:12:21.087696 n-d-843862-5 devstack@placement-api.service[116458]: INFO placement.requestlog [req-440f09e2-930d-46b5-b4d2-b64bdcfc2dc2 req-4609a65f-f28f-4561-bba8-f6b4f9c89a1c service placement] 10.222.0.46 "GET /placement/allocations/b5fdf39a-35c1-4e5c-811f-51df0af87cd8" status: 200 len: 259 microversion: 1.28
Jul 20 13:12:21.088721 n-d-843862-5 devstack@placement-api.service[116458]: [pid: 116458|app: 0|req: 409/816] 10.222.0.46 () {60 vars in 1377 bytes} [Wed Jul 20 13:12:21 2022] GET /placement/allocations/b5fdf39a-35c1-4e5c-811f-51df0af87cd8 => generated 259 bytes in 28 msecs (HTTP/1.1 200) 8 headers in 296 bytes (1 switches on core 0)
Jul 20 13:12:23.991202 n-d-843862-5 devstack@placement-api.service[116459]: DEBUG placement.requestlog [req-be499123-1d6f-4c4e-9acc-f09db0d0bac8 req-ef1ef06c-c5dc-4ad4-8e83-e3f5cc77f59f None None] Starting request: 10.222.0.20 "GET /placement/allocation_candidates?limit=1000&resources=DISK_GB%3A1%2CMEMORY_MB%3A1024%2CVCPU%3A1&root_required=%21COMPUTE_STATUS_DISABLED" {{(pid=116459) __call__ /opt/stack/placement/placement/requestlog.py:55}}
Jul 20 13:12:24.053373 n-d-843862-5 devstack@placement-api.service[116459]: DEBUG placement.objects.research_context [req-be499123-1d6f-4c4e-9acc-f09db0d0bac8 req-ef1ef06c-c5dc-4ad4-8e83-e3f5cc77f59f service placement] getting providers with 1 DISK_GB {{(pid=116459) __init__ /opt/stack/placement/placement/objects/research_context.py:136}}
Jul 20 13:12:24.074620 n-d-843862-5 devstack@placement-api.service[116459]: DEBUG placement.objects.research_context [req-be499123-1d6f-4c4e-9acc-f09db0d0bac8 req-ef1ef06c-c5dc-4ad4-8e83-e3f5cc77f59f service placement] getting providers with 1024 MEMORY_MB {{(pid=116459) __init__ /opt/stack/placement/placement/objects/research_context.py:136}}
Jul 20 13:12:24.096039 n-d-843862-5 devstack@placement-api.service[116459]: DEBUG placement.objects.research_context [req-be499123-1d6f-4c4e-9acc-f09db0d0bac8 req-ef1ef06c-c5dc-4ad4-8e83-e3f5cc77f59f service placement] getting providers with 1 VCPU {{(pid=116459) __init__ /opt/stack/placement/placement/objects/research_context.py:136}}
Jul 20 13:12:24.116665 n-d-843862-5 devstack@placement-api.service[116459]: DEBUG placement.objects.research_context [req-be499123-1d6f-4c4e-9acc-f09db0d0bac8 req-ef1ef06c-c5dc-4ad4-8e83-e3f5cc77f59f service placement] found 2 providers with available 1 DISK_GB {{(pid=116459) get_provider_ids_matching /opt/stack/placement/placement/objects/research_context.py:563}}
Jul 20 13:12:24.128446 n-d-843862-5 devstack@placement-api.service[116459]: DEBUG placement.objects.research_context [req-be499123-1d6f-4c4e-9acc-f09db0d0bac8 req-ef1ef06c-c5dc-4ad4-8e83-e3f5cc77f59f service placement] found 2 providers with available 1024 MEMORY_MB {{(pid=116459) get_provider_ids_matching /opt/stack/placement/placement/objects/research_context.py:563}}
Jul 20 13:12:24.129166 n-d-843862-5 devstack@placement-api.service[116459]: DEBUG placement.objects.research_context [req-be499123-1d6f-4c4e-9acc-f09db0d0bac8 req-ef1ef06c-c5dc-4ad4-8e83-e3f5cc77f59f service placement] found 2 providers after filtering by previous result {{(pid=116459) get_provider_ids_matching /opt/stack/placement/placement/objects/research_context.py:594}}
