Jul 20 12:56:24.127937 n-d-843862-5 devstack@placement-api.service[116458]: [pid: 116458|app: 0|req: 47/93] 10.222.0.20 () {60 vars in 1425 bytes} [Wed Jul 20 12:56:24 2022] GET /placement/resource_providers/8124d289-1a95-402d-bb1e-f850728a4782/aggregates => generated 92 bytes in 15 msecs (HTTP/1.1 200) 8 headers in 295 bytes (1 switches on core 0)
Jul 20 12:56:24.137410 n-d-843862-5 devstack@placement-api.service[116459]: DEBUG placement.requestlog [req-80aeb867-9096-4dde-aa16-5a8a02659879 req-4544affd-007b-4fc2-a5fe-2cb07d857b8e None None] Starting request: 10.222.0.20 "PUT /placement/resource_providers/8124d289-1a95-402d-bb1e-f850728a4782/aggregates" {{(pid=116459) __call__ /opt/stack/placement/placement/requestlog.py:55}}
Jul 20 12:56:24.156136 n-d-843862-5 devstack@placement-api.service[116459]: DEBUG placement.objects.resource_provider [req-80aeb867-9096-4dde-aa16-5a8a02659879 req-4544affd-007b-4fc2-a5fe-2cb07d857b8e service placement] Setting aggregates for provider 8124d289-1a95-402d-bb1e-f850728a4782. Successfully disassociated aggregate c3ebc8ba-5b1c-4e72-a507-b734d72a6589. {{(pid=116459) _set_aggregates /opt/stack/placement/placement/objects/resource_provider.py:404}}
Jul 20 12:56:24.163309 n-d-843862-5 devstack@placement-api.service[116459]: INFO placement.requestlog [req-80aeb867-9096-4dde-aa16-5a8a02659879 req-4544affd-007b-4fc2-a5fe-2cb07d857b8e service placement] 10.222.0.20 "PUT /placement/resource_providers/8124d289-1a95-402d-bb1e-f850728a4782/aggregates" status: 200 len: 54 microversion: 1.19
Jul 20 12:56:24.170790 n-d-843862-5 devstack@placement-api.service[116459]: [pid: 116459|app: 0|req: 47/94] 10.222.0.20 () {64 vars in 1477 bytes} [Wed Jul 20 12:56:24 2022] PUT /placement/resource_providers/8124d289-1a95-402d-bb1e-f850728a4782/aggregates => generated 54 bytes in 33 msecs (HTTP/1.1 200) 8 headers in 295 bytes (1 switches on core 0)
Jul 20 12:56:28.030581 n-d-843862-5 devstack@placement-api.service[116458]: DEBUG placement.requestlog [req-b360c5c6-fa30-46fa-815a-35c4290f3a6b req-74ce2c05-cdad-4908-9820-6114f57e7490 None None] Starting request: 10.222.0.20 "GET /placement/resource_providers?name=n-h2-843862-5" {{(pid=116458) __call__ /opt/stack/placement/placement/requestlog.py:55}}
Jul 20 12:56:28.051842 n-d-843862-5 devstack@placement-api.service[116458]: INFO placement.requestlog [req-b360c5c6-fa30-46fa-815a-35c4290f3a6b req-74ce2c05-cdad-4908-9820-6114f57e7490 service placement] 10.222.0.20 "GET /placement/resource_providers?name=n-h2-843862-5" status: 200 len: 441 microversion: 1.0
Jul 20 12:56:28.052686 n-d-843862-5 devstack@placement-api.service[116458]: [pid: 116458|app: 0|req: 48/95] 10.222.0.20 () {58 vars in 1274 bytes} [Wed Jul 20 12:56:28 2022] GET /placement/resource_providers?name=n-h2-843862-5 => generated 441 bytes in 22 msecs (HTTP/1.1 200) 6 headers in 224 bytes (2 switches on core 0)
Jul 20 12:56:28.066370 n-d-843862-5 devstack@placement-api.service[116459]: DEBUG placement.requestlog [req-b360c5c6-fa30-46fa-815a-35c4290f3a6b req-d1e68324-9074-47c9-8323-4c6921d91f35 None None] Starting request: 10.222.0.20 "GET /placement/resource_providers/8124d289-1a95-402d-bb1e-f850728a4782/aggregates" {{(pid=116459) __call__ /opt/stack/placement/placement/requestlog.py:55}}
Jul 20 12:56:28.091528 n-d-843862-5 devstack@placement-api.service[116459]: INFO placement.requestlog [req-b360c5c6-fa30-46fa-815a-35c4290f3a6b req-d1e68324-9074-47c9-8323-4c6921d91f35 service placement] 10.222.0.20 "GET /placement/resource_providers/8124d289-1a95-402d-bb1e-f850728a4782/aggregates" status: 200 len: 54 microversion: 1.19
Jul 20 12:56:28.096770 n-d-843862-5 devstack@placement-api.service[116459]: [pid: 116459|app: 0|req: 48/96] 10.222.0.20 () {60 vars in 1425 bytes} [Wed Jul 20 12:56:28 2022] GET /placement/resource_providers/8124d289-1a95-402d-bb1e-f850728a4782/aggregates => generated 54 bytes in 32 msecs (HTTP/1.1 200) 8 headers in 295 bytes (1 switches on core 0)
Jul 20 12:56:28.100217 n-d-843862-5 devstack@placement-api.service[116458]: DEBUG placement.requestlog [req-b360c5c6-fa30-46fa-815a-35c4290f3a6b req-23a3fe2c-5597-43db-8d9e-976d69a333ce None None] Starting request: 10.222.0.20 "PUT /placement/resource_providers/8124d289-1a95-402d-bb1e-f850728a4782/aggregates" {{(pid=116458) __call__ /opt/stack/placement/placement/requestlog.py:55}}
Jul 20 12:56:28.129902 n-d-843862-5 devstack@placement-api.service[116458]: DEBUG placement.objects.resource_provider [req-b360c5c6-fa30-46fa-815a-35c4290f3a6b req-23a3fe2c-5597-43db-8d9e-976d69a333ce service placement] _ensure_aggregate() did not find aggregate a4a9c09f-7a44-4db3-9f69-4524bb1e61da. Attempting to create it. {{(pid=116458) _ensure_aggregate /opt/stack/placement/placement/objects/resource_provider.py:321}}
Jul 20 12:56:28.134504 n-d-843862-5 devstack@placement-api.service[116458]: DEBUG placement.objects.resource_provider [req-b360c5c6-fa30-46fa-815a-35c4290f3a6b req-23a3fe2c-5597-43db-8d9e-976d69a333ce service placement] _ensure_aggregate() created new aggregate a4a9c09f-7a44-4db3-9f69-4524bb1e61da (id=7). {{(pid=116458) _ensure_aggregate /opt/stack/placement/placement/objects/resource_provider.py:327}}
Jul 20 12:56:28.142521 n-d-843862-5 devstack@placement-api.service[116458]: DEBUG placement.objects.resource_provider [req-b360c5c6-fa30-46fa-815a-35c4290f3a6b req-23a3fe2c-5597-43db-8d9e-976d69a333ce service placement] Setting aggregates for provider 8124d289-1a95-402d-bb1e-f850728a4782. Successfully associated aggregate a4a9c09f-7a44-4db3-9f69-4524bb1e61da. {{(pid=116458) _set_aggregates /opt/stack/placement/placement/objects/resource_provider.py:389}}
Jul 20 12:56:28.153159 n-d-843862-5 devstack@placement-api.service[116458]: INFO placement.requestlog [req-b360c5c6-fa30-46fa-815a-35c4290f3a6b req-23a3fe2c-5597-43db-8d9e-976d69a333ce service placement] 10.222.0.20 "PUT /placement/resource_providers/8124d289-1a95-402d-bb1e-f850728a4782/aggregates" status: 200 len: 92 microversion: 1.19
Jul 20 12:56:28.159466 n-d-843862-5 devstack@placement-api.service[116458]: [pid: 116458|app: 0|req: 49/97] 10.222.0.20 () {64 vars in 1477 bytes} [Wed Jul 20 12:56:28 2022] PUT /placement/resource_providers/8124d289-1a95-402d-bb1e-f850728a4782/aggregates => generated 92 bytes in 59 msecs (HTTP/1.1 200) 8 headers in 295 bytes (1 switches on core 0)
Jul 20 12:56:28.432730 n-d-843862-5 devstack@placement-api.service[116459]: DEBUG placement.requestlog [req-cf7db565-74ed-4757-9ef2-ce052e4fa359 req-b31d1a93-5399-474d-bf01-550fe69c2202 None None] Starting request: 10.222.0.20 "GET /placement/resource_providers?name=n-h2-843862-5" {{(pid=116459) __call__ /opt/stack/placement/placement/requestlog.py:55}}
Jul 20 12:56:28.450535 n-d-843862-5 devstack@placement-api.service[116459]: INFO placement.requestlog [req-cf7db565-74ed-4757-9ef2-ce052e4fa359 req-b31d1a93-5399-474d-bf01-550fe69c2202 service placement] 10.222.0.20 "GET /placement/resource_providers?name=n-h2-843862-5" status: 200 len: 441 microversion: 1.0
Jul 20 12:56:28.450923 n-d-843862-5 devstack@placement-api.service[116459]: [pid: 116459|app: 0|req: 49/98] 10.222.0.20 () {58 vars in 1274 bytes} [Wed Jul 20 12:56:28 2022] GET /placement/resource_providers?name=n-h2-843862-5 => generated 441 bytes in 18 msecs (HTTP/1.1 200) 6 headers in 224 bytes (1 switches on core 0)
Jul 20 12:56:28.458646 n-d-843862-5 devstack@placement-api.service[116458]: DEBUG placement.requestlog [req-cf7db565-74ed-4757-9ef2-ce052e4fa359 req-8af1931c-f20f-427e-acc7-9b2e629921fb None None] Starting request: 10.222.0.20 "GET /placement/resource_providers/8124d289-1a95-402d-bb1e-f850728a4782/aggregates" {{(pid=116458) __call__ /opt/stack/placement/placement/requestlog.py:55}}
Jul 20 12:56:28.478700 n-d-843862-5 devstack@placement-api.service[116458]: INFO placement.requestlog [req-cf7db565-74ed-4757-9ef2-ce052e4fa359 req-8af1931c-f20f-427e-acc7-9b2e629921fb service placement] 10.222.0.20 "GET /placement/resource_providers/8124d289-1a95-402d-bb1e-f850728a4782/aggregates" status: 200 len: 92 microversion: 1.19
Jul 20 12:56:28.480912 n-d-843862-5 devstack@placement-api.service[116458]: [pid: 116458|app: 0|req: 50/99] 10.222.0.20 () {60 vars in 1425 bytes} [Wed Jul 20 12:56:28 2022] GET /placement/resource_providers/8124d289-1a95-402d-bb1e-f850728a4782/aggregates => generated 92 bytes in 23 msecs (HTTP/1.1 200) 8 headers in 295 bytes (1 switches on core 0)
Jul 20 12:56:28.489398 n-d-843862-5 devstack@placement-api.service[116459]: DEBUG placement.requestlog [req-cf7db565-74ed-4757-9ef2-ce052e4fa359 req-3a90c0b4-51c1-4987-b798-fb0319711fb7 None None] Starting request: 10.222.0.20 "PUT /placement/resource_providers/8124d289-1a95-402d-bb1e-f850728a4782/aggregates" {{(pid=116459) __call__ /opt/stack/placement/placement/requestlog.py:55}}
Jul 20 12:56:28.521446 n-d-843862-5 devstack@placement-api.service[116459]: DEBUG placement.objects.resource_provider [req-cf7db565-74ed-4757-9ef2-ce052e4fa359 req-3a90c0b4-51c1-4987-b798-fb0319711fb7 service placement] Setting aggregates for provider 8124d289-1a95-402d-bb1e-f850728a4782. Successfully disassociated aggregate a4a9c09f-7a44-4db3-9f69-4524bb1e61da. {{(pid=116459) _set_aggregates /opt/stack/placement/placement/objects/resource_provider.py:404}}
Jul 20 12:56:28.534075 n-d-843862-5 devstack@placement-api.service[116459]: INFO placement.requestlog [req-cf7db565-74ed-4757-9ef2-ce052e4fa359 req-3a90c0b4-51c1-4987-b798-fb0319711fb7 service placement] 10.222.0.20 "PUT /placement/resource_providers/8124d289-1a95-402d-bb1e-f850728a4782/aggregates" status: 200 len: 54 microversion: 1.19
Jul 20 12:56:28.534930 n-d-843862-5 devstack@placement-api.service[116459]: [pid: 116459|app: 0|req: 50/100] 10.222.0.20 () {64 vars in 1477 bytes} [Wed Jul 20 12:56:28 2022] PUT /placement/resource_providers/8124d289-1a95-402d-bb1e-f850728a4782/aggregates => generated 54 bytes in 46 msecs (HTTP/1.1 200) 8 headers in 295 bytes (2 switches on core 0)
Jul 20 12:56:36.035181 n-d-843862-5 devstack@placement-api.service[116458]: DEBUG placement.requestlog [req-b375714d-edc4-45cf-a45c-1a0fae6b77b0 req-d79aca65-c097-4d31-9c55-3f8fe526267b None None] Starting request: 10.222.0.16 "DELETE /placement/allocations/e49a9f07-d6f8-427c-997a-80002484bf96" {{(pid=116458) __call__ /opt/stack/placement/placement/requestlog.py:55}}
Jul 20 12:56:36.108920 n-d-843862-5 devstack@placement-api.service[116458]: DEBUG placement.handlers.allocation [req-b375714d-edc4-45cf-a45c-1a0fae6b77b0 req-d79aca65-c097-4d31-9c55-3f8fe526267b service placement] Successfully deleted allocations [, , ] {{(pid=116458) delete_allocations /opt/stack/placement/placement/handlers/allocation.py:627}}
Jul 20 12:56:36.109631 n-d-843862-5 devstack@placement-api.service[116458]: INFO placement.requestlog [req-b375714d-edc4-45cf-a45c-1a0fae6b77b0 req-d79aca65-c097-4d31-9c55-3f8fe526267b service placement] 10.222.0.16 "DELETE /placement/allocations/e49a9f07-d6f8-427c-997a-80002484bf96" status: 204 len: 0 microversion: 1.0
Jul 20 12:56:36.110559 n-d-843862-5 devstack@placement-api.service[116458]: [pid: 116458|app: 0|req: 51/101] 10.222.0.16 () {60 vars in 1355 bytes} [Wed Jul 20 12:56:36 2022] DELETE /placement/allocations/e49a9f07-d6f8-427c-997a-80002484bf96 => generated 0 bytes in 75 msecs (HTTP/1.1 204) 5 headers in 198 bytes (1 switches on core 0)
Jul 20 12:56:38.525277 n-d-843862-5 devstack@placement-api.service[116459]: DEBUG dbcounter [-] [116459] Writing DB stats placement:UPDATE=6,placement:SELECT=50,placement:DELETE=5 {{(pid=116459) stat_writer /usr/local/lib/python3.8/dist-packages/dbcounter.py:114}}
Jul 20 12:56:39.282583 n-d-843862-5 devstack@placement-api.service[116459]: DEBUG placement.requestlog [req-846efa89-fb90-48bd-9910-e1994f31246a req-ace0cdba-8637-4c9e-8c09-c6aa5372953b None None] Starting request: 10.222.0.46 "GET /placement/resource_providers/8124d289-1a95-402d-bb1e-f850728a4782/allocations" {{(pid=116459) __call__ /opt/stack/placement/placement/requestlog.py:55}}
Jul 20 12:56:39.326057 n-d-843862-5 devstack@placement-api.service[116459]: INFO placement.requestlog [req-846efa89-fb90-48bd-9910-e1994f31246a req-ace0cdba-8637-4c9e-8c09-c6aa5372953b service placement] 10.222.0.46 "GET /placement/resource_providers/8124d289-1a95-402d-bb1e-f850728a4782/allocations" status: 200 len: 255 microversion: 1.0
Jul 20 12:56:39.327107 n-d-843862-5 devstack@placement-api.service[116459]: [pid: 116459|app: 0|req: 51/102] 10.222.0.46 () {58 vars in 1390 bytes} [Wed Jul 20 12:56:39 2022] GET /placement/resource_providers/8124d289-1a95-402d-bb1e-f850728a4782/allocations => generated 255 bytes in 45 msecs (HTTP/1.1 200) 6 headers in 224 bytes (1 switches on core 0)
Jul 20 12:56:43.502802 n-d-843862-5 devstack@placement-api.service[116458]: DEBUG placement.requestlog [None req-4bd4cb61-c8d4-470b-91b5-e7c50fafe1c4 None None] Starting request: 10.222.0.20 "GET /placement/resource_providers/d7b48ffa-d06d-46c7-8e60-7b76be03f9de/aggregates" {{(pid=116458) __call__ /opt/stack/placement/placement/requestlog.py:55}}
Jul 20 12:56:43.768255 n-d-843862-5 devstack@placement-api.service[116458]: INFO placement.requestlog [None req-4bd4cb61-c8d4-470b-91b5-e7c50fafe1c4 service placement] 10.222.0.20 "GET /placement/resource_providers/d7b48ffa-d06d-46c7-8e60-7b76be03f9de/aggregates" status: 404 len: 235 microversion: 1.1
Jul 20 12:56:43.768651 n-d-843862-5 devstack@placement-api.service[116458]: [pid: 116458|app: 0|req: 52/103] 10.222.0.20 () {58 vars in 1362 bytes} [Wed Jul 20 12:56:43 2022] GET /placement/resource_providers/d7b48ffa-d06d-46c7-8e60-7b76be03f9de/aggregates => generated 235 bytes in 266 msecs (HTTP/1.1 404) 5 headers in 202 bytes (1 switches on core 0)
Jul 20 12:56:43.783703 n-d-843862-5 devstack@placement-api.service[116459]: DEBUG placement.requestlog [None req-d33bd556-b30c-4b07-95bb-a6bd0d4677b7 None None] Starting request: 10.222.0.20 "DELETE /placement/resource_providers/d7b48ffa-d06d-46c7-8e60-7b76be03f9de" {{(pid=116459) __call__ /opt/stack/placement/placement/requestlog.py:55}}
Jul 20 12:56:43.802758 n-d-843862-5 devstack@placement-api.service[116459]: DEBUG placement.wsgi_wrapper [None req-d33bd556-b30c-4b07-95bb-a6bd0d4677b7 service placement] Placement API returning an error response: No resource provider with uuid d7b48ffa-d06d-46c7-8e60-7b76be03f9de found for delete {{(pid=116459) call_func /opt/stack/placement/placement/wsgi_wrapper.py:31}}
Jul 20 12:56:43.805397 n-d-843862-5 devstack@placement-api.service[116459]: INFO placement.requestlog [None req-d33bd556-b30c-4b07-95bb-a6bd0d4677b7 service placement] 10.222.0.20 "DELETE /placement/resource_providers/d7b48ffa-d06d-46c7-8e60-7b76be03f9de" status: 404 len: 246 microversion: 1.1
Jul 20 12:56:43.806678 n-d-843862-5 devstack@placement-api.service[116459]: [pid: 116459|app: 0|req: 52/104] 10.222.0.20 () {60 vars in 1351 bytes} [Wed Jul 20 12:56:43 2022] DELETE /placement/resource_providers/d7b48ffa-d06d-46c7-8e60-7b76be03f9de => generated 246 bytes in 24 msecs (HTTP/1.1 404) 6 headers in 231 bytes (1 switches on core 0)
Jul 20 12:56:44.754343 n-d-843862-5 devstack@placement-api.service[116458]: DEBUG placement.requestlog [req-65ba18a0-d29e-4cea-a905-a17ff964a5b9 req-5977e5f4-2e15-486c-a593-3d0ac33b3f5c None None] Starting request: 10.222.0.16 "GET /placement/resource_providers/69b80031-1d72-441e-835e-b92c9cf8b78c/allocations" {{(pid=116458) __call__ /opt/stack/placement/placement/requestlog.py:55}}
Jul 20 12:56:44.814131 n-d-843862-5 devstack@placement-api.service[116458]: INFO placement.requestlog [req-65ba18a0-d29e-4cea-a905-a17ff964a5b9 req-5977e5f4-2e15-486c-a593-3d0ac33b3f5c service placement] 10.222.0.16 "GET /placement/resource_providers/69b80031-1d72-441e-835e-b92c9cf8b78c/allocations" status: 200 len: 153 microversion: 1.0
Jul 20 12:56:44.816460 n-d-843862-5 devstack@placement-api.service[116458]: [pid: 116458|app: 0|req: 53/105] 10.222.0.16 () {58 vars in 1390 bytes} [Wed Jul 20 12:56:44 2022] GET /placement/resource_providers/69b80031-1d72-441e-835e-b92c9cf8b78c/allocations => generated 153 bytes in 62 msecs (HTTP/1.1 200) 6 headers in 224 bytes (1 switches on core 0)
Jul 20 12:56:48.664453 n-d-843862-5 devstack@placement-api.service[116459]: DEBUG placement.requestlog [req-1afd7b7b-263a-4f1b-b070-368a179402cd req-7c2b15a1-fcc1-4e8b-bac1-ae60cf83d42a None None] Starting request: 10.222.0.46 "GET /placement/allocations/8b0bd372-2215-4a0a-a67f-adefa130b2ee" {{(pid=116459) __call__ /opt/stack/placement/placement/requestlog.py:55}}
Jul 20 12:56:48.695079 n-d-843862-5 devstack@placement-api.service[116459]: INFO placement.requestlog [req-1afd7b7b-263a-4f1b-b070-368a179402cd req-7c2b15a1-fcc1-4e8b-bac1-ae60cf83d42a service placement] 10.222.0.46 "GET /placement/allocations/8b0bd372-2215-4a0a-a67f-adefa130b2ee" status: 200 len: 259 microversion: 1.28
Jul 20 12:56:48.696904 n-d-843862-5 devstack@placement-api.service[116459]: [pid: 116459|app: 0|req: 53/106] 10.222.0.46 () {60 vars in 1377 bytes} [Wed Jul 20 12:56:48 2022] GET /placement/allocations/8b0bd372-2215-4a0a-a67f-adefa130b2ee => generated 259 bytes in 34 msecs (HTTP/1.1 200) 8 headers in 296 bytes (1 switches on core 0)
Jul 20 12:56:50.549049 n-d-843862-5 devstack@placement-api.service[116458]: DEBUG placement.requestlog [req-030b2e87-8e44-4ba5-a38d-1091544f5e65 req-83b805a5-02e1-4735-b5d3-86d7698ebb29 None None] Starting request: 10.222.0.46 "GET /placement/allocations/38effc2e-b0af-4261-8c24-8f456cf5744b" {{(pid=116458) __call__ /opt/stack/placement/placement/requestlog.py:55}}
Jul 20 12:56:50.559675 n-d-843862-5 devstack@placement-api.service[116458]: DEBUG dbcounter [-] [116458] Writing DB stats placement:SELECT=72,placement:INSERT=10,placement:UPDATE=5,placement:DELETE=2 {{(pid=116458) stat_writer /usr/local/lib/python3.8/dist-packages/dbcounter.py:114}}
Jul 20 12:56:50.580376 n-d-843862-5 devstack@placement-api.service[116458]: INFO placement.requestlog [req-030b2e87-8e44-4ba5-a38d-1091544f5e65 req-83b805a5-02e1-4735-b5d3-86d7698ebb29 service placement] 10.222.0.46 "GET /placement/allocations/38effc2e-b0af-4261-8c24-8f456cf5744b" status: 200 len: 259 microversion: 1.28
Jul 20 12:56:50.581805 n-d-843862-5 devstack@placement-api.service[116458]: [pid: 116458|app: 0|req: 54/107] 10.222.0.46 () {60 vars in 1377 bytes} [Wed Jul 20 12:56:50 2022] GET /placement/allocations/38effc2e-b0af-4261-8c24-8f456cf5744b => generated 259 bytes in 33 msecs (HTTP/1.1 200) 8 headers in 296 bytes (1 switches on core 0)
Jul 20 12:56:57.580785 n-d-843862-5 devstack@placement-api.service[116459]: DEBUG placement.requestlog [req-2b7e381c-f3f7-4c42-8c9e-a342d2742c21 req-9aa11109-0edb-4863-a9d6-a3ecd84e5809 None None] Starting request: 10.222.0.16 "GET /placement/allocations/e25eb9d7-3038-424d-8cf4-3ae3230a1400" {{(pid=116459) __call__ /opt/stack/placement/placement/requestlog.py:55}}
Jul 20 12:56:57.618530 n-d-843862-5 devstack@placement-api.service[116459]: INFO placement.requestlog [req-2b7e381c-f3f7-4c42-8c9e-a342d2742c21 req-9aa11109-0edb-4863-a9d6-a3ecd84e5809 service placement] 10.222.0.16 "GET /placement/allocations/e25eb9d7-3038-424d-8cf4-3ae3230a1400" status: 200 len: 258 microversion: 1.28
Jul 20 12:56:57.621295 n-d-843862-5 devstack@placement-api.service[116459]: [pid: 116459|app: 0|req: 54/108] 10.222.0.16 () {60 vars in 1377 bytes} [Wed Jul 20 12:56:57 2022] GET /placement/allocations/e25eb9d7-3038-424d-8cf4-3ae3230a1400 => generated 258 bytes in 41 msecs (HTTP/1.1 200) 8 headers in 296 bytes (1 switches on core 0)
Jul 20 12:56:57.627646 n-d-843862-5 devstack@placement-api.service[116458]: DEBUG placement.requestlog [req-2b7e381c-f3f7-4c42-8c9e-a342d2742c21 req-8d61d46c-e3ae-492e-8412-c5fa74effb4d None None] Starting request: 10.222.0.16 "PUT /placement/allocations/e25eb9d7-3038-424d-8cf4-3ae3230a1400" {{(pid=116458) __call__ /opt/stack/placement/placement/requestlog.py:55}}
Jul 20 12:56:57.743846 n-d-843862-5 devstack@placement-api.service[116458]: DEBUG placement.handlers.allocation [req-2b7e381c-f3f7-4c42-8c9e-a342d2742c21 req-8d61d46c-e3ae-492e-8412-c5fa74effb4d service placement] Successfully wrote allocations [, , ] {{(pid=116458) _update_consumers_and_create_allocations /opt/stack/placement/placement/handlers/allocation.py:462}}
Jul 20 12:56:57.751217 n-d-843862-5 devstack@placement-api.service[116458]: INFO placement.requestlog [req-2b7e381c-f3f7-4c42-8c9e-a342d2742c21 req-8d61d46c-e3ae-492e-8412-c5fa74effb4d service placement] 10.222.0.16 "PUT /placement/allocations/e25eb9d7-3038-424d-8cf4-3ae3230a1400" status: 204 len: 0 microversion: 1.28
Jul 20 12:56:57.752880 n-d-843862-5 devstack@placement-api.service[116458]: [pid: 116458|app: 0|req: 55/109] 10.222.0.16 () {64 vars in 1430 bytes} [Wed Jul 20 12:56:57 2022] PUT /placement/allocations/e25eb9d7-3038-424d-8cf4-3ae3230a1400 => generated 0 bytes in 125 msecs (HTTP/1.1 204) 5 headers in 199 bytes (2 switches on core 0)
Jul 20 12:56:58.074507 n-d-843862-5 devstack@placement-api.service[116459]: DEBUG placement.requestlog [None req-be8c373b-bbb3-4b2f-98a2-f2b635557a7f None None] Starting request: 10.222.0.20 "GET /placement/resource_providers/177841a1-807d-4d2e-91ea-dfa9e68d0e51/aggregates" {{(pid=116459) __call__ /opt/stack/placement/placement/requestlog.py:55}}
Jul 20 12:56:58.456513 n-d-843862-5 devstack@placement-api.service[116459]: INFO placement.requestlog [None req-be8c373b-bbb3-4b2f-98a2-f2b635557a7f service placement] 10.222.0.20 "GET /placement/resource_providers/177841a1-807d-4d2e-91ea-dfa9e68d0e51/aggregates" status: 404 len: 235 microversion: 1.1
Jul 20 12:56:58.459467 n-d-843862-5 devstack@placement-api.service[116459]: [pid: 116459|app: 0|req: 55/110] 10.222.0.20 () {58 vars in 1362 bytes} [Wed Jul 20 12:56:58 2022] GET /placement/resource_providers/177841a1-807d-4d2e-91ea-dfa9e68d0e51/aggregates => generated 235 bytes in 385 msecs (HTTP/1.1 404) 5 headers in 202 bytes (2 switches on core 0)
Jul 20 12:56:58.486223 n-d-843862-5 devstack@placement-api.service[116458]: DEBUG placement.requestlog [None req-49975353-ed4a-469b-a14f-88bf6798bf05 None None] Starting request: 10.222.0.20 "DELETE /placement/resource_providers/177841a1-807d-4d2e-91ea-dfa9e68d0e51" {{(pid=116458) __call__ /opt/stack/placement/placement/requestlog.py:55}}
Jul 20 12:56:58.507186 n-d-843862-5 devstack@placement-api.service[116458]: DEBUG placement.wsgi_wrapper [None req-49975353-ed4a-469b-a14f-88bf6798bf05 service placement] Placement API returning an error response: No resource provider with uuid 177841a1-807d-4d2e-91ea-dfa9e68d0e51 found for delete {{(pid=116458) call_func /opt/stack/placement/placement/wsgi_wrapper.py:31}}
Jul 20 12:56:58.508288 n-d-843862-5 devstack@placement-api.service[116458]: INFO placement.requestlog [None req-49975353-ed4a-469b-a14f-88bf6798bf05 service placement] 10.222.0.20 "DELETE /placement/resource_providers/177841a1-807d-4d2e-91ea-dfa9e68d0e51" status: 404 len: 246 microversion: 1.1
Jul 20 12:56:58.514622 n-d-843862-5 devstack@placement-api.service[116458]: [pid: 116458|app: 0|req: 56/111] 10.222.0.20 () {60 vars in 1351 bytes} [Wed Jul 20 12:56:58 2022] DELETE /placement/resource_providers/177841a1-807d-4d2e-91ea-dfa9e68d0e51 => generated 246 bytes in 29 msecs (HTTP/1.1 404) 6 headers in 231 bytes (1 switches on core 0)
Jul 20 12:57:02.252577 n-d-843862-5 devstack@placement-api.service[116459]: DEBUG placement.requestlog [req-ec8c0b5c-3f78-48f3-8dba-6d381c4bf140 req-0f49cec8-f312-4941-867a-e3a1447b376f None None] Starting request: 10.222.0.20 "GET /placement/allocation_candidates?limit=1000&resources=DISK_GB%3A1%2CMEMORY_MB%3A1024%2CVCPU%3A1&root_required=%21COMPUTE_STATUS_DISABLED" {{(pid=116459) __call__ /opt/stack/placement/placement/requestlog.py:55}}
Jul 20 12:57:02.362778 n-d-843862-5 devstack@placement-api.service[116459]: DEBUG placement.objects.research_context [req-ec8c0b5c-3f78-48f3-8dba-6d381c4bf140 req-0f49cec8-f312-4941-867a-e3a1447b376f service placement] getting providers with 1 DISK_GB {{(pid=116459) __init__ /opt/stack/placement/placement/objects/research_context.py:136}}
Jul 20 12:57:02.380693 n-d-843862-5 devstack@placement-api.service[116459]: DEBUG placement.objects.research_context [req-ec8c0b5c-3f78-48f3-8dba-6d381c4bf140 req-0f49cec8-f312-4941-867a-e3a1447b376f service placement] getting providers with 1024 MEMORY_MB {{(pid=116459) __init__ /opt/stack/placement/placement/objects/research_context.py:136}}
Jul 20 12:57:02.394573 n-d-843862-5 devstack@placement-api.service[116459]: DEBUG placement.objects.research_context [req-ec8c0b5c-3f78-48f3-8dba-6d381c4bf140 req-0f49cec8-f312-4941-867a-e3a1447b376f service placement] getting providers with 1 VCPU {{(pid=116459) __init__ /opt/stack/placement/placement/objects/research_context.py:136}}
Jul 20 12:57:02.412552 n-d-843862-5 devstack@placement-api.service[116459]: DEBUG placement.objects.research_context [req-ec8c0b5c-3f78-48f3-8dba-6d381c4bf140 req-0f49cec8-f312-4941-867a-e3a1447b376f service placement] found 2 providers with available 1 DISK_GB {{(pid=116459) get_provider_ids_matching /opt/stack/placement/placement/objects/research_context.py:563}}
Jul 20 12:57:02.413114 n-d-843862-5 devstack@placement-api.service[116459]: DEBUG placement.objects.research_context [req-ec8c0b5c-3f78-48f3-8dba-6d381c4bf140 req-0f49cec8-f312-4941-867a-e3a1447b376f service placement] found 2 providers with available 1024 MEMORY_MB {{(pid=116459) get_provider_ids_matching /opt/stack/placement/placement/objects/research_context.py:563}}
Jul 20 12:57:02.414097 n-d-843862-5 devstack@placement-api.service[116459]: DEBUG placement.objects.research_context [req-ec8c0b5c-3f78-48f3-8dba-6d381c4bf140 req-0f49cec8-f312-4941-867a-e3a1447b376f service placement] found 2 providers after filtering by previous result {{(pid=116459) get_provider_ids_matching /opt/stack/placement/placement/objects/research_context.py:594}}
Jul 20 12:57:02.414640 n-d-843862-5 devstack@placement-api.service[116459]: DEBUG placement.objects.research_context [req-ec8c0b5c-3f78-48f3-8dba-6d381c4bf140 req-0f49cec8-f312-4941-867a-e3a1447b376f service placement] found 2 providers with available 1 VCPU {{(pid=116459) get_provider_ids_matching /opt/stack/placement/placement/objects/research_context.py:563}}
Jul 20 12:57:02.415354 n-d-843862-5 devstack@placement-api.service[116459]: DEBUG placement.objects.research_context [req-ec8c0b5c-3f78-48f3-8dba-6d381c4bf140 req-0f49cec8-f312-4941-867a-e3a1447b376f service placement] found 2 providers after filtering by previous result {{(pid=116459) get_provider_ids_matching /opt/stack/placement/placement/objects/research_context.py:594}}
Jul 20 12:57:02.430661 n-d-843862-5 devstack@placement-api.service[116459]: DEBUG placement.objects.allocation_candidate [req-ec8c0b5c-3f78-48f3-8dba-6d381c4bf140 req-0f49cec8-f312-4941-867a-e3a1447b376f service placement] RequestGroup(use_same_provider=False, resources={DISK_GB:1, MEMORY_MB:1024, VCPU:1}, traits=(), aggregates=[]) (suffix '') returned 2 matches {{(pid=116459) _get_by_requests /opt/stack/placement/placement/objects/allocation_candidate.py:156}}
Jul 20 12:57:02.431319 n-d-843862-5 devstack@placement-api.service[116459]: DEBUG placement.objects.allocation_candidate [req-ec8c0b5c-3f78-48f3-8dba-6d381c4bf140 req-0f49cec8-f312-4941-867a-e3a1447b376f service placement] Merging candidates yields 2 allocation requests and 2 provider summaries {{(pid=116459) _merge_candidates /opt/stack/placement/placement/objects/allocation_candidate.py:809}}
Jul 20 12:57:02.433254 n-d-843862-5 devstack@placement-api.service[116459]: INFO placement.requestlog [req-ec8c0b5c-3f78-48f3-8dba-6d381c4bf140 req-0f49cec8-f312-4941-867a-e3a1447b376f service placement] 10.222.0.20 "GET /placement/allocation_candidates?limit=1000&resources=DISK_GB%3A1%2CMEMORY_MB%3A1024%2CVCPU%3A1&root_required=%21COMPUTE_STATUS_DISABLED" status: 200 len: 1306 microversion: 1.36
Jul 20 12:57:02.434521 n-d-843862-5 devstack@placement-api.service[116459]: [pid: 116459|app: 0|req: 56/112] 10.222.0.20 () {60 vars in 1506 bytes} [Wed Jul 20 12:57:02 2022] GET /placement/allocation_candidates?limit=1000&resources=DISK_GB%3A1%2CMEMORY_MB%3A1024%2CVCPU%3A1&root_required=%21COMPUTE_STATUS_DISABLED => generated 1306 bytes in 183 msecs (HTTP/1.1 200) 8 headers in 297 bytes (1 switches on core 0)
Jul 20 12:57:02.636636 n-d-843862-5 devstack@placement-api.service[116458]: DEBUG placement.requestlog [req-ec8c0b5c-3f78-48f3-8dba-6d381c4bf140 req-0e9b0186-032f-43ee-9c53-4fa7a53b282b None None] Starting request: 10.222.0.20 "GET /placement/allocations/bae49c18-aee6-4e3c-b153-3aa7feecfa6b" {{(pid=116458) __call__ /opt/stack/placement/placement/requestlog.py:55}}
Jul 20 12:57:02.818348 n-d-843862-5 devstack@placement-api.service[116458]: INFO placement.requestlog [req-ec8c0b5c-3f78-48f3-8dba-6d381c4bf140 req-0e9b0186-032f-43ee-9c53-4fa7a53b282b service placement] 10.222.0.20 "GET /placement/allocations/bae49c18-aee6-4e3c-b153-3aa7feecfa6b" status: 200 len: 19 microversion: 1.28
Jul 20 12:57:02.829345 n-d-843862-5 devstack@placement-api.service[116459]: DEBUG placement.requestlog [req-ec8c0b5c-3f78-48f3-8dba-6d381c4bf140 req-4066fca1-bb14-4af6-9951-f2f749f1acbf None None] Starting request: 10.222.0.20 "PUT /placement/allocations/bae49c18-aee6-4e3c-b153-3aa7feecfa6b" {{(pid=116459) __call__ /opt/stack/placement/placement/requestlog.py:55}}
Jul 20 12:57:02.840851 n-d-843862-5 devstack@placement-api.service[116458]: [pid: 116458|app: 0|req: 57/113] 10.222.0.20 () {60 vars in 1380 bytes} [Wed Jul 20 12:57:02 2022] GET /placement/allocations/bae49c18-aee6-4e3c-b153-3aa7feecfa6b => generated 19 bytes in 205 msecs (HTTP/1.1 200) 8 headers in 295 bytes (1 switches on core 0)
Jul 20 12:57:02.942268 n-d-843862-5 devstack@placement-api.service[116459]: DEBUG placement.handlers.allocation [req-ec8c0b5c-3f78-48f3-8dba-6d381c4bf140 req-4066fca1-bb14-4af6-9951-f2f749f1acbf service placement] Successfully wrote allocations [, , ] {{(pid=116459) _update_consumers_and_create_allocations /opt/stack/placement/placement/handlers/allocation.py:462}}
Jul 20 12:57:02.948881 n-d-843862-5 devstack@placement-api.service[116459]: INFO placement.requestlog [req-ec8c0b5c-3f78-48f3-8dba-6d381c4bf140 req-4066fca1-bb14-4af6-9951-f2f749f1acbf service placement] 10.222.0.20 "PUT /placement/allocations/bae49c18-aee6-4e3c-b153-3aa7feecfa6b" status: 204 len: 0 microversion: 1.36
Jul 20 12:57:02.949697 n-d-843862-5 devstack@placement-api.service[116459]: [pid: 116459|app: 0|req: 57/114] 10.222.0.20 () {64 vars in 1433 bytes} [Wed Jul 20 12:57:02 2022] PUT /placement/allocations/bae49c18-aee6-4e3c-b153-3aa7feecfa6b => generated 0 bytes in 121 msecs (HTTP/1.1 204) 5 headers in 199 bytes (1 switches on core 0)
Jul 20 12:57:03.546734 n-d-843862-5 devstack@placement-api.service[116458]: DEBUG placement.requestlog [req-ec8c0b5c-3f78-48f3-8dba-6d381c4bf140 req-7fd501d9-cdce-49e3-a0fe-f979ef7c8ae1 None None] Starting request: 10.222.0.16 "GET /placement/allocations/bae49c18-aee6-4e3c-b153-3aa7feecfa6b" {{(pid=116458) __call__ /opt/stack/placement/placement/requestlog.py:55}}
Jul 20 12:57:03.578241 n-d-843862-5 devstack@placement-api.service[116458]: INFO placement.requestlog [req-ec8c0b5c-3f78-48f3-8dba-6d381c4bf140 req-7fd501d9-cdce-49e3-a0fe-f979ef7c8ae1 service placement] 10.222.0.16 "GET /placement/allocations/bae49c18-aee6-4e3c-b153-3aa7feecfa6b" status: 200 len: 258 microversion: 1.28
Jul 20 12:57:03.579010 n-d-843862-5 devstack@placement-api.service[116458]: [pid: 116458|app: 0|req: 58/115] 10.222.0.16 () {60 vars in 1377 bytes} [Wed Jul 20 12:57:03 2022] GET /placement/allocations/bae49c18-aee6-4e3c-b153-3aa7feecfa6b => generated 258 bytes in 33 msecs (HTTP/1.1 200) 8 headers in 296 bytes (1 switches on core 0)
Jul 20 12:57:11.884783 n-d-843862-5 devstack@placement-api.service[116459]: DEBUG placement.requestlog [req-52a8541b-c590-4bab-bb37-af65e2ab5e74 req-65a7d765-5874-4433-990d-d47404a70a76 None None] Starting request: 10.222.0.20 "GET /placement/allocation_candidates?limit=1000&resources=DISK_GB%3A1%2CMEMORY_MB%3A1024%2CVCPU%3A1&root_required=%21COMPUTE_STATUS_DISABLED" {{(pid=116459) __call__ /opt/stack/placement/placement/requestlog.py:55}}
Jul 20 12:57:11.895745 n-d-843862-5 devstack@placement-api.service[116459]: DEBUG dbcounter [-] [116459] Writing DB stats placement:SELECT=44,placement:INSERT=4,placement:DELETE=2,placement:UPDATE=2 {{(pid=116459) stat_writer /usr/local/lib/python3.8/dist-packages/dbcounter.py:114}}
Jul 20 12:57:11.948541 n-d-843862-5 devstack@placement-api.service[116459]: DEBUG placement.objects.research_context [req-52a8541b-c590-4bab-bb37-af65e2ab5e74 req-65a7d765-5874-4433-990d-d47404a70a76 service placement] getting providers with 1 DISK_GB {{(pid=116459) __init__ /opt/stack/placement/placement/objects/research_context.py:136}}
Jul 20 12:57:12.058750 n-d-843862-5 devstack@placement-api.service[116459]: DEBUG placement.objects.research_context [req-52a8541b-c590-4bab-bb37-af65e2ab5e74 req-65a7d765-5874-4433-990d-d47404a70a76 service placement] getting providers with 1024 MEMORY_MB {{(pid=116459) __init__ /opt/stack/placement/placement/objects/research_context.py:136}}
Jul 20 12:57:12.076152 n-d-843862-5 devstack@placement-api.service[116459]: DEBUG placement.objects.research_context [req-52a8541b-c590-4bab-bb37-af65e2ab5e74 req-65a7d765-5874-4433-990d-d47404a70a76 service placement] getting providers with 1 VCPU {{(pid=116459) __init__ /opt/stack/placement/placement/objects/research_context.py:136}}
Jul 20 12:57:12.086458 n-d-843862-5 devstack@placement-api.service[116459]: DEBUG placement.objects.research_context [req-52a8541b-c590-4bab-bb37-af65e2ab5e74 req-65a7d765-5874-4433-990d-d47404a70a76 service placement] found 2 providers with available 1 DISK_GB {{(pid=116459) get_provider_ids_matching /opt/stack/placement/placement/objects/research_context.py:563}}
Jul 20 12:57:12.087201 n-d-843862-5 devstack@placement-api.service[116459]: DEBUG placement.objects.research_context [req-52a8541b-c590-4bab-bb37-af65e2ab5e74 req-65a7d765-5874-4433-990d-d47404a70a76 service placement] found 2 providers with available 1024 MEMORY_MB {{(pid=116459) get_provider_ids_matching /opt/stack/placement/placement/objects/research_context.py:563}}
Jul 20 12:57:12.087636 n-d-843862-5 devstack@placement-api.service[116459]: DEBUG placement.objects.research_context [req-52a8541b-c590-4bab-bb37-af65e2ab5e74 req-65a7d765-5874-4433-990d-d47404a70a76 service placement] found 2 providers after filtering by previous result {{(pid=116459) get_provider_ids_matching /opt/stack/placement/placement/objects/research_context.py:594}}
Jul 20 12:57:12.088249 n-d-843862-5 devstack@placement-api.service[116459]: DEBUG placement.objects.research_context [req-52a8541b-c590-4bab-bb37-af65e2ab5e74 req-65a7d765-5874-4433-990d-d47404a70a76 service placement] found 2 providers with available 1 VCPU {{(pid=116459) get_provider_ids_matching /opt/stack/placement/placement/objects/research_context.py:563}}
Jul 20 12:57:12.088918 n-d-843862-5 devstack@placement-api.service[116459]: DEBUG placement.objects.research_context [req-52a8541b-c590-4bab-bb37-af65e2ab5e74 req-65a7d765-5874-4433-990d-d47404a70a76 service placement] found 2 providers after filtering by previous result {{(pid=116459) get_provider_ids_matching /opt/stack/placement/placement/objects/research_context.py:594}}
Jul 20 12:57:12.102485 n-d-843862-5 devstack@placement-api.service[116459]: DEBUG placement.objects.allocation_candidate [req-52a8541b-c590-4bab-bb37-af65e2ab5e74 req-65a7d765-5874-4433-990d-d47404a70a76 service placement] RequestGroup(use_same_provider=False, resources={DISK_GB:1, MEMORY_MB:1024, VCPU:1}, traits=(), aggregates=[]) (suffix '') returned 2 matches {{(pid=116459) _get_by_requests /opt/stack/placement/placement/objects/allocation_candidate.py:156}}
Jul 20 12:57:12.103291 n-d-843862-5 devstack@placement-api.service[116459]: DEBUG placement.objects.allocation_candidate [req-52a8541b-c590-4bab-bb37-af65e2ab5e74 req-65a7d765-5874-4433-990d-d47404a70a76 service placement] Merging candidates yields 2 allocation requests and 2 provider summaries {{(pid=116459) _merge_candidates /opt/stack/placement/placement/objects/allocation_candidate.py:809}}
Jul 20 12:57:12.106022 n-d-843862-5 devstack@placement-api.service[116459]: INFO placement.requestlog [req-52a8541b-c590-4bab-bb37-af65e2ab5e74 req-65a7d765-5874-4433-990d-d47404a70a76 service placement] 10.222.0.20 "GET /placement/allocation_candidates?limit=1000&resources=DISK_GB%3A1%2CMEMORY_MB%3A1024%2CVCPU%3A1&root_required=%21COMPUTE_STATUS_DISABLED" status: 200 len: 1309 microversion: 1.36
Jul 20 12:57:12.106982 n-d-843862-5 devstack@placement-api.service[116459]: [pid: 116459|app: 0|req: 58/116] 10.222.0.20 () {60 vars in 1506 bytes} [Wed Jul 20 12:57:11 2022] GET /placement/allocation_candidates?limit=1000&resources=DISK_GB%3A1%2CMEMORY_MB%3A1024%2CVCPU%3A1&root_required=%21COMPUTE_STATUS_DISABLED => generated 1309 bytes in 223 msecs (HTTP/1.1 200) 8 headers in 297 bytes (1 switches on core 0)
Jul 20 12:57:12.255643 n-d-843862-5 devstack@placement-api.service[116458]: DEBUG placement.requestlog [req-52a8541b-c590-4bab-bb37-af65e2ab5e74 req-b36bf146-127a-4d19-ba44-74e2961c3913 None None] Starting request: 10.222.0.20 "GET /placement/allocations/92493b4f-238f-4f28-a9aa-683a2c7d67d6" {{(pid=116458) __call__ /opt/stack/placement/placement/requestlog.py:55}}
Jul 20 12:57:12.271730 n-d-843862-5 devstack@placement-api.service[116458]: INFO placement.requestlog [req-52a8541b-c590-4bab-bb37-af65e2ab5e74 req-b36bf146-127a-4d19-ba44-74e2961c3913 service placement] 10.222.0.20 "GET /placement/allocations/92493b4f-238f-4f28-a9aa-683a2c7d67d6" status: 200 len: 19 microversion: 1.28
Jul 20 12:57:12.273696 n-d-843862-5 devstack@placement-api.service[116458]: [pid: 116458|app: 0|req: 59/117] 10.222.0.20 () {60 vars in 1380 bytes} [Wed Jul 20 12:57:12 2022] GET /placement/allocations/92493b4f-238f-4f28-a9aa-683a2c7d67d6 => generated 19 bytes in 18 msecs (HTTP/1.1 200) 8 headers in 295 bytes (1 switches on core 0)
Jul 20 12:57:12.289797 n-d-843862-5 devstack@placement-api.service[116459]: DEBUG placement.requestlog [req-52a8541b-c590-4bab-bb37-af65e2ab5e74 req-070c9557-8b85-4ea7-8b7d-ee0b5112258c None None] Starting request: 10.222.0.20 "PUT /placement/allocations/92493b4f-238f-4f28-a9aa-683a2c7d67d6" {{(pid=116459) __call__ /opt/stack/placement/placement/requestlog.py:55}}
Jul 20 12:57:12.395769 n-d-843862-5 devstack@placement-api.service[116459]: DEBUG placement.handlers.allocation [req-52a8541b-c590-4bab-bb37-af65e2ab5e74 req-070c9557-8b85-4ea7-8b7d-ee0b5112258c service placement] Successfully wrote allocations [, , ] {{(pid=116459) _update_consumers_and_create_allocations /opt/stack/placement/placement/handlers/allocation.py:462}}
Jul 20 12:57:12.404883 n-d-843862-5 devstack@placement-api.service[116459]: INFO placement.requestlog [req-52a8541b-c590-4bab-bb37-af65e2ab5e74 req-070c9557-8b85-4ea7-8b7d-ee0b5112258c service placement] 10.222.0.20 "PUT /placement/allocations/92493b4f-238f-4f28-a9aa-683a2c7d67d6" status: 204 len: 0 microversion: 1.36
Jul 20 12:57:12.415755 n-d-843862-5 devstack@placement-api.service[116459]: [pid: 116459|app: 0|req: 59/118] 10.222.0.20 () {64 vars in 1433 bytes} [Wed Jul 20 12:57:12 2022] PUT /placement/allocations/92493b4f-238f-4f28-a9aa-683a2c7d67d6 => generated 0 bytes in 116 msecs (HTTP/1.1 204) 5 headers in 199 bytes (1 switches on core 0)
Jul 20 12:57:12.868061 n-d-843862-5 devstack@placement-api.service[116458]: DEBUG placement.requestlog [req-52a8541b-c590-4bab-bb37-af65e2ab5e74 req-ea2b993e-996c-4c24-9ae3-2caed4caba92 None None] Starting request: 10.222.0.16 "GET /placement/allocations/92493b4f-238f-4f28-a9aa-683a2c7d67d6" {{(pid=116458) __call__ /opt/stack/placement/placement/requestlog.py:55}}
Jul 20 12:57:12.889913 n-d-843862-5 devstack@placement-api.service[116458]: INFO placement.requestlog [req-52a8541b-c590-4bab-bb37-af65e2ab5e74 req-ea2b993e-996c-4c24-9ae3-2caed4caba92 service placement] 10.222.0.16 "GET /placement/allocations/92493b4f-238f-4f28-a9aa-683a2c7d67d6" status: 200 len: 258 microversion: 1.28
Jul 20 12:57:12.891140 n-d-843862-5 devstack@placement-api.service[116458]: [pid: 116458|app: 0|req: 60/119] 10.222.0.16 () {60 vars in 1377 bytes} [Wed Jul 20 12:57:12 2022] GET /placement/allocations/92493b4f-238f-4f28-a9aa-683a2c7d67d6 => generated 258 bytes in 25 msecs (HTTP/1.1 200) 8 headers in 296 bytes (1 switches on core 0)
Jul 20 12:57:21.342112 n-d-843862-5 devstack@placement-api.service[116459]: DEBUG placement.requestlog [req-f4e305ef-e16e-4d8c-b3fb-cd5791df65bf req-30368e27-8c4f-4121-ae1d-3bd2814a64a4 None None] Starting request: 10.222.0.20 "GET /placement/allocation_candidates?limit=1000&resources=DISK_GB%3A1%2CMEMORY_MB%3A1024%2CVCPU%3A1&root_required=%21COMPUTE_STATUS_DISABLED" {{(pid=116459) __call__ /opt/stack/placement/placement/requestlog.py:55}}
Jul 20 12:57:21.407469 n-d-843862-5 devstack@placement-api.service[116459]: DEBUG placement.objects.research_context [req-f4e305ef-e16e-4d8c-b3fb-cd5791df65bf req-30368e27-8c4f-4121-ae1d-3bd2814a64a4 service placement] getting providers with 1 DISK_GB {{(pid=116459) __init__ /opt/stack/placement/placement/objects/research_context.py:136}}
Jul 20 12:57:21.415629 n-d-843862-5 devstack@placement-api.service[116459]: DEBUG placement.objects.research_context [req-f4e305ef-e16e-4d8c-b3fb-cd5791df65bf req-30368e27-8c4f-4121-ae1d-3bd2814a64a4 service placement] getting providers with 1024 MEMORY_MB {{(pid=116459) __init__ /opt/stack/placement/placement/objects/research_context.py:136}}
Jul 20 12:57:21.422963 n-d-843862-5 devstack@placement-api.service[116459]: DEBUG placement.objects.research_context [req-f4e305ef-e16e-4d8c-b3fb-cd5791df65bf req-30368e27-8c4f-4121-ae1d-3bd2814a64a4 service placement] getting providers with 1 VCPU {{(pid=116459) __init__ /opt/stack/placement/placement/objects/research_context.py:136}}
Jul 20 12:57:21.432534 n-d-843862-5 devstack@placement-api.service[116459]: DEBUG placement.objects.research_context [req-f4e305ef-e16e-4d8c-b3fb-cd5791df65bf req-30368e27-8c4f-4121-ae1d-3bd2814a64a4 service placement] found 2 providers with available 1 DISK_GB {{(pid=116459) get_provider_ids_matching /opt/stack/placement/placement/objects/research_context.py:563}}
Jul 20 12:57:21.433146 n-d-843862-5 devstack@placement-api.service[116459]: DEBUG placement.objects.research_context [req-f4e305ef-e16e-4d8c-b3fb-cd5791df65bf req-30368e27-8c4f-4121-ae1d-3bd2814a64a4 service placement] found 2 providers with available 1024 MEMORY_MB {{(pid=116459) get_provider_ids_matching /opt/stack/placement/placement/objects/research_context.py:563}}
Jul 20 12:57:21.433661 n-d-843862-5 devstack@placement-api.service[116459]: DEBUG placement.objects.research_context [req-f4e305ef-e16e-4d8c-b3fb-cd5791df65bf req-30368e27-8c4f-4121-ae1d-3bd2814a64a4 service placement] found 2 providers after filtering by previous result {{(pid=116459) get_provider_ids_matching /opt/stack/placement/placement/objects/research_context.py:594}}
Jul 20 12:57:21.434146 n-d-843862-5 devstack@placement-api.service[116459]: DEBUG placement.objects.research_context [req-f4e305ef-e16e-4d8c-b3fb-cd5791df65bf req-30368e27-8c4f-4121-ae1d-3bd2814a64a4 service placement] found 2 providers with available 1 VCPU {{(pid=116459) get_provider_ids_matching /opt/stack/placement/placement/objects/research_context.py:563}}
Jul 20 12:57:21.434615 n-d-843862-5 devstack@placement-api.service[116459]: DEBUG placement.objects.research_context [req-f4e305ef-e16e-4d8c-b3fb-cd5791df65bf req-30368e27-8c4f-4121-ae1d-3bd2814a64a4 service placement] found 2 providers after filtering by previous result {{(pid=116459) get_provider_ids_matching /opt/stack/placement/placement/objects/research_context.py:594}}
Jul 20 12:57:21.477161 n-d-843862-5 devstack@placement-api.service[116459]: DEBUG placement.objects.allocation_candidate [req-f4e305ef-e16e-4d8c-b3fb-cd5791df65bf req-30368e27-8c4f-4121-ae1d-3bd2814a64a4 service placement] RequestGroup(use_same_provider=False, resources={DISK_GB:1, MEMORY_MB:1024, VCPU:1}, traits=(), aggregates=[]) (suffix '') returned 2 matches {{(pid=116459) _get_by_requests /opt/stack/placement/placement/objects/allocation_candidate.py:156}}
Jul 20 12:57:21.478632 n-d-843862-5 devstack@placement-api.service[116459]: DEBUG placement.objects.allocation_candidate [req-f4e305ef-e16e-4d8c-b3fb-cd5791df65bf req-30368e27-8c4f-4121-ae1d-3bd2814a64a4 service placement] Merging candidates yields 2 allocation requests and 2 provider summaries {{(pid=116459) _merge_candidates /opt/stack/placement/placement/objects/allocation_candidate.py:809}}
Jul 20 12:57:21.490251 n-d-843862-5 devstack@placement-api.service[116459]: INFO placement.requestlog [req-f4e305ef-e16e-4d8c-b3fb-cd5791df65bf req-30368e27-8c4f-4121-ae1d-3bd2814a64a4 service placement] 10.222.0.20 "GET /placement/allocation_candidates?limit=1000&resources=DISK_GB%3A1%2CMEMORY_MB%3A1024%2CVCPU%3A1&root_required=%21COMPUTE_STATUS_DISABLED" status: 200 len: 1309 microversion: 1.36
Jul 20 12:57:21.491920 n-d-843862-5 devstack@placement-api.service[116459]: [pid: 116459|app: 0|req: 60/120] 10.222.0.20 () {60 vars in 1506 bytes} [Wed Jul 20 12:57:21 2022] GET /placement/allocation_candidates?limit=1000&resources=DISK_GB%3A1%2CMEMORY_MB%3A1024%2CVCPU%3A1&root_required=%21COMPUTE_STATUS_DISABLED => generated 1309 bytes in 150 msecs (HTTP/1.1 200) 8 headers in 297 bytes (1 switches on core 0)
Jul 20 12:57:21.649036 n-d-843862-5 devstack@placement-api.service[116458]: DEBUG placement.requestlog [req-f4e305ef-e16e-4d8c-b3fb-cd5791df65bf req-7e4a957e-4f85-4fd7-b30c-1fc044d9df93 None None] Starting request: 10.222.0.20 "GET /placement/allocations/186f6b04-797e-466e-94c2-287f11a63e70" {{(pid=116458) __call__ /opt/stack/placement/placement/requestlog.py:55}}
Jul 20 12:57:21.661607 n-d-843862-5 devstack@placement-api.service[116458]: DEBUG dbcounter [-] [116458] Writing DB stats placement:SELECT=31,placement:DELETE=2,placement:UPDATE=2 {{(pid=116458) stat_writer /usr/local/lib/python3.8/dist-packages/dbcounter.py:114}}
Jul 20 12:57:21.703314 n-d-843862-5 devstack@placement-api.service[116458]: INFO placement.requestlog [req-f4e305ef-e16e-4d8c-b3fb-cd5791df65bf req-7e4a957e-4f85-4fd7-b30c-1fc044d9df93 service placement] 10.222.0.20 "GET /placement/allocations/186f6b04-797e-466e-94c2-287f11a63e70" status: 200 len: 19 microversion: 1.28
Jul 20 12:57:21.704593 n-d-843862-5 devstack@placement-api.service[116458]: [pid: 116458|app: 0|req: 61/121] 10.222.0.20 () {60 vars in 1380 bytes} [Wed Jul 20 12:57:21 2022] GET /placement/allocations/186f6b04-797e-466e-94c2-287f11a63e70 => generated 19 bytes in 56 msecs (HTTP/1.1 200) 8 headers in 295 bytes (1 switches on core 0)
Jul 20 12:57:21.715285 n-d-843862-5 devstack@placement-api.service[116459]: DEBUG placement.requestlog [req-f4e305ef-e16e-4d8c-b3fb-cd5791df65bf req-2007d84b-ffed-4d8a-9617-db1f6e5c220a None None] Starting request: 10.222.0.20 "PUT /placement/allocations/186f6b04-797e-466e-94c2-287f11a63e70" {{(pid=116459) __call__ /opt/stack/placement/placement/requestlog.py:55}}
Jul 20 12:57:21.855080 n-d-843862-5 devstack@placement-api.service[116459]: DEBUG placement.handlers.allocation [req-f4e305ef-e16e-4d8c-b3fb-cd5791df65bf req-2007d84b-ffed-4d8a-9617-db1f6e5c220a service placement] Successfully wrote allocations [, , ] {{(pid=116459) _update_consumers_and_create_allocations /opt/stack/placement/placement/handlers/allocation.py:462}}
Jul 20 12:57:21.878873 n-d-843862-5 devstack@placement-api.service[116459]: INFO placement.requestlog [req-f4e305ef-e16e-4d8c-b3fb-cd5791df65bf req-2007d84b-ffed-4d8a-9617-db1f6e5c220a service placement] 10.222.0.20 "PUT /placement/allocations/186f6b04-797e-466e-94c2-287f11a63e70" status: 204 len: 0 microversion: 1.36
Jul 20 12:57:21.879838 n-d-843862-5 devstack@placement-api.service[116459]: [pid: 116459|app: 0|req: 61/122] 10.222.0.20 () {64 vars in 1433 bytes} [Wed Jul 20 12:57:21 2022] PUT /placement/allocations/186f6b04-797e-466e-94c2-287f11a63e70 => generated 0 bytes in 165 msecs (HTTP/1.1 204) 5 headers in 199 bytes (1 switches on core 0)
Jul 20 12:57:22.505326 n-d-843862-5 devstack@placement-api.service[116458]: DEBUG placement.requestlog [req-f4e305ef-e16e-4d8c-b3fb-cd5791df65bf req-b3407cc5-5789-4731-9aef-333fac6e4419 None None] Starting request: 10.222.0.46 "GET /placement/allocations/186f6b04-797e-466e-94c2-287f11a63e70" {{(pid=116458) __call__ /opt/stack/placement/placement/requestlog.py:55}}
Jul 20 12:57:22.546543 n-d-843862-5 devstack@placement-api.service[116458]: INFO placement.requestlog [req-f4e305ef-e16e-4d8c-b3fb-cd5791df65bf req-b3407cc5-5789-4731-9aef-333fac6e4419 service placement] 10.222.0.46 "GET /placement/allocations/186f6b04-797e-466e-94c2-287f11a63e70" status: 200 len: 259 microversion: 1.28
Jul 20 12:57:22.552583 n-d-843862-5 devstack@placement-api.service[116458]: [pid: 116458|app: 0|req: 62/123] 10.222.0.46 () {60 vars in 1377 bytes} [Wed Jul 20 12:57:22 2022] GET /placement/allocations/186f6b04-797e-466e-94c2-287f11a63e70 => generated 259 bytes in 44 msecs (HTTP/1.1 200) 8 headers in 296 bytes (1 switches on core 0)
Jul 20 12:57:24.313750 n-d-843862-5 devstack@placement-api.service[116459]: DEBUG placement.requestlog [None req-5d671235-bc08-466d-8887-f79835655eee None None] Starting request: 10.222.0.20 "GET /placement/" {{(pid=116459) __call__ /opt/stack/placement/placement/requestlog.py:55}}
Jul 20 12:57:24.315523 n-d-843862-5 devstack@placement-api.service[116459]: INFO placement.requestlog [None req-5d671235-bc08-466d-8887-f79835655eee None None] 10.222.0.20 "GET /placement/" status: 200 len: 136 microversion: 1.0
Jul 20 12:57:24.316350 n-d-843862-5 devstack@placement-api.service[116459]: [pid: 116459|app: 0|req: 62/124] 10.222.0.20 () {54 vars in 916 bytes} [Wed Jul 20 12:57:24 2022] GET /placement => generated 136 bytes in 3 msecs (HTTP/1.1 200) 6 headers in 224 bytes (1 switches on core 0)
