Jul 20 13:06:25.256999 n-d-843862-5 devstack@placement-api.service[116458]: INFO placement.requestlog [req-364e8e39-cdb4-4e0a-b537-681e7042d352 req-11ff84d6-6fad-4dbb-8037-1bf709638e53 service placement] 10.222.0.20 "GET /placement/allocations/4666fba0-56b1-451b-a74e-44f4b5a4cfd8" status: 200 len: 19 microversion: 1.28
Jul 20 13:06:25.269342 n-d-843862-5 devstack@placement-api.service[116458]: [pid: 116458|app: 0|req: 317/635] 10.222.0.20 () {60 vars in 1380 bytes} [Wed Jul 20 13:06:25 2022] GET /placement/allocations/4666fba0-56b1-451b-a74e-44f4b5a4cfd8 => generated 19 bytes in 28 msecs (HTTP/1.1 200) 8 headers in 295 bytes (1 switches on core 0)
Jul 20 13:06:25.271776 n-d-843862-5 devstack@placement-api.service[116459]: DEBUG placement.requestlog [req-364e8e39-cdb4-4e0a-b537-681e7042d352 req-b538692b-2fcb-47bc-b5d1-f523c58f3ff8 None None] Starting request: 10.222.0.20 "PUT /placement/allocations/4666fba0-56b1-451b-a74e-44f4b5a4cfd8" {{(pid=116459) __call__ /opt/stack/placement/placement/requestlog.py:55}}
Jul 20 13:06:25.363826 n-d-843862-5 devstack@placement-api.service[116459]: DEBUG placement.handlers.allocation [req-364e8e39-cdb4-4e0a-b537-681e7042d352 req-b538692b-2fcb-47bc-b5d1-f523c58f3ff8 service placement] Successfully wrote allocations [, , ] {{(pid=116459) _update_consumers_and_create_allocations /opt/stack/placement/placement/handlers/allocation.py:462}}
Jul 20 13:06:25.370163 n-d-843862-5 devstack@placement-api.service[116459]: INFO placement.requestlog [req-364e8e39-cdb4-4e0a-b537-681e7042d352 req-b538692b-2fcb-47bc-b5d1-f523c58f3ff8 service placement] 10.222.0.20 "PUT /placement/allocations/4666fba0-56b1-451b-a74e-44f4b5a4cfd8" status: 204 len: 0 microversion: 1.36
Jul 20 13:06:25.371254 n-d-843862-5 devstack@placement-api.service[116459]: [pid: 116459|app: 0|req: 319/636] 10.222.0.20 () {64 vars in 1433 bytes} [Wed Jul 20 13:06:25 2022] PUT /placement/allocations/4666fba0-56b1-451b-a74e-44f4b5a4cfd8 => generated 0 bytes in 100 msecs (HTTP/1.1 204) 5 headers in 199 bytes (2 switches on core 0)
Jul 20 13:06:25.726492 n-d-843862-5 devstack@placement-api.service[116458]: DEBUG placement.requestlog [req-364e8e39-cdb4-4e0a-b537-681e7042d352 req-c826aa8c-b2c9-4413-a56d-888a3a3d2bc9 None None] Starting request: 10.222.0.46 "GET /placement/allocations/4666fba0-56b1-451b-a74e-44f4b5a4cfd8" {{(pid=116458) __call__ /opt/stack/placement/placement/requestlog.py:55}}
Jul 20 13:06:25.749748 n-d-843862-5 devstack@placement-api.service[116458]: INFO placement.requestlog [req-364e8e39-cdb4-4e0a-b537-681e7042d352 req-c826aa8c-b2c9-4413-a56d-888a3a3d2bc9 service placement] 10.222.0.46 "GET /placement/allocations/4666fba0-56b1-451b-a74e-44f4b5a4cfd8" status: 200 len: 259 microversion: 1.28
Jul 20 13:06:25.750357 n-d-843862-5 devstack@placement-api.service[116458]: [pid: 116458|app: 0|req: 318/637] 10.222.0.46 () {60 vars in 1377 bytes} [Wed Jul 20 13:06:25 2022] GET /placement/allocations/4666fba0-56b1-451b-a74e-44f4b5a4cfd8 => generated 259 bytes in 24 msecs (HTTP/1.1 200) 8 headers in 296 bytes (1 switches on core 0)
Jul 20 13:06:29.143446 n-d-843862-5 devstack@placement-api.service[116459]: DEBUG placement.requestlog [req-63c4a783-f7d4-421e-b326-7145262103b5 req-ff48c1f7-02f6-48e5-8ffc-9c118e9d4395 None None] Starting request: 10.222.0.16 "GET /placement/resource_providers/69b80031-1d72-441e-835e-b92c9cf8b78c/allocations" {{(pid=116459) __call__ /opt/stack/placement/placement/requestlog.py:55}}
Jul 20 13:06:29.180268 n-d-843862-5 devstack@placement-api.service[116459]: INFO placement.requestlog [req-63c4a783-f7d4-421e-b326-7145262103b5 req-ff48c1f7-02f6-48e5-8ffc-9c118e9d4395 service placement] 10.222.0.16 "GET /placement/resource_providers/69b80031-1d72-441e-835e-b92c9cf8b78c/allocations" status: 200 len: 659 microversion: 1.0
Jul 20 13:06:29.181258 n-d-843862-5 devstack@placement-api.service[116459]: [pid: 116459|app: 0|req: 320/638] 10.222.0.16 () {58 vars in 1390 bytes} [Wed Jul 20 13:06:29 2022] GET /placement/resource_providers/69b80031-1d72-441e-835e-b92c9cf8b78c/allocations => generated 659 bytes in 38 msecs (HTTP/1.1 200) 6 headers in 224 bytes (1 switches on core 0)
Jul 20 13:06:29.617985 n-d-843862-5 devstack@placement-api.service[116458]: DEBUG placement.requestlog [req-63c4a783-f7d4-421e-b326-7145262103b5 req-c27daf77-1d74-4bf3-b2c9-cbb3437b12f1 None None] Starting request: 10.222.0.16 "GET /placement/allocations/bf8603ee-3ca5-4fb6-bc85-bc905f91c934" {{(pid=116458) __call__ /opt/stack/placement/placement/requestlog.py:55}}
Jul 20 13:06:29.642967 n-d-843862-5 devstack@placement-api.service[116458]: INFO placement.requestlog [req-63c4a783-f7d4-421e-b326-7145262103b5 req-c27daf77-1d74-4bf3-b2c9-cbb3437b12f1 service placement] 10.222.0.16 "GET /placement/allocations/bf8603ee-3ca5-4fb6-bc85-bc905f91c934" status: 200 len: 259 microversion: 1.28
Jul 20 13:06:29.643885 n-d-843862-5 devstack@placement-api.service[116458]: [pid: 116458|app: 0|req: 319/639] 10.222.0.16 () {60 vars in 1377 bytes} [Wed Jul 20 13:06:29 2022] GET /placement/allocations/bf8603ee-3ca5-4fb6-bc85-bc905f91c934 => generated 259 bytes in 26 msecs (HTTP/1.1 200) 8 headers in 296 bytes (1 switches on core 0)
Jul 20 13:06:29.651843 n-d-843862-5 devstack@placement-api.service[116459]: DEBUG placement.requestlog [req-63c4a783-f7d4-421e-b326-7145262103b5 req-0e9ac7c6-c21c-42e0-9b49-88325cc1e7e0 None None] Starting request: 10.222.0.16 "PUT /placement/allocations/bf8603ee-3ca5-4fb6-bc85-bc905f91c934" {{(pid=116459) __call__ /opt/stack/placement/placement/requestlog.py:55}}
Jul 20 13:06:29.720132 n-d-843862-5 devstack@placement-api.service[116459]: DEBUG placement.handlers.allocation [req-63c4a783-f7d4-421e-b326-7145262103b5 req-0e9ac7c6-c21c-42e0-9b49-88325cc1e7e0 service placement] Successfully wrote allocations [, , ] {{(pid=116459) _update_consumers_and_create_allocations /opt/stack/placement/placement/handlers/allocation.py:462}}
Jul 20 13:06:29.728648 n-d-843862-5 devstack@placement-api.service[116459]: INFO placement.requestlog [req-63c4a783-f7d4-421e-b326-7145262103b5 req-0e9ac7c6-c21c-42e0-9b49-88325cc1e7e0 service placement] 10.222.0.16 "PUT /placement/allocations/bf8603ee-3ca5-4fb6-bc85-bc905f91c934" status: 204 len: 0 microversion: 1.28
Jul 20 13:06:29.729585 n-d-843862-5 devstack@placement-api.service[116459]: [pid: 116459|app: 0|req: 321/640] 10.222.0.16 () {64 vars in 1430 bytes} [Wed Jul 20 13:06:29 2022] PUT /placement/allocations/bf8603ee-3ca5-4fb6-bc85-bc905f91c934 => generated 0 bytes in 78 msecs (HTTP/1.1 204) 5 headers in 199 bytes (1 switches on core 0)
Jul 20 13:06:31.149466 n-d-843862-5 devstack@placement-api.service[116458]: DEBUG placement.requestlog [req-0d9b7220-ff58-480d-b8c8-5238a691f087 req-ad979602-22cb-4038-9040-33297ce6e785 None None] Starting request: 10.222.0.20 "GET /placement/allocation_candidates?limit=1000&resources=DISK_GB%3A1%2CMEMORY_MB%3A1024%2CVCPU%3A1&root_required=%21COMPUTE_STATUS_DISABLED" {{(pid=116458) __call__ /opt/stack/placement/placement/requestlog.py:55}}
Jul 20 13:06:31.212766 n-d-843862-5 devstack@placement-api.service[116458]: DEBUG placement.objects.research_context [req-0d9b7220-ff58-480d-b8c8-5238a691f087 req-ad979602-22cb-4038-9040-33297ce6e785 service placement] getting providers with 1 DISK_GB {{(pid=116458) __init__ /opt/stack/placement/placement/objects/research_context.py:136}}
Jul 20 13:06:31.219047 n-d-843862-5 devstack@placement-api.service[116458]: DEBUG placement.objects.research_context [req-0d9b7220-ff58-480d-b8c8-5238a691f087 req-ad979602-22cb-4038-9040-33297ce6e785 service placement] getting providers with 1024 MEMORY_MB {{(pid=116458) __init__ /opt/stack/placement/placement/objects/research_context.py:136}}
Jul 20 13:06:31.236534 n-d-843862-5 devstack@placement-api.service[116458]: DEBUG placement.objects.research_context [req-0d9b7220-ff58-480d-b8c8-5238a691f087 req-ad979602-22cb-4038-9040-33297ce6e785 service placement] getting providers with 1 VCPU {{(pid=116458) __init__ /opt/stack/placement/placement/objects/research_context.py:136}}
Jul 20 13:06:31.247991 n-d-843862-5 devstack@placement-api.service[116458]: DEBUG placement.objects.research_context [req-0d9b7220-ff58-480d-b8c8-5238a691f087 req-ad979602-22cb-4038-9040-33297ce6e785 service placement] found 2 providers with available 1 DISK_GB {{(pid=116458) get_provider_ids_matching /opt/stack/placement/placement/objects/research_context.py:563}}
Jul 20 13:06:31.248210 n-d-843862-5 devstack@placement-api.service[116458]: DEBUG placement.objects.research_context [req-0d9b7220-ff58-480d-b8c8-5238a691f087 req-ad979602-22cb-4038-9040-33297ce6e785 service placement] found 2 providers with available 1024 MEMORY_MB {{(pid=116458) get_provider_ids_matching /opt/stack/placement/placement/objects/research_context.py:563}}
Jul 20 13:06:31.248525 n-d-843862-5 devstack@placement-api.service[116458]: DEBUG placement.objects.research_context [req-0d9b7220-ff58-480d-b8c8-5238a691f087 req-ad979602-22cb-4038-9040-33297ce6e785 service placement] found 2 providers after filtering by previous result {{(pid=116458) get_provider_ids_matching /opt/stack/placement/placement/objects/research_context.py:594}}
Jul 20 13:06:31.248751 n-d-843862-5 devstack@placement-api.service[116458]: DEBUG placement.objects.research_context [req-0d9b7220-ff58-480d-b8c8-5238a691f087 req-ad979602-22cb-4038-9040-33297ce6e785 service placement] found 2 providers with available 1 VCPU {{(pid=116458) get_provider_ids_matching /opt/stack/placement/placement/objects/research_context.py:563}}
Jul 20 13:06:31.249160 n-d-843862-5 devstack@placement-api.service[116458]: DEBUG placement.objects.research_context [req-0d9b7220-ff58-480d-b8c8-5238a691f087 req-ad979602-22cb-4038-9040-33297ce6e785 service placement] found 2 providers after filtering by previous result {{(pid=116458) get_provider_ids_matching /opt/stack/placement/placement/objects/research_context.py:594}}
Jul 20 13:06:31.284799 n-d-843862-5 devstack@placement-api.service[116458]: DEBUG placement.objects.allocation_candidate [req-0d9b7220-ff58-480d-b8c8-5238a691f087 req-ad979602-22cb-4038-9040-33297ce6e785 service placement] RequestGroup(use_same_provider=False, resources={DISK_GB:1, MEMORY_MB:1024, VCPU:1}, traits=(), aggregates=[]) (suffix '') returned 2 matches {{(pid=116458) _get_by_requests /opt/stack/placement/placement/objects/allocation_candidate.py:156}}
Jul 20 13:06:31.285263 n-d-843862-5 devstack@placement-api.service[116458]: DEBUG placement.objects.allocation_candidate [req-0d9b7220-ff58-480d-b8c8-5238a691f087 req-ad979602-22cb-4038-9040-33297ce6e785 service placement] Merging candidates yields 2 allocation requests and 2 provider summaries {{(pid=116458) _merge_candidates /opt/stack/placement/placement/objects/allocation_candidate.py:809}}
Jul 20 13:06:31.289305 n-d-843862-5 devstack@placement-api.service[116458]: INFO placement.requestlog [req-0d9b7220-ff58-480d-b8c8-5238a691f087 req-ad979602-22cb-4038-9040-33297ce6e785 service placement] 10.222.0.20 "GET /placement/allocation_candidates?limit=1000&resources=DISK_GB%3A1%2CMEMORY_MB%3A1024%2CVCPU%3A1&root_required=%21COMPUTE_STATUS_DISABLED" status: 200 len: 1309 microversion: 1.36
Jul 20 13:06:31.291644 n-d-843862-5 devstack@placement-api.service[116458]: [pid: 116458|app: 0|req: 320/641] 10.222.0.20 () {60 vars in 1506 bytes} [Wed Jul 20 13:06:31 2022] GET /placement/allocation_candidates?limit=1000&resources=DISK_GB%3A1%2CMEMORY_MB%3A1024%2CVCPU%3A1&root_required=%21COMPUTE_STATUS_DISABLED => generated 1309 bytes in 142 msecs (HTTP/1.1 200) 8 headers in 297 bytes (1 switches on core 0)
Jul 20 13:06:31.431937 n-d-843862-5 devstack@placement-api.service[116459]: DEBUG placement.requestlog [req-0d9b7220-ff58-480d-b8c8-5238a691f087 req-5d2c368e-1687-4e49-a7b3-1b793c71cd8c None None] Starting request: 10.222.0.20 "GET /placement/allocations/e9e3b78e-bf92-4c3c-a098-010f584757e1" {{(pid=116459) __call__ /opt/stack/placement/placement/requestlog.py:55}}
Jul 20 13:06:31.456317 n-d-843862-5 devstack@placement-api.service[116459]: INFO placement.requestlog [req-0d9b7220-ff58-480d-b8c8-5238a691f087 req-5d2c368e-1687-4e49-a7b3-1b793c71cd8c service placement] 10.222.0.20 "GET /placement/allocations/e9e3b78e-bf92-4c3c-a098-010f584757e1" status: 200 len: 19 microversion: 1.28
Jul 20 13:06:31.456735 n-d-843862-5 devstack@placement-api.service[116459]: [pid: 116459|app: 0|req: 322/642] 10.222.0.20 () {60 vars in 1380 bytes} [Wed Jul 20 13:06:31 2022] GET /placement/allocations/e9e3b78e-bf92-4c3c-a098-010f584757e1 => generated 19 bytes in 25 msecs (HTTP/1.1 200) 8 headers in 295 bytes (1 switches on core 0)
Jul 20 13:06:31.462812 n-d-843862-5 devstack@placement-api.service[116458]: DEBUG placement.requestlog [req-0d9b7220-ff58-480d-b8c8-5238a691f087 req-3c75f9b5-ad7b-4ab4-bdf3-49edecc75918 None None] Starting request: 10.222.0.20 "PUT /placement/allocations/e9e3b78e-bf92-4c3c-a098-010f584757e1" {{(pid=116458) __call__ /opt/stack/placement/placement/requestlog.py:55}}
Jul 20 13:06:31.597646 n-d-843862-5 devstack@placement-api.service[116458]: DEBUG placement.handlers.allocation [req-0d9b7220-ff58-480d-b8c8-5238a691f087 req-3c75f9b5-ad7b-4ab4-bdf3-49edecc75918 service placement] Successfully wrote allocations [, , ] {{(pid=116458) _update_consumers_and_create_allocations /opt/stack/placement/placement/handlers/allocation.py:462}}
Jul 20 13:06:31.604969 n-d-843862-5 devstack@placement-api.service[116458]: INFO placement.requestlog [req-0d9b7220-ff58-480d-b8c8-5238a691f087 req-3c75f9b5-ad7b-4ab4-bdf3-49edecc75918 service placement] 10.222.0.20 "PUT /placement/allocations/e9e3b78e-bf92-4c3c-a098-010f584757e1" status: 204 len: 0 microversion: 1.36
Jul 20 13:06:31.606617 n-d-843862-5 devstack@placement-api.service[116458]: [pid: 116458|app: 0|req: 321/643] 10.222.0.20 () {64 vars in 1433 bytes} [Wed Jul 20 13:06:31 2022] PUT /placement/allocations/e9e3b78e-bf92-4c3c-a098-010f584757e1 => generated 0 bytes in 144 msecs (HTTP/1.1 204) 5 headers in 199 bytes (1 switches on core 0)
Jul 20 13:06:31.881031 n-d-843862-5 devstack@placement-api.service[116459]: DEBUG placement.requestlog [None req-54426c08-ecb1-4230-a860-4d4cda0e8675 None None] Starting request: 10.222.0.20 "GET /placement/resource_providers/08a2ea70-4030-4527-bfe0-6b71627c813f/aggregates" {{(pid=116459) __call__ /opt/stack/placement/placement/requestlog.py:55}}
Jul 20 13:06:31.896735 n-d-843862-5 devstack@placement-api.service[116459]: INFO placement.requestlog [None req-54426c08-ecb1-4230-a860-4d4cda0e8675 service placement] 10.222.0.20 "GET /placement/resource_providers/08a2ea70-4030-4527-bfe0-6b71627c813f/aggregates" status: 404 len: 235 microversion: 1.1
Jul 20 13:06:31.897416 n-d-843862-5 devstack@placement-api.service[116459]: [pid: 116459|app: 0|req: 323/644] 10.222.0.20 () {58 vars in 1362 bytes} [Wed Jul 20 13:06:31 2022] GET /placement/resource_providers/08a2ea70-4030-4527-bfe0-6b71627c813f/aggregates => generated 235 bytes in 17 msecs (HTTP/1.1 404) 5 headers in 202 bytes (1 switches on core 0)
Jul 20 13:06:31.908689 n-d-843862-5 devstack@placement-api.service[116458]: DEBUG placement.requestlog [None req-e984cb48-a636-4544-b5e7-523d67f7a1ae None None] Starting request: 10.222.0.20 "DELETE /placement/resource_providers/08a2ea70-4030-4527-bfe0-6b71627c813f" {{(pid=116458) __call__ /opt/stack/placement/placement/requestlog.py:55}}
Jul 20 13:06:31.922902 n-d-843862-5 devstack@placement-api.service[116458]: DEBUG placement.wsgi_wrapper [None req-e984cb48-a636-4544-b5e7-523d67f7a1ae service placement] Placement API returning an error response: No resource provider with uuid 08a2ea70-4030-4527-bfe0-6b71627c813f found for delete {{(pid=116458) call_func /opt/stack/placement/placement/wsgi_wrapper.py:31}}
Jul 20 13:06:31.923845 n-d-843862-5 devstack@placement-api.service[116458]: INFO placement.requestlog [None req-e984cb48-a636-4544-b5e7-523d67f7a1ae service placement] 10.222.0.20 "DELETE /placement/resource_providers/08a2ea70-4030-4527-bfe0-6b71627c813f" status: 404 len: 246 microversion: 1.1
Jul 20 13:06:31.924755 n-d-843862-5 devstack@placement-api.service[116458]: [pid: 116458|app: 0|req: 322/645] 10.222.0.20 () {60 vars in 1351 bytes} [Wed Jul 20 13:06:31 2022] DELETE /placement/resource_providers/08a2ea70-4030-4527-bfe0-6b71627c813f => generated 246 bytes in 16 msecs (HTTP/1.1 404) 6 headers in 231 bytes (1 switches on core 0)
Jul 20 13:06:32.070192 n-d-843862-5 devstack@placement-api.service[116459]: DEBUG placement.requestlog [req-0d9b7220-ff58-480d-b8c8-5238a691f087 req-a8af29c1-f826-45b3-b6ad-103c797c56dc None None] Starting request: 10.222.0.16 "GET /placement/allocations/e9e3b78e-bf92-4c3c-a098-010f584757e1" {{(pid=116459) __call__ /opt/stack/placement/placement/requestlog.py:55}}
Jul 20 13:06:32.094565 n-d-843862-5 devstack@placement-api.service[116459]: INFO placement.requestlog [req-0d9b7220-ff58-480d-b8c8-5238a691f087 req-a8af29c1-f826-45b3-b6ad-103c797c56dc service placement] 10.222.0.16 "GET /placement/allocations/e9e3b78e-bf92-4c3c-a098-010f584757e1" status: 200 len: 259 microversion: 1.28
Jul 20 13:06:32.095989 n-d-843862-5 devstack@placement-api.service[116459]: [pid: 116459|app: 0|req: 324/646] 10.222.0.16 () {60 vars in 1377 bytes} [Wed Jul 20 13:06:32 2022] GET /placement/allocations/e9e3b78e-bf92-4c3c-a098-010f584757e1 => generated 259 bytes in 30 msecs (HTTP/1.1 200) 8 headers in 296 bytes (1 switches on core 0)
Jul 20 13:06:32.213164 n-d-843862-5 devstack@placement-api.service[116458]: DEBUG placement.requestlog [None req-78817d42-a9c7-487f-be0d-0257c4991e35 None None] Starting request: 10.222.0.20 "GET /placement/resource_providers/5f699aa0-ba03-4102-8ca3-d88dc235db3d/aggregates" {{(pid=116458) __call__ /opt/stack/placement/placement/requestlog.py:55}}
Jul 20 13:06:32.231836 n-d-843862-5 devstack@placement-api.service[116458]: INFO placement.requestlog [None req-78817d42-a9c7-487f-be0d-0257c4991e35 service placement] 10.222.0.20 "GET /placement/resource_providers/5f699aa0-ba03-4102-8ca3-d88dc235db3d/aggregates" status: 404 len: 235 microversion: 1.1
Jul 20 13:06:32.237324 n-d-843862-5 devstack@placement-api.service[116458]: [pid: 116458|app: 0|req: 323/647] 10.222.0.20 () {58 vars in 1362 bytes} [Wed Jul 20 13:06:32 2022] GET /placement/resource_providers/5f699aa0-ba03-4102-8ca3-d88dc235db3d/aggregates => generated 235 bytes in 25 msecs (HTTP/1.1 404) 5 headers in 202 bytes (1 switches on core 0)
Jul 20 13:06:32.297709 n-d-843862-5 devstack@placement-api.service[116459]: DEBUG placement.requestlog [None req-5b518b0f-c7b0-4ec0-bf7e-23c9c9d3685e None None] Starting request: 10.222.0.20 "DELETE /placement/resource_providers/5f699aa0-ba03-4102-8ca3-d88dc235db3d" {{(pid=116459) __call__ /opt/stack/placement/placement/requestlog.py:55}}
Jul 20 13:06:32.308087 n-d-843862-5 devstack@placement-api.service[116459]: DEBUG placement.wsgi_wrapper [None req-5b518b0f-c7b0-4ec0-bf7e-23c9c9d3685e service placement] Placement API returning an error response: No resource provider with uuid 5f699aa0-ba03-4102-8ca3-d88dc235db3d found for delete {{(pid=116459) call_func /opt/stack/placement/placement/wsgi_wrapper.py:31}}
Jul 20 13:06:32.309220 n-d-843862-5 devstack@placement-api.service[116459]: INFO placement.requestlog [None req-5b518b0f-c7b0-4ec0-bf7e-23c9c9d3685e service placement] 10.222.0.20 "DELETE /placement/resource_providers/5f699aa0-ba03-4102-8ca3-d88dc235db3d" status: 404 len: 246 microversion: 1.1
Jul 20 13:06:32.310064 n-d-843862-5 devstack@placement-api.service[116459]: [pid: 116459|app: 0|req: 325/648] 10.222.0.20 () {60 vars in 1351 bytes} [Wed Jul 20 13:06:32 2022] DELETE /placement/resource_providers/5f699aa0-ba03-4102-8ca3-d88dc235db3d => generated 246 bytes in 13 msecs (HTTP/1.1 404) 6 headers in 231 bytes (1 switches on core 0)
Jul 20 13:06:33.310617 n-d-843862-5 devstack@placement-api.service[116458]: DEBUG placement.requestlog [req-978a5601-bbf3-44c8-bca9-fd6066326c50 req-b04c8c02-b9bd-47e5-bd26-abfdbb03892c None None] Starting request: 10.222.0.16 "DELETE /placement/allocations/963a9679-3c08-47be-84b0-a2e2c98e8190" {{(pid=116458) __call__ /opt/stack/placement/placement/requestlog.py:55}}
Jul 20 13:06:33.356575 n-d-843862-5 devstack@placement-api.service[116458]: DEBUG placement.handlers.allocation [req-978a5601-bbf3-44c8-bca9-fd6066326c50 req-b04c8c02-b9bd-47e5-bd26-abfdbb03892c service placement] Successfully deleted allocations [, , ] {{(pid=116458) delete_allocations /opt/stack/placement/placement/handlers/allocation.py:627}}
Jul 20 13:06:33.358126 n-d-843862-5 devstack@placement-api.service[116458]: INFO placement.requestlog [req-978a5601-bbf3-44c8-bca9-fd6066326c50 req-b04c8c02-b9bd-47e5-bd26-abfdbb03892c service placement] 10.222.0.16 "DELETE /placement/allocations/963a9679-3c08-47be-84b0-a2e2c98e8190" status: 204 len: 0 microversion: 1.0
Jul 20 13:06:33.358955 n-d-843862-5 devstack@placement-api.service[116458]: [pid: 116458|app: 0|req: 324/649] 10.222.0.16 () {60 vars in 1355 bytes} [Wed Jul 20 13:06:33 2022] DELETE /placement/allocations/963a9679-3c08-47be-84b0-a2e2c98e8190 => generated 0 bytes in 48 msecs (HTTP/1.1 204) 5 headers in 198 bytes (1 switches on core 0)
Jul 20 13:06:34.720158 n-d-843862-5 devstack@placement-api.service[116459]: DEBUG placement.requestlog [req-a400aabf-d922-44de-a577-b2c66555f554 req-7c4299d8-f804-4a94-81cb-5adc91ba3f8c None None] Starting request: 10.222.0.20 "GET /placement/allocation_candidates?limit=1000&resources=DISK_GB%3A1%2CMEMORY_MB%3A1024%2CVCPU%3A1&root_required=%21COMPUTE_STATUS_DISABLED" {{(pid=116459) __call__ /opt/stack/placement/placement/requestlog.py:55}}
Jul 20 13:06:34.808262 n-d-843862-5 devstack@placement-api.service[116458]: DEBUG placement.requestlog [req-dd3dc3d9-4a60-45d3-90d6-c68b13c03c82 req-4bc2ae81-c5a1-49b9-9815-baef2bf3e5a8 None None] Starting request: 10.222.0.20 "GET /placement/allocation_candidates?limit=1000&resources=DISK_GB%3A1%2CMEMORY_MB%3A1024%2CVCPU%3A1&root_required=%21COMPUTE_STATUS_DISABLED" {{(pid=116458) __call__ /opt/stack/placement/placement/requestlog.py:55}}
Jul 20 13:06:34.846065 n-d-843862-5 devstack@placement-api.service[116459]: DEBUG placement.objects.research_context [req-a400aabf-d922-44de-a577-b2c66555f554 req-7c4299d8-f804-4a94-81cb-5adc91ba3f8c service placement] getting providers with 1 DISK_GB {{(pid=116459) __init__ /opt/stack/placement/placement/objects/research_context.py:136}}
Jul 20 13:06:34.862882 n-d-843862-5 devstack@placement-api.service[116459]: DEBUG placement.objects.research_context [req-a400aabf-d922-44de-a577-b2c66555f554 req-7c4299d8-f804-4a94-81cb-5adc91ba3f8c service placement] getting providers with 1024 MEMORY_MB {{(pid=116459) __init__ /opt/stack/placement/placement/objects/research_context.py:136}}
Jul 20 13:06:34.885336 n-d-843862-5 devstack@placement-api.service[116459]: DEBUG placement.objects.research_context [req-a400aabf-d922-44de-a577-b2c66555f554 req-7c4299d8-f804-4a94-81cb-5adc91ba3f8c service placement] getting providers with 1 VCPU {{(pid=116459) __init__ /opt/stack/placement/placement/objects/research_context.py:136}}
Jul 20 13:06:34.890674 n-d-843862-5 devstack@placement-api.service[116458]: DEBUG placement.objects.research_context [req-dd3dc3d9-4a60-45d3-90d6-c68b13c03c82 req-4bc2ae81-c5a1-49b9-9815-baef2bf3e5a8 service placement] getting providers with 1 DISK_GB {{(pid=116458) __init__ /opt/stack/placement/placement/objects/research_context.py:136}}
Jul 20 13:06:34.895769 n-d-843862-5 devstack@placement-api.service[116459]: DEBUG placement.objects.research_context [req-a400aabf-d922-44de-a577-b2c66555f554 req-7c4299d8-f804-4a94-81cb-5adc91ba3f8c service placement] found 2 providers with available 1 DISK_GB {{(pid=116459) get_provider_ids_matching /opt/stack/placement/placement/objects/research_context.py:563}}
Jul 20 13:06:34.896314 n-d-843862-5 devstack@placement-api.service[116459]: DEBUG placement.objects.research_context [req-a400aabf-d922-44de-a577-b2c66555f554 req-7c4299d8-f804-4a94-81cb-5adc91ba3f8c service placement] found 2 providers with available 1024 MEMORY_MB {{(pid=116459) get_provider_ids_matching /opt/stack/placement/placement/objects/research_context.py:563}}
Jul 20 13:06:34.896768 n-d-843862-5 devstack@placement-api.service[116459]: DEBUG placement.objects.research_context [req-a400aabf-d922-44de-a577-b2c66555f554 req-7c4299d8-f804-4a94-81cb-5adc91ba3f8c service placement] found 2 providers after filtering by previous result {{(pid=116459) get_provider_ids_matching /opt/stack/placement/placement/objects/research_context.py:594}}
Jul 20 13:06:34.897180 n-d-843862-5 devstack@placement-api.service[116459]: DEBUG placement.objects.research_context [req-a400aabf-d922-44de-a577-b2c66555f554 req-7c4299d8-f804-4a94-81cb-5adc91ba3f8c service placement] found 2 providers with available 1 VCPU {{(pid=116459) get_provider_ids_matching /opt/stack/placement/placement/objects/research_context.py:563}}
Jul 20 13:06:34.898028 n-d-843862-5 devstack@placement-api.service[116459]: DEBUG placement.objects.research_context [req-a400aabf-d922-44de-a577-b2c66555f554 req-7c4299d8-f804-4a94-81cb-5adc91ba3f8c service placement] found 2 providers after filtering by previous result {{(pid=116459) get_provider_ids_matching /opt/stack/placement/placement/objects/research_context.py:594}}
Jul 20 13:06:34.909413 n-d-843862-5 devstack@placement-api.service[116458]: DEBUG placement.objects.research_context [req-dd3dc3d9-4a60-45d3-90d6-c68b13c03c82 req-4bc2ae81-c5a1-49b9-9815-baef2bf3e5a8 service placement] getting providers with 1024 MEMORY_MB {{(pid=116458) __init__ /opt/stack/placement/placement/objects/research_context.py:136}}
Jul 20 13:06:34.917283 n-d-843862-5 devstack@placement-api.service[116458]: DEBUG placement.objects.research_context [req-dd3dc3d9-4a60-45d3-90d6-c68b13c03c82 req-4bc2ae81-c5a1-49b9-9815-baef2bf3e5a8 service placement] getting providers with 1 VCPU {{(pid=116458) __init__ /opt/stack/placement/placement/objects/research_context.py:136}}
Jul 20 13:06:34.931662 n-d-843862-5 devstack@placement-api.service[116458]: DEBUG placement.objects.research_context [req-dd3dc3d9-4a60-45d3-90d6-c68b13c03c82 req-4bc2ae81-c5a1-49b9-9815-baef2bf3e5a8 service placement] found 2 providers with available 1 DISK_GB {{(pid=116458) get_provider_ids_matching /opt/stack/placement/placement/objects/research_context.py:563}}
Jul 20 13:06:34.931948 n-d-843862-5 devstack@placement-api.service[116459]: DEBUG placement.objects.allocation_candidate [req-a400aabf-d922-44de-a577-b2c66555f554 req-7c4299d8-f804-4a94-81cb-5adc91ba3f8c service placement] RequestGroup(use_same_provider=False, resources={DISK_GB:1, MEMORY_MB:1024, VCPU:1}, traits=(), aggregates=[]) (suffix '') returned 2 matches {{(pid=116459) _get_by_requests /opt/stack/placement/placement/objects/allocation_candidate.py:156}}
Jul 20 13:06:34.932371 n-d-843862-5 devstack@placement-api.service[116458]: DEBUG placement.objects.research_context [req-dd3dc3d9-4a60-45d3-90d6-c68b13c03c82 req-4bc2ae81-c5a1-49b9-9815-baef2bf3e5a8 service placement] found 2 providers with available 1024 MEMORY_MB {{(pid=116458) get_provider_ids_matching /opt/stack/placement/placement/objects/research_context.py:563}}
Jul 20 13:06:34.932681 n-d-843862-5 devstack@placement-api.service[116459]: DEBUG placement.objects.allocation_candidate [req-a400aabf-d922-44de-a577-b2c66555f554 req-7c4299d8-f804-4a94-81cb-5adc91ba3f8c service placement] Merging candidates yields 2 allocation requests and 2 provider summaries {{(pid=116459) _merge_candidates /opt/stack/placement/placement/objects/allocation_candidate.py:809}}
Jul 20 13:06:34.932823 n-d-843862-5 devstack@placement-api.service[116458]: DEBUG placement.objects.research_context [req-dd3dc3d9-4a60-45d3-90d6-c68b13c03c82 req-4bc2ae81-c5a1-49b9-9815-baef2bf3e5a8 service placement] found 2 providers after filtering by previous result {{(pid=116458) get_provider_ids_matching /opt/stack/placement/placement/objects/research_context.py:594}}
Jul 20 13:06:34.933217 n-d-843862-5 devstack@placement-api.service[116458]: DEBUG placement.objects.research_context [req-dd3dc3d9-4a60-45d3-90d6-c68b13c03c82 req-4bc2ae81-c5a1-49b9-9815-baef2bf3e5a8 service placement] found 2 providers with available 1 VCPU {{(pid=116458) get_provider_ids_matching /opt/stack/placement/placement/objects/research_context.py:563}}
Jul 20 13:06:34.933591 n-d-843862-5 devstack@placement-api.service[116458]: DEBUG placement.objects.research_context [req-dd3dc3d9-4a60-45d3-90d6-c68b13c03c82 req-4bc2ae81-c5a1-49b9-9815-baef2bf3e5a8 service placement] found 2 providers after filtering by previous result {{(pid=116458) get_provider_ids_matching /opt/stack/placement/placement/objects/research_context.py:594}}
Jul 20 13:06:34.934914 n-d-843862-5 devstack@placement-api.service[116459]: INFO placement.requestlog [req-a400aabf-d922-44de-a577-b2c66555f554 req-7c4299d8-f804-4a94-81cb-5adc91ba3f8c service placement] 10.222.0.20 "GET /placement/allocation_candidates?limit=1000&resources=DISK_GB%3A1%2CMEMORY_MB%3A1024%2CVCPU%3A1&root_required=%21COMPUTE_STATUS_DISABLED" status: 200 len: 1309 microversion: 1.36
Jul 20 13:06:34.935892 n-d-843862-5 devstack@placement-api.service[116459]: [pid: 116459|app: 0|req: 326/650] 10.222.0.20 () {60 vars in 1506 bytes} [Wed Jul 20 13:06:34 2022] GET /placement/allocation_candidates?limit=1000&resources=DISK_GB%3A1%2CMEMORY_MB%3A1024%2CVCPU%3A1&root_required=%21COMPUTE_STATUS_DISABLED => generated 1309 bytes in 216 msecs (HTTP/1.1 200) 8 headers in 297 bytes (1 switches on core 0)
Jul 20 13:06:34.956763 n-d-843862-5 devstack@placement-api.service[116458]: DEBUG placement.objects.allocation_candidate [req-dd3dc3d9-4a60-45d3-90d6-c68b13c03c82 req-4bc2ae81-c5a1-49b9-9815-baef2bf3e5a8 service placement] RequestGroup(use_same_provider=False, resources={DISK_GB:1, MEMORY_MB:1024, VCPU:1}, traits=(), aggregates=[]) (suffix '') returned 2 matches {{(pid=116458) _get_by_requests /opt/stack/placement/placement/objects/allocation_candidate.py:156}}
Jul 20 13:06:34.957250 n-d-843862-5 devstack@placement-api.service[116458]: DEBUG placement.objects.allocation_candidate [req-dd3dc3d9-4a60-45d3-90d6-c68b13c03c82 req-4bc2ae81-c5a1-49b9-9815-baef2bf3e5a8 service placement] Merging candidates yields 2 allocation requests and 2 provider summaries {{(pid=116458) _merge_candidates /opt/stack/placement/placement/objects/allocation_candidate.py:809}}
Jul 20 13:06:34.968576 n-d-843862-5 devstack@placement-api.service[116458]: INFO placement.requestlog [req-dd3dc3d9-4a60-45d3-90d6-c68b13c03c82 req-4bc2ae81-c5a1-49b9-9815-baef2bf3e5a8 service placement] 10.222.0.20 "GET /placement/allocation_candidates?limit=1000&resources=DISK_GB%3A1%2CMEMORY_MB%3A1024%2CVCPU%3A1&root_required=%21COMPUTE_STATUS_DISABLED" status: 200 len: 1309 microversion: 1.36
Jul 20 13:06:34.969110 n-d-843862-5 devstack@placement-api.service[116458]: [pid: 116458|app: 0|req: 325/651] 10.222.0.20 () {60 vars in 1506 bytes} [Wed Jul 20 13:06:34 2022] GET /placement/allocation_candidates?limit=1000&resources=DISK_GB%3A1%2CMEMORY_MB%3A1024%2CVCPU%3A1&root_required=%21COMPUTE_STATUS_DISABLED => generated 1309 bytes in 161 msecs (HTTP/1.1 200) 8 headers in 297 bytes (1 switches on core 0)
Jul 20 13:06:35.080710 n-d-843862-5 devstack@placement-api.service[116459]: DEBUG placement.requestlog [req-a400aabf-d922-44de-a577-b2c66555f554 req-79846b51-881c-4160-b737-f46ebea5b474 None None] Starting request: 10.222.0.20 "GET /placement/allocations/4a5f8d58-a183-4739-924c-949f65775e18" {{(pid=116459) __call__ /opt/stack/placement/placement/requestlog.py:55}}
Jul 20 13:06:35.098186 n-d-843862-5 devstack@placement-api.service[116459]: INFO placement.requestlog [req-a400aabf-d922-44de-a577-b2c66555f554 req-79846b51-881c-4160-b737-f46ebea5b474 service placement] 10.222.0.20 "GET /placement/allocations/4a5f8d58-a183-4739-924c-949f65775e18" status: 200 len: 19 microversion: 1.28
Jul 20 13:06:35.098988 n-d-843862-5 devstack@placement-api.service[116459]: [pid: 116459|app: 0|req: 327/652] 10.222.0.20 () {60 vars in 1380 bytes} [Wed Jul 20 13:06:35 2022] GET /placement/allocations/4a5f8d58-a183-4739-924c-949f65775e18 => generated 19 bytes in 18 msecs (HTTP/1.1 200) 8 headers in 295 bytes (1 switches on core 0)
Jul 20 13:06:35.107066 n-d-843862-5 devstack@placement-api.service[116458]: DEBUG placement.requestlog [req-a400aabf-d922-44de-a577-b2c66555f554 req-65316618-9833-46fc-af5a-5224fb7dea20 None None] Starting request: 10.222.0.20 "PUT /placement/allocations/4a5f8d58-a183-4739-924c-949f65775e18" {{(pid=116458) __call__ /opt/stack/placement/placement/requestlog.py:55}}
Jul 20 13:06:35.139084 n-d-843862-5 devstack@placement-api.service[116459]: DEBUG placement.requestlog [req-dd3dc3d9-4a60-45d3-90d6-c68b13c03c82 req-ee1e6389-7268-4135-8820-23fd4877f2ab None None] Starting request: 10.222.0.20 "GET /placement/allocations/bb9582d8-89b6-408e-8049-ca610a05d708" {{(pid=116459) __call__ /opt/stack/placement/placement/requestlog.py:55}}
Jul 20 13:06:35.152207 n-d-843862-5 devstack@placement-api.service[116459]: INFO placement.requestlog [req-dd3dc3d9-4a60-45d3-90d6-c68b13c03c82 req-ee1e6389-7268-4135-8820-23fd4877f2ab service placement] 10.222.0.20 "GET /placement/allocations/bb9582d8-89b6-408e-8049-ca610a05d708" status: 200 len: 19 microversion: 1.28
Jul 20 13:06:35.158335 n-d-843862-5 devstack@placement-api.service[116459]: [pid: 116459|app: 0|req: 328/653] 10.222.0.20 () {60 vars in 1380 bytes} [Wed Jul 20 13:06:35 2022] GET /placement/allocations/bb9582d8-89b6-408e-8049-ca610a05d708 => generated 19 bytes in 19 msecs (HTTP/1.1 200) 8 headers in 295 bytes (2 switches on core 0)
Jul 20 13:06:35.159254 n-d-843862-5 devstack@placement-api.service[116459]: DEBUG placement.requestlog [req-dd3dc3d9-4a60-45d3-90d6-c68b13c03c82 req-f60afa0c-8812-41df-9c96-49db9b928ea7 None None] Starting request: 10.222.0.20 "PUT /placement/allocations/bb9582d8-89b6-408e-8049-ca610a05d708" {{(pid=116459) __call__ /opt/stack/placement/placement/requestlog.py:55}}
Jul 20 13:06:35.223444 n-d-843862-5 devstack@placement-api.service[116459]: DEBUG dbcounter [-] [116459] Writing DB stats placement:SELECT=84,placement:DELETE=6,placement:INSERT=6,placement:UPDATE=4 {{(pid=116459) stat_writer /usr/local/lib/python3.8/dist-packages/dbcounter.py:114}}
Jul 20 13:06:35.232631 n-d-843862-5 devstack@placement-api.service[116458]: DEBUG dbcounter [-] [116458] Writing DB stats placement:SELECT=83,placement:DELETE=8,placement:INSERT=7,placement:UPDATE=2 {{(pid=116458) stat_writer /usr/local/lib/python3.8/dist-packages/dbcounter.py:114}}
Jul 20 13:06:35.297684 n-d-843862-5 devstack@placement-api.service[116459]: DEBUG oslo_db.api [req-dd3dc3d9-4a60-45d3-90d6-c68b13c03c82 req-f60afa0c-8812-41df-9c96-49db9b928ea7 service placement] DB error: (pymysql.err.OperationalError) (1213, 'Deadlock found when trying to get lock; try restarting transaction')
Jul 20 13:06:35.297684 n-d-843862-5 devstack@placement-api.service[116459]: [SQL: INSERT INTO allocations (created_at, resource_provider_id, consumer_id, resource_class_id, used) VALUES (%(created_at)s, %(resource_provider_id)s, %(consumer_id)s, %(resource_class_id)s, %(used)s)]
Jul 20 13:06:35.297684 n-d-843862-5 devstack@placement-api.service[116459]: [parameters: {'created_at': datetime.datetime(2022, 7, 20, 13, 6, 35, 281335), 'resource_provider_id': 2, 'consumer_id': 'bb9582d8-89b6-408e-8049-ca610a05d708', 'resource_class_id': 2, 'used': 1}]
Jul 20 13:06:35.297684 n-d-843862-5 devstack@placement-api.service[116459]: (Background on this error at: https://sqlalche.me/e/14/e3q8) {{(pid=116459) _is_exception_expected /usr/local/lib/python3.8/dist-packages/oslo_db/api.py:184}}
Jul 20 13:06:35.300610 n-d-843862-5 devstack@placement-api.service[116459]: DEBUG oslo_db.api [req-dd3dc3d9-4a60-45d3-90d6-c68b13c03c82 req-f60afa0c-8812-41df-9c96-49db9b928ea7 service placement] Performing DB retry for function placement.objects.allocation._set_allocations {{(pid=116459) wrapper /usr/local/lib/python3.8/dist-packages/oslo_db/api.py:155}}
Jul 20 13:06:35.301223 n-d-843862-5 devstack@placement-api.service[116458]: DEBUG placement.handlers.allocation [req-a400aabf-d922-44de-a577-b2c66555f554 req-65316618-9833-46fc-af5a-5224fb7dea20 service placement] Successfully wrote allocations [, , ] {{(pid=116458) _update_consumers_and_create_allocations /opt/stack/placement/placement/handlers/allocation.py:462}}
Jul 20 13:06:35.307015 n-d-843862-5 devstack@placement-api.service[116458]: INFO placement.requestlog [req-a400aabf-d922-44de-a577-b2c66555f554 req-65316618-9833-46fc-af5a-5224fb7dea20 service placement] 10.222.0.20 "PUT /placement/allocations/4a5f8d58-a183-4739-924c-949f65775e18" status: 204 len: 0 microversion: 1.36
Jul 20 13:06:35.307506 n-d-843862-5 devstack@placement-api.service[116458]: [pid: 116458|app: 0|req: 326/654] 10.222.0.20 () {64 vars in 1433 bytes} [Wed Jul 20 13:06:35 2022] PUT /placement/allocations/4a5f8d58-a183-4739-924c-949f65775e18 => generated 0 bytes in 201 msecs (HTTP/1.1 204) 5 headers in 199 bytes (1 switches on core 0)
Jul 20 13:06:35.746670 n-d-843862-5 devstack@placement-api.service[116458]: DEBUG placement.requestlog [req-0323254b-a77a-483c-9c34-d3aa93d4c166 req-2c6765a8-55b4-42a3-8c53-c978c240ecba None None] Starting request: 10.222.0.20 "GET /placement/allocation_candidates?limit=1000&resources=DISK_GB%3A1%2CMEMORY_MB%3A1024%2CVCPU%3A1&root_required=%21COMPUTE_STATUS_DISABLED" {{(pid=116458) __call__ /opt/stack/placement/placement/requestlog.py:55}}
Jul 20 13:06:35.814126 n-d-843862-5 devstack@placement-api.service[116458]: DEBUG placement.objects.research_context [req-0323254b-a77a-483c-9c34-d3aa93d4c166 req-2c6765a8-55b4-42a3-8c53-c978c240ecba service placement] getting providers with 1 DISK_GB {{(pid=116458) __init__ /opt/stack/placement/placement/objects/research_context.py:136}}
Jul 20 13:06:35.827065 n-d-843862-5 devstack@placement-api.service[116458]: DEBUG placement.objects.research_context [req-0323254b-a77a-483c-9c34-d3aa93d4c166 req-2c6765a8-55b4-42a3-8c53-c978c240ecba service placement] getting providers with 1024 MEMORY_MB {{(pid=116458) __init__ /opt/stack/placement/placement/objects/research_context.py:136}}
Jul 20 13:06:35.838855 n-d-843862-5 devstack@placement-api.service[116458]: DEBUG placement.objects.research_context [req-0323254b-a77a-483c-9c34-d3aa93d4c166 req-2c6765a8-55b4-42a3-8c53-c978c240ecba service placement] getting providers with 1 VCPU {{(pid=116458) __init__ /opt/stack/placement/placement/objects/research_context.py:136}}
Jul 20 13:06:35.852016 n-d-843862-5 devstack@placement-api.service[116458]: DEBUG placement.objects.research_context [req-0323254b-a77a-483c-9c34-d3aa93d4c166 req-2c6765a8-55b4-42a3-8c53-c978c240ecba service placement] found 2 providers with available 1 DISK_GB {{(pid=116458) get_provider_ids_matching /opt/stack/placement/placement/objects/research_context.py:563}}
Jul 20 13:06:35.852349 n-d-843862-5 devstack@placement-api.service[116458]: DEBUG placement.objects.research_context [req-0323254b-a77a-483c-9c34-d3aa93d4c166 req-2c6765a8-55b4-42a3-8c53-c978c240ecba service placement] found 2 providers with available 1024 MEMORY_MB {{(pid=116458) get_provider_ids_matching /opt/stack/placement/placement/objects/research_context.py:563}}
Jul 20 13:06:35.852658 n-d-843862-5 devstack@placement-api.service[116458]: DEBUG placement.objects.research_context [req-0323254b-a77a-483c-9c34-d3aa93d4c166 req-2c6765a8-55b4-42a3-8c53-c978c240ecba service placement] found 2 providers after filtering by previous result {{(pid=116458) get_provider_ids_matching /opt/stack/placement/placement/objects/research_context.py:594}}
Jul 20 13:06:35.853257 n-d-843862-5 devstack@placement-api.service[116458]: DEBUG placement.objects.research_context [req-0323254b-a77a-483c-9c34-d3aa93d4c166 req-2c6765a8-55b4-42a3-8c53-c978c240ecba service placement] found 2 providers with available 1 VCPU {{(pid=116458) get_provider_ids_matching /opt/stack/placement/placement/objects/research_context.py:563}}
Jul 20 13:06:35.856770 n-d-843862-5 devstack@placement-api.service[116458]: DEBUG placement.objects.research_context [req-0323254b-a77a-483c-9c34-d3aa93d4c166 req-2c6765a8-55b4-42a3-8c53-c978c240ecba service placement] found 2 providers after filtering by previous result {{(pid=116458) get_provider_ids_matching /opt/stack/placement/placement/objects/research_context.py:594}}
Jul 20 13:06:35.888779 n-d-843862-5 devstack@placement-api.service[116458]: DEBUG placement.objects.allocation_candidate [req-0323254b-a77a-483c-9c34-d3aa93d4c166 req-2c6765a8-55b4-42a3-8c53-c978c240ecba service placement] RequestGroup(use_same_provider=False, resources={DISK_GB:1, MEMORY_MB:1024, VCPU:1}, traits=(), aggregates=[]) (suffix '') returned 2 matches {{(pid=116458) _get_by_requests /opt/stack/placement/placement/objects/allocation_candidate.py:156}}
Jul 20 13:06:35.889163 n-d-843862-5 devstack@placement-api.service[116458]: DEBUG placement.objects.allocation_candidate [req-0323254b-a77a-483c-9c34-d3aa93d4c166 req-2c6765a8-55b4-42a3-8c53-c978c240ecba service placement] Merging candidates yields 2 allocation requests and 2 provider summaries {{(pid=116458) _merge_candidates /opt/stack/placement/placement/objects/allocation_candidate.py:809}}
Jul 20 13:06:35.890831 n-d-843862-5 devstack@placement-api.service[116458]: INFO placement.requestlog [req-0323254b-a77a-483c-9c34-d3aa93d4c166 req-2c6765a8-55b4-42a3-8c53-c978c240ecba service placement] 10.222.0.20 "GET /placement/allocation_candidates?limit=1000&resources=DISK_GB%3A1%2CMEMORY_MB%3A1024%2CVCPU%3A1&root_required=%21COMPUTE_STATUS_DISABLED" status: 200 len: 1309 microversion: 1.36
Jul 20 13:06:35.891476 n-d-843862-5 devstack@placement-api.service[116458]: [pid: 116458|app: 0|req: 327/655] 10.222.0.20 () {60 vars in 1506 bytes} [Wed Jul 20 13:06:35 2022] GET /placement/allocation_candidates?limit=1000&resources=DISK_GB%3A1%2CMEMORY_MB%3A1024%2CVCPU%3A1&root_required=%21COMPUTE_STATUS_DISABLED => generated 1309 bytes in 145 msecs (HTTP/1.1 200) 8 headers in 297 bytes (2 switches on core 0)
Jul 20 13:06:35.892098 n-d-843862-5 devstack@placement-api.service[116458]: DEBUG placement.requestlog [req-a400aabf-d922-44de-a577-b2c66555f554 req-412cbf5c-e439-4b92-ab3d-f52c498d277c None None] Starting request: 10.222.0.16 "GET /placement/allocations/4a5f8d58-a183-4739-924c-949f65775e18" {{(pid=116458) __call__ /opt/stack/placement/placement/requestlog.py:55}}
Jul 20 13:06:35.929978 n-d-843862-5 devstack@placement-api.service[116458]: INFO placement.requestlog [req-a400aabf-d922-44de-a577-b2c66555f554 req-412cbf5c-e439-4b92-ab3d-f52c498d277c service placement] 10.222.0.16 "GET /placement/allocations/4a5f8d58-a183-4739-924c-949f65775e18" status: 200 len: 259 microversion: 1.28
Jul 20 13:06:35.930792 n-d-843862-5 devstack@placement-api.service[116458]: [pid: 116458|app: 0|req: 328/656] 10.222.0.16 () {60 vars in 1377 bytes} [Wed Jul 20 13:06:35 2022] GET /placement/allocations/4a5f8d58-a183-4739-924c-949f65775e18 => generated 259 bytes in 38 msecs (HTTP/1.1 200) 8 headers in 296 bytes (1 switches on core 0)
Jul 20 13:06:36.042137 n-d-843862-5 devstack@placement-api.service[116458]: DEBUG placement.requestlog [req-0323254b-a77a-483c-9c34-d3aa93d4c166 req-fc69a8cf-36b7-40d7-a058-eb2d16f75424 None None] Starting request: 10.222.0.20 "GET /placement/allocations/c9a925cf-48ac-4591-9800-c7cc0a611281" {{(pid=116458) __call__ /opt/stack/placement/placement/requestlog.py:55}}
Jul 20 13:06:36.073158 n-d-843862-5 devstack@placement-api.service[116458]: INFO placement.requestlog [req-0323254b-a77a-483c-9c34-d3aa93d4c166 req-fc69a8cf-36b7-40d7-a058-eb2d16f75424 service placement] 10.222.0.20 "GET /placement/allocations/c9a925cf-48ac-4591-9800-c7cc0a611281" status: 200 len: 19 microversion: 1.28
Jul 20 13:06:36.082142 n-d-843862-5 devstack@placement-api.service[116458]: [pid: 116458|app: 0|req: 329/657] 10.222.0.20 () {60 vars in 1380 bytes} [Wed Jul 20 13:06:36 2022] GET /placement/allocations/c9a925cf-48ac-4591-9800-c7cc0a611281 => generated 19 bytes in 38 msecs (HTTP/1.1 200) 8 headers in 295 bytes (1 switches on core 0)
Jul 20 13:06:36.085498 n-d-843862-5 devstack@placement-api.service[116458]: DEBUG placement.requestlog [req-0323254b-a77a-483c-9c34-d3aa93d4c166 req-c9120124-0ea0-42fa-b51a-a984b92c0b03 None None] Starting request: 10.222.0.20 "PUT /placement/allocations/c9a925cf-48ac-4591-9800-c7cc0a611281" {{(pid=116458) __call__ /opt/stack/placement/placement/requestlog.py:55}}
Jul 20 13:06:36.256144 n-d-843862-5 devstack@placement-api.service[116458]: DEBUG placement.handlers.allocation [req-0323254b-a77a-483c-9c34-d3aa93d4c166 req-c9120124-0ea0-42fa-b51a-a984b92c0b03 service placement] Successfully wrote allocations [, , ] {{(pid=116458) _update_consumers_and_create_allocations /opt/stack/placement/placement/handlers/allocation.py:462}}
Jul 20 13:06:36.262360 n-d-843862-5 devstack@placement-api.service[116458]: INFO placement.requestlog [req-0323254b-a77a-483c-9c34-d3aa93d4c166 req-c9120124-0ea0-42fa-b51a-a984b92c0b03 service placement] 10.222.0.20 "PUT /placement/allocations/c9a925cf-48ac-4591-9800-c7cc0a611281" status: 204 len: 0 microversion: 1.36
Jul 20 13:06:36.270583 n-d-843862-5 devstack@placement-api.service[116458]: [pid: 116458|app: 0|req: 330/658] 10.222.0.20 () {64 vars in 1433 bytes} [Wed Jul 20 13:06:36 2022] PUT /placement/allocations/c9a925cf-48ac-4591-9800-c7cc0a611281 => generated 0 bytes in 178 msecs (HTTP/1.1 204) 5 headers in 199 bytes (1 switches on core 0)
Jul 20 13:06:36.316386 n-d-843862-5 devstack@placement-api.service[116459]: DEBUG placement.objects.allocation [req-dd3dc3d9-4a60-45d3-90d6-c68b13c03c82 req-f60afa0c-8812-41df-9c96-49db9b928ea7 service placement] Retrying allocations write on resource provider generation conflict {{(pid=116459) replace_all /opt/stack/placement/placement/objects/allocation.py:509}}
Jul 20 13:06:36.388247 n-d-843862-5 devstack@placement-api.service[116459]: DEBUG placement.handlers.allocation [req-dd3dc3d9-4a60-45d3-90d6-c68b13c03c82 req-f60afa0c-8812-41df-9c96-49db9b928ea7 service placement] Successfully wrote allocations [, , ] {{(pid=116459) _update_consumers_and_create_allocations /opt/stack/placement/placement/handlers/allocation.py:462}}
Jul 20 13:06:36.397605 n-d-843862-5 devstack@placement-api.service[116459]: INFO placement.requestlog [req-dd3dc3d9-4a60-45d3-90d6-c68b13c03c82 req-f60afa0c-8812-41df-9c96-49db9b928ea7 service placement] 10.222.0.20 "PUT /placement/allocations/bb9582d8-89b6-408e-8049-ca610a05d708" status: 204 len: 0 microversion: 1.36
Jul 20 13:06:36.397993 n-d-843862-5 devstack@placement-api.service[116459]: [pid: 116459|app: 0|req: 329/659] 10.222.0.20 () {64 vars in 1433 bytes} [Wed Jul 20 13:06:35 2022] PUT /placement/allocations/bb9582d8-89b6-408e-8049-ca610a05d708 => generated 0 bytes in 1239 msecs (HTTP/1.1 204) 5 headers in 199 bytes (1 switches on core 0)
Jul 20 13:06:36.988139 n-d-843862-5 devstack@placement-api.service[116458]: DEBUG placement.requestlog [req-dd3dc3d9-4a60-45d3-90d6-c68b13c03c82 req-8746a657-04aa-4db7-a650-784b1e2ef5ec None None] Starting request: 10.222.0.16 "GET /placement/allocations/bb9582d8-89b6-408e-8049-ca610a05d708" {{(pid=116458) __call__ /opt/stack/placement/placement/requestlog.py:55}}
Jul 20 13:06:37.011847 n-d-843862-5 devstack@placement-api.service[116458]: INFO placement.requestlog [req-dd3dc3d9-4a60-45d3-90d6-c68b13c03c82 req-8746a657-04aa-4db7-a650-784b1e2ef5ec service placement] 10.222.0.16 "GET /placement/allocations/bb9582d8-89b6-408e-8049-ca610a05d708" status: 200 len: 259 microversion: 1.28
Jul 20 13:06:37.012236 n-d-843862-5 devstack@placement-api.service[116458]: [pid: 116458|app: 0|req: 331/660] 10.222.0.16 () {60 vars in 1377 bytes} [Wed Jul 20 13:06:36 2022] GET /placement/allocations/bb9582d8-89b6-408e-8049-ca610a05d708 => generated 259 bytes in 25 msecs (HTTP/1.1 200) 8 headers in 296 bytes (1 switches on core 0)
Jul 20 13:06:37.075436 n-d-843862-5 devstack@placement-api.service[116459]: DEBUG placement.requestlog [req-0323254b-a77a-483c-9c34-d3aa93d4c166 req-3651ef53-eb7b-47e1-8566-6f3bda60d909 None None] Starting request: 10.222.0.16 "GET /placement/allocations/c9a925cf-48ac-4591-9800-c7cc0a611281" {{(pid=116459) __call__ /opt/stack/placement/placement/requestlog.py:55}}
Jul 20 13:06:37.101702 n-d-843862-5 devstack@placement-api.service[116459]: INFO placement.requestlog [req-0323254b-a77a-483c-9c34-d3aa93d4c166 req-3651ef53-eb7b-47e1-8566-6f3bda60d909 service placement] 10.222.0.16 "GET /placement/allocations/c9a925cf-48ac-4591-9800-c7cc0a611281" status: 200 len: 259 microversion: 1.28
Jul 20 13:06:37.103304 n-d-843862-5 devstack@placement-api.service[116459]: [pid: 116459|app: 0|req: 330/661] 10.222.0.16 () {60 vars in 1377 bytes} [Wed Jul 20 13:06:37 2022] GET /placement/allocations/c9a925cf-48ac-4591-9800-c7cc0a611281 => generated 259 bytes in 28 msecs (HTTP/1.1 200) 8 headers in 296 bytes (1 switches on core 0)
Jul 20 13:06:45.015524 n-d-843862-5 devstack@placement-api.service[116458]: DEBUG placement.requestlog [req-73c26ed7-6c85-4422-a195-8ae214a255d6 req-b91e633f-81e6-46b4-a679-5e8ab1244bbc None None] Starting request: 10.222.0.16 "GET /placement/allocations/4a5f8d58-a183-4739-924c-949f65775e18" {{(pid=116458) __call__ /opt/stack/placement/placement/requestlog.py:55}}
Jul 20 13:06:45.071810 n-d-843862-5 devstack@placement-api.service[116458]: INFO placement.requestlog [req-73c26ed7-6c85-4422-a195-8ae214a255d6 req-b91e633f-81e6-46b4-a679-5e8ab1244bbc service placement] 10.222.0.16 "GET /placement/allocations/4a5f8d58-a183-4739-924c-949f65775e18" status: 200 len: 259 microversion: 1.28
Jul 20 13:06:45.078459 n-d-843862-5 devstack@placement-api.service[116458]: [pid: 116458|app: 0|req: 332/662] 10.222.0.16 () {60 vars in 1377 bytes} [Wed Jul 20 13:06:45 2022] GET /placement/allocations/4a5f8d58-a183-4739-924c-949f65775e18 => generated 259 bytes in 63 msecs (HTTP/1.1 200) 8 headers in 296 bytes (1 switches on core 0)
