Aug 10 18:05:17.795909 n-d-843862-10 devstack@placement-api.service[109966]: INFO placement.requestlog [req-8dc13bc5-cd90-43cd-a143-a81400fb3862 req-2ef62fb7-02ef-4e38-a1d3-1c5e8eab8ebd service placement] 10.222.0.77 "PUT /placement/allocations/52001ec0-eae7-49f9-bade-06b79e8c587f" status: 204 len: 0 microversion: 1.36
Aug 10 18:05:17.806295 n-d-843862-10 devstack@placement-api.service[109966]: [pid: 109966|app: 0|req: 546/1093] 10.222.0.77 () {64 vars in 1433 bytes} [Wed Aug 10 18:05:17 2022] PUT /placement/allocations/52001ec0-eae7-49f9-bade-06b79e8c587f => generated 0 bytes in 116 msecs (HTTP/1.1 204) 5 headers in 199 bytes (2 switches on core 0)
Aug 10 18:05:18.416217 n-d-843862-10 devstack@placement-api.service[109967]: DEBUG placement.requestlog [req-1626e218-b5a6-4470-b0f5-2e5d3a55463c req-3ea23deb-cc17-4a27-8298-4fc2a8c269cd None None] Starting request: 10.222.0.76 "GET /placement/resource_providers/79cf86ba-674b-4ffe-bebb-fa8cd23f6f99/allocations" {{(pid=109967) __call__ /opt/stack/placement/placement/requestlog.py:55}}
Aug 10 18:05:18.459871 n-d-843862-10 devstack@placement-api.service[109967]: INFO placement.requestlog [req-1626e218-b5a6-4470-b0f5-2e5d3a55463c req-3ea23deb-cc17-4a27-8298-4fc2a8c269cd service placement] 10.222.0.76 "GET /placement/resource_providers/79cf86ba-674b-4ffe-bebb-fa8cd23f6f99/allocations" status: 200 len: 342 microversion: 1.0
Aug 10 18:05:18.464104 n-d-843862-10 devstack@placement-api.service[109967]: [pid: 109967|app: 0|req: 548/1094] 10.222.0.76 () {58 vars in 1390 bytes} [Wed Aug 10 18:05:18 2022] GET /placement/resource_providers/79cf86ba-674b-4ffe-bebb-fa8cd23f6f99/allocations => generated 342 bytes in 48 msecs (HTTP/1.1 200) 6 headers in 224 bytes (1 switches on core 0)
Aug 10 18:05:18.525894 n-d-843862-10 devstack@placement-api.service[109966]: DEBUG placement.requestlog [req-8dc13bc5-cd90-43cd-a143-a81400fb3862 req-16cefe68-f615-4c38-90a9-8c2d9058abd8 None None] Starting request: 10.222.0.76 "GET /placement/allocations/52001ec0-eae7-49f9-bade-06b79e8c587f" {{(pid=109966) __call__ /opt/stack/placement/placement/requestlog.py:55}}
Aug 10 18:05:18.544742 n-d-843862-10 devstack@placement-api.service[109966]: INFO placement.requestlog [req-8dc13bc5-cd90-43cd-a143-a81400fb3862 req-16cefe68-f615-4c38-90a9-8c2d9058abd8 service placement] 10.222.0.76 "GET /placement/allocations/52001ec0-eae7-49f9-bade-06b79e8c587f" status: 200 len: 245 microversion: 1.28
Aug 10 18:05:18.545334 n-d-843862-10 devstack@placement-api.service[109966]: [pid: 109966|app: 0|req: 547/1095] 10.222.0.76 () {60 vars in 1377 bytes} [Wed Aug 10 18:05:18 2022] GET /placement/allocations/52001ec0-eae7-49f9-bade-06b79e8c587f => generated 245 bytes in 20 msecs (HTTP/1.1 200) 8 headers in 296 bytes (1 switches on core 0)
Aug 10 18:05:20.795504 n-d-843862-10 devstack@placement-api.service[109967]: DEBUG placement.requestlog [req-feb40dd4-ebee-4bee-911f-7d576ccbd26f req-f8928544-af72-45c4-9bbe-20a95a416637 None None] Starting request: 10.222.0.76 "DELETE /placement/allocations/a699ea13-f822-4e76-96ab-9e65688ad2a9" {{(pid=109967) __call__ /opt/stack/placement/placement/requestlog.py:55}}
Aug 10 18:05:20.876152 n-d-843862-10 devstack@placement-api.service[109967]: DEBUG placement.handlers.allocation [req-feb40dd4-ebee-4bee-911f-7d576ccbd26f req-f8928544-af72-45c4-9bbe-20a95a416637 service placement] Successfully deleted allocations [, , ] {{(pid=109967) delete_allocations /opt/stack/placement/placement/handlers/allocation.py:627}}
Aug 10 18:05:20.876682 n-d-843862-10 devstack@placement-api.service[109967]: INFO placement.requestlog [req-feb40dd4-ebee-4bee-911f-7d576ccbd26f req-f8928544-af72-45c4-9bbe-20a95a416637 service placement] 10.222.0.76 "DELETE /placement/allocations/a699ea13-f822-4e76-96ab-9e65688ad2a9" status: 204 len: 0 microversion: 1.0
Aug 10 18:05:20.877346 n-d-843862-10 devstack@placement-api.service[109967]: [pid: 109967|app: 0|req: 549/1096] 10.222.0.76 () {60 vars in 1355 bytes} [Wed Aug 10 18:05:20 2022] DELETE /placement/allocations/a699ea13-f822-4e76-96ab-9e65688ad2a9 => generated 0 bytes in 82 msecs (HTTP/1.1 204) 5 headers in 198 bytes (1 switches on core 0)
Aug 10 18:05:25.885887 n-d-843862-10 devstack@placement-api.service[109966]: DEBUG placement.requestlog [None req-c7b18ff5-2cdd-456f-bf99-5d767fca6fbe None None] Starting request: 10.222.0.77 "GET /placement/resource_providers/b11438d0-25f8-4c9a-b86e-6510df143168/aggregates" {{(pid=109966) __call__ /opt/stack/placement/placement/requestlog.py:55}}
Aug 10 18:05:25.898545 n-d-843862-10 devstack@placement-api.service[109966]: INFO placement.requestlog [None req-c7b18ff5-2cdd-456f-bf99-5d767fca6fbe service placement] 10.222.0.77 "GET /placement/resource_providers/b11438d0-25f8-4c9a-b86e-6510df143168/aggregates" status: 404 len: 235 microversion: 1.1
Aug 10 18:05:25.899207 n-d-843862-10 devstack@placement-api.service[109966]: [pid: 109966|app: 0|req: 548/1097] 10.222.0.77 () {58 vars in 1362 bytes} [Wed Aug 10 18:05:25 2022] GET /placement/resource_providers/b11438d0-25f8-4c9a-b86e-6510df143168/aggregates => generated 235 bytes in 14 msecs (HTTP/1.1 404) 5 headers in 202 bytes (1 switches on core 0)
Aug 10 18:05:25.940521 n-d-843862-10 devstack@placement-api.service[109967]: DEBUG placement.requestlog [None req-c9262305-e748-478c-8b92-cd4af77fe2f8 None None] Starting request: 10.222.0.77 "DELETE /placement/resource_providers/b11438d0-25f8-4c9a-b86e-6510df143168" {{(pid=109967) __call__ /opt/stack/placement/placement/requestlog.py:55}}
Aug 10 18:05:25.952070 n-d-843862-10 devstack@placement-api.service[109967]: DEBUG placement.wsgi_wrapper [None req-c9262305-e748-478c-8b92-cd4af77fe2f8 service placement] Placement API returning an error response: No resource provider with uuid b11438d0-25f8-4c9a-b86e-6510df143168 found for delete {{(pid=109967) call_func /opt/stack/placement/placement/wsgi_wrapper.py:31}}
Aug 10 18:05:25.953458 n-d-843862-10 devstack@placement-api.service[109967]: INFO placement.requestlog [None req-c9262305-e748-478c-8b92-cd4af77fe2f8 service placement] 10.222.0.77 "DELETE /placement/resource_providers/b11438d0-25f8-4c9a-b86e-6510df143168" status: 404 len: 246 microversion: 1.1
Aug 10 18:05:25.954382 n-d-843862-10 devstack@placement-api.service[109967]: [pid: 109967|app: 0|req: 550/1098] 10.222.0.77 () {60 vars in 1351 bytes} [Wed Aug 10 18:05:25 2022] DELETE /placement/resource_providers/b11438d0-25f8-4c9a-b86e-6510df143168 => generated 246 bytes in 14 msecs (HTTP/1.1 404) 6 headers in 231 bytes (1 switches on core 0)
Aug 10 18:05:32.389494 n-d-843862-10 devstack@placement-api.service[109966]: DEBUG placement.requestlog [None req-31fdd3e9-8619-423e-888c-4026e7e8c48f None None] Starting request: 10.222.0.77 "GET /placement/resource_providers/e2bee395-e8e4-49ad-ac06-fecedc02211c/aggregates" {{(pid=109966) __call__ /opt/stack/placement/placement/requestlog.py:55}}
Aug 10 18:05:32.398335 n-d-843862-10 devstack@placement-api.service[109966]: DEBUG dbcounter [-] [109966] Writing DB stats placement:SELECT=60,placement:DELETE=6,placement:INSERT=3,placement:UPDATE=2 {{(pid=109966) stat_writer /usr/local/lib/python3.8/dist-packages/dbcounter.py:114}}
Aug 10 18:05:32.413576 n-d-843862-10 devstack@placement-api.service[109966]: INFO placement.requestlog [None req-31fdd3e9-8619-423e-888c-4026e7e8c48f service placement] 10.222.0.77 "GET /placement/resource_providers/e2bee395-e8e4-49ad-ac06-fecedc02211c/aggregates" status: 404 len: 235 microversion: 1.1
Aug 10 18:05:32.414351 n-d-843862-10 devstack@placement-api.service[109966]: [pid: 109966|app: 0|req: 549/1099] 10.222.0.77 () {58 vars in 1362 bytes} [Wed Aug 10 18:05:32 2022] GET /placement/resource_providers/e2bee395-e8e4-49ad-ac06-fecedc02211c/aggregates => generated 235 bytes in 25 msecs (HTTP/1.1 404) 5 headers in 202 bytes (1 switches on core 0)
Aug 10 18:05:32.472837 n-d-843862-10 devstack@placement-api.service[109967]: DEBUG placement.requestlog [None req-093ab1a3-b54a-495e-85d6-1477262b223d None None] Starting request: 10.222.0.77 "DELETE /placement/resource_providers/e2bee395-e8e4-49ad-ac06-fecedc02211c" {{(pid=109967) __call__ /opt/stack/placement/placement/requestlog.py:55}}
Aug 10 18:05:32.551883 n-d-843862-10 devstack@placement-api.service[109967]: DEBUG dbcounter [-] [109967] Writing DB stats placement:SELECT=67,placement:DELETE=10,placement:INSERT=4,placement:UPDATE=2 {{(pid=109967) stat_writer /usr/local/lib/python3.8/dist-packages/dbcounter.py:114}}
Aug 10 18:05:32.580135 n-d-843862-10 devstack@placement-api.service[109967]: DEBUG placement.wsgi_wrapper [None req-093ab1a3-b54a-495e-85d6-1477262b223d service placement] Placement API returning an error response: No resource provider with uuid e2bee395-e8e4-49ad-ac06-fecedc02211c found for delete {{(pid=109967) call_func /opt/stack/placement/placement/wsgi_wrapper.py:31}}
Aug 10 18:05:32.587003 n-d-843862-10 devstack@placement-api.service[109967]: INFO placement.requestlog [None req-093ab1a3-b54a-495e-85d6-1477262b223d service placement] 10.222.0.77 "DELETE /placement/resource_providers/e2bee395-e8e4-49ad-ac06-fecedc02211c" status: 404 len: 246 microversion: 1.1
Aug 10 18:05:32.589775 n-d-843862-10 devstack@placement-api.service[109967]: [pid: 109967|app: 0|req: 551/1100] 10.222.0.77 () {60 vars in 1351 bytes} [Wed Aug 10 18:05:32 2022] DELETE /placement/resource_providers/e2bee395-e8e4-49ad-ac06-fecedc02211c => generated 246 bytes in 121 msecs (HTTP/1.1 404) 6 headers in 231 bytes (1 switches on core 0)
Aug 10 18:05:32.626370 n-d-843862-10 devstack@placement-api.service[109966]: DEBUG placement.requestlog [req-f417ddd8-8912-4ebb-b599-8b5f71d15711 req-808a50fa-48bb-40c2-a947-b284fafa0ce0 None None] Starting request: 10.222.0.77 "GET /placement/allocation_candidates?limit=1000&resources=DISK_GB%3A1%2CMEMORY_MB%3A1024%2CVCPU%3A1&root_required=%21COMPUTE_STATUS_DISABLED" {{(pid=109966) __call__ /opt/stack/placement/placement/requestlog.py:55}}
Aug 10 18:05:32.702618 n-d-843862-10 devstack@placement-api.service[109966]: DEBUG placement.objects.research_context [req-f417ddd8-8912-4ebb-b599-8b5f71d15711 req-808a50fa-48bb-40c2-a947-b284fafa0ce0 service placement] getting providers with 1 DISK_GB {{(pid=109966) __init__ /opt/stack/placement/placement/objects/research_context.py:136}}
Aug 10 18:05:32.711360 n-d-843862-10 devstack@placement-api.service[109966]: DEBUG placement.objects.research_context [req-f417ddd8-8912-4ebb-b599-8b5f71d15711 req-808a50fa-48bb-40c2-a947-b284fafa0ce0 service placement] getting providers with 1024 MEMORY_MB {{(pid=109966) __init__ /opt/stack/placement/placement/objects/research_context.py:136}}
Aug 10 18:05:32.718038 n-d-843862-10 devstack@placement-api.service[109966]: DEBUG placement.objects.research_context [req-f417ddd8-8912-4ebb-b599-8b5f71d15711 req-808a50fa-48bb-40c2-a947-b284fafa0ce0 service placement] getting providers with 1 VCPU {{(pid=109966) __init__ /opt/stack/placement/placement/objects/research_context.py:136}}
Aug 10 18:05:32.735732 n-d-843862-10 devstack@placement-api.service[109966]: DEBUG placement.objects.research_context [req-f417ddd8-8912-4ebb-b599-8b5f71d15711 req-808a50fa-48bb-40c2-a947-b284fafa0ce0 service placement] found 2 providers with available 1 DISK_GB {{(pid=109966) get_provider_ids_matching /opt/stack/placement/placement/objects/research_context.py:563}}
Aug 10 18:05:32.736233 n-d-843862-10 devstack@placement-api.service[109966]: DEBUG placement.objects.research_context [req-f417ddd8-8912-4ebb-b599-8b5f71d15711 req-808a50fa-48bb-40c2-a947-b284fafa0ce0 service placement] found 2 providers with available 1024 MEMORY_MB {{(pid=109966) get_provider_ids_matching /opt/stack/placement/placement/objects/research_context.py:563}}
Aug 10 18:05:32.737872 n-d-843862-10 devstack@placement-api.service[109966]: DEBUG placement.objects.research_context [req-f417ddd8-8912-4ebb-b599-8b5f71d15711 req-808a50fa-48bb-40c2-a947-b284fafa0ce0 service placement] found 2 providers after filtering by previous result {{(pid=109966) get_provider_ids_matching /opt/stack/placement/placement/objects/research_context.py:594}}
Aug 10 18:05:32.738138 n-d-843862-10 devstack@placement-api.service[109966]: DEBUG placement.objects.research_context [req-f417ddd8-8912-4ebb-b599-8b5f71d15711 req-808a50fa-48bb-40c2-a947-b284fafa0ce0 service placement] found 2 providers with available 1 VCPU {{(pid=109966) get_provider_ids_matching /opt/stack/placement/placement/objects/research_context.py:563}}
Aug 10 18:05:32.738407 n-d-843862-10 devstack@placement-api.service[109966]: DEBUG placement.objects.research_context [req-f417ddd8-8912-4ebb-b599-8b5f71d15711 req-808a50fa-48bb-40c2-a947-b284fafa0ce0 service placement] found 2 providers after filtering by previous result {{(pid=109966) get_provider_ids_matching /opt/stack/placement/placement/objects/research_context.py:594}}
Aug 10 18:05:32.771593 n-d-843862-10 devstack@placement-api.service[109966]: DEBUG placement.objects.allocation_candidate [req-f417ddd8-8912-4ebb-b599-8b5f71d15711 req-808a50fa-48bb-40c2-a947-b284fafa0ce0 service placement] RequestGroup(use_same_provider=False, resources={DISK_GB:1, MEMORY_MB:1024, VCPU:1}, traits=(), aggregates=[]) (suffix '') returned 2 matches {{(pid=109966) _get_by_requests /opt/stack/placement/placement/objects/allocation_candidate.py:156}}
Aug 10 18:05:32.771973 n-d-843862-10 devstack@placement-api.service[109966]: DEBUG placement.objects.allocation_candidate [req-f417ddd8-8912-4ebb-b599-8b5f71d15711 req-808a50fa-48bb-40c2-a947-b284fafa0ce0 service placement] Merging candidates yields 2 allocation requests and 2 provider summaries {{(pid=109966) _merge_candidates /opt/stack/placement/placement/objects/allocation_candidate.py:809}}
Aug 10 18:05:32.774510 n-d-843862-10 devstack@placement-api.service[109966]: INFO placement.requestlog [req-f417ddd8-8912-4ebb-b599-8b5f71d15711 req-808a50fa-48bb-40c2-a947-b284fafa0ce0 service placement] 10.222.0.77 "GET /placement/allocation_candidates?limit=1000&resources=DISK_GB%3A1%2CMEMORY_MB%3A1024%2CVCPU%3A1&root_required=%21COMPUTE_STATUS_DISABLED" status: 200 len: 1309 microversion: 1.36
Aug 10 18:05:32.774917 n-d-843862-10 devstack@placement-api.service[109966]: [pid: 109966|app: 0|req: 550/1101] 10.222.0.77 () {60 vars in 1506 bytes} [Wed Aug 10 18:05:32 2022] GET /placement/allocation_candidates?limit=1000&resources=DISK_GB%3A1%2CMEMORY_MB%3A1024%2CVCPU%3A1&root_required=%21COMPUTE_STATUS_DISABLED => generated 1309 bytes in 149 msecs (HTTP/1.1 200) 8 headers in 297 bytes (1 switches on core 0)
Aug 10 18:05:32.857151 n-d-843862-10 devstack@placement-api.service[109967]: DEBUG placement.requestlog [req-f417ddd8-8912-4ebb-b599-8b5f71d15711 req-ae4a2f57-8412-4166-9500-8a80397bea4a None None] Starting request: 10.222.0.77 "GET /placement/allocations/646a2bfa-747b-4a06-9927-a07ae7ccfb7e" {{(pid=109967) __call__ /opt/stack/placement/placement/requestlog.py:55}}
Aug 10 18:05:32.878088 n-d-843862-10 devstack@placement-api.service[109967]: INFO placement.requestlog [req-f417ddd8-8912-4ebb-b599-8b5f71d15711 req-ae4a2f57-8412-4166-9500-8a80397bea4a service placement] 10.222.0.77 "GET /placement/allocations/646a2bfa-747b-4a06-9927-a07ae7ccfb7e" status: 200 len: 19 microversion: 1.28
Aug 10 18:05:32.878468 n-d-843862-10 devstack@placement-api.service[109967]: [pid: 109967|app: 0|req: 552/1102] 10.222.0.77 () {60 vars in 1380 bytes} [Wed Aug 10 18:05:32 2022] GET /placement/allocations/646a2bfa-747b-4a06-9927-a07ae7ccfb7e => generated 19 bytes in 22 msecs (HTTP/1.1 200) 8 headers in 295 bytes (1 switches on core 0)
Aug 10 18:05:32.885680 n-d-843862-10 devstack@placement-api.service[109966]: DEBUG placement.requestlog [req-f417ddd8-8912-4ebb-b599-8b5f71d15711 req-814ca079-d969-48a2-80c9-0739eb835d16 None None] Starting request: 10.222.0.77 "PUT /placement/allocations/646a2bfa-747b-4a06-9927-a07ae7ccfb7e" {{(pid=109966) __call__ /opt/stack/placement/placement/requestlog.py:55}}
Aug 10 18:05:33.061279 n-d-843862-10 devstack@placement-api.service[109966]: DEBUG placement.handlers.allocation [req-f417ddd8-8912-4ebb-b599-8b5f71d15711 req-814ca079-d969-48a2-80c9-0739eb835d16 service placement] Successfully wrote allocations [, , ] {{(pid=109966) _update_consumers_and_create_allocations /opt/stack/placement/placement/handlers/allocation.py:462}}
Aug 10 18:05:33.073740 n-d-843862-10 devstack@placement-api.service[109966]: INFO placement.requestlog [req-f417ddd8-8912-4ebb-b599-8b5f71d15711 req-814ca079-d969-48a2-80c9-0739eb835d16 service placement] 10.222.0.77 "PUT /placement/allocations/646a2bfa-747b-4a06-9927-a07ae7ccfb7e" status: 204 len: 0 microversion: 1.36
Aug 10 18:05:33.074775 n-d-843862-10 devstack@placement-api.service[109966]: [pid: 109966|app: 0|req: 551/1103] 10.222.0.77 () {64 vars in 1433 bytes} [Wed Aug 10 18:05:32 2022] PUT /placement/allocations/646a2bfa-747b-4a06-9927-a07ae7ccfb7e => generated 0 bytes in 189 msecs (HTTP/1.1 204) 5 headers in 199 bytes (1 switches on core 0)
Aug 10 18:05:33.735288 n-d-843862-10 devstack@placement-api.service[109967]: DEBUG placement.requestlog [req-f417ddd8-8912-4ebb-b599-8b5f71d15711 req-b74667c9-f114-4aa2-b6e4-50f3c561e599 None None] Starting request: 10.222.0.76 "GET /placement/allocations/646a2bfa-747b-4a06-9927-a07ae7ccfb7e" {{(pid=109967) __call__ /opt/stack/placement/placement/requestlog.py:55}}
Aug 10 18:05:33.768177 n-d-843862-10 devstack@placement-api.service[109967]: INFO placement.requestlog [req-f417ddd8-8912-4ebb-b599-8b5f71d15711 req-b74667c9-f114-4aa2-b6e4-50f3c561e599 service placement] 10.222.0.76 "GET /placement/allocations/646a2bfa-747b-4a06-9927-a07ae7ccfb7e" status: 200 len: 259 microversion: 1.28
Aug 10 18:05:33.769086 n-d-843862-10 devstack@placement-api.service[109967]: [pid: 109967|app: 0|req: 553/1104] 10.222.0.76 () {60 vars in 1377 bytes} [Wed Aug 10 18:05:33 2022] GET /placement/allocations/646a2bfa-747b-4a06-9927-a07ae7ccfb7e => generated 259 bytes in 34 msecs (HTTP/1.1 200) 8 headers in 296 bytes (1 switches on core 0)
Aug 10 18:05:42.673999 n-d-843862-10 devstack@placement-api.service[109966]: DEBUG placement.requestlog [None req-159f192c-a628-49d8-8f87-616636060dd9 None None] Starting request: 10.222.0.77 "GET /placement/resource_providers/59c56393-b51c-4f15-9a64-11e1342526f7/aggregates" {{(pid=109966) __call__ /opt/stack/placement/placement/requestlog.py:55}}
Aug 10 18:05:42.714179 n-d-843862-10 devstack@placement-api.service[109966]: INFO placement.requestlog [None req-159f192c-a628-49d8-8f87-616636060dd9 service placement] 10.222.0.77 "GET /placement/resource_providers/59c56393-b51c-4f15-9a64-11e1342526f7/aggregates" status: 404 len: 235 microversion: 1.1
Aug 10 18:05:42.715379 n-d-843862-10 devstack@placement-api.service[109966]: [pid: 109966|app: 0|req: 552/1105] 10.222.0.77 () {58 vars in 1362 bytes} [Wed Aug 10 18:05:42 2022] GET /placement/resource_providers/59c56393-b51c-4f15-9a64-11e1342526f7/aggregates => generated 235 bytes in 42 msecs (HTTP/1.1 404) 5 headers in 202 bytes (1 switches on core 0)
Aug 10 18:05:42.778242 n-d-843862-10 devstack@placement-api.service[109967]: DEBUG placement.requestlog [None req-e996d7e2-9484-450d-8963-cb062deb80c2 None None] Starting request: 10.222.0.77 "DELETE /placement/resource_providers/59c56393-b51c-4f15-9a64-11e1342526f7" {{(pid=109967) __call__ /opt/stack/placement/placement/requestlog.py:55}}
Aug 10 18:05:42.791536 n-d-843862-10 devstack@placement-api.service[109967]: DEBUG placement.wsgi_wrapper [None req-e996d7e2-9484-450d-8963-cb062deb80c2 service placement] Placement API returning an error response: No resource provider with uuid 59c56393-b51c-4f15-9a64-11e1342526f7 found for delete {{(pid=109967) call_func /opt/stack/placement/placement/wsgi_wrapper.py:31}}
Aug 10 18:05:42.792327 n-d-843862-10 devstack@placement-api.service[109967]: INFO placement.requestlog [None req-e996d7e2-9484-450d-8963-cb062deb80c2 service placement] 10.222.0.77 "DELETE /placement/resource_providers/59c56393-b51c-4f15-9a64-11e1342526f7" status: 404 len: 246 microversion: 1.1
Aug 10 18:05:42.792694 n-d-843862-10 devstack@placement-api.service[109967]: [pid: 109967|app: 0|req: 554/1106] 10.222.0.77 () {60 vars in 1351 bytes} [Wed Aug 10 18:05:42 2022] DELETE /placement/resource_providers/59c56393-b51c-4f15-9a64-11e1342526f7 => generated 246 bytes in 15 msecs (HTTP/1.1 404) 6 headers in 231 bytes (1 switches on core 0)
Aug 10 18:05:46.085610 n-d-843862-10 devstack@placement-api.service[109966]: DEBUG placement.requestlog [None req-9f40aad8-dfb8-4631-92f2-26af1375aa01 None None] Starting request: 10.222.0.77 "GET /placement/resource_providers/1e2c428f-798d-4f17-9f03-4d9841bcf983/aggregates" {{(pid=109966) __call__ /opt/stack/placement/placement/requestlog.py:55}}
Aug 10 18:05:46.109038 n-d-843862-10 devstack@placement-api.service[109966]: INFO placement.requestlog [None req-9f40aad8-dfb8-4631-92f2-26af1375aa01 service placement] 10.222.0.77 "GET /placement/resource_providers/1e2c428f-798d-4f17-9f03-4d9841bcf983/aggregates" status: 404 len: 235 microversion: 1.1
Aug 10 18:05:46.111545 n-d-843862-10 devstack@placement-api.service[109966]: [pid: 109966|app: 0|req: 553/1107] 10.222.0.77 () {58 vars in 1362 bytes} [Wed Aug 10 18:05:46 2022] GET /placement/resource_providers/1e2c428f-798d-4f17-9f03-4d9841bcf983/aggregates => generated 235 bytes in 25 msecs (HTTP/1.1 404) 5 headers in 202 bytes (2 switches on core 0)
Aug 10 18:05:46.204832 n-d-843862-10 devstack@placement-api.service[109967]: DEBUG placement.requestlog [None req-6166cf16-2dc8-45b6-bad9-1da3330c24e0 None None] Starting request: 10.222.0.77 "DELETE /placement/resource_providers/1e2c428f-798d-4f17-9f03-4d9841bcf983" {{(pid=109967) __call__ /opt/stack/placement/placement/requestlog.py:55}}
Aug 10 18:05:46.218330 n-d-843862-10 devstack@placement-api.service[109967]: DEBUG placement.wsgi_wrapper [None req-6166cf16-2dc8-45b6-bad9-1da3330c24e0 service placement] Placement API returning an error response: No resource provider with uuid 1e2c428f-798d-4f17-9f03-4d9841bcf983 found for delete {{(pid=109967) call_func /opt/stack/placement/placement/wsgi_wrapper.py:31}}
Aug 10 18:05:46.219501 n-d-843862-10 devstack@placement-api.service[109967]: INFO placement.requestlog [None req-6166cf16-2dc8-45b6-bad9-1da3330c24e0 service placement] 10.222.0.77 "DELETE /placement/resource_providers/1e2c428f-798d-4f17-9f03-4d9841bcf983" status: 404 len: 246 microversion: 1.1
Aug 10 18:05:46.224368 n-d-843862-10 devstack@placement-api.service[109967]: [pid: 109967|app: 0|req: 555/1108] 10.222.0.77 () {60 vars in 1351 bytes} [Wed Aug 10 18:05:46 2022] DELETE /placement/resource_providers/1e2c428f-798d-4f17-9f03-4d9841bcf983 => generated 246 bytes in 19 msecs (HTTP/1.1 404) 6 headers in 231 bytes (1 switches on core 0)
Aug 10 18:05:56.096341 n-d-843862-10 devstack@placement-api.service[109966]: DEBUG dbcounter [-] [109966] Writing DB stats placement:SELECT=30,placement:INSERT=4,placement:DELETE=2,placement:UPDATE=2 {{(pid=109966) stat_writer /usr/local/lib/python3.8/dist-packages/dbcounter.py:114}}
Aug 10 18:05:56.214971 n-d-843862-10 devstack@placement-api.service[109967]: DEBUG dbcounter [-] [109967] Writing DB stats placement:SELECT=11 {{(pid=109967) stat_writer /usr/local/lib/python3.8/dist-packages/dbcounter.py:114}}
Aug 10 18:06:02.684899 n-d-843862-10 devstack@placement-api.service[109966]: DEBUG placement.requestlog [req-9259052b-8ddb-41a1-aaf5-23694c67f34c req-6aa2f375-2d6b-44b8-9354-6535c0f46bfe None None] Starting request: 10.222.0.64 "GET /placement/resource_providers/0a70cbbc-77de-405c-99bd-89d757b5aa36/allocations" {{(pid=109966) __call__ /opt/stack/placement/placement/requestlog.py:55}}
Aug 10 18:06:02.720338 n-d-843862-10 devstack@placement-api.service[109966]: INFO placement.requestlog [req-9259052b-8ddb-41a1-aaf5-23694c67f34c req-6aa2f375-2d6b-44b8-9354-6535c0f46bfe service placement] 10.222.0.64 "GET /placement/resource_providers/0a70cbbc-77de-405c-99bd-89d757b5aa36/allocations" status: 200 len: 328 microversion: 1.0
Aug 10 18:06:02.721349 n-d-843862-10 devstack@placement-api.service[109966]: [pid: 109966|app: 0|req: 554/1109] 10.222.0.64 () {58 vars in 1390 bytes} [Wed Aug 10 18:06:02 2022] GET /placement/resource_providers/0a70cbbc-77de-405c-99bd-89d757b5aa36/allocations => generated 328 bytes in 37 msecs (HTTP/1.1 200) 6 headers in 224 bytes (1 switches on core 0)
Aug 10 18:06:04.335006 n-d-843862-10 devstack@placement-api.service[109967]: DEBUG placement.requestlog [None req-bab7e507-91db-41fd-8dcd-7406c1af67ef None None] Starting request: 10.222.0.77 "GET /placement/resource_providers/b94dc657-c5e2-4c90-a4d2-d8e6e87ee0fc/aggregates" {{(pid=109967) __call__ /opt/stack/placement/placement/requestlog.py:55}}
Aug 10 18:06:04.349793 n-d-843862-10 devstack@placement-api.service[109967]: INFO placement.requestlog [None req-bab7e507-91db-41fd-8dcd-7406c1af67ef service placement] 10.222.0.77 "GET /placement/resource_providers/b94dc657-c5e2-4c90-a4d2-d8e6e87ee0fc/aggregates" status: 404 len: 235 microversion: 1.1
Aug 10 18:06:04.350998 n-d-843862-10 devstack@placement-api.service[109967]: [pid: 109967|app: 0|req: 556/1110] 10.222.0.77 () {58 vars in 1362 bytes} [Wed Aug 10 18:06:04 2022] GET /placement/resource_providers/b94dc657-c5e2-4c90-a4d2-d8e6e87ee0fc/aggregates => generated 235 bytes in 16 msecs (HTTP/1.1 404) 5 headers in 202 bytes (1 switches on core 0)
Aug 10 18:06:04.569688 n-d-843862-10 devstack@placement-api.service[109966]: DEBUG placement.requestlog [None req-11197087-c1ec-4557-9d41-9c54845dc847 None None] Starting request: 10.222.0.77 "DELETE /placement/resource_providers/b94dc657-c5e2-4c90-a4d2-d8e6e87ee0fc" {{(pid=109966) __call__ /opt/stack/placement/placement/requestlog.py:55}}
Aug 10 18:06:04.591224 n-d-843862-10 devstack@placement-api.service[109966]: DEBUG placement.wsgi_wrapper [None req-11197087-c1ec-4557-9d41-9c54845dc847 service placement] Placement API returning an error response: No resource provider with uuid b94dc657-c5e2-4c90-a4d2-d8e6e87ee0fc found for delete {{(pid=109966) call_func /opt/stack/placement/placement/wsgi_wrapper.py:31}}
Aug 10 18:06:04.594888 n-d-843862-10 devstack@placement-api.service[109966]: INFO placement.requestlog [None req-11197087-c1ec-4557-9d41-9c54845dc847 service placement] 10.222.0.77 "DELETE /placement/resource_providers/b94dc657-c5e2-4c90-a4d2-d8e6e87ee0fc" status: 404 len: 246 microversion: 1.1
Aug 10 18:06:04.596048 n-d-843862-10 devstack@placement-api.service[109966]: [pid: 109966|app: 0|req: 555/1111] 10.222.0.77 () {60 vars in 1351 bytes} [Wed Aug 10 18:06:04 2022] DELETE /placement/resource_providers/b94dc657-c5e2-4c90-a4d2-d8e6e87ee0fc => generated 246 bytes in 27 msecs (HTTP/1.1 404) 6 headers in 231 bytes (1 switches on core 0)
Aug 10 18:06:05.483450 n-d-843862-10 devstack@placement-api.service[109967]: DEBUG placement.requestlog [req-f4e8b0fa-4879-4e3f-85bf-759b0eb71084 req-92e5d4fe-a3fe-47f7-b050-abd52439dd85 None None] Starting request: 10.222.0.77 "GET /placement/allocation_candidates?limit=1000&resources=DISK_GB%3A1%2CMEMORY_MB%3A1024%2CVCPU%3A1&root_required=%21COMPUTE_STATUS_DISABLED" {{(pid=109967) __call__ /opt/stack/placement/placement/requestlog.py:55}}
Aug 10 18:06:05.560796 n-d-843862-10 devstack@placement-api.service[109967]: DEBUG placement.objects.research_context [req-f4e8b0fa-4879-4e3f-85bf-759b0eb71084 req-92e5d4fe-a3fe-47f7-b050-abd52439dd85 service placement] getting providers with 1 DISK_GB {{(pid=109967) __init__ /opt/stack/placement/placement/objects/research_context.py:136}}
Aug 10 18:06:05.568165 n-d-843862-10 devstack@placement-api.service[109967]: DEBUG placement.objects.research_context [req-f4e8b0fa-4879-4e3f-85bf-759b0eb71084 req-92e5d4fe-a3fe-47f7-b050-abd52439dd85 service placement] getting providers with 1024 MEMORY_MB {{(pid=109967) __init__ /opt/stack/placement/placement/objects/research_context.py:136}}
Aug 10 18:06:05.575383 n-d-843862-10 devstack@placement-api.service[109967]: DEBUG placement.objects.research_context [req-f4e8b0fa-4879-4e3f-85bf-759b0eb71084 req-92e5d4fe-a3fe-47f7-b050-abd52439dd85 service placement] getting providers with 1 VCPU {{(pid=109967) __init__ /opt/stack/placement/placement/objects/research_context.py:136}}
Aug 10 18:06:05.582920 n-d-843862-10 devstack@placement-api.service[109967]: DEBUG placement.objects.research_context [req-f4e8b0fa-4879-4e3f-85bf-759b0eb71084 req-92e5d4fe-a3fe-47f7-b050-abd52439dd85 service placement] found 2 providers with available 1 DISK_GB {{(pid=109967) get_provider_ids_matching /opt/stack/placement/placement/objects/research_context.py:563}}
Aug 10 18:06:05.583798 n-d-843862-10 devstack@placement-api.service[109967]: DEBUG placement.objects.research_context [req-f4e8b0fa-4879-4e3f-85bf-759b0eb71084 req-92e5d4fe-a3fe-47f7-b050-abd52439dd85 service placement] found 2 providers with available 1024 MEMORY_MB {{(pid=109967) get_provider_ids_matching /opt/stack/placement/placement/objects/research_context.py:563}}
Aug 10 18:06:05.584284 n-d-843862-10 devstack@placement-api.service[109967]: DEBUG placement.objects.research_context [req-f4e8b0fa-4879-4e3f-85bf-759b0eb71084 req-92e5d4fe-a3fe-47f7-b050-abd52439dd85 service placement] found 2 providers after filtering by previous result {{(pid=109967) get_provider_ids_matching /opt/stack/placement/placement/objects/research_context.py:594}}
Aug 10 18:06:05.584709 n-d-843862-10 devstack@placement-api.service[109967]: DEBUG placement.objects.research_context [req-f4e8b0fa-4879-4e3f-85bf-759b0eb71084 req-92e5d4fe-a3fe-47f7-b050-abd52439dd85 service placement] found 2 providers with available 1 VCPU {{(pid=109967) get_provider_ids_matching /opt/stack/placement/placement/objects/research_context.py:563}}
Aug 10 18:06:05.585139 n-d-843862-10 devstack@placement-api.service[109967]: DEBUG placement.objects.research_context [req-f4e8b0fa-4879-4e3f-85bf-759b0eb71084 req-92e5d4fe-a3fe-47f7-b050-abd52439dd85 service placement] found 2 providers after filtering by previous result {{(pid=109967) get_provider_ids_matching /opt/stack/placement/placement/objects/research_context.py:594}}
Aug 10 18:06:05.602143 n-d-843862-10 devstack@placement-api.service[109967]: DEBUG placement.objects.allocation_candidate [req-f4e8b0fa-4879-4e3f-85bf-759b0eb71084 req-92e5d4fe-a3fe-47f7-b050-abd52439dd85 service placement] RequestGroup(use_same_provider=False, resources={DISK_GB:1, MEMORY_MB:1024, VCPU:1}, traits=(), aggregates=[]) (suffix '') returned 2 matches {{(pid=109967) _get_by_requests /opt/stack/placement/placement/objects/allocation_candidate.py:156}}
Aug 10 18:06:05.602698 n-d-843862-10 devstack@placement-api.service[109967]: DEBUG placement.objects.allocation_candidate [req-f4e8b0fa-4879-4e3f-85bf-759b0eb71084 req-92e5d4fe-a3fe-47f7-b050-abd52439dd85 service placement] Merging candidates yields 2 allocation requests and 2 provider summaries {{(pid=109967) _merge_candidates /opt/stack/placement/placement/objects/allocation_candidate.py:809}}
Aug 10 18:06:05.604350 n-d-843862-10 devstack@placement-api.service[109967]: INFO placement.requestlog [req-f4e8b0fa-4879-4e3f-85bf-759b0eb71084 req-92e5d4fe-a3fe-47f7-b050-abd52439dd85 service placement] 10.222.0.77 "GET /placement/allocation_candidates?limit=1000&resources=DISK_GB%3A1%2CMEMORY_MB%3A1024%2CVCPU%3A1&root_required=%21COMPUTE_STATUS_DISABLED" status: 200 len: 1309 microversion: 1.36
Aug 10 18:06:05.605199 n-d-843862-10 devstack@placement-api.service[109967]: [pid: 109967|app: 0|req: 557/1112] 10.222.0.77 () {60 vars in 1506 bytes} [Wed Aug 10 18:06:05 2022] GET /placement/allocation_candidates?limit=1000&resources=DISK_GB%3A1%2CMEMORY_MB%3A1024%2CVCPU%3A1&root_required=%21COMPUTE_STATUS_DISABLED => generated 1309 bytes in 122 msecs (HTTP/1.1 200) 8 headers in 297 bytes (1 switches on core 0)
Aug 10 18:06:05.717310 n-d-843862-10 devstack@placement-api.service[109966]: DEBUG placement.requestlog [req-f4e8b0fa-4879-4e3f-85bf-759b0eb71084 req-58c04004-82ef-47ff-bc73-b8ec2fadd3d9 None None] Starting request: 10.222.0.77 "GET /placement/allocations/91049714-362c-456a-a942-42090187d6d5" {{(pid=109966) __call__ /opt/stack/placement/placement/requestlog.py:55}}
Aug 10 18:06:05.717772 n-d-843862-10 devstack@placement-api.service[109967]: DEBUG placement.requestlog [req-e8c927c6-e13f-483b-b4d2-54427dbabea8 req-05fb045a-56c2-4f13-8969-04c070389471 None None] Starting request: 10.222.0.76 "DELETE /placement/allocations/646a2bfa-747b-4a06-9927-a07ae7ccfb7e" {{(pid=109967) __call__ /opt/stack/placement/placement/requestlog.py:55}}
Aug 10 18:06:05.764772 n-d-843862-10 devstack@placement-api.service[109966]: INFO placement.requestlog [req-f4e8b0fa-4879-4e3f-85bf-759b0eb71084 req-58c04004-82ef-47ff-bc73-b8ec2fadd3d9 service placement] 10.222.0.77 "GET /placement/allocations/91049714-362c-456a-a942-42090187d6d5" status: 200 len: 19 microversion: 1.28
Aug 10 18:06:05.775604 n-d-843862-10 devstack@placement-api.service[109966]: [pid: 109966|app: 0|req: 556/1113] 10.222.0.77 () {60 vars in 1380 bytes} [Wed Aug 10 18:06:05 2022] GET /placement/allocations/91049714-362c-456a-a942-42090187d6d5 => generated 19 bytes in 60 msecs (HTTP/1.1 200) 8 headers in 295 bytes (1 switches on core 0)
Aug 10 18:06:05.783233 n-d-843862-10 devstack@placement-api.service[109966]: DEBUG placement.requestlog [req-f4e8b0fa-4879-4e3f-85bf-759b0eb71084 req-79cae097-cf27-4464-87a9-84507e7cfb4f None None] Starting request: 10.222.0.77 "PUT /placement/allocations/91049714-362c-456a-a942-42090187d6d5" {{(pid=109966) __call__ /opt/stack/placement/placement/requestlog.py:55}}
Aug 10 18:06:05.815655 n-d-843862-10 devstack@placement-api.service[109967]: DEBUG placement.handlers.allocation [req-e8c927c6-e13f-483b-b4d2-54427dbabea8 req-05fb045a-56c2-4f13-8969-04c070389471 service placement] Successfully deleted allocations [, , ] {{(pid=109967) delete_allocations /opt/stack/placement/placement/handlers/allocation.py:627}}
Aug 10 18:06:05.816225 n-d-843862-10 devstack@placement-api.service[109967]: INFO placement.requestlog [req-e8c927c6-e13f-483b-b4d2-54427dbabea8 req-05fb045a-56c2-4f13-8969-04c070389471 service placement] 10.222.0.76 "DELETE /placement/allocations/646a2bfa-747b-4a06-9927-a07ae7ccfb7e" status: 204 len: 0 microversion: 1.0
Aug 10 18:06:05.819380 n-d-843862-10 devstack@placement-api.service[109967]: [pid: 109967|app: 0|req: 558/1114] 10.222.0.76 () {60 vars in 1355 bytes} [Wed Aug 10 18:06:05 2022] DELETE /placement/allocations/646a2bfa-747b-4a06-9927-a07ae7ccfb7e => generated 0 bytes in 102 msecs (HTTP/1.1 204) 5 headers in 198 bytes (1 switches on core 0)
Aug 10 18:06:05.933485 n-d-843862-10 devstack@placement-api.service[109966]: DEBUG placement.handlers.allocation [req-f4e8b0fa-4879-4e3f-85bf-759b0eb71084 req-79cae097-cf27-4464-87a9-84507e7cfb4f service placement] Successfully wrote allocations [, , ] {{(pid=109966) _update_consumers_and_create_allocations /opt/stack/placement/placement/handlers/allocation.py:462}}
Aug 10 18:06:05.938456 n-d-843862-10 devstack@placement-api.service[109966]: INFO placement.requestlog [req-f4e8b0fa-4879-4e3f-85bf-759b0eb71084 req-79cae097-cf27-4464-87a9-84507e7cfb4f service placement] 10.222.0.77 "PUT /placement/allocations/91049714-362c-456a-a942-42090187d6d5" status: 204 len: 0 microversion: 1.36
Aug 10 18:06:05.949621 n-d-843862-10 devstack@placement-api.service[109966]: [pid: 109966|app: 0|req: 557/1115] 10.222.0.77 () {64 vars in 1433 bytes} [Wed Aug 10 18:06:05 2022] PUT /placement/allocations/91049714-362c-456a-a942-42090187d6d5 => generated 0 bytes in 157 msecs (HTTP/1.1 204) 5 headers in 199 bytes (1 switches on core 0)
Aug 10 18:06:06.511868 n-d-843862-10 devstack@placement-api.service[109967]: DEBUG placement.requestlog [req-f4e8b0fa-4879-4e3f-85bf-759b0eb71084 req-ddbb65a5-8719-401d-bbb6-ef39048b0c3d None None] Starting request: 10.222.0.64 "GET /placement/allocations/91049714-362c-456a-a942-42090187d6d5" {{(pid=109967) __call__ /opt/stack/placement/placement/requestlog.py:55}}
Aug 10 18:06:06.542960 n-d-843862-10 devstack@placement-api.service[109967]: INFO placement.requestlog [req-f4e8b0fa-4879-4e3f-85bf-759b0eb71084 req-ddbb65a5-8719-401d-bbb6-ef39048b0c3d service placement] 10.222.0.64 "GET /placement/allocations/91049714-362c-456a-a942-42090187d6d5" status: 200 len: 259 microversion: 1.28
Aug 10 18:06:06.543672 n-d-843862-10 devstack@placement-api.service[109967]: [pid: 109967|app: 0|req: 559/1116] 10.222.0.64 () {60 vars in 1377 bytes} [Wed Aug 10 18:06:06 2022] GET /placement/allocations/91049714-362c-456a-a942-42090187d6d5 => generated 259 bytes in 38 msecs (HTTP/1.1 200) 8 headers in 296 bytes (1 switches on core 0)
Aug 10 18:06:06.618041 n-d-843862-10 devstack@placement-api.service[109966]: DEBUG placement.requestlog [None req-5e0f68b2-f40c-48e9-aa53-70ec7a8ca47f None None] Starting request: 10.222.0.77 "GET /placement/resource_providers/3a797c67-41ac-466f-9bc8-d772d05f6139/aggregates" {{(pid=109966) __call__ /opt/stack/placement/placement/requestlog.py:55}}
Aug 10 18:06:06.633833 n-d-843862-10 devstack@placement-api.service[109966]: INFO placement.requestlog [None req-5e0f68b2-f40c-48e9-aa53-70ec7a8ca47f service placement] 10.222.0.77 "GET /placement/resource_providers/3a797c67-41ac-466f-9bc8-d772d05f6139/aggregates" status: 404 len: 235 microversion: 1.1
Aug 10 18:06:06.634521 n-d-843862-10 devstack@placement-api.service[109966]: [pid: 109966|app: 0|req: 558/1117] 10.222.0.77 () {58 vars in 1362 bytes} [Wed Aug 10 18:06:06 2022] GET /placement/resource_providers/3a797c67-41ac-466f-9bc8-d772d05f6139/aggregates => generated 235 bytes in 17 msecs (HTTP/1.1 404) 5 headers in 202 bytes (1 switches on core 0)
Aug 10 18:06:06.647119 n-d-843862-10 devstack@placement-api.service[109967]: DEBUG placement.requestlog [None req-2f0be3e8-f104-4cfc-b36d-1acf54e90bf2 None None] Starting request: 10.222.0.77 "DELETE /placement/resource_providers/3a797c67-41ac-466f-9bc8-d772d05f6139" {{(pid=109967) __call__ /opt/stack/placement/placement/requestlog.py:55}}
Aug 10 18:06:06.664530 n-d-843862-10 devstack@placement-api.service[109967]: DEBUG placement.wsgi_wrapper [None req-2f0be3e8-f104-4cfc-b36d-1acf54e90bf2 service placement] Placement API returning an error response: No resource provider with uuid 3a797c67-41ac-466f-9bc8-d772d05f6139 found for delete {{(pid=109967) call_func /opt/stack/placement/placement/wsgi_wrapper.py:31}}
Aug 10 18:06:06.665307 n-d-843862-10 devstack@placement-api.service[109967]: INFO placement.requestlog [None req-2f0be3e8-f104-4cfc-b36d-1acf54e90bf2 service placement] 10.222.0.77 "DELETE /placement/resource_providers/3a797c67-41ac-466f-9bc8-d772d05f6139" status: 404 len: 246 microversion: 1.1
Aug 10 18:06:06.665665 n-d-843862-10 devstack@placement-api.service[109967]: [pid: 109967|app: 0|req: 560/1118] 10.222.0.77 () {60 vars in 1351 bytes} [Wed Aug 10 18:06:06 2022] DELETE /placement/resource_providers/3a797c67-41ac-466f-9bc8-d772d05f6139 => generated 246 bytes in 19 msecs (HTTP/1.1 404) 6 headers in 231 bytes (1 switches on core 0)
Aug 10 18:06:09.746481 n-d-843862-10 devstack@placement-api.service[109966]: DEBUG placement.requestlog [req-d3810c9b-4b51-47a1-9dce-3ded3ed9dcac req-66a068ed-ff57-4284-b9cc-8c941dad26a6 None None] Starting request: 10.222.0.77 "GET /placement/allocation_candidates?resources=DISK_GB%3A1%2CMEMORY_MB%3A1024%2CVCPU%3A1&root_required=%21COMPUTE_STATUS_DISABLED" {{(pid=109966) __call__ /opt/stack/placement/placement/requestlog.py:55}}
Aug 10 18:06:09.820440 n-d-843862-10 devstack@placement-api.service[109966]: DEBUG placement.objects.research_context [req-d3810c9b-4b51-47a1-9dce-3ded3ed9dcac req-66a068ed-ff57-4284-b9cc-8c941dad26a6 service placement] getting providers with 1 DISK_GB {{(pid=109966) __init__ /opt/stack/placement/placement/objects/research_context.py:136}}
Aug 10 18:06:09.826989 n-d-843862-10 devstack@placement-api.service[109966]: DEBUG placement.objects.research_context [req-d3810c9b-4b51-47a1-9dce-3ded3ed9dcac req-66a068ed-ff57-4284-b9cc-8c941dad26a6 service placement] getting providers with 1024 MEMORY_MB {{(pid=109966) __init__ /opt/stack/placement/placement/objects/research_context.py:136}}
Aug 10 18:06:09.833276 n-d-843862-10 devstack@placement-api.service[109966]: DEBUG placement.objects.research_context [req-d3810c9b-4b51-47a1-9dce-3ded3ed9dcac req-66a068ed-ff57-4284-b9cc-8c941dad26a6 service placement] getting providers with 1 VCPU {{(pid=109966) __init__ /opt/stack/placement/placement/objects/research_context.py:136}}
Aug 10 18:06:09.840277 n-d-843862-10 devstack@placement-api.service[109966]: DEBUG placement.objects.research_context [req-d3810c9b-4b51-47a1-9dce-3ded3ed9dcac req-66a068ed-ff57-4284-b9cc-8c941dad26a6 service placement] found 2 providers with available 1 DISK_GB {{(pid=109966) get_provider_ids_matching /opt/stack/placement/placement/objects/research_context.py:563}}
Aug 10 18:06:09.840957 n-d-843862-10 devstack@placement-api.service[109966]: DEBUG placement.objects.research_context [req-d3810c9b-4b51-47a1-9dce-3ded3ed9dcac req-66a068ed-ff57-4284-b9cc-8c941dad26a6 service placement] found 2 providers with available 1024 MEMORY_MB {{(pid=109966) get_provider_ids_matching /opt/stack/placement/placement/objects/research_context.py:563}}
Aug 10 18:06:09.849967 n-d-843862-10 devstack@placement-api.service[109966]: DEBUG placement.objects.research_context [req-d3810c9b-4b51-47a1-9dce-3ded3ed9dcac req-66a068ed-ff57-4284-b9cc-8c941dad26a6 service placement] found 2 providers after filtering by previous result {{(pid=109966) get_provider_ids_matching /opt/stack/placement/placement/objects/research_context.py:594}}
Aug 10 18:06:09.850664 n-d-843862-10 devstack@placement-api.service[109966]: DEBUG placement.objects.research_context [req-d3810c9b-4b51-47a1-9dce-3ded3ed9dcac req-66a068ed-ff57-4284-b9cc-8c941dad26a6 service placement] found 2 providers with available 1 VCPU {{(pid=109966) get_provider_ids_matching /opt/stack/placement/placement/objects/research_context.py:563}}
Aug 10 18:06:09.850962 n-d-843862-10 devstack@placement-api.service[109966]: DEBUG placement.objects.research_context [req-d3810c9b-4b51-47a1-9dce-3ded3ed9dcac req-66a068ed-ff57-4284-b9cc-8c941dad26a6 service placement] found 2 providers after filtering by previous result {{(pid=109966) get_provider_ids_matching /opt/stack/placement/placement/objects/research_context.py:594}}
Aug 10 18:06:09.872485 n-d-843862-10 devstack@placement-api.service[109966]: DEBUG placement.objects.allocation_candidate [req-d3810c9b-4b51-47a1-9dce-3ded3ed9dcac req-66a068ed-ff57-4284-b9cc-8c941dad26a6 service placement] RequestGroup(use_same_provider=False, resources={DISK_GB:1, MEMORY_MB:1024, VCPU:1}, traits=(), aggregates=[]) (suffix '') returned 2 matches {{(pid=109966) _get_by_requests /opt/stack/placement/placement/objects/allocation_candidate.py:156}}
Aug 10 18:06:09.872864 n-d-843862-10 devstack@placement-api.service[109966]: DEBUG placement.objects.allocation_candidate [req-d3810c9b-4b51-47a1-9dce-3ded3ed9dcac req-66a068ed-ff57-4284-b9cc-8c941dad26a6 service placement] Merging candidates yields 2 allocation requests and 2 provider summaries {{(pid=109966) _merge_candidates /opt/stack/placement/placement/objects/allocation_candidate.py:809}}
Aug 10 18:06:09.877596 n-d-843862-10 devstack@placement-api.service[109966]: INFO placement.requestlog [req-d3810c9b-4b51-47a1-9dce-3ded3ed9dcac req-66a068ed-ff57-4284-b9cc-8c941dad26a6 service placement] 10.222.0.77 "GET /placement/allocation_candidates?resources=DISK_GB%3A1%2CMEMORY_MB%3A1024%2CVCPU%3A1&root_required=%21COMPUTE_STATUS_DISABLED" status: 200 len: 1309 microversion: 1.36
Aug 10 18:06:09.880444 n-d-843862-10 devstack@placement-api.service[109966]: [pid: 109966|app: 0|req: 559/1119] 10.222.0.77 () {60 vars in 1484 bytes} [Wed Aug 10 18:06:09 2022] GET /placement/allocation_candidates?resources=DISK_GB%3A1%2CMEMORY_MB%3A1024%2CVCPU%3A1&root_required=%21COMPUTE_STATUS_DISABLED => generated 1309 bytes in 134 msecs (HTTP/1.1 200) 8 headers in 297 bytes (1 switches on core 0)
Aug 10 18:06:09.978146 n-d-843862-10 devstack@placement-api.service[109967]: DEBUG placement.requestlog [req-d3810c9b-4b51-47a1-9dce-3ded3ed9dcac req-6f1b59fc-bb66-472e-8ff6-f3e56b2fca2b None None] Starting request: 10.222.0.77 "GET /placement/allocations/c3e425f9-cc3c-4b5b-96b9-71a926b82268" {{(pid=109967) __call__ /opt/stack/placement/placement/requestlog.py:55}}
Aug 10 18:06:09.996238 n-d-843862-10 devstack@placement-api.service[109967]: INFO placement.requestlog [req-d3810c9b-4b51-47a1-9dce-3ded3ed9dcac req-6f1b59fc-bb66-472e-8ff6-f3e56b2fca2b service placement] 10.222.0.77 "GET /placement/allocations/c3e425f9-cc3c-4b5b-96b9-71a926b82268" status: 200 len: 19 microversion: 1.28
Aug 10 18:06:09.996948 n-d-843862-10 devstack@placement-api.service[109967]: [pid: 109967|app: 0|req: 561/1120] 10.222.0.77 () {60 vars in 1380 bytes} [Wed Aug 10 18:06:09 2022] GET /placement/allocations/c3e425f9-cc3c-4b5b-96b9-71a926b82268 => generated 19 bytes in 19 msecs (HTTP/1.1 200) 8 headers in 295 bytes (1 switches on core 0)
Aug 10 18:06:10.004959 n-d-843862-10 devstack@placement-api.service[109966]: DEBUG placement.requestlog [req-d3810c9b-4b51-47a1-9dce-3ded3ed9dcac req-76e4f855-1282-4d72-bfdd-9843688294b6 None None] Starting request: 10.222.0.77 "PUT /placement/allocations/c3e425f9-cc3c-4b5b-96b9-71a926b82268" {{(pid=109966) __call__ /opt/stack/placement/placement/requestlog.py:55}}
Aug 10 18:06:10.115298 n-d-843862-10 devstack@placement-api.service[109966]: DEBUG placement.handlers.allocation [req-d3810c9b-4b51-47a1-9dce-3ded3ed9dcac req-76e4f855-1282-4d72-bfdd-9843688294b6 service placement] Successfully wrote allocations [, , ] {{(pid=109966) _update_consumers_and_create_allocations /opt/stack/placement/placement/handlers/allocation.py:462}}
Aug 10 18:06:10.121535 n-d-843862-10 devstack@placement-api.service[109966]: INFO placement.requestlog [req-d3810c9b-4b51-47a1-9dce-3ded3ed9dcac req-76e4f855-1282-4d72-bfdd-9843688294b6 service placement] 10.222.0.77 "PUT /placement/allocations/c3e425f9-cc3c-4b5b-96b9-71a926b82268" status: 204 len: 0 microversion: 1.36
Aug 10 18:06:10.130996 n-d-843862-10 devstack@placement-api.service[109966]: [pid: 109966|app: 0|req: 560/1121] 10.222.0.77 () {64 vars in 1433 bytes} [Wed Aug 10 18:06:10 2022] PUT /placement/allocations/c3e425f9-cc3c-4b5b-96b9-71a926b82268 => generated 0 bytes in 118 msecs (HTTP/1.1 204) 5 headers in 199 bytes (2 switches on core 0)
Aug 10 18:06:10.794948 n-d-843862-10 devstack@placement-api.service[109967]: DEBUG placement.requestlog [req-d3810c9b-4b51-47a1-9dce-3ded3ed9dcac req-8a965968-6b24-4039-b4fb-7c443a2a8af4 None None] Starting request: 10.222.0.76 "GET /placement/allocations/c3e425f9-cc3c-4b5b-96b9-71a926b82268" {{(pid=109967) __call__ /opt/stack/placement/placement/requestlog.py:55}}
Aug 10 18:06:10.881371 n-d-843862-10 devstack@placement-api.service[109967]: INFO placement.requestlog [req-d3810c9b-4b51-47a1-9dce-3ded3ed9dcac req-8a965968-6b24-4039-b4fb-7c443a2a8af4 service placement] 10.222.0.76 "GET /placement/allocations/c3e425f9-cc3c-4b5b-96b9-71a926b82268" status: 200 len: 259 microversion: 1.28
Aug 10 18:06:10.881821 n-d-843862-10 devstack@placement-api.service[109967]: [pid: 109967|app: 0|req: 562/1122] 10.222.0.76 () {60 vars in 1377 bytes} [Wed Aug 10 18:06:10 2022] GET /placement/allocations/c3e425f9-cc3c-4b5b-96b9-71a926b82268 => generated 259 bytes in 88 msecs (HTTP/1.1 200) 8 headers in 296 bytes (1 switches on core 0)
Aug 10 18:06:13.236093 n-d-843862-10 devstack@placement-api.service[109966]: DEBUG placement.requestlog [req-2994c0c3-57c9-4424-896c-fead7f4c5d59 req-263edc18-ef78-48f8-86e2-3084bf4466ac None None] Starting request: 10.222.0.64 "DELETE /placement/allocations/c7dd1ef3-d1f0-4cbf-84d8-d33f610dbed4" {{(pid=109966) __call__ /opt/stack/placement/placement/requestlog.py:55}}
Aug 10 18:06:13.302808 n-d-843862-10 devstack@placement-api.service[109966]: DEBUG placement.handlers.allocation [req-2994c0c3-57c9-4424-896c-fead7f4c5d59 req-263edc18-ef78-48f8-86e2-3084bf4466ac service placement] Successfully deleted allocations [, , ] {{(pid=109966) delete_allocations /opt/stack/placement/placement/handlers/allocation.py:627}}
Aug 10 18:06:13.303323 n-d-843862-10 devstack@placement-api.service[109966]: INFO placement.requestlog [req-2994c0c3-57c9-4424-896c-fead7f4c5d59 req-263edc18-ef78-48f8-86e2-3084bf4466ac service placement] 10.222.0.64 "DELETE /placement/allocations/c7dd1ef3-d1f0-4cbf-84d8-d33f610dbed4" status: 204 len: 0 microversion: 1.0
Aug 10 18:06:13.303714 n-d-843862-10 devstack@placement-api.service[109966]: [pid: 109966|app: 0|req: 561/1123] 10.222.0.64 () {60 vars in 1355 bytes} [Wed Aug 10 18:06:13 2022] DELETE /placement/allocations/c7dd1ef3-d1f0-4cbf-84d8-d33f610dbed4 => generated 0 bytes in 68 msecs (HTTP/1.1 204) 5 headers in 198 bytes (1 switches on core 0)
Aug 10 18:06:17.034280 n-d-843862-10 devstack@placement-api.service[109967]: DEBUG placement.requestlog [req-b04e52cd-a757-4806-97f4-e516ef4f05f8 req-af40ec38-9098-4644-9b6b-bdcdac7fc36e None None] Starting request: 10.222.0.77 "GET /placement/allocation_candidates?limit=1000&resources=DISK_GB%3A1%2CMEMORY_MB%3A1024%2CVCPU%3A1&root_required=%21COMPUTE_STATUS_DISABLED" {{(pid=109967) __call__ /opt/stack/placement/placement/requestlog.py:55}}
Aug 10 18:06:17.126317 n-d-843862-10 devstack@placement-api.service[109967]: DEBUG placement.objects.research_context [req-b04e52cd-a757-4806-97f4-e516ef4f05f8 req-af40ec38-9098-4644-9b6b-bdcdac7fc36e service placement] getting providers with 1 DISK_GB {{(pid=109967) __init__ /opt/stack/placement/placement/objects/research_context.py:136}}
Aug 10 18:06:17.135777 n-d-843862-10 devstack@placement-api.service[109967]: DEBUG placement.objects.research_context [req-b04e52cd-a757-4806-97f4-e516ef4f05f8 req-af40ec38-9098-4644-9b6b-bdcdac7fc36e service placement] getting providers with 1024 MEMORY_MB {{(pid=109967) __init__ /opt/stack/placement/placement/objects/research_context.py:136}}
