Aug 10 17:25:11.242677 n-d-843862-10 devstack@keystone.service[81817]: DEBUG keystone.server.flask.request_processing.middleware.auth_context [None req-cc3af878-1fe3-4800-afbd-6382a2ceea5c None None] Validating token access rules against request {{(pid=81817) validate_allowed_request /usr/local/lib/python3.8/dist-packages/keystonemiddleware/auth_token/__init__.py:545}}
Aug 10 17:25:11.246919 n-d-843862-10 devstack@keystone.service[81817]: DEBUG keystone.server.flask.request_processing.middleware.auth_context [None req-a5eec7bc-9f0d-4d0a-b74d-d79f5d6c1369 admin admin] RBAC: auth_context: {'token': , 'domain_id': None, 'trust_id': None, 'trustor_id': None, 'trustee_id': None, 'domain_name': None, 'group_ids': [], 'user_id': 'b76ed25cc4794648bdb7105c51ae1c03', 'user_domain_id': 'default', 'system_scope': None, 'project_id': 'd79ee5894e2b4a5aa2e2b6c5847af244', 'project_domain_id': 'default', 'roles': ['admin', 'member', 'reader'], 'is_admin_project': True, 'service_user_id': None, 'service_user_domain_id': None, 'service_project_id': None, 'service_project_domain_id': None, 'service_roles': []} {{(pid=81817) fill_context /opt/stack/keystone/keystone/server/flask/request_processing/middleware/auth_context.py:478}}
Aug 10 17:25:11.247540 n-d-843862-10 devstack@keystone.service[81817]: DEBUG keystone.server.flask.request_processing.req_logging [None req-a5eec7bc-9f0d-4d0a-b74d-d79f5d6c1369 admin admin] REQUEST_METHOD: `GET` {{(pid=81817) log_request_info /opt/stack/keystone/keystone/server/flask/request_processing/req_logging.py:27}}
Aug 10 17:25:11.247818 n-d-843862-10 devstack@keystone.service[81817]: DEBUG keystone.server.flask.request_processing.req_logging [None req-a5eec7bc-9f0d-4d0a-b74d-d79f5d6c1369 admin admin] SCRIPT_NAME: `/identity` {{(pid=81817) log_request_info /opt/stack/keystone/keystone/server/flask/request_processing/req_logging.py:28}}
Aug 10 17:25:11.248088 n-d-843862-10 devstack@keystone.service[81817]: DEBUG keystone.server.flask.request_processing.req_logging [None req-a5eec7bc-9f0d-4d0a-b74d-d79f5d6c1369 admin admin] PATH_INFO: `/v3/auth/tokens` {{(pid=81817) log_request_info /opt/stack/keystone/keystone/server/flask/request_processing/req_logging.py:29}}
Aug 10 17:25:11.256261 n-d-843862-10 devstack@keystone.service[81817]: DEBUG keystone.common.rbac_enforcer.enforcer [None req-a5eec7bc-9f0d-4d0a-b74d-d79f5d6c1369 admin admin] RBAC: Authorizing `identity:validate_token()` {{(pid=81817) enforce_call /opt/stack/keystone/keystone/common/rbac_enforcer/enforcer.py:449}}
Aug 10 17:25:11.307863 n-d-843862-10 devstack@keystone.service[81817]: WARNING keystone.common.rbac_enforcer.enforcer [None req-a5eec7bc-9f0d-4d0a-b74d-d79f5d6c1369 admin admin] Deprecated policy rules found. Use oslopolicy-policy-generator and oslopolicy-policy-upgrade to detect and resolve deprecated policies in your configuration.
Aug 10 17:25:11.308162 n-d-843862-10 devstack@keystone.service[81817]: DEBUG keystone.common.rbac_enforcer.enforcer [None req-a5eec7bc-9f0d-4d0a-b74d-d79f5d6c1369 admin admin] RBAC: Authorization granted {{(pid=81817) enforce_call /opt/stack/keystone/keystone/common/rbac_enforcer/enforcer.py:457}}
Aug 10 17:25:11.317632 n-d-843862-10 devstack@keystone.service[81817]: [pid: 81817|app: 0|req: 2/4] 10.222.0.77 () {58 vars in 1324 bytes} [Wed Aug 10 17:25:11 2022] GET /identity/v3/auth/tokens => generated 914 bytes in 291 msecs (HTTP/1.1 200) 6 headers in 379 bytes (2 switches on core 0)
Aug 10 17:25:11.323572 n-d-843862-10 devstack@keystone.service[81816]: DEBUG keystone.server.flask.request_processing.middleware.auth_context [None req-0dcf9214-154f-42bc-bce2-796cb477360e None None] Authenticating user token {{(pid=81816) process_request /usr/local/lib/python3.8/dist-packages/keystonemiddleware/auth_token/__init__.py:407}}
Aug 10 17:25:11.338807 n-d-843862-10 devstack@keystone.service[81816]: DEBUG keystone.server.flask.request_processing.middleware.auth_context [None req-0dcf9214-154f-42bc-bce2-796cb477360e None None] Validating token access rules against request {{(pid=81816) validate_allowed_request /usr/local/lib/python3.8/dist-packages/keystonemiddleware/auth_token/__init__.py:545}}
Aug 10 17:25:11.343205 n-d-843862-10 devstack@keystone.service[81816]: DEBUG keystone.server.flask.request_processing.middleware.auth_context [None req-622838f3-cea3-4466-b8ae-e2a9fb329181 admin admin] RBAC: auth_context: {'token': , 'domain_id': None, 'trust_id': None, 'trustor_id': None, 'trustee_id': None, 'domain_name': None, 'group_ids': [], 'user_id': 'b76ed25cc4794648bdb7105c51ae1c03', 'user_domain_id': 'default', 'system_scope': None, 'project_id': 'd79ee5894e2b4a5aa2e2b6c5847af244', 'project_domain_id': 'default', 'roles': ['admin', 'member', 'reader'], 'is_admin_project': True, 'service_user_id': None, 'service_user_domain_id': None, 'service_project_id': None, 'service_project_domain_id': None, 'service_roles': []} {{(pid=81816) fill_context /opt/stack/keystone/keystone/server/flask/request_processing/middleware/auth_context.py:478}}
Aug 10 17:25:11.344323 n-d-843862-10 devstack@keystone.service[81816]: DEBUG keystone.server.flask.request_processing.req_logging [None req-622838f3-cea3-4466-b8ae-e2a9fb329181 admin admin] REQUEST_METHOD: `GET` {{(pid=81816) log_request_info /opt/stack/keystone/keystone/server/flask/request_processing/req_logging.py:27}}
Aug 10 17:25:11.344608 n-d-843862-10 devstack@keystone.service[81816]: DEBUG keystone.server.flask.request_processing.req_logging [None req-622838f3-cea3-4466-b8ae-e2a9fb329181 admin admin] SCRIPT_NAME: `/identity` {{(pid=81816) log_request_info /opt/stack/keystone/keystone/server/flask/request_processing/req_logging.py:28}}
Aug 10 17:25:11.344882 n-d-843862-10 devstack@keystone.service[81816]: DEBUG keystone.server.flask.request_processing.req_logging [None req-622838f3-cea3-4466-b8ae-e2a9fb329181 admin admin] PATH_INFO: `/v3/projects/d79ee5894e2b4a5aa2e2b6c5847af244` {{(pid=81816) log_request_info /opt/stack/keystone/keystone/server/flask/request_processing/req_logging.py:29}}
Aug 10 17:25:11.346320 n-d-843862-10 devstack@keystone.service[81816]: DEBUG keystone.common.rbac_enforcer.enforcer [None req-622838f3-cea3-4466-b8ae-e2a9fb329181 admin admin] RBAC: Authorizing `identity:get_project(project_id=d79ee5894e2b4a5aa2e2b6c5847af244)` {{(pid=81816) enforce_call /opt/stack/keystone/keystone/common/rbac_enforcer/enforcer.py:449}}
Aug 10 17:25:11.397246 n-d-843862-10 devstack@keystone.service[81816]: WARNING keystone.common.rbac_enforcer.enforcer [None req-622838f3-cea3-4466-b8ae-e2a9fb329181 admin admin] Deprecated policy rules found. Use oslopolicy-policy-generator and oslopolicy-policy-upgrade to detect and resolve deprecated policies in your configuration.
Aug 10 17:25:11.397587 n-d-843862-10 devstack@keystone.service[81816]: DEBUG keystone.common.rbac_enforcer.enforcer [None req-622838f3-cea3-4466-b8ae-e2a9fb329181 admin admin] RBAC: Authorization granted {{(pid=81816) enforce_call /opt/stack/keystone/keystone/common/rbac_enforcer/enforcer.py:457}}
Aug 10 17:25:11.402141 n-d-843862-10 devstack@keystone.service[81816]: [pid: 81816|app: 0|req: 3/5] 10.222.0.77 () {56 vars in 1207 bytes} [Wed Aug 10 17:25:11 2022] GET /identity/v3/projects/d79ee5894e2b4a5aa2e2b6c5847af244 => generated 344 bytes in 79 msecs (HTTP/1.1 200) 5 headers in 177 bytes (2 switches on core 0)
Aug 10 17:25:13.387702 n-d-843862-10 devstack@keystone.service[81817]: DEBUG keystone.server.flask.request_processing.req_logging [None req-0c34233a-d279-4cf8-b6ab-f4f6ccac413d None None] REQUEST_METHOD: `GET` {{(pid=81817) log_request_info /opt/stack/keystone/keystone/server/flask/request_processing/req_logging.py:27}}
Aug 10 17:25:13.388311 n-d-843862-10 devstack@keystone.service[81817]: DEBUG keystone.server.flask.request_processing.req_logging [None req-0c34233a-d279-4cf8-b6ab-f4f6ccac413d None None] SCRIPT_NAME: `/identity` {{(pid=81817) log_request_info /opt/stack/keystone/keystone/server/flask/request_processing/req_logging.py:28}}
Aug 10 17:25:13.388311 n-d-843862-10 devstack@keystone.service[81817]: DEBUG keystone.server.flask.request_processing.req_logging [None req-0c34233a-d279-4cf8-b6ab-f4f6ccac413d None None] PATH_INFO: `/` {{(pid=81817) log_request_info /opt/stack/keystone/keystone/server/flask/request_processing/req_logging.py:29}}
Aug 10 17:25:13.392475 n-d-843862-10 devstack@keystone.service[81817]: [pid: 81817|app: 0|req: 3/6] 10.222.0.77 () {54 vars in 927 bytes} [Wed Aug 10 17:25:13 2022] GET /identity => generated 270 bytes in 6 msecs (HTTP/1.1 300) 6 headers in 234 bytes (2 switches on core 0)
Aug 10 17:25:13.398430 n-d-843862-10 devstack@keystone.service[81816]: DEBUG keystone.server.flask.request_processing.req_logging [None req-3c61b93f-7b14-43f1-b802-4464aa234ff6 None None] REQUEST_METHOD: `POST` {{(pid=81816) log_request_info /opt/stack/keystone/keystone/server/flask/request_processing/req_logging.py:27}}
Aug 10 17:25:13.398849 n-d-843862-10 devstack@keystone.service[81816]: DEBUG keystone.server.flask.request_processing.req_logging [None req-3c61b93f-7b14-43f1-b802-4464aa234ff6 None None] SCRIPT_NAME: `/identity` {{(pid=81816) log_request_info /opt/stack/keystone/keystone/server/flask/request_processing/req_logging.py:28}}
Aug 10 17:25:13.399015 n-d-843862-10 devstack@keystone.service[81816]: DEBUG keystone.server.flask.request_processing.req_logging [None req-3c61b93f-7b14-43f1-b802-4464aa234ff6 None None] PATH_INFO: `/v3/auth/tokens` {{(pid=81816) log_request_info /opt/stack/keystone/keystone/server/flask/request_processing/req_logging.py:29}}
Aug 10 17:25:13.420154 n-d-843862-10 devstack@keystone.service[81816]: DEBUG keystone.auth.core [None req-3c61b93f-7b14-43f1-b802-4464aa234ff6 None None] MFA Rules not processed for user `b76ed25cc4794648bdb7105c51ae1c03`. Rule list: `[]` (Enabled: `True`). {{(pid=81816) check_auth_methods_against_rules /opt/stack/keystone/keystone/auth/core.py:438}}
Aug 10 17:25:13.421665 n-d-843862-10 devstack@keystone.service[81816]: DEBUG keystone.common.fernet_utils [None req-3c61b93f-7b14-43f1-b802-4464aa234ff6 None None] Loaded 2 Fernet keys from /etc/keystone/fernet-keys/, but `[fernet_tokens] max_active_keys = 3`; perhaps there have not been enough key rotations to reach `max_active_keys` yet? {{(pid=81816) load_keys /opt/stack/keystone/keystone/common/fernet_utils.py:286}}
Aug 10 17:25:13.430117 n-d-843862-10 devstack@keystone.service[81816]: [pid: 81816|app: 0|req: 4/7] 10.222.0.77 () {58 vars in 1024 bytes} [Wed Aug 10 17:25:13 2022] POST /identity/v3/auth/tokens => generated 914 bytes in 33 msecs (HTTP/1.1 201) 6 headers in 384 bytes (1 switches on core 0)
Aug 10 17:25:13.452415 n-d-843862-10 devstack@keystone.service[81817]: DEBUG keystone.server.flask.request_processing.middleware.auth_context [None req-0c34233a-d279-4cf8-b6ab-f4f6ccac413d None None] Authenticating user token {{(pid=81817) process_request /usr/local/lib/python3.8/dist-packages/keystonemiddleware/auth_token/__init__.py:407}}
Aug 10 17:25:13.464790 n-d-843862-10 devstack@keystone.service[81817]: DEBUG keystone.server.flask.request_processing.middleware.auth_context [None req-0c34233a-d279-4cf8-b6ab-f4f6ccac413d None None] Validating token access rules against request {{(pid=81817) validate_allowed_request /usr/local/lib/python3.8/dist-packages/keystonemiddleware/auth_token/__init__.py:545}}
Aug 10 17:25:13.469137 n-d-843862-10 devstack@keystone.service[81817]: DEBUG keystone.server.flask.request_processing.middleware.auth_context [None req-2c543da1-f020-4866-9489-37d71fac78fc admin admin] RBAC: auth_context: {'token': , 'domain_id': None, 'trust_id': None, 'trustor_id': None, 'trustee_id': None, 'domain_name': None, 'group_ids': [], 'user_id': 'b76ed25cc4794648bdb7105c51ae1c03', 'user_domain_id': 'default', 'system_scope': None, 'project_id': 'd79ee5894e2b4a5aa2e2b6c5847af244', 'project_domain_id': 'default', 'roles': ['admin', 'member', 'reader'], 'is_admin_project': True, 'service_user_id': None, 'service_user_domain_id': None, 'service_project_id': None, 'service_project_domain_id': None, 'service_roles': []} {{(pid=81817) fill_context /opt/stack/keystone/keystone/server/flask/request_processing/middleware/auth_context.py:478}}
Aug 10 17:25:13.469719 n-d-843862-10 devstack@keystone.service[81817]: DEBUG keystone.server.flask.request_processing.req_logging [None req-2c543da1-f020-4866-9489-37d71fac78fc admin admin] REQUEST_METHOD: `GET` {{(pid=81817) log_request_info /opt/stack/keystone/keystone/server/flask/request_processing/req_logging.py:27}}
Aug 10 17:25:13.469995 n-d-843862-10 devstack@keystone.service[81817]: DEBUG keystone.server.flask.request_processing.req_logging [None req-2c543da1-f020-4866-9489-37d71fac78fc admin admin] SCRIPT_NAME: `/identity` {{(pid=81817) log_request_info /opt/stack/keystone/keystone/server/flask/request_processing/req_logging.py:28}}
Aug 10 17:25:13.470267 n-d-843862-10 devstack@keystone.service[81817]: DEBUG keystone.server.flask.request_processing.req_logging [None req-2c543da1-f020-4866-9489-37d71fac78fc admin admin] PATH_INFO: `/v3/auth/tokens` {{(pid=81817) log_request_info /opt/stack/keystone/keystone/server/flask/request_processing/req_logging.py:29}}
Aug 10 17:25:13.477880 n-d-843862-10 devstack@keystone.service[81817]: DEBUG keystone.common.rbac_enforcer.enforcer [None req-2c543da1-f020-4866-9489-37d71fac78fc admin admin] RBAC: Authorizing `identity:validate_token()` {{(pid=81817) enforce_call /opt/stack/keystone/keystone/common/rbac_enforcer/enforcer.py:449}}
Aug 10 17:25:13.479640 n-d-843862-10 devstack@keystone.service[81817]: DEBUG keystone.common.rbac_enforcer.enforcer [None req-2c543da1-f020-4866-9489-37d71fac78fc admin admin] RBAC: Authorization granted {{(pid=81817) enforce_call /opt/stack/keystone/keystone/common/rbac_enforcer/enforcer.py:457}}
Aug 10 17:25:13.488823 n-d-843862-10 devstack@keystone.service[81817]: [pid: 81817|app: 0|req: 4/8] 10.222.0.77 () {58 vars in 1324 bytes} [Wed Aug 10 17:25:13 2022] GET /identity/v3/auth/tokens => generated 914 bytes in 37 msecs (HTTP/1.1 200) 6 headers in 379 bytes (1 switches on core 0)
Aug 10 17:25:13.494038 n-d-843862-10 devstack@keystone.service[81816]: DEBUG keystone.server.flask.request_processing.middleware.auth_context [None req-3c61b93f-7b14-43f1-b802-4464aa234ff6 None None] Authenticating user token {{(pid=81816) process_request /usr/local/lib/python3.8/dist-packages/keystonemiddleware/auth_token/__init__.py:407}}
Aug 10 17:25:13.502916 n-d-843862-10 devstack@keystone.service[81816]: DEBUG keystone.server.flask.request_processing.middleware.auth_context [None req-3c61b93f-7b14-43f1-b802-4464aa234ff6 None None] Validating token access rules against request {{(pid=81816) validate_allowed_request /usr/local/lib/python3.8/dist-packages/keystonemiddleware/auth_token/__init__.py:545}}
Aug 10 17:25:13.510260 n-d-843862-10 devstack@keystone.service[81816]: DEBUG keystone.server.flask.request_processing.middleware.auth_context [None req-5b0e79c3-f5ff-43d9-81bd-7cfea7161388 admin admin] RBAC: auth_context: {'token': , 'domain_id': None, 'trust_id': None, 'trustor_id': None, 'trustee_id': None, 'domain_name': None, 'group_ids': [], 'user_id': 'b76ed25cc4794648bdb7105c51ae1c03', 'user_domain_id': 'default', 'system_scope': None, 'project_id': 'd79ee5894e2b4a5aa2e2b6c5847af244', 'project_domain_id': 'default', 'roles': ['admin', 'member', 'reader'], 'is_admin_project': True, 'service_user_id': None, 'service_user_domain_id': None, 'service_project_id': None, 'service_project_domain_id': None, 'service_roles': []} {{(pid=81816) fill_context /opt/stack/keystone/keystone/server/flask/request_processing/middleware/auth_context.py:478}}
Aug 10 17:25:13.511251 n-d-843862-10 devstack@keystone.service[81816]: DEBUG keystone.server.flask.request_processing.req_logging [None req-5b0e79c3-f5ff-43d9-81bd-7cfea7161388 admin admin] REQUEST_METHOD: `GET` {{(pid=81816) log_request_info /opt/stack/keystone/keystone/server/flask/request_processing/req_logging.py:27}}
Aug 10 17:25:13.511718 n-d-843862-10 devstack@keystone.service[81816]: DEBUG keystone.server.flask.request_processing.req_logging [None req-5b0e79c3-f5ff-43d9-81bd-7cfea7161388 admin admin] SCRIPT_NAME: `/identity` {{(pid=81816) log_request_info /opt/stack/keystone/keystone/server/flask/request_processing/req_logging.py:28}}
Aug 10 17:25:13.512219 n-d-843862-10 devstack@keystone.service[81816]: DEBUG keystone.server.flask.request_processing.req_logging [None req-5b0e79c3-f5ff-43d9-81bd-7cfea7161388 admin admin] PATH_INFO: `/v3/users/b76ed25cc4794648bdb7105c51ae1c03` {{(pid=81816) log_request_info /opt/stack/keystone/keystone/server/flask/request_processing/req_logging.py:29}}
Aug 10 17:25:13.514419 n-d-843862-10 devstack@keystone.service[81816]: DEBUG keystone.common.rbac_enforcer.enforcer [None req-5b0e79c3-f5ff-43d9-81bd-7cfea7161388 admin admin] RBAC: Authorizing `identity:get_user(user_id=b76ed25cc4794648bdb7105c51ae1c03)` {{(pid=81816) enforce_call /opt/stack/keystone/keystone/common/rbac_enforcer/enforcer.py:449}}
Aug 10 17:25:13.517717 n-d-843862-10 devstack@keystone.service[81816]: DEBUG keystone.common.rbac_enforcer.enforcer [None req-5b0e79c3-f5ff-43d9-81bd-7cfea7161388 admin admin] RBAC: Authorization granted {{(pid=81816) enforce_call /opt/stack/keystone/keystone/common/rbac_enforcer/enforcer.py:457}}
Aug 10 17:25:13.519949 n-d-843862-10 devstack@keystone.service[81816]: [pid: 81816|app: 0|req: 5/9] 10.222.0.77 () {56 vars in 1198 bytes} [Wed Aug 10 17:25:13 2022] GET /identity/v3/users/b76ed25cc4794648bdb7105c51ae1c03 => generated 247 bytes in 26 msecs (HTTP/1.1 200) 5 headers in 177 bytes (1 switches on core 0)
Aug 10 17:25:15.566758 n-d-843862-10 devstack@keystone.service[81817]: DEBUG keystone.server.flask.request_processing.req_logging [None req-ad42e998-194f-48be-84d5-806b101e1429 None None] REQUEST_METHOD: `GET` {{(pid=81817) log_request_info /opt/stack/keystone/keystone/server/flask/request_processing/req_logging.py:27}}
Aug 10 17:25:15.567334 n-d-843862-10 devstack@keystone.service[81817]: DEBUG keystone.server.flask.request_processing.req_logging [None req-ad42e998-194f-48be-84d5-806b101e1429 None None] SCRIPT_NAME: `/identity` {{(pid=81817) log_request_info /opt/stack/keystone/keystone/server/flask/request_processing/req_logging.py:28}}
Aug 10 17:25:15.567334 n-d-843862-10 devstack@keystone.service[81817]: DEBUG keystone.server.flask.request_processing.req_logging [None req-ad42e998-194f-48be-84d5-806b101e1429 None None] PATH_INFO: `/` {{(pid=81817) log_request_info /opt/stack/keystone/keystone/server/flask/request_processing/req_logging.py:29}}
Aug 10 17:25:15.568731 n-d-843862-10 devstack@keystone.service[81817]: [pid: 81817|app: 0|req: 5/10] 10.222.0.77 () {54 vars in 927 bytes} [Wed Aug 10 17:25:15 2022] GET /identity => generated 270 bytes in 4 msecs (HTTP/1.1 300) 6 headers in 234 bytes (1 switches on core 0)
Aug 10 17:25:15.573977 n-d-843862-10 devstack@keystone.service[81816]: DEBUG keystone.server.flask.request_processing.req_logging [None req-d8448b58-94b1-4ade-b812-2815388be691 None None] REQUEST_METHOD: `POST` {{(pid=81816) log_request_info /opt/stack/keystone/keystone/server/flask/request_processing/req_logging.py:27}}
Aug 10 17:25:15.574445 n-d-843862-10 devstack@keystone.service[81816]: DEBUG keystone.server.flask.request_processing.req_logging [None req-d8448b58-94b1-4ade-b812-2815388be691 None None] SCRIPT_NAME: `/identity` {{(pid=81816) log_request_info /opt/stack/keystone/keystone/server/flask/request_processing/req_logging.py:28}}
Aug 10 17:25:15.574730 n-d-843862-10 devstack@keystone.service[81816]: DEBUG keystone.server.flask.request_processing.req_logging [None req-d8448b58-94b1-4ade-b812-2815388be691 None None] PATH_INFO: `/v3/auth/tokens` {{(pid=81816) log_request_info /opt/stack/keystone/keystone/server/flask/request_processing/req_logging.py:29}}
Aug 10 17:25:15.593449 n-d-843862-10 devstack@keystone.service[81816]: DEBUG keystone.auth.core [None req-d8448b58-94b1-4ade-b812-2815388be691 None None] MFA Rules not processed for user `b76ed25cc4794648bdb7105c51ae1c03`. Rule list: `[]` (Enabled: `True`). {{(pid=81816) check_auth_methods_against_rules /opt/stack/keystone/keystone/auth/core.py:438}}
Aug 10 17:25:15.594611 n-d-843862-10 devstack@keystone.service[81816]: DEBUG keystone.common.fernet_utils [None req-d8448b58-94b1-4ade-b812-2815388be691 None None] Loaded 2 Fernet keys from /etc/keystone/fernet-keys/, but `[fernet_tokens] max_active_keys = 3`; perhaps there have not been enough key rotations to reach `max_active_keys` yet? {{(pid=81816) load_keys /opt/stack/keystone/keystone/common/fernet_utils.py:286}}
Aug 10 17:25:15.625891 n-d-843862-10 devstack@keystone.service[81817]: DEBUG keystone.server.flask.request_processing.req_logging [None req-3e1efab6-021d-4443-a479-2bce1752a1d7 None None] REQUEST_METHOD: `GET` {{(pid=81817) log_request_info /opt/stack/keystone/keystone/server/flask/request_processing/req_logging.py:27}}
Aug 10 17:25:15.626168 n-d-843862-10 devstack@keystone.service[81817]: DEBUG keystone.server.flask.request_processing.req_logging [None req-3e1efab6-021d-4443-a479-2bce1752a1d7 None None] SCRIPT_NAME: `/identity` {{(pid=81817) log_request_info /opt/stack/keystone/keystone/server/flask/request_processing/req_logging.py:28}}
Aug 10 17:25:15.626433 n-d-843862-10 devstack@keystone.service[81817]: DEBUG keystone.server.flask.request_processing.req_logging [None req-3e1efab6-021d-4443-a479-2bce1752a1d7 None None] PATH_INFO: `/` {{(pid=81817) log_request_info /opt/stack/keystone/keystone/server/flask/request_processing/req_logging.py:29}}
Aug 10 17:25:15.627738 n-d-843862-10 devstack@keystone.service[81817]: [pid: 81817|app: 0|req: 6/11] 10.222.0.77 () {54 vars in 927 bytes} [Wed Aug 10 17:25:15 2022] GET /identity => generated 270 bytes in 3 msecs (HTTP/1.1 300) 6 headers in 234 bytes (2 switches on core 0)
Aug 10 17:25:15.633358 n-d-843862-10 devstack@keystone.service[81817]: DEBUG keystone.server.flask.request_processing.req_logging [None req-e99fe6f4-4fee-4b8a-aca7-e7e2b6f7eb34 None None] REQUEST_METHOD: `POST` {{(pid=81817) log_request_info /opt/stack/keystone/keystone/server/flask/request_processing/req_logging.py:27}}
Aug 10 17:25:15.633748 n-d-843862-10 devstack@keystone.service[81817]: DEBUG keystone.server.flask.request_processing.req_logging [None req-e99fe6f4-4fee-4b8a-aca7-e7e2b6f7eb34 None None] SCRIPT_NAME: `/identity` {{(pid=81817) log_request_info /opt/stack/keystone/keystone/server/flask/request_processing/req_logging.py:28}}
Aug 10 17:25:15.633905 n-d-843862-10 devstack@keystone.service[81817]: DEBUG keystone.server.flask.request_processing.req_logging [None req-e99fe6f4-4fee-4b8a-aca7-e7e2b6f7eb34 None None] PATH_INFO: `/v3/auth/tokens` {{(pid=81817) log_request_info /opt/stack/keystone/keystone/server/flask/request_processing/req_logging.py:29}}
Aug 10 17:25:15.677539 n-d-843862-10 devstack@keystone.service[81816]: [pid: 81816|app: 0|req: 6/12] 10.222.0.77 () {58 vars in 1024 bytes} [Wed Aug 10 17:25:15 2022] POST /identity/v3/auth/tokens => generated 799 bytes in 104 msecs (HTTP/1.1 201) 6 headers in 363 bytes (1 switches on core 0)
Aug 10 17:25:15.679061 n-d-843862-10 devstack@keystone.service[81817]: DEBUG passlib.handlers.bcrypt [None req-e99fe6f4-4fee-4b8a-aca7-e7e2b6f7eb34 None None] detected 'bcrypt' backend, version '3.2.2' {{(pid=81817) _load_backend_mixin /usr/local/lib/python3.8/dist-packages/passlib/handlers/bcrypt.py:625}}
Aug 10 17:25:15.679490 n-d-843862-10 devstack@keystone.service[81817]: DEBUG passlib.handlers.bcrypt [None req-e99fe6f4-4fee-4b8a-aca7-e7e2b6f7eb34 None None] 'bcrypt' backend lacks $2$ support, enabling workaround {{(pid=81817) _finalize_backend_mixin /usr/local/lib/python3.8/dist-packages/passlib/handlers/bcrypt.py:406}}
Aug 10 17:25:15.700811 n-d-843862-10 devstack@keystone.service[81816]: DEBUG keystone.server.flask.request_processing.middleware.auth_context [None req-d8448b58-94b1-4ade-b812-2815388be691 None None] Authenticating user token {{(pid=81816) process_request /usr/local/lib/python3.8/dist-packages/keystonemiddleware/auth_token/__init__.py:407}}
Aug 10 17:25:15.725306 n-d-843862-10 devstack@keystone.service[81817]: DEBUG keystone.auth.core [None req-e99fe6f4-4fee-4b8a-aca7-e7e2b6f7eb34 None None] MFA Rules not processed for user `b76ed25cc4794648bdb7105c51ae1c03`. Rule list: `[]` (Enabled: `True`). {{(pid=81817) check_auth_methods_against_rules /opt/stack/keystone/keystone/auth/core.py:438}}
Aug 10 17:25:15.725571 n-d-843862-10 devstack@keystone.service[81816]: DEBUG dbcounter [-] [81816] Writing DB stats keystone:SELECT=100 {{(pid=81816) stat_writer /usr/local/lib/python3.8/dist-packages/dbcounter.py:114}}
Aug 10 17:25:15.726879 n-d-843862-10 devstack@keystone.service[81817]: DEBUG keystone.common.fernet_utils [None req-e99fe6f4-4fee-4b8a-aca7-e7e2b6f7eb34 None None] Loaded 2 Fernet keys from /etc/keystone/fernet-keys/, but `[fernet_tokens] max_active_keys = 3`; perhaps there have not been enough key rotations to reach `max_active_keys` yet? {{(pid=81817) load_keys /opt/stack/keystone/keystone/common/fernet_utils.py:286}}
Aug 10 17:25:15.806991 n-d-843862-10 devstack@keystone.service[81816]: DEBUG keystone.server.flask.request_processing.middleware.auth_context [None req-d8448b58-94b1-4ade-b812-2815388be691 None None] Validating token access rules against request {{(pid=81816) validate_allowed_request /usr/local/lib/python3.8/dist-packages/keystonemiddleware/auth_token/__init__.py:545}}
Aug 10 17:25:15.826009 n-d-843862-10 devstack@keystone.service[81817]: [pid: 81817|app: 0|req: 7/13] 10.222.0.77 () {58 vars in 1024 bytes} [Wed Aug 10 17:25:15 2022] POST /identity/v3/auth/tokens => generated 799 bytes in 193 msecs (HTTP/1.1 201) 6 headers in 363 bytes (2 switches on core 0)
Aug 10 17:25:15.841363 n-d-843862-10 devstack@keystone.service[81816]: DEBUG keystone.server.flask.request_processing.middleware.auth_context [None req-352411ff-d414-4665-a6a9-813148d382dc None admin] RBAC: auth_context: {'token': , 'domain_id': None, 'trust_id': None, 'trustor_id': None, 'trustee_id': None, 'domain_name': None, 'group_ids': [], 'user_id': 'b76ed25cc4794648bdb7105c51ae1c03', 'user_domain_id': 'default', 'system_scope': 'all', 'project_id': None, 'project_domain_id': None, 'roles': ['admin', 'member', 'reader'], 'is_admin_project': True, 'service_user_id': None, 'service_user_domain_id': None, 'service_project_id': None, 'service_project_domain_id': None, 'service_roles': []} {{(pid=81816) fill_context /opt/stack/keystone/keystone/server/flask/request_processing/middleware/auth_context.py:478}}
Aug 10 17:25:15.842001 n-d-843862-10 devstack@keystone.service[81816]: DEBUG keystone.server.flask.request_processing.req_logging [None req-352411ff-d414-4665-a6a9-813148d382dc None admin] REQUEST_METHOD: `GET` {{(pid=81816) log_request_info /opt/stack/keystone/keystone/server/flask/request_processing/req_logging.py:27}}
Aug 10 17:25:15.842279 n-d-843862-10 devstack@keystone.service[81816]: DEBUG keystone.server.flask.request_processing.req_logging [None req-352411ff-d414-4665-a6a9-813148d382dc None admin] SCRIPT_NAME: `/identity` {{(pid=81816) log_request_info /opt/stack/keystone/keystone/server/flask/request_processing/req_logging.py:28}}
Aug 10 17:25:15.842547 n-d-843862-10 devstack@keystone.service[81816]: DEBUG keystone.server.flask.request_processing.req_logging [None req-352411ff-d414-4665-a6a9-813148d382dc None admin] PATH_INFO: `/v3/roles/admin` {{(pid=81816) log_request_info /opt/stack/keystone/keystone/server/flask/request_processing/req_logging.py:29}}
Aug 10 17:25:15.848653 n-d-843862-10 devstack@keystone.service[81817]: DEBUG keystone.server.flask.request_processing.middleware.auth_context [None req-e99fe6f4-4fee-4b8a-aca7-e7e2b6f7eb34 None None] Authenticating user token {{(pid=81817) process_request /usr/local/lib/python3.8/dist-packages/keystonemiddleware/auth_token/__init__.py:407}}
Aug 10 17:25:15.854497 n-d-843862-10 devstack@keystone.service[81816]: DEBUG keystone.common.rbac_enforcer.enforcer [None req-352411ff-d414-4665-a6a9-813148d382dc None admin] Extracting inferred target data resulted in "NOT FOUND (404)". {{(pid=81816) enforce_call /opt/stack/keystone/keystone/common/rbac_enforcer/enforcer.py:409}}
Aug 10 17:25:15.863478 n-d-843862-10 devstack@keystone.service[81816]: ERROR keystone.server.flask.application [None req-352411ff-d414-4665-a6a9-813148d382dc None admin] Could not find role: admin.: keystone.exception.RoleNotFound: Could not find role: admin.
Aug 10 17:25:15.863478 n-d-843862-10 devstack@keystone.service[81816]: ERROR keystone.server.flask.application
Traceback (most recent call last):
Aug 10 17:25:15.863478 n-d-843862-10 devstack@keystone.service[81816]: ERROR keystone.server.flask.application
File "/usr/local/lib/python3.8/dist-packages/flask/app.py", line 1820, in full_dispatch_request
Aug 10 17:25:15.863478 n-d-843862-10 devstack@keystone.service[81816]: ERROR keystone.server.flask.application rv = self.dispatch_request()
Aug 10 17:25:15.863478 n-d-843862-10 devstack@keystone.service[81816]: ERROR keystone.server.flask.application
File "/usr/local/lib/python3.8/dist-packages/flask/app.py", line 1796, in dispatch_request
Aug 10 17:25:15.863478 n-d-843862-10 devstack@keystone.service[81816]: ERROR keystone.server.flask.application return self.ensure_sync(self.view_functions[rule.endpoint])(**view_args)
Aug 10 17:25:15.863478 n-d-843862-10 devstack@keystone.service[81816]: ERROR keystone.server.flask.application
File "/usr/local/lib/python3.8/dist-packages/flask_restful/__init__.py", line 467, in wrapper
Aug 10 17:25:15.863478 n-d-843862-10 devstack@keystone.service[81816]: ERROR keystone.server.flask.application resp = resource(*args, **kwargs)
Aug 10 17:25:15.863478 n-d-843862-10 devstack@keystone.service[81816]: ERROR keystone.server.flask.application
File "/usr/local/lib/python3.8/dist-packages/flask/views.py", line 107, in view
Aug 10 17:25:15.863478 n-d-843862-10 devstack@keystone.service[81816]: ERROR keystone.server.flask.application return current_app.ensure_sync(self.dispatch_request)(**kwargs)
Aug 10 17:25:15.863478 n-d-843862-10 devstack@keystone.service[81816]: ERROR keystone.server.flask.application
File "/usr/local/lib/python3.8/dist-packages/flask_restful/__init__.py", line 582, in dispatch_request
Aug 10 17:25:15.863478 n-d-843862-10 devstack@keystone.service[81816]: ERROR keystone.server.flask.application resp = meth(*args, **kwargs)
Aug 10 17:25:15.863478 n-d-843862-10 devstack@keystone.service[81816]: ERROR keystone.server.flask.application
File "/opt/stack/keystone/keystone/api/roles.py", line 50, in get
Aug 10 17:25:15.863478 n-d-843862-10 devstack@keystone.service[81816]: ERROR keystone.server.flask.application return self._get_role(role_id)
Aug 10 17:25:15.863478 n-d-843862-10 devstack@keystone.service[81816]: ERROR keystone.server.flask.application
File "/opt/stack/keystone/keystone/api/roles.py", line 70, in _get_role
Aug 10 17:25:15.863478 n-d-843862-10 devstack@keystone.service[81816]: ERROR keystone.server.flask.application ENFORCER.enforce_call(action='identity:get_role')
Aug 10 17:25:15.864632 n-d-843862-10 devstack@keystone.service[81816]: ERROR keystone.server.flask.application
File "/opt/stack/keystone/keystone/common/rbac_enforcer/enforcer.py", line 402, in enforce_call
Aug 10 17:25:15.864632 n-d-843862-10 devstack@keystone.service[81816]: ERROR keystone.server.flask.application policy_dict.update(cls._extract_member_target_data(
Aug 10 17:25:15.864632 n-d-843862-10 devstack@keystone.service[81816]: ERROR keystone.server.flask.application
File "/opt/stack/keystone/keystone/common/rbac_enforcer/enforcer.py", line 234, in _extract_member_target_data
Aug 10 17:25:15.864632 n-d-843862-10 devstack@keystone.service[81816]: ERROR keystone.server.flask.application member_name: func(flask.request.view_args[key])
Aug 10 17:25:15.864632 n-d-843862-10 devstack@keystone.service[81816]: ERROR keystone.server.flask.application
File "/opt/stack/keystone/keystone/common/manager.py", line 115, in wrapped
Aug 10 17:25:15.864632 n-d-843862-10 devstack@keystone.service[81816]: ERROR keystone.server.flask.application __ret_val = __f(*args, **kwargs)
Aug 10 17:25:15.864632 n-d-843862-10 devstack@keystone.service[81816]: ERROR keystone.server.flask.application
File "/usr/local/lib/python3.8/dist-packages/decorator.py", line 232, in fun
Aug 10 17:25:15.864632 n-d-843862-10 devstack@keystone.service[81816]: ERROR keystone.server.flask.application return caller(func, *(extras + args), **kw)
Aug 10 17:25:15.864632 n-d-843862-10 devstack@keystone.service[81816]: ERROR keystone.server.flask.application
File "/usr/local/lib/python3.8/dist-packages/dogpile/cache/region.py", line 1577, in get_or_create_for_user_func
Aug 10 17:25:15.864632 n-d-843862-10 devstack@keystone.service[81816]: ERROR keystone.server.flask.application return self.get_or_create(
Aug 10 17:25:15.864632 n-d-843862-10 devstack@keystone.service[81816]: ERROR keystone.server.flask.application
File "/usr/local/lib/python3.8/dist-packages/dogpile/cache/region.py", line 1042, in get_or_create
Aug 10 17:25:15.864632 n-d-843862-10 devstack@keystone.service[81816]: ERROR keystone.server.flask.application with Lock(
Aug 10 17:25:15.864632 n-d-843862-10 devstack@keystone.service[81816]: ERROR keystone.server.flask.application
File "/usr/local/lib/python3.8/dist-packages/dogpile/lock.py", line 185, in __enter__
Aug 10 17:25:15.864632 n-d-843862-10 devstack@keystone.service[81816]: ERROR keystone.server.flask.application return self._enter()
Aug 10 17:25:15.864632 n-d-843862-10 devstack@keystone.service[81816]: ERROR keystone.server.flask.application
File "/usr/local/lib/python3.8/dist-packages/dogpile/lock.py", line 94, in _enter
Aug 10 17:25:15.864632 n-d-843862-10 devstack@keystone.service[81816]: ERROR keystone.server.flask.application generated = self._enter_create(value, createdtime)
Aug 10 17:25:15.865673 n-d-843862-10 devstack@keystone.service[81816]: ERROR keystone.server.flask.application
File "/usr/local/lib/python3.8/dist-packages/dogpile/lock.py", line 178, in _enter_create
Aug 10 17:25:15.865673 n-d-843862-10 devstack@keystone.service[81816]: ERROR keystone.server.flask.application return self.creator()
Aug 10 17:25:15.865673 n-d-843862-10 devstack@keystone.service[81816]: ERROR keystone.server.flask.application
File "/usr/local/lib/python3.8/dist-packages/dogpile/cache/region.py", line 995, in gen_value
Aug 10 17:25:15.865673 n-d-843862-10 devstack@keystone.service[81816]: ERROR keystone.server.flask.application created_value = creator(
Aug 10 17:25:15.865673 n-d-843862-10 devstack@keystone.service[81816]: ERROR keystone.server.flask.application
File "/opt/stack/keystone/keystone/assignment/core.py", line 1276, in get_role
Aug 10 17:25:15.865673 n-d-843862-10 devstack@keystone.service[81816]: ERROR keystone.server.flask.application return self.driver.get_role(role_id)
Aug 10 17:25:15.865673 n-d-843862-10 devstack@keystone.service[81816]: ERROR keystone.server.flask.application
File "/opt/stack/keystone/keystone/assignment/role_backends/sql.py", line 70, in get_role
Aug 10 17:25:15.865673 n-d-843862-10 devstack@keystone.service[81816]: ERROR keystone.server.flask.application return self._get_role(session, role_id).to_dict()
Aug 10 17:25:15.865673 n-d-843862-10 devstack@keystone.service[81816]: ERROR keystone.server.flask.application
File "/opt/stack/keystone/keystone/assignment/role_backends/sql.py", line 65, in _get_role
Aug 10 17:25:15.865673 n-d-843862-10 devstack@keystone.service[81816]: ERROR keystone.server.flask.application raise exception.RoleNotFound(role_id=role_id)
Aug 10 17:25:15.865673 n-d-843862-10 devstack@keystone.service[81816]: ERROR keystone.server.flask.application keystone.exception.RoleNotFound: Could not find role: admin.
Aug 10 17:25:15.865673 n-d-843862-10 devstack@keystone.service[81816]: ERROR keystone.server.flask.application
Aug 10 17:25:15.865673 n-d-843862-10 devstack@keystone.service[81816]: [pid: 81816|app: 0|req: 7/14] 10.222.0.77 () {56 vars in 1096 bytes} [Wed Aug 10 17:25:15 2022] GET /identity/v3/roles/admin => generated 83 bytes in 164 msecs (HTTP/1.1 404) 5 headers in 183 bytes (2 switches on core 0)
Aug 10 17:25:15.870454 n-d-843862-10 devstack@keystone.service[81816]: DEBUG keystone.server.flask.request_processing.middleware.auth_context [None req-352411ff-d414-4665-a6a9-813148d382dc None admin] Authenticating user token {{(pid=81816) process_request /usr/local/lib/python3.8/dist-packages/keystonemiddleware/auth_token/__init__.py:407}}
Aug 10 17:25:15.950730 n-d-843862-10 devstack@keystone.service[81817]: DEBUG keystone.server.flask.request_processing.middleware.auth_context [None req-e99fe6f4-4fee-4b8a-aca7-e7e2b6f7eb34 None None] Validating token access rules against request {{(pid=81817) validate_allowed_request /usr/local/lib/python3.8/dist-packages/keystonemiddleware/auth_token/__init__.py:545}}
Aug 10 17:25:15.952042 n-d-843862-10 devstack@keystone.service[81816]: DEBUG dbcounter [-] [81816] Writing DB stats keystone:SELECT=100 {{(pid=81816) stat_writer /usr/local/lib/python3.8/dist-packages/dbcounter.py:114}}
Aug 10 17:25:15.953319 n-d-843862-10 devstack@keystone.service[81817]: DEBUG dbcounter [-] [81817] Writing DB stats keystone:SELECT=100 {{(pid=81817) stat_writer /usr/local/lib/python3.8/dist-packages/dbcounter.py:114}}
Aug 10 17:25:15.971486 n-d-843862-10 devstack@keystone.service[81816]: DEBUG keystone.server.flask.request_processing.middleware.auth_context [None req-352411ff-d414-4665-a6a9-813148d382dc None admin] Validating token access rules against request {{(pid=81816) validate_allowed_request /usr/local/lib/python3.8/dist-packages/keystonemiddleware/auth_token/__init__.py:545}}
Aug 10 17:25:15.989397 n-d-843862-10 devstack@keystone.service[81817]: DEBUG keystone.server.flask.request_processing.middleware.auth_context [None req-ebb94c45-37fa-4f2f-bcde-23e8e9a423ea None admin] RBAC: auth_context: {'token': , 'domain_id': None, 'trust_id': None, 'trustor_id': None, 'trustee_id': None, 'domain_name': None, 'group_ids': [], 'user_id': 'b76ed25cc4794648bdb7105c51ae1c03', 'user_domain_id': 'default', 'system_scope': 'all', 'project_id': None, 'project_domain_id': None, 'roles': ['admin', 'member', 'reader'], 'is_admin_project': True, 'service_user_id': None, 'service_user_domain_id': None, 'service_project_id': None, 'service_project_domain_id': None, 'service_roles': []} {{(pid=81817) fill_context /opt/stack/keystone/keystone/server/flask/request_processing/middleware/auth_context.py:478}}
Aug 10 17:25:15.990262 n-d-843862-10 devstack@keystone.service[81817]: DEBUG keystone.server.flask.request_processing.req_logging [None req-ebb94c45-37fa-4f2f-bcde-23e8e9a423ea None admin] REQUEST_METHOD: `GET` {{(pid=81817) log_request_info /opt/stack/keystone/keystone/server/flask/request_processing/req_logging.py:27}}
Aug 10 17:25:15.990541 n-d-843862-10 devstack@keystone.service[81817]: DEBUG keystone.server.flask.request_processing.req_logging [None req-ebb94c45-37fa-4f2f-bcde-23e8e9a423ea None admin] SCRIPT_NAME: `/identity` {{(pid=81817) log_request_info /opt/stack/keystone/keystone/server/flask/request_processing/req_logging.py:28}}
Aug 10 17:25:15.990806 n-d-843862-10 devstack@keystone.service[81817]: DEBUG keystone.server.flask.request_processing.req_logging [None req-ebb94c45-37fa-4f2f-bcde-23e8e9a423ea None admin] PATH_INFO: `/v3/auth/tokens` {{(pid=81817) log_request_info /opt/stack/keystone/keystone/server/flask/request_processing/req_logging.py:29}}
Aug 10 17:25:16.007647 n-d-843862-10 devstack@keystone.service[81816]: DEBUG keystone.server.flask.request_processing.middleware.auth_context [None req-f7981601-9235-421f-85eb-a39382e61dfe None admin] RBAC: auth_context: {'token': , 'domain_id': None, 'trust_id': None, 'trustor_id': None, 'trustee_id': None, 'domain_name': None, 'group_ids': [], 'user_id': 'b76ed25cc4794648bdb7105c51ae1c03', 'user_domain_id': 'default', 'system_scope': 'all', 'project_id': None, 'project_domain_id': None, 'roles': ['admin', 'member', 'reader'], 'is_admin_project': True, 'service_user_id': None, 'service_user_domain_id': None, 'service_project_id': None, 'service_project_domain_id': None, 'service_roles': []} {{(pid=81816) fill_context /opt/stack/keystone/keystone/server/flask/request_processing/middleware/auth_context.py:478}}
Aug 10 17:25:16.008282 n-d-843862-10 devstack@keystone.service[81816]: DEBUG keystone.server.flask.request_processing.req_logging [None req-f7981601-9235-421f-85eb-a39382e61dfe None admin] REQUEST_METHOD: `GET` {{(pid=81816) log_request_info /opt/stack/keystone/keystone/server/flask/request_processing/req_logging.py:27}}
Aug 10 17:25:16.008557 n-d-843862-10 devstack@keystone.service[81816]: DEBUG keystone.server.flask.request_processing.req_logging [None req-f7981601-9235-421f-85eb-a39382e61dfe None admin] SCRIPT_NAME: `/identity` {{(pid=81816) log_request_info /opt/stack/keystone/keystone/server/flask/request_processing/req_logging.py:28}}
Aug 10 17:25:16.008829 n-d-843862-10 devstack@keystone.service[81816]: DEBUG keystone.server.flask.request_processing.req_logging [None req-f7981601-9235-421f-85eb-a39382e61dfe None admin] PATH_INFO: `/v3/roles` {{(pid=81816) log_request_info /opt/stack/keystone/keystone/server/flask/request_processing/req_logging.py:29}}
Aug 10 17:25:16.009491 n-d-843862-10 devstack@keystone.service[81816]: DEBUG keystone.common.rbac_enforcer.enforcer [None req-f7981601-9235-421f-85eb-a39382e61dfe None admin] RBAC: Adding query filter params (name=admin) {{(pid=81816) _extract_filter_values /opt/stack/keystone/keystone/common/rbac_enforcer/enforcer.py:167}}
Aug 10 17:25:16.009788 n-d-843862-10 devstack@keystone.service[81816]: DEBUG keystone.common.rbac_enforcer.enforcer [None req-f7981601-9235-421f-85eb-a39382e61dfe None admin] RBAC: Authorizing `identity:list_roles()` {{(pid=81816) enforce_call /opt/stack/keystone/keystone/common/rbac_enforcer/enforcer.py:449}}
Aug 10 17:25:16.011181 n-d-843862-10 devstack@keystone.service[81816]: DEBUG keystone.common.rbac_enforcer.enforcer [None req-f7981601-9235-421f-85eb-a39382e61dfe None admin] RBAC: Authorization granted {{(pid=81816) enforce_call /opt/stack/keystone/keystone/common/rbac_enforcer/enforcer.py:457}}
Aug 10 17:25:16.023168 n-d-843862-10 devstack@keystone.service[81816]: [pid: 81816|app: 0|req: 8/15] 10.222.0.77 () {56 vars in 1099 bytes} [Wed Aug 10 17:25:15 2022] GET /identity/v3/roles?name=admin => generated 339 bytes in 153 msecs (HTTP/1.1 200) 5 headers in 177 bytes (2 switches on core 0)
Aug 10 17:25:16.028745 n-d-843862-10 devstack@keystone.service[81816]: DEBUG keystone.server.flask.request_processing.middleware.auth_context [None req-f7981601-9235-421f-85eb-a39382e61dfe None admin] Authenticating user token {{(pid=81816) process_request /usr/local/lib/python3.8/dist-packages/keystonemiddleware/auth_token/__init__.py:407}}
Aug 10 17:25:16.058343 n-d-843862-10 devstack@keystone.service[81817]: DEBUG keystone.common.rbac_enforcer.enforcer [None req-ebb94c45-37fa-4f2f-bcde-23e8e9a423ea None admin] RBAC: Authorizing `identity:validate_token()` {{(pid=81817) enforce_call /opt/stack/keystone/keystone/common/rbac_enforcer/enforcer.py:449}}
Aug 10 17:25:16.059897 n-d-843862-10 devstack@keystone.service[81817]: DEBUG keystone.common.rbac_enforcer.enforcer [None req-ebb94c45-37fa-4f2f-bcde-23e8e9a423ea None admin] RBAC: Authorization granted {{(pid=81817) enforce_call /opt/stack/keystone/keystone/common/rbac_enforcer/enforcer.py:457}}
Aug 10 17:25:16.167516 n-d-843862-10 devstack@keystone.service[81817]: [pid: 81817|app: 0|req: 8/16] 10.222.0.77 () {58 vars in 1282 bytes} [Wed Aug 10 17:25:15 2022] GET /identity/v3/auth/tokens => generated 799 bytes in 320 msecs (HTTP/1.1 200) 6 headers in 358 bytes (2 switches on core 0)
Aug 10 17:25:16.173234 n-d-843862-10 devstack@keystone.service[81817]: DEBUG keystone.server.flask.request_processing.middleware.auth_context [None req-ebb94c45-37fa-4f2f-bcde-23e8e9a423ea None admin] Authenticating user token {{(pid=81817) process_request /usr/local/lib/python3.8/dist-packages/keystonemiddleware/auth_token/__init__.py:407}}
Aug 10 17:25:16.175904 n-d-843862-10 devstack@keystone.service[81817]: DEBUG dbcounter [-] [81817] Writing DB stats keystone:SELECT=100 {{(pid=81817) stat_writer /usr/local/lib/python3.8/dist-packages/dbcounter.py:114}}
Aug 10 17:25:16.237073 n-d-843862-10 devstack@keystone.service[81816]: DEBUG keystone.server.flask.request_processing.middleware.auth_context [None req-f7981601-9235-421f-85eb-a39382e61dfe None admin] Validating token access rules against request {{(pid=81816) validate_allowed_request /usr/local/lib/python3.8/dist-packages/keystonemiddleware/auth_token/__init__.py:545}}
Aug 10 17:25:16.269519 n-d-843862-10 devstack@keystone.service[81817]: DEBUG keystone.server.flask.request_processing.middleware.auth_context [None req-ebb94c45-37fa-4f2f-bcde-23e8e9a423ea None admin] Validating token access rules against request {{(pid=81817) validate_allowed_request /usr/local/lib/python3.8/dist-packages/keystonemiddleware/auth_token/__init__.py:545}}
Aug 10 17:25:16.271652 n-d-843862-10 devstack@keystone.service[81816]: DEBUG keystone.server.flask.request_processing.middleware.auth_context [None req-4d4fed8f-2a9c-49f1-a25f-c5ed38149d0c None admin] RBAC: auth_context: {'token': , 'domain_id': None, 'trust_id': None, 'trustor_id': None, 'trustee_id': None, 'domain_name': None, 'group_ids': [], 'user_id': 'b76ed25cc4794648bdb7105c51ae1c03', 'user_domain_id': 'default', 'system_scope': 'all', 'project_id': None, 'project_domain_id': None, 'roles': ['admin', 'member', 'reader'], 'is_admin_project': True, 'service_user_id': None, 'service_user_domain_id': None, 'service_project_id': None, 'service_project_domain_id': None, 'service_roles': []} {{(pid=81816) fill_context /opt/stack/keystone/keystone/server/flask/request_processing/middleware/auth_context.py:478}}
Aug 10 17:25:16.272328 n-d-843862-10 devstack@keystone.service[81816]: DEBUG keystone.server.flask.request_processing.req_logging [None req-4d4fed8f-2a9c-49f1-a25f-c5ed38149d0c None admin] REQUEST_METHOD: `GET` {{(pid=81816) log_request_info /opt/stack/keystone/keystone/server/flask/request_processing/req_logging.py:27}}
Aug 10 17:25:16.272603 n-d-843862-10 devstack@keystone.service[81816]: DEBUG keystone.server.flask.request_processing.req_logging [None req-4d4fed8f-2a9c-49f1-a25f-c5ed38149d0c None admin] SCRIPT_NAME: `/identity` {{(pid=81816) log_request_info /opt/stack/keystone/keystone/server/flask/request_processing/req_logging.py:28}}
Aug 10 17:25:16.272874 n-d-843862-10 devstack@keystone.service[81816]: DEBUG keystone.server.flask.request_processing.req_logging [None req-4d4fed8f-2a9c-49f1-a25f-c5ed38149d0c None admin] PATH_INFO: `/v3/users/b76ed25cc4794648bdb7105c51ae1c03` {{(pid=81816) log_request_info /opt/stack/keystone/keystone/server/flask/request_processing/req_logging.py:29}}
Aug 10 17:25:16.274007 n-d-843862-10 devstack@keystone.service[81816]: DEBUG keystone.common.rbac_enforcer.enforcer [None req-4d4fed8f-2a9c-49f1-a25f-c5ed38149d0c None admin] RBAC: Authorizing `identity:get_user(user_id=b76ed25cc4794648bdb7105c51ae1c03)` {{(pid=81816) enforce_call /opt/stack/keystone/keystone/common/rbac_enforcer/enforcer.py:449}}
Aug 10 17:25:16.275456 n-d-843862-10 devstack@keystone.service[81816]: DEBUG keystone.common.rbac_enforcer.enforcer [None req-4d4fed8f-2a9c-49f1-a25f-c5ed38149d0c None admin] RBAC: Authorization granted {{(pid=81816) enforce_call /opt/stack/keystone/keystone/common/rbac_enforcer/enforcer.py:457}}
Aug 10 17:25:16.277056 n-d-843862-10 devstack@keystone.service[81816]: [pid: 81816|app: 0|req: 9/17] 10.222.0.77 () {56 vars in 1177 bytes} [Wed Aug 10 17:25:16 2022] GET /identity/v3/users/b76ed25cc4794648bdb7105c51ae1c03 => generated 247 bytes in 249 msecs (HTTP/1.1 200) 5 headers in 177 bytes (2 switches on core 0)
Aug 10 17:25:16.282349 n-d-843862-10 devstack@keystone.service[81816]: DEBUG keystone.server.flask.request_processing.middleware.auth_context [None req-4d4fed8f-2a9c-49f1-a25f-c5ed38149d0c None admin] Authenticating user token {{(pid=81816) process_request /usr/local/lib/python3.8/dist-packages/keystonemiddleware/auth_token/__init__.py:407}}
Aug 10 17:25:16.296920 n-d-843862-10 devstack@keystone.service[81816]: DEBUG dbcounter [-] [81816] Writing DB stats keystone:SELECT=100 {{(pid=81816) stat_writer /usr/local/lib/python3.8/dist-packages/dbcounter.py:114}}
Aug 10 17:25:16.303526 n-d-843862-10 devstack@keystone.service[81817]: DEBUG keystone.server.flask.request_processing.middleware.auth_context [None req-d747070e-b617-4cd8-bfb6-5b9151fdff5b None admin] RBAC: auth_context: {'token': , 'domain_id': None, 'trust_id': None, 'trustor_id': None, 'trustee_id': None, 'domain_name': None, 'group_ids': [], 'user_id': 'b76ed25cc4794648bdb7105c51ae1c03', 'user_domain_id': 'default', 'system_scope': 'all', 'project_id': None, 'project_domain_id': None, 'roles': ['admin', 'member', 'reader'], 'is_admin_project': True, 'service_user_id': None, 'service_user_domain_id': None, 'service_project_id': None, 'service_project_domain_id': None, 'service_roles': []} {{(pid=81817) fill_context /opt/stack/keystone/keystone/server/flask/request_processing/middleware/auth_context.py:478}}
Aug 10 17:25:16.304398 n-d-843862-10 devstack@keystone.service[81817]: DEBUG keystone.server.flask.request_processing.req_logging [None req-d747070e-b617-4cd8-bfb6-5b9151fdff5b None admin] REQUEST_METHOD: `GET` {{(pid=81817) log_request_info /opt/stack/keystone/keystone/server/flask/request_processing/req_logging.py:27}}
Aug 10 17:25:16.304669 n-d-843862-10 devstack@keystone.service[81817]: DEBUG keystone.server.flask.request_processing.req_logging [None req-d747070e-b617-4cd8-bfb6-5b9151fdff5b None admin] SCRIPT_NAME: `/identity` {{(pid=81817) log_request_info /opt/stack/keystone/keystone/server/flask/request_processing/req_logging.py:28}}
