Aug 04 13:56:46.189416 n-d-843861-8 devstack@placement-api.service[111670]: [pid: 111670|app: 0|req: 92/187] 10.222.0.84 () {60 vars in 1506 bytes} [Thu Aug 4 13:56:45 2022] GET /placement/allocation_candidates?limit=1000&resources=DISK_GB%3A1%2CMEMORY_MB%3A1024%2CVCPU%3A1&root_required=%21COMPUTE_STATUS_DISABLED => generated 1309 bytes in 261 msecs (HTTP/1.1 200) 8 headers in 297 bytes (1 switches on core 0)
Aug 04 13:56:46.297440 n-d-843861-8 devstack@placement-api.service[111669]: DEBUG placement.requestlog [req-c60b39d2-5c38-49cc-ab9f-c76bf1a720e7 req-75507cb8-6be3-4f80-b693-7cf79d020e08 None None] Starting request: 10.222.0.84 "GET /placement/allocations/c3cf6054-d083-4fad-beff-9ee05b116dd0" {{(pid=111669) __call__ /opt/stack/placement/placement/requestlog.py:55}}
Aug 04 13:56:46.330427 n-d-843861-8 devstack@placement-api.service[111669]: INFO placement.requestlog [req-c60b39d2-5c38-49cc-ab9f-c76bf1a720e7 req-75507cb8-6be3-4f80-b693-7cf79d020e08 service placement] 10.222.0.84 "GET /placement/allocations/c3cf6054-d083-4fad-beff-9ee05b116dd0" status: 200 len: 19 microversion: 1.28
Aug 04 13:56:46.343275 n-d-843861-8 devstack@placement-api.service[111669]: [pid: 111669|app: 0|req: 96/188] 10.222.0.84 () {60 vars in 1380 bytes} [Thu Aug 4 13:56:46 2022] GET /placement/allocations/c3cf6054-d083-4fad-beff-9ee05b116dd0 => generated 19 bytes in 46 msecs (HTTP/1.1 200) 8 headers in 295 bytes (1 switches on core 0)
Aug 04 13:56:46.349307 n-d-843861-8 devstack@placement-api.service[111670]: DEBUG placement.requestlog [req-c60b39d2-5c38-49cc-ab9f-c76bf1a720e7 req-8cc97bb2-fba1-418b-8fb2-6ad2112a367e None None] Starting request: 10.222.0.84 "PUT /placement/allocations/c3cf6054-d083-4fad-beff-9ee05b116dd0" {{(pid=111670) __call__ /opt/stack/placement/placement/requestlog.py:55}}
Aug 04 13:56:46.509592 n-d-843861-8 devstack@placement-api.service[111670]: DEBUG placement.handlers.allocation [req-c60b39d2-5c38-49cc-ab9f-c76bf1a720e7 req-8cc97bb2-fba1-418b-8fb2-6ad2112a367e service placement] Successfully wrote allocations [, , ] {{(pid=111670) _update_consumers_and_create_allocations /opt/stack/placement/placement/handlers/allocation.py:462}}
Aug 04 13:56:46.524143 n-d-843861-8 devstack@placement-api.service[111670]: INFO placement.requestlog [req-c60b39d2-5c38-49cc-ab9f-c76bf1a720e7 req-8cc97bb2-fba1-418b-8fb2-6ad2112a367e service placement] 10.222.0.84 "PUT /placement/allocations/c3cf6054-d083-4fad-beff-9ee05b116dd0" status: 204 len: 0 microversion: 1.36
Aug 04 13:56:46.529109 n-d-843861-8 devstack@placement-api.service[111670]: [pid: 111670|app: 0|req: 93/189] 10.222.0.84 () {64 vars in 1433 bytes} [Thu Aug 4 13:56:46 2022] PUT /placement/allocations/c3cf6054-d083-4fad-beff-9ee05b116dd0 => generated 0 bytes in 179 msecs (HTTP/1.1 204) 5 headers in 199 bytes (1 switches on core 0)
Aug 04 13:56:47.016344 n-d-843861-8 devstack@placement-api.service[111669]: DEBUG placement.requestlog [req-c60b39d2-5c38-49cc-ab9f-c76bf1a720e7 req-96e7c7c5-42ca-4240-ba98-f0541b5414c4 None None] Starting request: 10.222.0.93 "GET /placement/allocations/c3cf6054-d083-4fad-beff-9ee05b116dd0" {{(pid=111669) __call__ /opt/stack/placement/placement/requestlog.py:55}}
Aug 04 13:56:47.036403 n-d-843861-8 devstack@placement-api.service[111669]: INFO placement.requestlog [req-c60b39d2-5c38-49cc-ab9f-c76bf1a720e7 req-96e7c7c5-42ca-4240-ba98-f0541b5414c4 service placement] 10.222.0.93 "GET /placement/allocations/c3cf6054-d083-4fad-beff-9ee05b116dd0" status: 200 len: 259 microversion: 1.28
Aug 04 13:56:47.037585 n-d-843861-8 devstack@placement-api.service[111669]: [pid: 111669|app: 0|req: 97/190] 10.222.0.93 () {60 vars in 1377 bytes} [Thu Aug 4 13:56:47 2022] GET /placement/allocations/c3cf6054-d083-4fad-beff-9ee05b116dd0 => generated 259 bytes in 21 msecs (HTTP/1.1 200) 8 headers in 296 bytes (1 switches on core 0)
Aug 04 13:56:54.170980 n-d-843861-8 devstack@placement-api.service[111670]: DEBUG placement.requestlog [req-bf8d5bfc-a766-4fb7-99ab-38ea7207731f req-1f86036e-4276-4bfc-b59f-dc57ca8eb9f3 None None] Starting request: 10.222.0.60 "GET /placement/allocations/3ab93438-987b-48c2-9416-4c294a635595" {{(pid=111670) __call__ /opt/stack/placement/placement/requestlog.py:55}}
Aug 04 13:56:54.188483 n-d-843861-8 devstack@placement-api.service[111670]: INFO placement.requestlog [req-bf8d5bfc-a766-4fb7-99ab-38ea7207731f req-1f86036e-4276-4bfc-b59f-dc57ca8eb9f3 service placement] 10.222.0.60 "GET /placement/allocations/3ab93438-987b-48c2-9416-4c294a635595" status: 200 len: 258 microversion: 1.28
Aug 04 13:56:54.189822 n-d-843861-8 devstack@placement-api.service[111670]: [pid: 111670|app: 0|req: 94/191] 10.222.0.60 () {60 vars in 1377 bytes} [Thu Aug 4 13:56:54 2022] GET /placement/allocations/3ab93438-987b-48c2-9416-4c294a635595 => generated 258 bytes in 19 msecs (HTTP/1.1 200) 8 headers in 296 bytes (1 switches on core 0)
Aug 04 13:56:55.255035 n-d-843861-8 devstack@placement-api.service[111669]: DEBUG placement.requestlog [req-9fa255f5-7e67-4d13-b511-b3a6e350a1f2 req-899116f2-ae5d-4b19-b0f4-5b709cad3a56 None None] Starting request: 10.222.0.84 "GET /placement/allocation_candidates?limit=1000&resources=DISK_GB%3A1%2CMEMORY_MB%3A1024%2CVCPU%3A1&root_required=%21COMPUTE_STATUS_DISABLED" {{(pid=111669) __call__ /opt/stack/placement/placement/requestlog.py:55}}
Aug 04 13:56:55.350895 n-d-843861-8 devstack@placement-api.service[111669]: DEBUG placement.objects.research_context [req-9fa255f5-7e67-4d13-b511-b3a6e350a1f2 req-899116f2-ae5d-4b19-b0f4-5b709cad3a56 service placement] getting providers with 1 DISK_GB {{(pid=111669) __init__ /opt/stack/placement/placement/objects/research_context.py:136}}
Aug 04 13:56:55.368951 n-d-843861-8 devstack@placement-api.service[111669]: DEBUG placement.objects.research_context [req-9fa255f5-7e67-4d13-b511-b3a6e350a1f2 req-899116f2-ae5d-4b19-b0f4-5b709cad3a56 service placement] getting providers with 1024 MEMORY_MB {{(pid=111669) __init__ /opt/stack/placement/placement/objects/research_context.py:136}}
Aug 04 13:56:55.379756 n-d-843861-8 devstack@placement-api.service[111669]: DEBUG placement.objects.research_context [req-9fa255f5-7e67-4d13-b511-b3a6e350a1f2 req-899116f2-ae5d-4b19-b0f4-5b709cad3a56 service placement] getting providers with 1 VCPU {{(pid=111669) __init__ /opt/stack/placement/placement/objects/research_context.py:136}}
Aug 04 13:56:55.386355 n-d-843861-8 devstack@placement-api.service[111669]: DEBUG placement.objects.research_context [req-9fa255f5-7e67-4d13-b511-b3a6e350a1f2 req-899116f2-ae5d-4b19-b0f4-5b709cad3a56 service placement] found 2 providers with available 1 DISK_GB {{(pid=111669) get_provider_ids_matching /opt/stack/placement/placement/objects/research_context.py:563}}
Aug 04 13:56:55.386762 n-d-843861-8 devstack@placement-api.service[111669]: DEBUG placement.objects.research_context [req-9fa255f5-7e67-4d13-b511-b3a6e350a1f2 req-899116f2-ae5d-4b19-b0f4-5b709cad3a56 service placement] found 2 providers with available 1024 MEMORY_MB {{(pid=111669) get_provider_ids_matching /opt/stack/placement/placement/objects/research_context.py:563}}
Aug 04 13:56:55.389137 n-d-843861-8 devstack@placement-api.service[111669]: DEBUG placement.objects.research_context [req-9fa255f5-7e67-4d13-b511-b3a6e350a1f2 req-899116f2-ae5d-4b19-b0f4-5b709cad3a56 service placement] found 2 providers after filtering by previous result {{(pid=111669) get_provider_ids_matching /opt/stack/placement/placement/objects/research_context.py:594}}
Aug 04 13:56:55.390182 n-d-843861-8 devstack@placement-api.service[111669]: DEBUG placement.objects.research_context [req-9fa255f5-7e67-4d13-b511-b3a6e350a1f2 req-899116f2-ae5d-4b19-b0f4-5b709cad3a56 service placement] found 2 providers with available 1 VCPU {{(pid=111669) get_provider_ids_matching /opt/stack/placement/placement/objects/research_context.py:563}}
Aug 04 13:56:55.390819 n-d-843861-8 devstack@placement-api.service[111669]: DEBUG placement.objects.research_context [req-9fa255f5-7e67-4d13-b511-b3a6e350a1f2 req-899116f2-ae5d-4b19-b0f4-5b709cad3a56 service placement] found 2 providers after filtering by previous result {{(pid=111669) get_provider_ids_matching /opt/stack/placement/placement/objects/research_context.py:594}}
Aug 04 13:56:55.408002 n-d-843861-8 devstack@placement-api.service[111669]: DEBUG placement.objects.allocation_candidate [req-9fa255f5-7e67-4d13-b511-b3a6e350a1f2 req-899116f2-ae5d-4b19-b0f4-5b709cad3a56 service placement] RequestGroup(use_same_provider=False, resources={DISK_GB:1, MEMORY_MB:1024, VCPU:1}, traits=(), aggregates=[]) (suffix '') returned 2 matches {{(pid=111669) _get_by_requests /opt/stack/placement/placement/objects/allocation_candidate.py:156}}
Aug 04 13:56:55.408775 n-d-843861-8 devstack@placement-api.service[111669]: DEBUG placement.objects.allocation_candidate [req-9fa255f5-7e67-4d13-b511-b3a6e350a1f2 req-899116f2-ae5d-4b19-b0f4-5b709cad3a56 service placement] Merging candidates yields 2 allocation requests and 2 provider summaries {{(pid=111669) _merge_candidates /opt/stack/placement/placement/objects/allocation_candidate.py:809}}
Aug 04 13:56:55.411349 n-d-843861-8 devstack@placement-api.service[111669]: INFO placement.requestlog [req-9fa255f5-7e67-4d13-b511-b3a6e350a1f2 req-899116f2-ae5d-4b19-b0f4-5b709cad3a56 service placement] 10.222.0.84 "GET /placement/allocation_candidates?limit=1000&resources=DISK_GB%3A1%2CMEMORY_MB%3A1024%2CVCPU%3A1&root_required=%21COMPUTE_STATUS_DISABLED" status: 200 len: 1309 microversion: 1.36
Aug 04 13:56:55.418675 n-d-843861-8 devstack@placement-api.service[111669]: [pid: 111669|app: 0|req: 98/192] 10.222.0.84 () {60 vars in 1506 bytes} [Thu Aug 4 13:56:55 2022] GET /placement/allocation_candidates?limit=1000&resources=DISK_GB%3A1%2CMEMORY_MB%3A1024%2CVCPU%3A1&root_required=%21COMPUTE_STATUS_DISABLED => generated 1309 bytes in 164 msecs (HTTP/1.1 200) 8 headers in 297 bytes (1 switches on core 0)
Aug 04 13:56:55.516098 n-d-843861-8 devstack@placement-api.service[111670]: DEBUG placement.requestlog [req-9fa255f5-7e67-4d13-b511-b3a6e350a1f2 req-46e70365-8333-4824-bb0b-94b5dae4e5cc None None] Starting request: 10.222.0.84 "GET /placement/allocations/11803c9e-d70f-4cf2-880c-72c00c7eca54" {{(pid=111670) __call__ /opt/stack/placement/placement/requestlog.py:55}}
Aug 04 13:56:55.537856 n-d-843861-8 devstack@placement-api.service[111670]: INFO placement.requestlog [req-9fa255f5-7e67-4d13-b511-b3a6e350a1f2 req-46e70365-8333-4824-bb0b-94b5dae4e5cc service placement] 10.222.0.84 "GET /placement/allocations/11803c9e-d70f-4cf2-880c-72c00c7eca54" status: 200 len: 19 microversion: 1.28
Aug 04 13:56:55.547776 n-d-843861-8 devstack@placement-api.service[111669]: DEBUG placement.requestlog [req-9fa255f5-7e67-4d13-b511-b3a6e350a1f2 req-4f752641-1882-4ba3-8a06-179636629720 None None] Starting request: 10.222.0.84 "PUT /placement/allocations/11803c9e-d70f-4cf2-880c-72c00c7eca54" {{(pid=111669) __call__ /opt/stack/placement/placement/requestlog.py:55}}
Aug 04 13:56:55.559576 n-d-843861-8 devstack@placement-api.service[111670]: [pid: 111670|app: 0|req: 95/193] 10.222.0.84 () {60 vars in 1380 bytes} [Thu Aug 4 13:56:55 2022] GET /placement/allocations/11803c9e-d70f-4cf2-880c-72c00c7eca54 => generated 19 bytes in 33 msecs (HTTP/1.1 200) 8 headers in 295 bytes (1 switches on core 0)
Aug 04 13:56:55.746785 n-d-843861-8 devstack@placement-api.service[111669]: DEBUG placement.handlers.allocation [req-9fa255f5-7e67-4d13-b511-b3a6e350a1f2 req-4f752641-1882-4ba3-8a06-179636629720 service placement] Successfully wrote allocations [, , ] {{(pid=111669) _update_consumers_and_create_allocations /opt/stack/placement/placement/handlers/allocation.py:462}}
Aug 04 13:56:55.762770 n-d-843861-8 devstack@placement-api.service[111669]: INFO placement.requestlog [req-9fa255f5-7e67-4d13-b511-b3a6e350a1f2 req-4f752641-1882-4ba3-8a06-179636629720 service placement] 10.222.0.84 "PUT /placement/allocations/11803c9e-d70f-4cf2-880c-72c00c7eca54" status: 204 len: 0 microversion: 1.36
Aug 04 13:56:55.765661 n-d-843861-8 devstack@placement-api.service[111669]: [pid: 111669|app: 0|req: 99/194] 10.222.0.84 () {64 vars in 1433 bytes} [Thu Aug 4 13:56:55 2022] PUT /placement/allocations/11803c9e-d70f-4cf2-880c-72c00c7eca54 => generated 0 bytes in 220 msecs (HTTP/1.1 204) 5 headers in 199 bytes (2 switches on core 0)
Aug 04 13:56:57.398498 n-d-843861-8 devstack@placement-api.service[111670]: DEBUG placement.requestlog [req-9fa255f5-7e67-4d13-b511-b3a6e350a1f2 req-f5b06ad6-4cf3-4d32-9ae8-1f554296e18d None None] Starting request: 10.222.0.60 "GET /placement/allocations/11803c9e-d70f-4cf2-880c-72c00c7eca54" {{(pid=111670) __call__ /opt/stack/placement/placement/requestlog.py:55}}
Aug 04 13:56:57.451092 n-d-843861-8 devstack@placement-api.service[111670]: INFO placement.requestlog [req-9fa255f5-7e67-4d13-b511-b3a6e350a1f2 req-f5b06ad6-4cf3-4d32-9ae8-1f554296e18d service placement] 10.222.0.60 "GET /placement/allocations/11803c9e-d70f-4cf2-880c-72c00c7eca54" status: 200 len: 259 microversion: 1.28
Aug 04 13:56:57.451921 n-d-843861-8 devstack@placement-api.service[111670]: [pid: 111670|app: 0|req: 96/195] 10.222.0.60 () {60 vars in 1377 bytes} [Thu Aug 4 13:56:57 2022] GET /placement/allocations/11803c9e-d70f-4cf2-880c-72c00c7eca54 => generated 259 bytes in 55 msecs (HTTP/1.1 200) 8 headers in 296 bytes (1 switches on core 0)
Aug 04 13:56:58.076675 n-d-843861-8 devstack@placement-api.service[111669]: DEBUG placement.requestlog [req-446b3c32-bced-4947-a4d9-dcd54e274612 req-47420760-c339-4f6b-a2cb-33be36464db8 None None] Starting request: 10.222.0.93 "GET /placement/resource_providers/31d3f9e9-6f8d-4afb-9796-b3186a84953d/allocations" {{(pid=111669) __call__ /opt/stack/placement/placement/requestlog.py:55}}
Aug 04 13:56:58.090208 n-d-843861-8 devstack@placement-api.service[111669]: DEBUG dbcounter [-] [111669] Writing DB stats placement:SELECT=71,placement:INSERT=14,placement:DELETE=6,placement:UPDATE=6 {{(pid=111669) stat_writer /usr/local/lib/python3.8/dist-packages/dbcounter.py:114}}
Aug 04 13:56:58.136525 n-d-843861-8 devstack@placement-api.service[111669]: INFO placement.requestlog [req-446b3c32-bced-4947-a4d9-dcd54e274612 req-47420760-c339-4f6b-a2cb-33be36464db8 service placement] 10.222.0.93 "GET /placement/resource_providers/31d3f9e9-6f8d-4afb-9796-b3186a84953d/allocations" status: 200 len: 558 microversion: 1.0
Aug 04 13:56:58.137852 n-d-843861-8 devstack@placement-api.service[111669]: [pid: 111669|app: 0|req: 100/196] 10.222.0.93 () {58 vars in 1390 bytes} [Thu Aug 4 13:56:58 2022] GET /placement/resource_providers/31d3f9e9-6f8d-4afb-9796-b3186a84953d/allocations => generated 558 bytes in 61 msecs (HTTP/1.1 200) 6 headers in 224 bytes (1 switches on core 0)
Aug 04 13:57:03.344011 n-d-843861-8 devstack@placement-api.service[111670]: DEBUG placement.requestlog [req-b3b0d2b7-33fc-471f-9030-e23cf9ea1fd8 req-424204ea-2185-4c07-8c13-b3f0dec66c17 None None] Starting request: 10.222.0.60 "GET /placement/resource_providers/354f4b78-4037-4cf0-8822-f8b01ec391e5/allocations" {{(pid=111670) __call__ /opt/stack/placement/placement/requestlog.py:55}}
Aug 04 13:57:03.536836 n-d-843861-8 devstack@placement-api.service[111670]: INFO placement.requestlog [req-b3b0d2b7-33fc-471f-9030-e23cf9ea1fd8 req-424204ea-2185-4c07-8c13-b3f0dec66c17 service placement] 10.222.0.60 "GET /placement/resource_providers/354f4b78-4037-4cf0-8822-f8b01ec391e5/allocations" status: 200 len: 557 microversion: 1.0
Aug 04 13:57:03.537086 n-d-843861-8 devstack@placement-api.service[111670]: [pid: 111670|app: 0|req: 97/197] 10.222.0.60 () {58 vars in 1390 bytes} [Thu Aug 4 13:57:03 2022] GET /placement/resource_providers/354f4b78-4037-4cf0-8822-f8b01ec391e5/allocations => generated 557 bytes in 193 msecs (HTTP/1.1 200) 6 headers in 224 bytes (2 switches on core 0)
Aug 04 13:57:03.584326 n-d-843861-8 devstack@placement-api.service[111669]: DEBUG placement.requestlog [req-b3b0d2b7-33fc-471f-9030-e23cf9ea1fd8 req-f066c61f-115f-4690-aabc-8958ca822f6d None None] Starting request: 10.222.0.60 "GET /placement/resource_providers?in_tree=354f4b78-4037-4cf0-8822-f8b01ec391e5" {{(pid=111669) __call__ /opt/stack/placement/placement/requestlog.py:55}}
Aug 04 13:57:03.612485 n-d-843861-8 devstack@placement-api.service[111669]: INFO placement.requestlog [req-b3b0d2b7-33fc-471f-9030-e23cf9ea1fd8 req-f066c61f-115f-4690-aabc-8958ca822f6d service placement] 10.222.0.60 "GET /placement/resource_providers?in_tree=354f4b78-4037-4cf0-8822-f8b01ec391e5" status: 200 len: 863 microversion: 1.14
Aug 04 13:57:03.618545 n-d-843861-8 devstack@placement-api.service[111669]: [pid: 111669|app: 0|req: 101/198] 10.222.0.60 () {60 vars in 1376 bytes} [Thu Aug 4 13:57:03 2022] GET /placement/resource_providers?in_tree=354f4b78-4037-4cf0-8822-f8b01ec391e5 => generated 863 bytes in 29 msecs (HTTP/1.1 200) 6 headers in 225 bytes (1 switches on core 0)
Aug 04 13:57:03.630644 n-d-843861-8 devstack@placement-api.service[111670]: DEBUG placement.requestlog [req-b3b0d2b7-33fc-471f-9030-e23cf9ea1fd8 req-c78b1f71-b230-4833-9fda-f3450349faa5 None None] Starting request: 10.222.0.60 "GET /placement/resource_providers/354f4b78-4037-4cf0-8822-f8b01ec391e5/inventories" {{(pid=111670) __call__ /opt/stack/placement/placement/requestlog.py:55}}
Aug 04 13:57:03.652515 n-d-843861-8 devstack@placement-api.service[111670]: INFO placement.requestlog [req-b3b0d2b7-33fc-471f-9030-e23cf9ea1fd8 req-c78b1f71-b230-4833-9fda-f3450349faa5 service placement] 10.222.0.60 "GET /placement/resource_providers/354f4b78-4037-4cf0-8822-f8b01ec391e5/inventories" status: 200 len: 398 microversion: 1.0
Aug 04 13:57:03.653701 n-d-843861-8 devstack@placement-api.service[111670]: [pid: 111670|app: 0|req: 98/199] 10.222.0.60 () {58 vars in 1390 bytes} [Thu Aug 4 13:57:03 2022] GET /placement/resource_providers/354f4b78-4037-4cf0-8822-f8b01ec391e5/inventories => generated 398 bytes in 23 msecs (HTTP/1.1 200) 6 headers in 224 bytes (1 switches on core 0)
Aug 04 13:57:03.673275 n-d-843861-8 devstack@placement-api.service[111669]: DEBUG placement.requestlog [req-b3b0d2b7-33fc-471f-9030-e23cf9ea1fd8 req-6fb5c615-5790-4190-9452-a38b2dd3b13d None None] Starting request: 10.222.0.60 "GET /placement/resource_providers/354f4b78-4037-4cf0-8822-f8b01ec391e5/aggregates" {{(pid=111669) __call__ /opt/stack/placement/placement/requestlog.py:55}}
Aug 04 13:57:03.692613 n-d-843861-8 devstack@placement-api.service[111669]: INFO placement.requestlog [req-b3b0d2b7-33fc-471f-9030-e23cf9ea1fd8 req-6fb5c615-5790-4190-9452-a38b2dd3b13d service placement] 10.222.0.60 "GET /placement/resource_providers/354f4b78-4037-4cf0-8822-f8b01ec391e5/aggregates" status: 200 len: 54 microversion: 1.19
Aug 04 13:57:03.693244 n-d-843861-8 devstack@placement-api.service[111669]: [pid: 111669|app: 0|req: 102/200] 10.222.0.60 () {60 vars in 1431 bytes} [Thu Aug 4 13:57:03 2022] GET /placement/resource_providers/354f4b78-4037-4cf0-8822-f8b01ec391e5/aggregates => generated 54 bytes in 21 msecs (HTTP/1.1 200) 8 headers in 295 bytes (1 switches on core 0)
Aug 04 13:57:03.702924 n-d-843861-8 devstack@placement-api.service[111670]: DEBUG placement.requestlog [req-b3b0d2b7-33fc-471f-9030-e23cf9ea1fd8 req-8181940e-8304-4550-867b-4cd547bf1d65 None None] Starting request: 10.222.0.60 "GET /placement/resource_providers/354f4b78-4037-4cf0-8822-f8b01ec391e5/traits" {{(pid=111670) __call__ /opt/stack/placement/placement/requestlog.py:55}}
Aug 04 13:57:03.748189 n-d-843861-8 devstack@placement-api.service[111670]: INFO placement.requestlog [req-b3b0d2b7-33fc-471f-9030-e23cf9ea1fd8 req-8181940e-8304-4550-867b-4cd547bf1d65 service placement] 10.222.0.60 "GET /placement/resource_providers/354f4b78-4037-4cf0-8822-f8b01ec391e5/traits" status: 200 len: 212 microversion: 1.6
Aug 04 13:57:03.748849 n-d-843861-8 devstack@placement-api.service[111670]: [pid: 111670|app: 0|req: 99/201] 10.222.0.60 () {60 vars in 1418 bytes} [Thu Aug 4 13:57:03 2022] GET /placement/resource_providers/354f4b78-4037-4cf0-8822-f8b01ec391e5/traits => generated 212 bytes in 46 msecs (HTTP/1.1 200) 6 headers in 224 bytes (1 switches on core 0)
Aug 04 13:57:05.057876 n-d-843861-8 devstack@placement-api.service[111669]: DEBUG placement.requestlog [req-823febb8-0c14-4d12-bb48-a16b4799b250 req-10c885e7-dcbf-496d-bc49-af4b53e85543 None None] Starting request: 10.222.0.93 "GET /placement/resource_providers?in_tree=31d3f9e9-6f8d-4afb-9796-b3186a84953d" {{(pid=111669) __call__ /opt/stack/placement/placement/requestlog.py:55}}
Aug 04 13:57:05.153363 n-d-843861-8 devstack@placement-api.service[111669]: INFO placement.requestlog [req-823febb8-0c14-4d12-bb48-a16b4799b250 req-10c885e7-dcbf-496d-bc49-af4b53e85543 service placement] 10.222.0.93 "GET /placement/resource_providers?in_tree=31d3f9e9-6f8d-4afb-9796-b3186a84953d" status: 200 len: 863 microversion: 1.14
Aug 04 13:57:05.153940 n-d-843861-8 devstack@placement-api.service[111669]: [pid: 111669|app: 0|req: 103/202] 10.222.0.93 () {60 vars in 1376 bytes} [Thu Aug 4 13:57:05 2022] GET /placement/resource_providers?in_tree=31d3f9e9-6f8d-4afb-9796-b3186a84953d => generated 863 bytes in 96 msecs (HTTP/1.1 200) 6 headers in 225 bytes (1 switches on core 0)
Aug 04 13:57:05.167881 n-d-843861-8 devstack@placement-api.service[111670]: DEBUG placement.requestlog [req-823febb8-0c14-4d12-bb48-a16b4799b250 req-a5dc2985-0fcc-4197-8031-9bc92474d40b None None] Starting request: 10.222.0.93 "GET /placement/resource_providers/31d3f9e9-6f8d-4afb-9796-b3186a84953d/inventories" {{(pid=111670) __call__ /opt/stack/placement/placement/requestlog.py:55}}
Aug 04 13:57:05.188069 n-d-843861-8 devstack@placement-api.service[111670]: INFO placement.requestlog [req-823febb8-0c14-4d12-bb48-a16b4799b250 req-a5dc2985-0fcc-4197-8031-9bc92474d40b service placement] 10.222.0.93 "GET /placement/resource_providers/31d3f9e9-6f8d-4afb-9796-b3186a84953d/inventories" status: 200 len: 398 microversion: 1.0
Aug 04 13:57:05.188585 n-d-843861-8 devstack@placement-api.service[111670]: [pid: 111670|app: 0|req: 100/203] 10.222.0.93 () {58 vars in 1390 bytes} [Thu Aug 4 13:57:05 2022] GET /placement/resource_providers/31d3f9e9-6f8d-4afb-9796-b3186a84953d/inventories => generated 398 bytes in 21 msecs (HTTP/1.1 200) 6 headers in 224 bytes (1 switches on core 0)
Aug 04 13:57:05.206111 n-d-843861-8 devstack@placement-api.service[111669]: DEBUG placement.requestlog [req-823febb8-0c14-4d12-bb48-a16b4799b250 req-791447a8-7364-4f98-9dc5-60677f03f83c None None] Starting request: 10.222.0.93 "GET /placement/resource_providers/31d3f9e9-6f8d-4afb-9796-b3186a84953d/aggregates" {{(pid=111669) __call__ /opt/stack/placement/placement/requestlog.py:55}}
Aug 04 13:57:05.221524 n-d-843861-8 devstack@placement-api.service[111669]: INFO placement.requestlog [req-823febb8-0c14-4d12-bb48-a16b4799b250 req-791447a8-7364-4f98-9dc5-60677f03f83c service placement] 10.222.0.93 "GET /placement/resource_providers/31d3f9e9-6f8d-4afb-9796-b3186a84953d/aggregates" status: 200 len: 54 microversion: 1.19
Aug 04 13:57:05.222116 n-d-843861-8 devstack@placement-api.service[111669]: [pid: 111669|app: 0|req: 104/204] 10.222.0.93 () {60 vars in 1431 bytes} [Thu Aug 4 13:57:05 2022] GET /placement/resource_providers/31d3f9e9-6f8d-4afb-9796-b3186a84953d/aggregates => generated 54 bytes in 16 msecs (HTTP/1.1 200) 8 headers in 295 bytes (1 switches on core 0)
Aug 04 13:57:05.236356 n-d-843861-8 devstack@placement-api.service[111670]: DEBUG placement.requestlog [req-823febb8-0c14-4d12-bb48-a16b4799b250 req-7060f2bd-52f0-4dc5-a43f-a5d6ab6ff146 None None] Starting request: 10.222.0.93 "GET /placement/resource_providers/31d3f9e9-6f8d-4afb-9796-b3186a84953d/traits" {{(pid=111670) __call__ /opt/stack/placement/placement/requestlog.py:55}}
Aug 04 13:57:05.268527 n-d-843861-8 devstack@placement-api.service[111670]: INFO placement.requestlog [req-823febb8-0c14-4d12-bb48-a16b4799b250 req-7060f2bd-52f0-4dc5-a43f-a5d6ab6ff146 service placement] 10.222.0.93 "GET /placement/resource_providers/31d3f9e9-6f8d-4afb-9796-b3186a84953d/traits" status: 200 len: 212 microversion: 1.6
Aug 04 13:57:05.270659 n-d-843861-8 devstack@placement-api.service[111670]: [pid: 111670|app: 0|req: 101/205] 10.222.0.93 () {60 vars in 1418 bytes} [Thu Aug 4 13:57:05 2022] GET /placement/resource_providers/31d3f9e9-6f8d-4afb-9796-b3186a84953d/traits => generated 212 bytes in 35 msecs (HTTP/1.1 200) 6 headers in 224 bytes (1 switches on core 0)
Aug 04 13:57:05.543136 n-d-843861-8 devstack@placement-api.service[111669]: DEBUG placement.requestlog [req-bbc31005-353b-4904-85b2-5fdfc546577e req-adc39d1a-ea2e-4a43-ad69-52cd49b04fef None None] Starting request: 10.222.0.84 "GET /placement/allocation_candidates?limit=1000&resources=DISK_GB%3A1%2CMEMORY_MB%3A1024%2CVCPU%3A1&root_required=%21COMPUTE_STATUS_DISABLED" {{(pid=111669) __call__ /opt/stack/placement/placement/requestlog.py:55}}
Aug 04 13:57:05.599536 n-d-843861-8 devstack@placement-api.service[111669]: DEBUG placement.objects.research_context [req-bbc31005-353b-4904-85b2-5fdfc546577e req-adc39d1a-ea2e-4a43-ad69-52cd49b04fef service placement] getting providers with 1 DISK_GB {{(pid=111669) __init__ /opt/stack/placement/placement/objects/research_context.py:136}}
Aug 04 13:57:05.606845 n-d-843861-8 devstack@placement-api.service[111669]: DEBUG placement.objects.research_context [req-bbc31005-353b-4904-85b2-5fdfc546577e req-adc39d1a-ea2e-4a43-ad69-52cd49b04fef service placement] getting providers with 1024 MEMORY_MB {{(pid=111669) __init__ /opt/stack/placement/placement/objects/research_context.py:136}}
Aug 04 13:57:05.613346 n-d-843861-8 devstack@placement-api.service[111669]: DEBUG placement.objects.research_context [req-bbc31005-353b-4904-85b2-5fdfc546577e req-adc39d1a-ea2e-4a43-ad69-52cd49b04fef service placement] getting providers with 1 VCPU {{(pid=111669) __init__ /opt/stack/placement/placement/objects/research_context.py:136}}
Aug 04 13:57:05.621065 n-d-843861-8 devstack@placement-api.service[111669]: DEBUG placement.objects.research_context [req-bbc31005-353b-4904-85b2-5fdfc546577e req-adc39d1a-ea2e-4a43-ad69-52cd49b04fef service placement] found 2 providers with available 1 DISK_GB {{(pid=111669) get_provider_ids_matching /opt/stack/placement/placement/objects/research_context.py:563}}
Aug 04 13:57:05.621326 n-d-843861-8 devstack@placement-api.service[111669]: DEBUG placement.objects.research_context [req-bbc31005-353b-4904-85b2-5fdfc546577e req-adc39d1a-ea2e-4a43-ad69-52cd49b04fef service placement] found 2 providers with available 1024 MEMORY_MB {{(pid=111669) get_provider_ids_matching /opt/stack/placement/placement/objects/research_context.py:563}}
Aug 04 13:57:05.621902 n-d-843861-8 devstack@placement-api.service[111669]: DEBUG placement.objects.research_context [req-bbc31005-353b-4904-85b2-5fdfc546577e req-adc39d1a-ea2e-4a43-ad69-52cd49b04fef service placement] found 2 providers after filtering by previous result {{(pid=111669) get_provider_ids_matching /opt/stack/placement/placement/objects/research_context.py:594}}
Aug 04 13:57:05.622357 n-d-843861-8 devstack@placement-api.service[111669]: DEBUG placement.objects.research_context [req-bbc31005-353b-4904-85b2-5fdfc546577e req-adc39d1a-ea2e-4a43-ad69-52cd49b04fef service placement] found 2 providers with available 1 VCPU {{(pid=111669) get_provider_ids_matching /opt/stack/placement/placement/objects/research_context.py:563}}
Aug 04 13:57:05.622778 n-d-843861-8 devstack@placement-api.service[111669]: DEBUG placement.objects.research_context [req-bbc31005-353b-4904-85b2-5fdfc546577e req-adc39d1a-ea2e-4a43-ad69-52cd49b04fef service placement] found 2 providers after filtering by previous result {{(pid=111669) get_provider_ids_matching /opt/stack/placement/placement/objects/research_context.py:594}}
Aug 04 13:57:05.639373 n-d-843861-8 devstack@placement-api.service[111669]: DEBUG placement.objects.allocation_candidate [req-bbc31005-353b-4904-85b2-5fdfc546577e req-adc39d1a-ea2e-4a43-ad69-52cd49b04fef service placement] RequestGroup(use_same_provider=False, resources={DISK_GB:1, MEMORY_MB:1024, VCPU:1}, traits=(), aggregates=[]) (suffix '') returned 2 matches {{(pid=111669) _get_by_requests /opt/stack/placement/placement/objects/allocation_candidate.py:156}}
Aug 04 13:57:05.640209 n-d-843861-8 devstack@placement-api.service[111669]: DEBUG placement.objects.allocation_candidate [req-bbc31005-353b-4904-85b2-5fdfc546577e req-adc39d1a-ea2e-4a43-ad69-52cd49b04fef service placement] Merging candidates yields 2 allocation requests and 2 provider summaries {{(pid=111669) _merge_candidates /opt/stack/placement/placement/objects/allocation_candidate.py:809}}
Aug 04 13:57:05.642917 n-d-843861-8 devstack@placement-api.service[111669]: INFO placement.requestlog [req-bbc31005-353b-4904-85b2-5fdfc546577e req-adc39d1a-ea2e-4a43-ad69-52cd49b04fef service placement] 10.222.0.84 "GET /placement/allocation_candidates?limit=1000&resources=DISK_GB%3A1%2CMEMORY_MB%3A1024%2CVCPU%3A1&root_required=%21COMPUTE_STATUS_DISABLED" status: 200 len: 1309 microversion: 1.36
Aug 04 13:57:05.643968 n-d-843861-8 devstack@placement-api.service[111669]: [pid: 111669|app: 0|req: 105/206] 10.222.0.84 () {60 vars in 1506 bytes} [Thu Aug 4 13:57:05 2022] GET /placement/allocation_candidates?limit=1000&resources=DISK_GB%3A1%2CMEMORY_MB%3A1024%2CVCPU%3A1&root_required=%21COMPUTE_STATUS_DISABLED => generated 1309 bytes in 101 msecs (HTTP/1.1 200) 8 headers in 297 bytes (1 switches on core 0)
Aug 04 13:57:05.722978 n-d-843861-8 devstack@placement-api.service[111670]: DEBUG placement.requestlog [req-823febb8-0c14-4d12-bb48-a16b4799b250 req-32d86199-4bc4-40ca-8bdb-843522d4fb52 None None] Starting request: 10.222.0.93 "GET /placement/allocations/a298ce42-3a3b-4fcf-9f05-e429bdd11c7c" {{(pid=111670) __call__ /opt/stack/placement/placement/requestlog.py:55}}
Aug 04 13:57:05.749888 n-d-843861-8 devstack@placement-api.service[111670]: INFO placement.requestlog [req-823febb8-0c14-4d12-bb48-a16b4799b250 req-32d86199-4bc4-40ca-8bdb-843522d4fb52 service placement] 10.222.0.93 "GET /placement/allocations/a298ce42-3a3b-4fcf-9f05-e429bdd11c7c" status: 200 len: 259 microversion: 1.28
Aug 04 13:57:05.750854 n-d-843861-8 devstack@placement-api.service[111670]: [pid: 111670|app: 0|req: 102/207] 10.222.0.93 () {60 vars in 1377 bytes} [Thu Aug 4 13:57:05 2022] GET /placement/allocations/a298ce42-3a3b-4fcf-9f05-e429bdd11c7c => generated 259 bytes in 28 msecs (HTTP/1.1 200) 8 headers in 296 bytes (1 switches on core 0)
Aug 04 13:57:05.758077 n-d-843861-8 devstack@placement-api.service[111669]: DEBUG placement.requestlog [req-bbc31005-353b-4904-85b2-5fdfc546577e req-a6a98621-8c54-41a9-ab23-e341e4d6802d None None] Starting request: 10.222.0.84 "GET /placement/allocations/6778786d-b6c9-4d94-8392-77fb82b2faf6" {{(pid=111669) __call__ /opt/stack/placement/placement/requestlog.py:55}}
Aug 04 13:57:05.763992 n-d-843861-8 devstack@placement-api.service[111670]: DEBUG placement.requestlog [req-823febb8-0c14-4d12-bb48-a16b4799b250 req-86a4c95c-4a12-4eee-8816-d6abc2fbb522 None None] Starting request: 10.222.0.93 "PUT /placement/allocations/a298ce42-3a3b-4fcf-9f05-e429bdd11c7c" {{(pid=111670) __call__ /opt/stack/placement/placement/requestlog.py:55}}
Aug 04 13:57:05.778885 n-d-843861-8 devstack@placement-api.service[111669]: INFO placement.requestlog [req-bbc31005-353b-4904-85b2-5fdfc546577e req-a6a98621-8c54-41a9-ab23-e341e4d6802d service placement] 10.222.0.84 "GET /placement/allocations/6778786d-b6c9-4d94-8392-77fb82b2faf6" status: 200 len: 19 microversion: 1.28
Aug 04 13:57:05.779511 n-d-843861-8 devstack@placement-api.service[111669]: [pid: 111669|app: 0|req: 106/208] 10.222.0.84 () {60 vars in 1380 bytes} [Thu Aug 4 13:57:05 2022] GET /placement/allocations/6778786d-b6c9-4d94-8392-77fb82b2faf6 => generated 19 bytes in 22 msecs (HTTP/1.1 200) 8 headers in 295 bytes (2 switches on core 0)
Aug 04 13:57:05.820408 n-d-843861-8 devstack@placement-api.service[111669]: DEBUG placement.requestlog [req-bbc31005-353b-4904-85b2-5fdfc546577e req-d1e3a3e3-bcfd-4f7f-b911-3ca489edf24d None None] Starting request: 10.222.0.84 "PUT /placement/allocations/6778786d-b6c9-4d94-8392-77fb82b2faf6" {{(pid=111669) __call__ /opt/stack/placement/placement/requestlog.py:55}}
Aug 04 13:57:05.865407 n-d-843861-8 devstack@placement-api.service[111670]: DEBUG dbcounter [-] [111670] Writing DB stats placement:SELECT=88,placement:DELETE=4,placement:INSERT=6,placement:UPDATE=2 {{(pid=111670) stat_writer /usr/local/lib/python3.8/dist-packages/dbcounter.py:114}}
Aug 04 13:57:05.908988 n-d-843861-8 devstack@placement-api.service[111670]: DEBUG placement.handlers.allocation [req-823febb8-0c14-4d12-bb48-a16b4799b250 req-86a4c95c-4a12-4eee-8816-d6abc2fbb522 service placement] Successfully wrote allocations [, , ] {{(pid=111670) _update_consumers_and_create_allocations /opt/stack/placement/placement/handlers/allocation.py:462}}
Aug 04 13:57:05.922824 n-d-843861-8 devstack@placement-api.service[111670]: INFO placement.requestlog [req-823febb8-0c14-4d12-bb48-a16b4799b250 req-86a4c95c-4a12-4eee-8816-d6abc2fbb522 service placement] 10.222.0.93 "PUT /placement/allocations/a298ce42-3a3b-4fcf-9f05-e429bdd11c7c" status: 204 len: 0 microversion: 1.28
Aug 04 13:57:05.924422 n-d-843861-8 devstack@placement-api.service[111670]: [pid: 111670|app: 0|req: 103/209] 10.222.0.93 () {64 vars in 1430 bytes} [Thu Aug 4 13:57:05 2022] PUT /placement/allocations/a298ce42-3a3b-4fcf-9f05-e429bdd11c7c => generated 0 bytes in 161 msecs (HTTP/1.1 204) 5 headers in 199 bytes (2 switches on core 0)
Aug 04 13:57:06.029424 n-d-843861-8 devstack@placement-api.service[111669]: DEBUG placement.handlers.allocation [req-bbc31005-353b-4904-85b2-5fdfc546577e req-d1e3a3e3-bcfd-4f7f-b911-3ca489edf24d service placement] Successfully wrote allocations [, , ] {{(pid=111669) _update_consumers_and_create_allocations /opt/stack/placement/placement/handlers/allocation.py:462}}
Aug 04 13:57:06.036335 n-d-843861-8 devstack@placement-api.service[111669]: INFO placement.requestlog [req-bbc31005-353b-4904-85b2-5fdfc546577e req-d1e3a3e3-bcfd-4f7f-b911-3ca489edf24d service placement] 10.222.0.84 "PUT /placement/allocations/6778786d-b6c9-4d94-8392-77fb82b2faf6" status: 204 len: 0 microversion: 1.36
Aug 04 13:57:06.049931 n-d-843861-8 devstack@placement-api.service[111669]: [pid: 111669|app: 0|req: 107/210] 10.222.0.84 () {64 vars in 1433 bytes} [Thu Aug 4 13:57:05 2022] PUT /placement/allocations/6778786d-b6c9-4d94-8392-77fb82b2faf6 => generated 0 bytes in 217 msecs (HTTP/1.1 204) 5 headers in 199 bytes (2 switches on core 0)
Aug 04 13:57:06.470797 n-d-843861-8 devstack@placement-api.service[111670]: DEBUG placement.requestlog [req-bbc31005-353b-4904-85b2-5fdfc546577e req-7d06d939-e5c8-4f59-bb65-19615748ff5d None None] Starting request: 10.222.0.93 "GET /placement/allocations/6778786d-b6c9-4d94-8392-77fb82b2faf6" {{(pid=111670) __call__ /opt/stack/placement/placement/requestlog.py:55}}
Aug 04 13:57:06.496625 n-d-843861-8 devstack@placement-api.service[111670]: INFO placement.requestlog [req-bbc31005-353b-4904-85b2-5fdfc546577e req-7d06d939-e5c8-4f59-bb65-19615748ff5d service placement] 10.222.0.93 "GET /placement/allocations/6778786d-b6c9-4d94-8392-77fb82b2faf6" status: 200 len: 259 microversion: 1.28
Aug 04 13:57:06.499898 n-d-843861-8 devstack@placement-api.service[111670]: [pid: 111670|app: 0|req: 104/211] 10.222.0.93 () {60 vars in 1377 bytes} [Thu Aug 4 13:57:06 2022] GET /placement/allocations/6778786d-b6c9-4d94-8392-77fb82b2faf6 => generated 259 bytes in 27 msecs (HTTP/1.1 200) 8 headers in 296 bytes (1 switches on core 0)
Aug 04 13:57:08.871761 n-d-843861-8 devstack@placement-api.service[111669]: DEBUG placement.requestlog [req-4b4a1f71-2768-4cb3-bd98-558228778afd req-cf2cc797-cb46-4884-b0be-42ac8c5762e6 None None] Starting request: 10.222.0.93 "DELETE /placement/allocations/e31a9c3b-cc48-4f08-ba09-0b193b73fb8c" {{(pid=111669) __call__ /opt/stack/placement/placement/requestlog.py:55}}
Aug 04 13:57:08.899976 n-d-843861-8 devstack@placement-api.service[111669]: DEBUG placement.handlers.allocation [req-4b4a1f71-2768-4cb3-bd98-558228778afd req-cf2cc797-cb46-4884-b0be-42ac8c5762e6 service placement] Successfully deleted allocations [, , ] {{(pid=111669) delete_allocations /opt/stack/placement/placement/handlers/allocation.py:627}}
Aug 04 13:57:08.900595 n-d-843861-8 devstack@placement-api.service[111669]: INFO placement.requestlog [req-4b4a1f71-2768-4cb3-bd98-558228778afd req-cf2cc797-cb46-4884-b0be-42ac8c5762e6 service placement] 10.222.0.93 "DELETE /placement/allocations/e31a9c3b-cc48-4f08-ba09-0b193b73fb8c" status: 204 len: 0 microversion: 1.0
Aug 04 13:57:08.901099 n-d-843861-8 devstack@placement-api.service[111669]: [pid: 111669|app: 0|req: 108/212] 10.222.0.93 () {60 vars in 1355 bytes} [Thu Aug 4 13:57:08 2022] DELETE /placement/allocations/e31a9c3b-cc48-4f08-ba09-0b193b73fb8c => generated 0 bytes in 30 msecs (HTTP/1.1 204) 5 headers in 198 bytes (1 switches on core 0)
Aug 04 13:57:14.008922 n-d-843861-8 devstack@placement-api.service[111670]: DEBUG placement.requestlog [req-7a239332-6da8-4e40-8213-1bdc7d6b961b req-f7cb6c2c-4516-48df-b27e-c2a19b1e038a None None] Starting request: 10.222.0.84 "GET /placement/allocation_candidates?limit=1000&resources=DISK_GB%3A1%2CMEMORY_MB%3A1024%2CVCPU%3A1&root_required=%21COMPUTE_STATUS_DISABLED" {{(pid=111670) __call__ /opt/stack/placement/placement/requestlog.py:55}}
Aug 04 13:57:14.094689 n-d-843861-8 devstack@placement-api.service[111670]: DEBUG placement.objects.research_context [req-7a239332-6da8-4e40-8213-1bdc7d6b961b req-f7cb6c2c-4516-48df-b27e-c2a19b1e038a service placement] getting providers with 1 DISK_GB {{(pid=111670) __init__ /opt/stack/placement/placement/objects/research_context.py:136}}
Aug 04 13:57:14.101505 n-d-843861-8 devstack@placement-api.service[111670]: DEBUG placement.objects.research_context [req-7a239332-6da8-4e40-8213-1bdc7d6b961b req-f7cb6c2c-4516-48df-b27e-c2a19b1e038a service placement] getting providers with 1024 MEMORY_MB {{(pid=111670) __init__ /opt/stack/placement/placement/objects/research_context.py:136}}
Aug 04 13:57:14.107754 n-d-843861-8 devstack@placement-api.service[111670]: DEBUG placement.objects.research_context [req-7a239332-6da8-4e40-8213-1bdc7d6b961b req-f7cb6c2c-4516-48df-b27e-c2a19b1e038a service placement] getting providers with 1 VCPU {{(pid=111670) __init__ /opt/stack/placement/placement/objects/research_context.py:136}}
Aug 04 13:57:14.114727 n-d-843861-8 devstack@placement-api.service[111670]: DEBUG placement.objects.research_context [req-7a239332-6da8-4e40-8213-1bdc7d6b961b req-f7cb6c2c-4516-48df-b27e-c2a19b1e038a service placement] found 2 providers with available 1 DISK_GB {{(pid=111670) get_provider_ids_matching /opt/stack/placement/placement/objects/research_context.py:563}}
Aug 04 13:57:14.115124 n-d-843861-8 devstack@placement-api.service[111670]: DEBUG placement.objects.research_context [req-7a239332-6da8-4e40-8213-1bdc7d6b961b req-f7cb6c2c-4516-48df-b27e-c2a19b1e038a service placement] found 2 providers with available 1024 MEMORY_MB {{(pid=111670) get_provider_ids_matching /opt/stack/placement/placement/objects/research_context.py:563}}
Aug 04 13:57:14.115632 n-d-843861-8 devstack@placement-api.service[111670]: DEBUG placement.objects.research_context [req-7a239332-6da8-4e40-8213-1bdc7d6b961b req-f7cb6c2c-4516-48df-b27e-c2a19b1e038a service placement] found 2 providers after filtering by previous result {{(pid=111670) get_provider_ids_matching /opt/stack/placement/placement/objects/research_context.py:594}}
Aug 04 13:57:14.115899 n-d-843861-8 devstack@placement-api.service[111670]: DEBUG placement.objects.research_context [req-7a239332-6da8-4e40-8213-1bdc7d6b961b req-f7cb6c2c-4516-48df-b27e-c2a19b1e038a service placement] found 2 providers with available 1 VCPU {{(pid=111670) get_provider_ids_matching /opt/stack/placement/placement/objects/research_context.py:563}}
Aug 04 13:57:14.116165 n-d-843861-8 devstack@placement-api.service[111670]: DEBUG placement.objects.research_context [req-7a239332-6da8-4e40-8213-1bdc7d6b961b req-f7cb6c2c-4516-48df-b27e-c2a19b1e038a service placement] found 2 providers after filtering by previous result {{(pid=111670) get_provider_ids_matching /opt/stack/placement/placement/objects/research_context.py:594}}
Aug 04 13:57:14.131241 n-d-843861-8 devstack@placement-api.service[111670]: DEBUG placement.objects.allocation_candidate [req-7a239332-6da8-4e40-8213-1bdc7d6b961b req-f7cb6c2c-4516-48df-b27e-c2a19b1e038a service placement] RequestGroup(use_same_provider=False, resources={DISK_GB:1, MEMORY_MB:1024, VCPU:1}, traits=(), aggregates=[]) (suffix '') returned 2 matches {{(pid=111670) _get_by_requests /opt/stack/placement/placement/objects/allocation_candidate.py:156}}
Aug 04 13:57:14.132099 n-d-843861-8 devstack@placement-api.service[111670]: DEBUG placement.objects.allocation_candidate [req-7a239332-6da8-4e40-8213-1bdc7d6b961b req-f7cb6c2c-4516-48df-b27e-c2a19b1e038a service placement] Merging candidates yields 2 allocation requests and 2 provider summaries {{(pid=111670) _merge_candidates /opt/stack/placement/placement/objects/allocation_candidate.py:809}}
Aug 04 13:57:14.134635 n-d-843861-8 devstack@placement-api.service[111670]: INFO placement.requestlog [req-7a239332-6da8-4e40-8213-1bdc7d6b961b req-f7cb6c2c-4516-48df-b27e-c2a19b1e038a service placement] 10.222.0.84 "GET /placement/allocation_candidates?limit=1000&resources=DISK_GB%3A1%2CMEMORY_MB%3A1024%2CVCPU%3A1&root_required=%21COMPUTE_STATUS_DISABLED" status: 200 len: 1309 microversion: 1.36
Aug 04 13:57:14.135220 n-d-843861-8 devstack@placement-api.service[111670]: [pid: 111670|app: 0|req: 105/213] 10.222.0.84 () {60 vars in 1506 bytes} [Thu Aug 4 13:57:14 2022] GET /placement/allocation_candidates?limit=1000&resources=DISK_GB%3A1%2CMEMORY_MB%3A1024%2CVCPU%3A1&root_required=%21COMPUTE_STATUS_DISABLED => generated 1309 bytes in 127 msecs (HTTP/1.1 200) 8 headers in 297 bytes (1 switches on core 0)
Aug 04 13:57:14.218128 n-d-843861-8 devstack@placement-api.service[111669]: DEBUG placement.requestlog [req-7a239332-6da8-4e40-8213-1bdc7d6b961b req-fba40a79-3620-44d4-9171-f50eb4a9e461 None None] Starting request: 10.222.0.84 "GET /placement/allocations/e0e5dcfe-8bca-4298-9802-5a9dc7ec572e" {{(pid=111669) __call__ /opt/stack/placement/placement/requestlog.py:55}}
Aug 04 13:57:14.230993 n-d-843861-8 devstack@placement-api.service[111669]: INFO placement.requestlog [req-7a239332-6da8-4e40-8213-1bdc7d6b961b req-fba40a79-3620-44d4-9171-f50eb4a9e461 service placement] 10.222.0.84 "GET /placement/allocations/e0e5dcfe-8bca-4298-9802-5a9dc7ec572e" status: 200 len: 19 microversion: 1.28
Aug 04 13:57:14.231852 n-d-843861-8 devstack@placement-api.service[111669]: [pid: 111669|app: 0|req: 109/214] 10.222.0.84 () {60 vars in 1380 bytes} [Thu Aug 4 13:57:14 2022] GET /placement/allocations/e0e5dcfe-8bca-4298-9802-5a9dc7ec572e => generated 19 bytes in 14 msecs (HTTP/1.1 200) 8 headers in 295 bytes (1 switches on core 0)
Aug 04 13:57:14.239499 n-d-843861-8 devstack@placement-api.service[111670]: DEBUG placement.requestlog [req-7a239332-6da8-4e40-8213-1bdc7d6b961b req-20cb61e7-4c34-4087-b2bc-77df244e7c92 None None] Starting request: 10.222.0.84 "PUT /placement/allocations/e0e5dcfe-8bca-4298-9802-5a9dc7ec572e" {{(pid=111670) __call__ /opt/stack/placement/placement/requestlog.py:55}}
Aug 04 13:57:14.312988 n-d-843861-8 devstack@placement-api.service[111670]: DEBUG placement.handlers.allocation [req-7a239332-6da8-4e40-8213-1bdc7d6b961b req-20cb61e7-4c34-4087-b2bc-77df244e7c92 service placement] Successfully wrote allocations [, , ] {{(pid=111670) _update_consumers_and_create_allocations /opt/stack/placement/placement/handlers/allocation.py:462}}
Aug 04 13:57:14.324921 n-d-843861-8 devstack@placement-api.service[111670]: INFO placement.requestlog [req-7a239332-6da8-4e40-8213-1bdc7d6b961b req-20cb61e7-4c34-4087-b2bc-77df244e7c92 service placement] 10.222.0.84 "PUT /placement/allocations/e0e5dcfe-8bca-4298-9802-5a9dc7ec572e" status: 204 len: 0 microversion: 1.36
Aug 04 13:57:14.326209 n-d-843861-8 devstack@placement-api.service[111670]: [pid: 111670|app: 0|req: 106/215] 10.222.0.84 () {64 vars in 1433 bytes} [Thu Aug 4 13:57:14 2022] PUT /placement/allocations/e0e5dcfe-8bca-4298-9802-5a9dc7ec572e => generated 0 bytes in 87 msecs (HTTP/1.1 204) 5 headers in 199 bytes (1 switches on core 0)
Aug 04 13:57:14.746774 n-d-843861-8 devstack@placement-api.service[111669]: DEBUG placement.requestlog [req-7a239332-6da8-4e40-8213-1bdc7d6b961b req-36ca2922-5a95-4f85-9732-5120e48f3fa7 None None] Starting request: 10.222.0.60 "GET /placement/allocations/e0e5dcfe-8bca-4298-9802-5a9dc7ec572e" {{(pid=111669) __call__ /opt/stack/placement/placement/requestlog.py:55}}
Aug 04 13:57:14.769394 n-d-843861-8 devstack@placement-api.service[111669]: INFO placement.requestlog [req-7a239332-6da8-4e40-8213-1bdc7d6b961b req-36ca2922-5a95-4f85-9732-5120e48f3fa7 service placement] 10.222.0.60 "GET /placement/allocations/e0e5dcfe-8bca-4298-9802-5a9dc7ec572e" status: 200 len: 259 microversion: 1.28
Aug 04 13:57:14.770616 n-d-843861-8 devstack@placement-api.service[111669]: [pid: 111669|app: 0|req: 110/216] 10.222.0.60 () {60 vars in 1377 bytes} [Thu Aug 4 13:57:14 2022] GET /placement/allocations/e0e5dcfe-8bca-4298-9802-5a9dc7ec572e => generated 259 bytes in 24 msecs (HTTP/1.1 200) 8 headers in 296 bytes (2 switches on core 0)
Aug 04 13:57:18.384623 n-d-843861-8 devstack@placement-api.service[111670]: DEBUG placement.requestlog [None req-bf322a0f-fd43-4537-ab4a-3ac663e75115 None None] Starting request: 10.222.0.84 "GET /placement/resource_providers/2d257e5d-038f-4d1f-b8ef-630b04f709b1/aggregates" {{(pid=111670) __call__ /opt/stack/placement/placement/requestlog.py:55}}
Aug 04 13:57:18.399354 n-d-843861-8 devstack@placement-api.service[111670]: INFO placement.requestlog [None req-bf322a0f-fd43-4537-ab4a-3ac663e75115 service placement] 10.222.0.84 "GET /placement/resource_providers/2d257e5d-038f-4d1f-b8ef-630b04f709b1/aggregates" status: 404 len: 235 microversion: 1.1
Aug 04 13:57:18.403871 n-d-843861-8 devstack@placement-api.service[111670]: [pid: 111670|app: 0|req: 107/217] 10.222.0.84 () {58 vars in 1362 bytes} [Thu Aug 4 13:57:18 2022] GET /placement/resource_providers/2d257e5d-038f-4d1f-b8ef-630b04f709b1/aggregates => generated 235 bytes in 18 msecs (HTTP/1.1 404) 5 headers in 202 bytes (1 switches on core 0)
Aug 04 13:57:18.585028 n-d-843861-8 devstack@placement-api.service[111669]: DEBUG placement.requestlog [None req-4a5ce407-d289-4a85-8d42-c7c5dc536bd6 None None] Starting request: 10.222.0.84 "DELETE /placement/resource_providers/2d257e5d-038f-4d1f-b8ef-630b04f709b1" {{(pid=111669) __call__ /opt/stack/placement/placement/requestlog.py:55}}
Aug 04 13:57:18.601615 n-d-843861-8 devstack@placement-api.service[111669]: DEBUG placement.wsgi_wrapper [None req-4a5ce407-d289-4a85-8d42-c7c5dc536bd6 service placement] Placement API returning an error response: No resource provider with uuid 2d257e5d-038f-4d1f-b8ef-630b04f709b1 found for delete {{(pid=111669) call_func /opt/stack/placement/placement/wsgi_wrapper.py:31}}
Aug 04 13:57:18.602534 n-d-843861-8 devstack@placement-api.service[111669]: INFO placement.requestlog [None req-4a5ce407-d289-4a85-8d42-c7c5dc536bd6 service placement] 10.222.0.84 "DELETE /placement/resource_providers/2d257e5d-038f-4d1f-b8ef-630b04f709b1" status: 404 len: 246 microversion: 1.1
Aug 04 13:57:18.603731 n-d-843861-8 devstack@placement-api.service[111669]: [pid: 111669|app: 0|req: 111/218] 10.222.0.84 () {60 vars in 1351 bytes} [Thu Aug 4 13:57:18 2022] DELETE /placement/resource_providers/2d257e5d-038f-4d1f-b8ef-630b04f709b1 => generated 246 bytes in 18 msecs (HTTP/1.1 404) 6 headers in 231 bytes (1 switches on core 0)
Aug 04 13:57:21.083385 n-d-843861-8 devstack@placement-api.service[111670]: DEBUG placement.requestlog [req-c2f94bb2-6e1e-4654-bd8d-93d58540796c req-670f056c-e7fd-48b3-a35a-d45380fc9570 None None] Starting request: 10.222.0.60 "DELETE /placement/allocations/11803c9e-d70f-4cf2-880c-72c00c7eca54" {{(pid=111670) __call__ /opt/stack/placement/placement/requestlog.py:55}}
Aug 04 13:57:21.133011 n-d-843861-8 devstack@placement-api.service[111670]: DEBUG placement.handlers.allocation [req-c2f94bb2-6e1e-4654-bd8d-93d58540796c req-670f056c-e7fd-48b3-a35a-d45380fc9570 service placement] Successfully deleted allocations [, , ] {{(pid=111670) delete_allocations /opt/stack/placement/placement/handlers/allocation.py:627}}
Aug 04 13:57:21.133595 n-d-843861-8 devstack@placement-api.service[111670]: INFO placement.requestlog [req-c2f94bb2-6e1e-4654-bd8d-93d58540796c req-670f056c-e7fd-48b3-a35a-d45380fc9570 service placement] 10.222.0.60 "DELETE /placement/allocations/11803c9e-d70f-4cf2-880c-72c00c7eca54" status: 204 len: 0 microversion: 1.0
Aug 04 13:57:21.134361 n-d-843861-8 devstack@placement-api.service[111670]: [pid: 111670|app: 0|req: 108/219] 10.222.0.60 () {60 vars in 1355 bytes} [Thu Aug 4 13:57:21 2022] DELETE /placement/allocations/11803c9e-d70f-4cf2-880c-72c00c7eca54 => generated 0 bytes in 51 msecs (HTTP/1.1 204) 5 headers in 198 bytes (1 switches on core 0)
Aug 04 13:57:24.333207 n-d-843861-8 devstack@placement-api.service[111669]: DEBUG placement.requestlog [req-83624527-8fb7-4cf6-890a-8687e7156cdc req-51e1b6a0-157b-42d1-88bc-88f89fa589af None None] Starting request: 10.222.0.84 "GET /placement/allocation_candidates?limit=1000&resources=DISK_GB%3A1%2CMEMORY_MB%3A1024%2CVCPU%3A1&root_required=%21COMPUTE_STATUS_DISABLED" {{(pid=111669) __call__ /opt/stack/placement/placement/requestlog.py:55}}
Aug 04 13:57:24.395022 n-d-843861-8 devstack@placement-api.service[111669]: DEBUG placement.objects.research_context [req-83624527-8fb7-4cf6-890a-8687e7156cdc req-51e1b6a0-157b-42d1-88bc-88f89fa589af service placement] getting providers with 1 DISK_GB {{(pid=111669) __init__ /opt/stack/placement/placement/objects/research_context.py:136}}
