Aug 10 17:41:21.014177 n-d-843861-10 devstack@placement-api.service[110042]: DEBUG placement.requestlog [req-009e10f7-5408-43e3-a5c5-3c9f742fa966 req-73dde449-c72a-4907-9e23-34e337dfee96 None None] Starting request: 10.222.0.71 "DELETE /placement/allocations/c6ee2d2b-7488-4cc7-a8ae-398f4c0cbf68" {{(pid=110042) __call__ /opt/stack/placement/placement/requestlog.py:55}}
Aug 10 17:41:21.072797 n-d-843861-10 devstack@placement-api.service[110042]: DEBUG placement.handlers.allocation [req-009e10f7-5408-43e3-a5c5-3c9f742fa966 req-73dde449-c72a-4907-9e23-34e337dfee96 service placement] Successfully deleted allocations [, , ] {{(pid=110042) delete_allocations /opt/stack/placement/placement/handlers/allocation.py:627}}
Aug 10 17:41:21.073361 n-d-843861-10 devstack@placement-api.service[110042]: INFO placement.requestlog [req-009e10f7-5408-43e3-a5c5-3c9f742fa966 req-73dde449-c72a-4907-9e23-34e337dfee96 service placement] 10.222.0.71 "DELETE /placement/allocations/c6ee2d2b-7488-4cc7-a8ae-398f4c0cbf68" status: 204 len: 0 microversion: 1.0
Aug 10 17:41:21.073751 n-d-843861-10 devstack@placement-api.service[110042]: [pid: 110042|app: 0|req: 25/51] 10.222.0.71 () {60 vars in 1355 bytes} [Wed Aug 10 17:41:21 2022] DELETE /placement/allocations/c6ee2d2b-7488-4cc7-a8ae-398f4c0cbf68 => generated 0 bytes in 60 msecs (HTTP/1.1 204) 5 headers in 198 bytes (1 switches on core 0)
Aug 10 17:41:22.900057 n-d-843861-10 devstack@placement-api.service[110041]: DEBUG placement.requestlog [req-c2988919-f4d4-40e3-8c77-e0bdeb7cd227 req-90061008-9c24-4489-af7a-fdea1bd2935e None None] Starting request: 10.222.0.73 "GET /placement/allocation_candidates?limit=1000&resources=DISK_GB%3A1%2CMEMORY_MB%3A1024%2CVCPU%3A1&root_required=%21COMPUTE_STATUS_DISABLED" {{(pid=110041) __call__ /opt/stack/placement/placement/requestlog.py:55}}
Aug 10 17:41:22.995138 n-d-843861-10 devstack@placement-api.service[110041]: DEBUG placement.objects.research_context [req-c2988919-f4d4-40e3-8c77-e0bdeb7cd227 req-90061008-9c24-4489-af7a-fdea1bd2935e service placement] getting providers with 1 DISK_GB {{(pid=110041) __init__ /opt/stack/placement/placement/objects/research_context.py:136}}
Aug 10 17:41:23.006125 n-d-843861-10 devstack@placement-api.service[110041]: DEBUG placement.objects.research_context [req-c2988919-f4d4-40e3-8c77-e0bdeb7cd227 req-90061008-9c24-4489-af7a-fdea1bd2935e service placement] getting providers with 1024 MEMORY_MB {{(pid=110041) __init__ /opt/stack/placement/placement/objects/research_context.py:136}}
Aug 10 17:41:23.012159 n-d-843861-10 devstack@placement-api.service[110041]: DEBUG placement.objects.research_context [req-c2988919-f4d4-40e3-8c77-e0bdeb7cd227 req-90061008-9c24-4489-af7a-fdea1bd2935e service placement] getting providers with 1 VCPU {{(pid=110041) __init__ /opt/stack/placement/placement/objects/research_context.py:136}}
Aug 10 17:41:23.022421 n-d-843861-10 devstack@placement-api.service[110041]: DEBUG placement.objects.research_context [req-c2988919-f4d4-40e3-8c77-e0bdeb7cd227 req-90061008-9c24-4489-af7a-fdea1bd2935e service placement] found 2 providers with available 1 DISK_GB {{(pid=110041) get_provider_ids_matching /opt/stack/placement/placement/objects/research_context.py:563}}
Aug 10 17:41:23.023667 n-d-843861-10 devstack@placement-api.service[110041]: DEBUG placement.objects.research_context [req-c2988919-f4d4-40e3-8c77-e0bdeb7cd227 req-90061008-9c24-4489-af7a-fdea1bd2935e service placement] found 2 providers with available 1024 MEMORY_MB {{(pid=110041) get_provider_ids_matching /opt/stack/placement/placement/objects/research_context.py:563}}
Aug 10 17:41:23.023979 n-d-843861-10 devstack@placement-api.service[110041]: DEBUG placement.objects.research_context [req-c2988919-f4d4-40e3-8c77-e0bdeb7cd227 req-90061008-9c24-4489-af7a-fdea1bd2935e service placement] found 2 providers after filtering by previous result {{(pid=110041) get_provider_ids_matching /opt/stack/placement/placement/objects/research_context.py:594}}
Aug 10 17:41:23.024202 n-d-843861-10 devstack@placement-api.service[110041]: DEBUG placement.objects.research_context [req-c2988919-f4d4-40e3-8c77-e0bdeb7cd227 req-90061008-9c24-4489-af7a-fdea1bd2935e service placement] found 2 providers with available 1 VCPU {{(pid=110041) get_provider_ids_matching /opt/stack/placement/placement/objects/research_context.py:563}}
Aug 10 17:41:23.024493 n-d-843861-10 devstack@placement-api.service[110041]: DEBUG placement.objects.research_context [req-c2988919-f4d4-40e3-8c77-e0bdeb7cd227 req-90061008-9c24-4489-af7a-fdea1bd2935e service placement] found 2 providers after filtering by previous result {{(pid=110041) get_provider_ids_matching /opt/stack/placement/placement/objects/research_context.py:594}}
Aug 10 17:41:23.053651 n-d-843861-10 devstack@placement-api.service[110041]: DEBUG placement.objects.allocation_candidate [req-c2988919-f4d4-40e3-8c77-e0bdeb7cd227 req-90061008-9c24-4489-af7a-fdea1bd2935e service placement] RequestGroup(use_same_provider=False, resources={DISK_GB:1, MEMORY_MB:1024, VCPU:1}, traits=(), aggregates=[]) (suffix '') returned 2 matches {{(pid=110041) _get_by_requests /opt/stack/placement/placement/objects/allocation_candidate.py:156}}
Aug 10 17:41:23.053651 n-d-843861-10 devstack@placement-api.service[110041]: DEBUG placement.objects.allocation_candidate [req-c2988919-f4d4-40e3-8c77-e0bdeb7cd227 req-90061008-9c24-4489-af7a-fdea1bd2935e service placement] Merging candidates yields 2 allocation requests and 2 provider summaries {{(pid=110041) _merge_candidates /opt/stack/placement/placement/objects/allocation_candidate.py:809}}
Aug 10 17:41:23.056957 n-d-843861-10 devstack@placement-api.service[110041]: INFO placement.requestlog [req-c2988919-f4d4-40e3-8c77-e0bdeb7cd227 req-90061008-9c24-4489-af7a-fdea1bd2935e service placement] 10.222.0.73 "GET /placement/allocation_candidates?limit=1000&resources=DISK_GB%3A1%2CMEMORY_MB%3A1024%2CVCPU%3A1&root_required=%21COMPUTE_STATUS_DISABLED" status: 200 len: 1309 microversion: 1.36
Aug 10 17:41:23.057658 n-d-843861-10 devstack@placement-api.service[110041]: [pid: 110041|app: 0|req: 27/52] 10.222.0.73 () {60 vars in 1506 bytes} [Wed Aug 10 17:41:22 2022] GET /placement/allocation_candidates?limit=1000&resources=DISK_GB%3A1%2CMEMORY_MB%3A1024%2CVCPU%3A1&root_required=%21COMPUTE_STATUS_DISABLED => generated 1309 bytes in 158 msecs (HTTP/1.1 200) 8 headers in 297 bytes (1 switches on core 0)
Aug 10 17:41:23.197491 n-d-843861-10 devstack@placement-api.service[110042]: DEBUG placement.requestlog [req-c2988919-f4d4-40e3-8c77-e0bdeb7cd227 req-23d0b381-cdeb-4d76-b9d6-7e52e010d2f5 None None] Starting request: 10.222.0.73 "GET /placement/allocations/c010d508-5c7b-4cef-8a3e-d57c51667b7d" {{(pid=110042) __call__ /opt/stack/placement/placement/requestlog.py:55}}
Aug 10 17:41:23.212452 n-d-843861-10 devstack@placement-api.service[110042]: INFO placement.requestlog [req-c2988919-f4d4-40e3-8c77-e0bdeb7cd227 req-23d0b381-cdeb-4d76-b9d6-7e52e010d2f5 service placement] 10.222.0.73 "GET /placement/allocations/c010d508-5c7b-4cef-8a3e-d57c51667b7d" status: 200 len: 19 microversion: 1.28
Aug 10 17:41:23.213543 n-d-843861-10 devstack@placement-api.service[110042]: [pid: 110042|app: 0|req: 26/53] 10.222.0.73 () {60 vars in 1380 bytes} [Wed Aug 10 17:41:23 2022] GET /placement/allocations/c010d508-5c7b-4cef-8a3e-d57c51667b7d => generated 19 bytes in 16 msecs (HTTP/1.1 200) 8 headers in 295 bytes (1 switches on core 0)
Aug 10 17:41:23.223356 n-d-843861-10 devstack@placement-api.service[110041]: DEBUG placement.requestlog [req-c2988919-f4d4-40e3-8c77-e0bdeb7cd227 req-6e0047b3-b11b-4726-81fb-8f90033c57a9 None None] Starting request: 10.222.0.73 "PUT /placement/allocations/c010d508-5c7b-4cef-8a3e-d57c51667b7d" {{(pid=110041) __call__ /opt/stack/placement/placement/requestlog.py:55}}
Aug 10 17:41:23.410479 n-d-843861-10 devstack@placement-api.service[110041]: DEBUG placement.handlers.allocation [req-c2988919-f4d4-40e3-8c77-e0bdeb7cd227 req-6e0047b3-b11b-4726-81fb-8f90033c57a9 service placement] Successfully wrote allocations [, , ] {{(pid=110041) _update_consumers_and_create_allocations /opt/stack/placement/placement/handlers/allocation.py:462}}
Aug 10 17:41:23.416179 n-d-843861-10 devstack@placement-api.service[110041]: INFO placement.requestlog [req-c2988919-f4d4-40e3-8c77-e0bdeb7cd227 req-6e0047b3-b11b-4726-81fb-8f90033c57a9 service placement] 10.222.0.73 "PUT /placement/allocations/c010d508-5c7b-4cef-8a3e-d57c51667b7d" status: 204 len: 0 microversion: 1.36
Aug 10 17:41:23.417194 n-d-843861-10 devstack@placement-api.service[110041]: [pid: 110041|app: 0|req: 28/54] 10.222.0.73 () {64 vars in 1433 bytes} [Wed Aug 10 17:41:23 2022] PUT /placement/allocations/c010d508-5c7b-4cef-8a3e-d57c51667b7d => generated 0 bytes in 194 msecs (HTTP/1.1 204) 5 headers in 199 bytes (1 switches on core 0)
Aug 10 17:41:23.868671 n-d-843861-10 devstack@placement-api.service[110042]: DEBUG placement.requestlog [req-e7285484-a1e2-46e4-be31-15c05eb0c3c1 req-391d677b-28df-4ec0-a908-ea24ef62484b None None] Starting request: 10.222.0.71 "DELETE /placement/allocations/93d087e5-6db2-4a99-b5df-f25e8907edbb" {{(pid=110042) __call__ /opt/stack/placement/placement/requestlog.py:55}}
Aug 10 17:41:23.920404 n-d-843861-10 devstack@placement-api.service[110042]: DEBUG placement.handlers.allocation [req-e7285484-a1e2-46e4-be31-15c05eb0c3c1 req-391d677b-28df-4ec0-a908-ea24ef62484b service placement] Successfully deleted allocations [, , ] {{(pid=110042) delete_allocations /opt/stack/placement/placement/handlers/allocation.py:627}}
Aug 10 17:41:23.920888 n-d-843861-10 devstack@placement-api.service[110042]: INFO placement.requestlog [req-e7285484-a1e2-46e4-be31-15c05eb0c3c1 req-391d677b-28df-4ec0-a908-ea24ef62484b service placement] 10.222.0.71 "DELETE /placement/allocations/93d087e5-6db2-4a99-b5df-f25e8907edbb" status: 204 len: 0 microversion: 1.0
Aug 10 17:41:23.921650 n-d-843861-10 devstack@placement-api.service[110042]: [pid: 110042|app: 0|req: 27/55] 10.222.0.71 () {60 vars in 1355 bytes} [Wed Aug 10 17:41:23 2022] DELETE /placement/allocations/93d087e5-6db2-4a99-b5df-f25e8907edbb => generated 0 bytes in 53 msecs (HTTP/1.1 204) 5 headers in 198 bytes (1 switches on core 0)
Aug 10 17:41:24.139134 n-d-843861-10 devstack@placement-api.service[110041]: DEBUG placement.requestlog [req-c2988919-f4d4-40e3-8c77-e0bdeb7cd227 req-49fd7a6e-8303-46a8-ac3b-8d1cb042222b None None] Starting request: 10.222.0.71 "GET /placement/allocations/c010d508-5c7b-4cef-8a3e-d57c51667b7d" {{(pid=110041) __call__ /opt/stack/placement/placement/requestlog.py:55}}
Aug 10 17:41:24.163490 n-d-843861-10 devstack@placement-api.service[110041]: INFO placement.requestlog [req-c2988919-f4d4-40e3-8c77-e0bdeb7cd227 req-49fd7a6e-8303-46a8-ac3b-8d1cb042222b service placement] 10.222.0.71 "GET /placement/allocations/c010d508-5c7b-4cef-8a3e-d57c51667b7d" status: 200 len: 258 microversion: 1.28
Aug 10 17:41:24.165442 n-d-843861-10 devstack@placement-api.service[110041]: [pid: 110041|app: 0|req: 29/56] 10.222.0.71 () {60 vars in 1377 bytes} [Wed Aug 10 17:41:24 2022] GET /placement/allocations/c010d508-5c7b-4cef-8a3e-d57c51667b7d => generated 258 bytes in 26 msecs (HTTP/1.1 200) 8 headers in 296 bytes (1 switches on core 0)
Aug 10 17:41:24.418169 n-d-843861-10 devstack@placement-api.service[110042]: DEBUG placement.requestlog [req-c9e268f6-82ab-44c8-b10a-51295170ac34 req-7f2fab74-62a9-45cc-a003-9129d4f96205 None None] Starting request: 10.222.0.73 "GET /placement/resource_providers?name=n-h1-843861-10" {{(pid=110042) __call__ /opt/stack/placement/placement/requestlog.py:55}}
Aug 10 17:41:24.449388 n-d-843861-10 devstack@placement-api.service[110042]: INFO placement.requestlog [req-c9e268f6-82ab-44c8-b10a-51295170ac34 req-7f2fab74-62a9-45cc-a003-9129d4f96205 service placement] 10.222.0.73 "GET /placement/resource_providers?name=n-h1-843861-10" status: 200 len: 441 microversion: 1.0
Aug 10 17:41:24.461023 n-d-843861-10 devstack@placement-api.service[110042]: [pid: 110042|app: 0|req: 28/57] 10.222.0.73 () {58 vars in 1276 bytes} [Wed Aug 10 17:41:24 2022] GET /placement/resource_providers?name=n-h1-843861-10 => generated 441 bytes in 41 msecs (HTTP/1.1 200) 6 headers in 224 bytes (1 switches on core 0)
Aug 10 17:41:24.463080 n-d-843861-10 devstack@placement-api.service[110041]: DEBUG placement.requestlog [req-c9e268f6-82ab-44c8-b10a-51295170ac34 req-0725ade5-9844-4c1b-8ec6-b06a774f2a73 None None] Starting request: 10.222.0.73 "GET /placement/resource_providers/fff9dde0-8245-41b3-9eef-84ba1ff8d7bb/aggregates" {{(pid=110041) __call__ /opt/stack/placement/placement/requestlog.py:55}}
Aug 10 17:41:24.490692 n-d-843861-10 devstack@placement-api.service[110041]: INFO placement.requestlog [req-c9e268f6-82ab-44c8-b10a-51295170ac34 req-0725ade5-9844-4c1b-8ec6-b06a774f2a73 service placement] 10.222.0.73 "GET /placement/resource_providers/fff9dde0-8245-41b3-9eef-84ba1ff8d7bb/aggregates" status: 200 len: 91 microversion: 1.19
Aug 10 17:41:24.491798 n-d-843861-10 devstack@placement-api.service[110041]: [pid: 110041|app: 0|req: 30/58] 10.222.0.73 () {60 vars in 1425 bytes} [Wed Aug 10 17:41:24 2022] GET /placement/resource_providers/fff9dde0-8245-41b3-9eef-84ba1ff8d7bb/aggregates => generated 91 bytes in 30 msecs (HTTP/1.1 200) 8 headers in 295 bytes (2 switches on core 0)
Aug 10 17:41:24.507227 n-d-843861-10 devstack@placement-api.service[110042]: DEBUG placement.requestlog [req-c9e268f6-82ab-44c8-b10a-51295170ac34 req-d43be3b9-c540-4274-8f7d-52a57c4e3bcc None None] Starting request: 10.222.0.73 "PUT /placement/resource_providers/fff9dde0-8245-41b3-9eef-84ba1ff8d7bb/aggregates" {{(pid=110042) __call__ /opt/stack/placement/placement/requestlog.py:55}}
Aug 10 17:41:24.534081 n-d-843861-10 devstack@placement-api.service[110042]: DEBUG dbcounter [-] [110042] Writing DB stats placement:SELECT=76,placement:INSERT=12,placement:DELETE=8,placement:UPDATE=4 {{(pid=110042) stat_writer /usr/local/lib/python3.8/dist-packages/dbcounter.py:114}}
Aug 10 17:41:24.537888 n-d-843861-10 devstack@placement-api.service[110042]: DEBUG placement.objects.resource_provider [req-c9e268f6-82ab-44c8-b10a-51295170ac34 req-d43be3b9-c540-4274-8f7d-52a57c4e3bcc service placement] Setting aggregates for provider fff9dde0-8245-41b3-9eef-84ba1ff8d7bb. Successfully disassociated aggregate 599839bb-7c82-4e86-88db-f120c4f76084. {{(pid=110042) _set_aggregates /opt/stack/placement/placement/objects/resource_provider.py:404}}
Aug 10 17:41:24.544566 n-d-843861-10 devstack@placement-api.service[110042]: INFO placement.requestlog [req-c9e268f6-82ab-44c8-b10a-51295170ac34 req-d43be3b9-c540-4274-8f7d-52a57c4e3bcc service placement] 10.222.0.73 "PUT /placement/resource_providers/fff9dde0-8245-41b3-9eef-84ba1ff8d7bb/aggregates" status: 200 len: 53 microversion: 1.19
Aug 10 17:41:24.546706 n-d-843861-10 devstack@placement-api.service[110042]: [pid: 110042|app: 0|req: 29/59] 10.222.0.73 () {64 vars in 1477 bytes} [Wed Aug 10 17:41:24 2022] PUT /placement/resource_providers/fff9dde0-8245-41b3-9eef-84ba1ff8d7bb/aggregates => generated 53 bytes in 39 msecs (HTTP/1.1 200) 8 headers in 295 bytes (1 switches on core 0)
Aug 10 17:41:25.069277 n-d-843861-10 devstack@placement-api.service[110041]: DEBUG placement.requestlog [req-0cf6d35e-8823-41d0-915c-6f198465b139 req-d2251029-be09-4c65-8267-b03150e806b1 None None] Starting request: 10.222.0.73 "GET /placement/resource_providers?name=n-h1-843861-10" {{(pid=110041) __call__ /opt/stack/placement/placement/requestlog.py:55}}
Aug 10 17:41:25.104088 n-d-843861-10 devstack@placement-api.service[110041]: INFO placement.requestlog [req-0cf6d35e-8823-41d0-915c-6f198465b139 req-d2251029-be09-4c65-8267-b03150e806b1 service placement] 10.222.0.73 "GET /placement/resource_providers?name=n-h1-843861-10" status: 200 len: 441 microversion: 1.0
Aug 10 17:41:25.105151 n-d-843861-10 devstack@placement-api.service[110041]: [pid: 110041|app: 0|req: 31/60] 10.222.0.73 () {58 vars in 1276 bytes} [Wed Aug 10 17:41:25 2022] GET /placement/resource_providers?name=n-h1-843861-10 => generated 441 bytes in 36 msecs (HTTP/1.1 200) 6 headers in 224 bytes (1 switches on core 0)
Aug 10 17:41:25.118158 n-d-843861-10 devstack@placement-api.service[110042]: DEBUG placement.requestlog [req-0cf6d35e-8823-41d0-915c-6f198465b139 req-76929f70-2b4f-42fa-9ec7-7030081c934d None None] Starting request: 10.222.0.73 "GET /placement/resource_providers/fff9dde0-8245-41b3-9eef-84ba1ff8d7bb/aggregates" {{(pid=110042) __call__ /opt/stack/placement/placement/requestlog.py:55}}
Aug 10 17:41:25.134932 n-d-843861-10 devstack@placement-api.service[110042]: INFO placement.requestlog [req-0cf6d35e-8823-41d0-915c-6f198465b139 req-76929f70-2b4f-42fa-9ec7-7030081c934d service placement] 10.222.0.73 "GET /placement/resource_providers/fff9dde0-8245-41b3-9eef-84ba1ff8d7bb/aggregates" status: 200 len: 53 microversion: 1.19
Aug 10 17:41:25.135339 n-d-843861-10 devstack@placement-api.service[110042]: [pid: 110042|app: 0|req: 30/61] 10.222.0.73 () {60 vars in 1425 bytes} [Wed Aug 10 17:41:25 2022] GET /placement/resource_providers/fff9dde0-8245-41b3-9eef-84ba1ff8d7bb/aggregates => generated 53 bytes in 18 msecs (HTTP/1.1 200) 8 headers in 295 bytes (2 switches on core 0)
Aug 10 17:41:25.142688 n-d-843861-10 devstack@placement-api.service[110041]: DEBUG placement.requestlog [req-0cf6d35e-8823-41d0-915c-6f198465b139 req-cec0de85-56b4-4fb8-bae9-e61ba02edf7c None None] Starting request: 10.222.0.73 "PUT /placement/resource_providers/fff9dde0-8245-41b3-9eef-84ba1ff8d7bb/aggregates" {{(pid=110041) __call__ /opt/stack/placement/placement/requestlog.py:55}}
Aug 10 17:41:25.164395 n-d-843861-10 devstack@placement-api.service[110041]: DEBUG placement.objects.resource_provider [req-0cf6d35e-8823-41d0-915c-6f198465b139 req-cec0de85-56b4-4fb8-bae9-e61ba02edf7c service placement] _ensure_aggregate() did not find aggregate 645c0383-3c2e-473c-b3f0-2adfb6290abb. Attempting to create it. {{(pid=110041) _ensure_aggregate /opt/stack/placement/placement/objects/resource_provider.py:321}}
Aug 10 17:41:25.166001 n-d-843861-10 devstack@placement-api.service[110041]: DEBUG placement.objects.resource_provider [req-0cf6d35e-8823-41d0-915c-6f198465b139 req-cec0de85-56b4-4fb8-bae9-e61ba02edf7c service placement] _ensure_aggregate() created new aggregate 645c0383-3c2e-473c-b3f0-2adfb6290abb (id=2). {{(pid=110041) _ensure_aggregate /opt/stack/placement/placement/objects/resource_provider.py:327}}
Aug 10 17:41:25.167915 n-d-843861-10 devstack@placement-api.service[110041]: DEBUG placement.objects.resource_provider [req-0cf6d35e-8823-41d0-915c-6f198465b139 req-cec0de85-56b4-4fb8-bae9-e61ba02edf7c service placement] Setting aggregates for provider fff9dde0-8245-41b3-9eef-84ba1ff8d7bb. Successfully associated aggregate 645c0383-3c2e-473c-b3f0-2adfb6290abb. {{(pid=110041) _set_aggregates /opt/stack/placement/placement/objects/resource_provider.py:389}}
Aug 10 17:41:25.173579 n-d-843861-10 devstack@placement-api.service[110041]: INFO placement.requestlog [req-0cf6d35e-8823-41d0-915c-6f198465b139 req-cec0de85-56b4-4fb8-bae9-e61ba02edf7c service placement] 10.222.0.73 "PUT /placement/resource_providers/fff9dde0-8245-41b3-9eef-84ba1ff8d7bb/aggregates" status: 200 len: 91 microversion: 1.19
Aug 10 17:41:25.174598 n-d-843861-10 devstack@placement-api.service[110041]: [pid: 110041|app: 0|req: 32/62] 10.222.0.73 () {64 vars in 1477 bytes} [Wed Aug 10 17:41:25 2022] PUT /placement/resource_providers/fff9dde0-8245-41b3-9eef-84ba1ff8d7bb/aggregates => generated 91 bytes in 33 msecs (HTTP/1.1 200) 8 headers in 295 bytes (1 switches on core 0)
Aug 10 17:41:25.243262 n-d-843861-10 devstack@placement-api.service[110042]: DEBUG placement.requestlog [req-a3a6e7d8-567c-4c3b-8984-0e71bbf12bb3 req-c5130dad-6cb2-4980-8f2b-3d0b71bd7bb9 None None] Starting request: 10.222.0.73 "GET /placement/resource_providers?name=n-h1-843861-10" {{(pid=110042) __call__ /opt/stack/placement/placement/requestlog.py:55}}
Aug 10 17:41:25.258879 n-d-843861-10 devstack@placement-api.service[110042]: INFO placement.requestlog [req-a3a6e7d8-567c-4c3b-8984-0e71bbf12bb3 req-c5130dad-6cb2-4980-8f2b-3d0b71bd7bb9 service placement] 10.222.0.73 "GET /placement/resource_providers?name=n-h1-843861-10" status: 200 len: 441 microversion: 1.0
Aug 10 17:41:25.259560 n-d-843861-10 devstack@placement-api.service[110042]: [pid: 110042|app: 0|req: 31/63] 10.222.0.73 () {58 vars in 1276 bytes} [Wed Aug 10 17:41:25 2022] GET /placement/resource_providers?name=n-h1-843861-10 => generated 441 bytes in 17 msecs (HTTP/1.1 200) 6 headers in 224 bytes (1 switches on core 0)
Aug 10 17:41:25.266133 n-d-843861-10 devstack@placement-api.service[110041]: DEBUG placement.requestlog [req-a3a6e7d8-567c-4c3b-8984-0e71bbf12bb3 req-21b75849-9911-48f4-823a-5d56d917d49a None None] Starting request: 10.222.0.73 "GET /placement/resource_providers/fff9dde0-8245-41b3-9eef-84ba1ff8d7bb/aggregates" {{(pid=110041) __call__ /opt/stack/placement/placement/requestlog.py:55}}
Aug 10 17:41:25.280143 n-d-843861-10 devstack@placement-api.service[110041]: INFO placement.requestlog [req-a3a6e7d8-567c-4c3b-8984-0e71bbf12bb3 req-21b75849-9911-48f4-823a-5d56d917d49a service placement] 10.222.0.73 "GET /placement/resource_providers/fff9dde0-8245-41b3-9eef-84ba1ff8d7bb/aggregates" status: 200 len: 91 microversion: 1.19
Aug 10 17:41:25.280616 n-d-843861-10 devstack@placement-api.service[110041]: [pid: 110041|app: 0|req: 33/64] 10.222.0.73 () {60 vars in 1425 bytes} [Wed Aug 10 17:41:25 2022] GET /placement/resource_providers/fff9dde0-8245-41b3-9eef-84ba1ff8d7bb/aggregates => generated 91 bytes in 15 msecs (HTTP/1.1 200) 8 headers in 295 bytes (2 switches on core 0)
Aug 10 17:41:25.291797 n-d-843861-10 devstack@placement-api.service[110042]: DEBUG placement.requestlog [req-a3a6e7d8-567c-4c3b-8984-0e71bbf12bb3 req-8dec1c71-6348-4df0-9f0f-11beebaf1278 None None] Starting request: 10.222.0.73 "PUT /placement/resource_providers/fff9dde0-8245-41b3-9eef-84ba1ff8d7bb/aggregates" {{(pid=110042) __call__ /opt/stack/placement/placement/requestlog.py:55}}
Aug 10 17:41:25.317076 n-d-843861-10 devstack@placement-api.service[110042]: DEBUG placement.objects.resource_provider [req-a3a6e7d8-567c-4c3b-8984-0e71bbf12bb3 req-8dec1c71-6348-4df0-9f0f-11beebaf1278 service placement] Setting aggregates for provider fff9dde0-8245-41b3-9eef-84ba1ff8d7bb. Successfully disassociated aggregate 645c0383-3c2e-473c-b3f0-2adfb6290abb. {{(pid=110042) _set_aggregates /opt/stack/placement/placement/objects/resource_provider.py:404}}
Aug 10 17:41:25.326305 n-d-843861-10 devstack@placement-api.service[110042]: INFO placement.requestlog [req-a3a6e7d8-567c-4c3b-8984-0e71bbf12bb3 req-8dec1c71-6348-4df0-9f0f-11beebaf1278 service placement] 10.222.0.73 "PUT /placement/resource_providers/fff9dde0-8245-41b3-9eef-84ba1ff8d7bb/aggregates" status: 200 len: 54 microversion: 1.19
Aug 10 17:41:25.327090 n-d-843861-10 devstack@placement-api.service[110042]: [pid: 110042|app: 0|req: 32/65] 10.222.0.73 () {64 vars in 1477 bytes} [Wed Aug 10 17:41:25 2022] PUT /placement/resource_providers/fff9dde0-8245-41b3-9eef-84ba1ff8d7bb/aggregates => generated 54 bytes in 36 msecs (HTTP/1.1 200) 8 headers in 295 bytes (1 switches on core 0)
Aug 10 17:41:25.729358 n-d-843861-10 devstack@placement-api.service[110041]: DEBUG placement.requestlog [req-667b4ed1-c7cc-4ae7-b93b-b73b5673ac2c req-f4903fd4-bc6d-4204-b03f-3d236eac01b1 None None] Starting request: 10.222.0.73 "GET /placement/resource_providers?name=n-h1-843861-10" {{(pid=110041) __call__ /opt/stack/placement/placement/requestlog.py:55}}
Aug 10 17:41:25.747327 n-d-843861-10 devstack@placement-api.service[110041]: INFO placement.requestlog [req-667b4ed1-c7cc-4ae7-b93b-b73b5673ac2c req-f4903fd4-bc6d-4204-b03f-3d236eac01b1 service placement] 10.222.0.73 "GET /placement/resource_providers?name=n-h1-843861-10" status: 200 len: 442 microversion: 1.0
Aug 10 17:41:25.748522 n-d-843861-10 devstack@placement-api.service[110041]: [pid: 110041|app: 0|req: 34/66] 10.222.0.73 () {58 vars in 1276 bytes} [Wed Aug 10 17:41:25 2022] GET /placement/resource_providers?name=n-h1-843861-10 => generated 442 bytes in 19 msecs (HTTP/1.1 200) 6 headers in 224 bytes (1 switches on core 0)
Aug 10 17:41:25.759159 n-d-843861-10 devstack@placement-api.service[110042]: DEBUG placement.requestlog [req-667b4ed1-c7cc-4ae7-b93b-b73b5673ac2c req-7ab8845b-2f8e-45f8-96f4-d0a90495106d None None] Starting request: 10.222.0.73 "GET /placement/resource_providers/fff9dde0-8245-41b3-9eef-84ba1ff8d7bb/aggregates" {{(pid=110042) __call__ /opt/stack/placement/placement/requestlog.py:55}}
Aug 10 17:41:25.780815 n-d-843861-10 devstack@placement-api.service[110042]: INFO placement.requestlog [req-667b4ed1-c7cc-4ae7-b93b-b73b5673ac2c req-7ab8845b-2f8e-45f8-96f4-d0a90495106d service placement] 10.222.0.73 "GET /placement/resource_providers/fff9dde0-8245-41b3-9eef-84ba1ff8d7bb/aggregates" status: 200 len: 54 microversion: 1.19
Aug 10 17:41:25.781669 n-d-843861-10 devstack@placement-api.service[110042]: [pid: 110042|app: 0|req: 33/67] 10.222.0.73 () {60 vars in 1425 bytes} [Wed Aug 10 17:41:25 2022] GET /placement/resource_providers/fff9dde0-8245-41b3-9eef-84ba1ff8d7bb/aggregates => generated 54 bytes in 23 msecs (HTTP/1.1 200) 8 headers in 295 bytes (2 switches on core 0)
Aug 10 17:41:25.793157 n-d-843861-10 devstack@placement-api.service[110041]: DEBUG placement.requestlog [req-667b4ed1-c7cc-4ae7-b93b-b73b5673ac2c req-c5045818-e941-422c-85f7-ac015139a813 None None] Starting request: 10.222.0.73 "PUT /placement/resource_providers/fff9dde0-8245-41b3-9eef-84ba1ff8d7bb/aggregates" {{(pid=110041) __call__ /opt/stack/placement/placement/requestlog.py:55}}
Aug 10 17:41:25.814968 n-d-843861-10 devstack@placement-api.service[110041]: DEBUG placement.objects.resource_provider [req-667b4ed1-c7cc-4ae7-b93b-b73b5673ac2c req-c5045818-e941-422c-85f7-ac015139a813 service placement] _ensure_aggregate() did not find aggregate b008b224-cc97-4af6-b555-87149ad864bb. Attempting to create it. {{(pid=110041) _ensure_aggregate /opt/stack/placement/placement/objects/resource_provider.py:321}}
Aug 10 17:41:25.816694 n-d-843861-10 devstack@placement-api.service[110041]: DEBUG placement.objects.resource_provider [req-667b4ed1-c7cc-4ae7-b93b-b73b5673ac2c req-c5045818-e941-422c-85f7-ac015139a813 service placement] _ensure_aggregate() created new aggregate b008b224-cc97-4af6-b555-87149ad864bb (id=3). {{(pid=110041) _ensure_aggregate /opt/stack/placement/placement/objects/resource_provider.py:327}}
Aug 10 17:41:25.818367 n-d-843861-10 devstack@placement-api.service[110041]: DEBUG placement.objects.resource_provider [req-667b4ed1-c7cc-4ae7-b93b-b73b5673ac2c req-c5045818-e941-422c-85f7-ac015139a813 service placement] Setting aggregates for provider fff9dde0-8245-41b3-9eef-84ba1ff8d7bb. Successfully associated aggregate b008b224-cc97-4af6-b555-87149ad864bb. {{(pid=110041) _set_aggregates /opt/stack/placement/placement/objects/resource_provider.py:389}}
Aug 10 17:41:25.827118 n-d-843861-10 devstack@placement-api.service[110041]: INFO placement.requestlog [req-667b4ed1-c7cc-4ae7-b93b-b73b5673ac2c req-c5045818-e941-422c-85f7-ac015139a813 service placement] 10.222.0.73 "PUT /placement/resource_providers/fff9dde0-8245-41b3-9eef-84ba1ff8d7bb/aggregates" status: 200 len: 92 microversion: 1.19
Aug 10 17:41:25.827118 n-d-843861-10 devstack@placement-api.service[110041]: [pid: 110041|app: 0|req: 35/68] 10.222.0.73 () {64 vars in 1477 bytes} [Wed Aug 10 17:41:25 2022] PUT /placement/resource_providers/fff9dde0-8245-41b3-9eef-84ba1ff8d7bb/aggregates => generated 92 bytes in 34 msecs (HTTP/1.1 200) 8 headers in 295 bytes (1 switches on core 0)
Aug 10 17:41:25.910443 n-d-843861-10 devstack@placement-api.service[110042]: DEBUG placement.requestlog [req-b7bdbf9f-e3d9-43ad-9c7b-322650226a02 req-a94560ee-037b-47f5-a5c8-25285eadb2c7 None None] Starting request: 10.222.0.73 "GET /placement/resource_providers?name=n-h1-843861-10" {{(pid=110042) __call__ /opt/stack/placement/placement/requestlog.py:55}}
Aug 10 17:41:25.926386 n-d-843861-10 devstack@placement-api.service[110042]: INFO placement.requestlog [req-b7bdbf9f-e3d9-43ad-9c7b-322650226a02 req-a94560ee-037b-47f5-a5c8-25285eadb2c7 service placement] 10.222.0.73 "GET /placement/resource_providers?name=n-h1-843861-10" status: 200 len: 442 microversion: 1.0
Aug 10 17:41:25.927112 n-d-843861-10 devstack@placement-api.service[110042]: [pid: 110042|app: 0|req: 34/69] 10.222.0.73 () {58 vars in 1276 bytes} [Wed Aug 10 17:41:25 2022] GET /placement/resource_providers?name=n-h1-843861-10 => generated 442 bytes in 17 msecs (HTTP/1.1 200) 6 headers in 224 bytes (1 switches on core 0)
Aug 10 17:41:25.934062 n-d-843861-10 devstack@placement-api.service[110041]: DEBUG placement.requestlog [req-b7bdbf9f-e3d9-43ad-9c7b-322650226a02 req-41ad0887-27d5-488c-b3c4-d4b297b32ae3 None None] Starting request: 10.222.0.73 "GET /placement/resource_providers/fff9dde0-8245-41b3-9eef-84ba1ff8d7bb/aggregates" {{(pid=110041) __call__ /opt/stack/placement/placement/requestlog.py:55}}
Aug 10 17:41:25.953942 n-d-843861-10 devstack@placement-api.service[110041]: INFO placement.requestlog [req-b7bdbf9f-e3d9-43ad-9c7b-322650226a02 req-41ad0887-27d5-488c-b3c4-d4b297b32ae3 service placement] 10.222.0.73 "GET /placement/resource_providers/fff9dde0-8245-41b3-9eef-84ba1ff8d7bb/aggregates" status: 200 len: 92 microversion: 1.19
Aug 10 17:41:25.956829 n-d-843861-10 devstack@placement-api.service[110041]: [pid: 110041|app: 0|req: 36/70] 10.222.0.73 () {60 vars in 1425 bytes} [Wed Aug 10 17:41:25 2022] GET /placement/resource_providers/fff9dde0-8245-41b3-9eef-84ba1ff8d7bb/aggregates => generated 92 bytes in 23 msecs (HTTP/1.1 200) 8 headers in 295 bytes (1 switches on core 0)
Aug 10 17:41:25.962074 n-d-843861-10 devstack@placement-api.service[110042]: DEBUG placement.requestlog [req-b7bdbf9f-e3d9-43ad-9c7b-322650226a02 req-a78a3e44-2ad4-4344-8faa-37cdb3973264 None None] Starting request: 10.222.0.73 "PUT /placement/resource_providers/fff9dde0-8245-41b3-9eef-84ba1ff8d7bb/aggregates" {{(pid=110042) __call__ /opt/stack/placement/placement/requestlog.py:55}}
Aug 10 17:41:25.983794 n-d-843861-10 devstack@placement-api.service[110042]: DEBUG placement.objects.resource_provider [req-b7bdbf9f-e3d9-43ad-9c7b-322650226a02 req-a78a3e44-2ad4-4344-8faa-37cdb3973264 service placement] Setting aggregates for provider fff9dde0-8245-41b3-9eef-84ba1ff8d7bb. Successfully disassociated aggregate b008b224-cc97-4af6-b555-87149ad864bb. {{(pid=110042) _set_aggregates /opt/stack/placement/placement/objects/resource_provider.py:404}}
Aug 10 17:41:25.992336 n-d-843861-10 devstack@placement-api.service[110042]: INFO placement.requestlog [req-b7bdbf9f-e3d9-43ad-9c7b-322650226a02 req-a78a3e44-2ad4-4344-8faa-37cdb3973264 service placement] 10.222.0.73 "PUT /placement/resource_providers/fff9dde0-8245-41b3-9eef-84ba1ff8d7bb/aggregates" status: 200 len: 54 microversion: 1.19
Aug 10 17:41:25.993046 n-d-843861-10 devstack@placement-api.service[110042]: [pid: 110042|app: 0|req: 35/71] 10.222.0.73 () {64 vars in 1477 bytes} [Wed Aug 10 17:41:25 2022] PUT /placement/resource_providers/fff9dde0-8245-41b3-9eef-84ba1ff8d7bb/aggregates => generated 54 bytes in 31 msecs (HTTP/1.1 200) 8 headers in 295 bytes (1 switches on core 0)
Aug 10 17:41:26.405357 n-d-843861-10 devstack@placement-api.service[110041]: DEBUG placement.requestlog [None req-92631c64-2056-440a-8e46-8323af490827 None None] Starting request: 10.222.0.73 "GET /placement/" {{(pid=110041) __call__ /opt/stack/placement/placement/requestlog.py:55}}
Aug 10 17:41:26.406443 n-d-843861-10 devstack@placement-api.service[110041]: INFO placement.requestlog [None req-92631c64-2056-440a-8e46-8323af490827 None None] 10.222.0.73 "GET /placement/" status: 200 len: 136 microversion: 1.0
Aug 10 17:41:26.407013 n-d-843861-10 devstack@placement-api.service[110041]: [pid: 110041|app: 0|req: 37/72] 10.222.0.73 () {54 vars in 907 bytes} [Wed Aug 10 17:41:26 2022] GET /placement => generated 136 bytes in 2 msecs (HTTP/1.1 200) 6 headers in 224 bytes (1 switches on core 0)
Aug 10 17:41:26.421665 n-d-843861-10 devstack@placement-api.service[110042]: DEBUG placement.requestlog [req-244607a3-8b83-4f71-91c4-9b82943a2b76 req-e0a7b57f-579e-4268-9694-ee4701b52d25 None None] Starting request: 10.222.0.73 "GET /placement/resource_providers?name=n-h1-843861-10" {{(pid=110042) __call__ /opt/stack/placement/placement/requestlog.py:55}}
Aug 10 17:41:26.557035 n-d-843861-10 devstack@placement-api.service[110042]: INFO placement.requestlog [req-244607a3-8b83-4f71-91c4-9b82943a2b76 req-e0a7b57f-579e-4268-9694-ee4701b52d25 service placement] 10.222.0.73 "GET /placement/resource_providers?name=n-h1-843861-10" status: 200 len: 442 microversion: 1.0
Aug 10 17:41:26.557721 n-d-843861-10 devstack@placement-api.service[110042]: [pid: 110042|app: 0|req: 36/73] 10.222.0.73 () {58 vars in 1276 bytes} [Wed Aug 10 17:41:26 2022] GET /placement/resource_providers?name=n-h1-843861-10 => generated 442 bytes in 136 msecs (HTTP/1.1 200) 6 headers in 224 bytes (1 switches on core 0)
Aug 10 17:41:26.564482 n-d-843861-10 devstack@placement-api.service[110041]: DEBUG placement.requestlog [req-244607a3-8b83-4f71-91c4-9b82943a2b76 req-037eaaf5-529f-499d-b615-1ac687c30351 None None] Starting request: 10.222.0.73 "GET /placement/resource_providers/fff9dde0-8245-41b3-9eef-84ba1ff8d7bb/aggregates" {{(pid=110041) __call__ /opt/stack/placement/placement/requestlog.py:55}}
Aug 10 17:41:26.578411 n-d-843861-10 devstack@placement-api.service[110041]: INFO placement.requestlog [req-244607a3-8b83-4f71-91c4-9b82943a2b76 req-037eaaf5-529f-499d-b615-1ac687c30351 service placement] 10.222.0.73 "GET /placement/resource_providers/fff9dde0-8245-41b3-9eef-84ba1ff8d7bb/aggregates" status: 200 len: 54 microversion: 1.19
Aug 10 17:41:26.578968 n-d-843861-10 devstack@placement-api.service[110041]: [pid: 110041|app: 0|req: 38/74] 10.222.0.73 () {60 vars in 1425 bytes} [Wed Aug 10 17:41:26 2022] GET /placement/resource_providers/fff9dde0-8245-41b3-9eef-84ba1ff8d7bb/aggregates => generated 54 bytes in 15 msecs (HTTP/1.1 200) 8 headers in 295 bytes (2 switches on core 0)
Aug 10 17:41:26.587157 n-d-843861-10 devstack@placement-api.service[110042]: DEBUG placement.requestlog [req-244607a3-8b83-4f71-91c4-9b82943a2b76 req-eb80d4a0-9033-4157-b279-2f3b3866ef9c None None] Starting request: 10.222.0.73 "PUT /placement/resource_providers/fff9dde0-8245-41b3-9eef-84ba1ff8d7bb/aggregates" {{(pid=110042) __call__ /opt/stack/placement/placement/requestlog.py:55}}
Aug 10 17:41:26.618270 n-d-843861-10 devstack@placement-api.service[110042]: DEBUG placement.objects.resource_provider [req-244607a3-8b83-4f71-91c4-9b82943a2b76 req-eb80d4a0-9033-4157-b279-2f3b3866ef9c service placement] _ensure_aggregate() did not find aggregate 8287f6cf-e90e-4d33-9073-9111550d5646. Attempting to create it. {{(pid=110042) _ensure_aggregate /opt/stack/placement/placement/objects/resource_provider.py:321}}
Aug 10 17:41:26.620258 n-d-843861-10 devstack@placement-api.service[110042]: DEBUG placement.objects.resource_provider [req-244607a3-8b83-4f71-91c4-9b82943a2b76 req-eb80d4a0-9033-4157-b279-2f3b3866ef9c service placement] _ensure_aggregate() created new aggregate 8287f6cf-e90e-4d33-9073-9111550d5646 (id=4). {{(pid=110042) _ensure_aggregate /opt/stack/placement/placement/objects/resource_provider.py:327}}
Aug 10 17:41:26.622468 n-d-843861-10 devstack@placement-api.service[110042]: DEBUG placement.objects.resource_provider [req-244607a3-8b83-4f71-91c4-9b82943a2b76 req-eb80d4a0-9033-4157-b279-2f3b3866ef9c service placement] Setting aggregates for provider fff9dde0-8245-41b3-9eef-84ba1ff8d7bb. Successfully associated aggregate 8287f6cf-e90e-4d33-9073-9111550d5646. {{(pid=110042) _set_aggregates /opt/stack/placement/placement/objects/resource_provider.py:389}}
Aug 10 17:41:26.632925 n-d-843861-10 devstack@placement-api.service[110042]: INFO placement.requestlog [req-244607a3-8b83-4f71-91c4-9b82943a2b76 req-eb80d4a0-9033-4157-b279-2f3b3866ef9c service placement] 10.222.0.73 "PUT /placement/resource_providers/fff9dde0-8245-41b3-9eef-84ba1ff8d7bb/aggregates" status: 200 len: 92 microversion: 1.19
Aug 10 17:41:26.633818 n-d-843861-10 devstack@placement-api.service[110042]: [pid: 110042|app: 0|req: 37/75] 10.222.0.73 () {64 vars in 1477 bytes} [Wed Aug 10 17:41:26 2022] PUT /placement/resource_providers/fff9dde0-8245-41b3-9eef-84ba1ff8d7bb/aggregates => generated 92 bytes in 47 msecs (HTTP/1.1 200) 8 headers in 295 bytes (1 switches on core 0)
Aug 10 17:41:27.100747 n-d-843861-10 devstack@placement-api.service[110041]: DEBUG placement.requestlog [req-220163df-2f65-4882-9e31-e11c14f3c41b req-5efd172a-2a12-4972-b453-fe52a5020bb7 None None] Starting request: 10.222.0.73 "GET /placement/resource_providers?name=n-h1-843861-10" {{(pid=110041) __call__ /opt/stack/placement/placement/requestlog.py:55}}
Aug 10 17:41:27.120158 n-d-843861-10 devstack@placement-api.service[110041]: INFO placement.requestlog [req-220163df-2f65-4882-9e31-e11c14f3c41b req-5efd172a-2a12-4972-b453-fe52a5020bb7 service placement] 10.222.0.73 "GET /placement/resource_providers?name=n-h1-843861-10" status: 200 len: 442 microversion: 1.0
Aug 10 17:41:27.121827 n-d-843861-10 devstack@placement-api.service[110041]: [pid: 110041|app: 0|req: 39/76] 10.222.0.73 () {58 vars in 1276 bytes} [Wed Aug 10 17:41:27 2022] GET /placement/resource_providers?name=n-h1-843861-10 => generated 442 bytes in 21 msecs (HTTP/1.1 200) 6 headers in 224 bytes (1 switches on core 0)
Aug 10 17:41:27.128870 n-d-843861-10 devstack@placement-api.service[110042]: DEBUG placement.requestlog [req-220163df-2f65-4882-9e31-e11c14f3c41b req-1bf2a508-97ea-423b-be72-071fd92c1052 None None] Starting request: 10.222.0.73 "GET /placement/resource_providers/fff9dde0-8245-41b3-9eef-84ba1ff8d7bb/aggregates" {{(pid=110042) __call__ /opt/stack/placement/placement/requestlog.py:55}}
Aug 10 17:41:27.147425 n-d-843861-10 devstack@placement-api.service[110042]: INFO placement.requestlog [req-220163df-2f65-4882-9e31-e11c14f3c41b req-1bf2a508-97ea-423b-be72-071fd92c1052 service placement] 10.222.0.73 "GET /placement/resource_providers/fff9dde0-8245-41b3-9eef-84ba1ff8d7bb/aggregates" status: 200 len: 92 microversion: 1.19
Aug 10 17:41:27.148499 n-d-843861-10 devstack@placement-api.service[110042]: [pid: 110042|app: 0|req: 38/77] 10.222.0.73 () {60 vars in 1425 bytes} [Wed Aug 10 17:41:27 2022] GET /placement/resource_providers/fff9dde0-8245-41b3-9eef-84ba1ff8d7bb/aggregates => generated 92 bytes in 20 msecs (HTTP/1.1 200) 8 headers in 295 bytes (2 switches on core 0)
Aug 10 17:41:27.154821 n-d-843861-10 devstack@placement-api.service[110041]: DEBUG placement.requestlog [req-220163df-2f65-4882-9e31-e11c14f3c41b req-a6a98175-584c-405a-b8d6-8fa76a3c135c None None] Starting request: 10.222.0.73 "PUT /placement/resource_providers/fff9dde0-8245-41b3-9eef-84ba1ff8d7bb/aggregates" {{(pid=110041) __call__ /opt/stack/placement/placement/requestlog.py:55}}
Aug 10 17:41:27.179492 n-d-843861-10 devstack@placement-api.service[110041]: DEBUG placement.objects.resource_provider [req-220163df-2f65-4882-9e31-e11c14f3c41b req-a6a98175-584c-405a-b8d6-8fa76a3c135c service placement] Setting aggregates for provider fff9dde0-8245-41b3-9eef-84ba1ff8d7bb. Successfully disassociated aggregate 8287f6cf-e90e-4d33-9073-9111550d5646. {{(pid=110041) _set_aggregates /opt/stack/placement/placement/objects/resource_provider.py:404}}
Aug 10 17:41:27.192016 n-d-843861-10 devstack@placement-api.service[110041]: INFO placement.requestlog [req-220163df-2f65-4882-9e31-e11c14f3c41b req-a6a98175-584c-405a-b8d6-8fa76a3c135c service placement] 10.222.0.73 "PUT /placement/resource_providers/fff9dde0-8245-41b3-9eef-84ba1ff8d7bb/aggregates" status: 200 len: 54 microversion: 1.19
Aug 10 17:41:27.193576 n-d-843861-10 devstack@placement-api.service[110041]: [pid: 110041|app: 0|req: 40/78] 10.222.0.73 () {64 vars in 1477 bytes} [Wed Aug 10 17:41:27 2022] PUT /placement/resource_providers/fff9dde0-8245-41b3-9eef-84ba1ff8d7bb/aggregates => generated 54 bytes in 39 msecs (HTTP/1.1 200) 8 headers in 295 bytes (1 switches on core 0)
Aug 10 17:41:27.430469 n-d-843861-10 devstack@placement-api.service[110042]: DEBUG placement.requestlog [req-413c4536-df8e-4f0b-aaf4-b49faea99977 req-5f8a65b4-9ae5-478f-9e10-5f6df5975392 None None] Starting request: 10.222.0.73 "GET /placement/resource_providers?name=n-h1-843861-10" {{(pid=110042) __call__ /opt/stack/placement/placement/requestlog.py:55}}
Aug 10 17:41:27.448838 n-d-843861-10 devstack@placement-api.service[110042]: INFO placement.requestlog [req-413c4536-df8e-4f0b-aaf4-b49faea99977 req-5f8a65b4-9ae5-478f-9e10-5f6df5975392 service placement] 10.222.0.73 "GET /placement/resource_providers?name=n-h1-843861-10" status: 200 len: 442 microversion: 1.0
Aug 10 17:41:27.460681 n-d-843861-10 devstack@placement-api.service[110041]: DEBUG placement.requestlog [req-413c4536-df8e-4f0b-aaf4-b49faea99977 req-cfeac384-451b-4524-a3d2-15f0466de62b None None] Starting request: 10.222.0.73 "GET /placement/resource_providers/fff9dde0-8245-41b3-9eef-84ba1ff8d7bb/aggregates" {{(pid=110041) __call__ /opt/stack/placement/placement/requestlog.py:55}}
Aug 10 17:41:27.475284 n-d-843861-10 devstack@placement-api.service[110042]: [pid: 110042|app: 0|req: 39/79] 10.222.0.73 () {58 vars in 1276 bytes} [Wed Aug 10 17:41:27 2022] GET /placement/resource_providers?name=n-h1-843861-10 => generated 442 bytes in 44 msecs (HTTP/1.1 200) 6 headers in 224 bytes (1 switches on core 0)
Aug 10 17:41:27.483943 n-d-843861-10 devstack@placement-api.service[110041]: INFO placement.requestlog [req-413c4536-df8e-4f0b-aaf4-b49faea99977 req-cfeac384-451b-4524-a3d2-15f0466de62b service placement] 10.222.0.73 "GET /placement/resource_providers/fff9dde0-8245-41b3-9eef-84ba1ff8d7bb/aggregates" status: 200 len: 54 microversion: 1.19
Aug 10 17:41:27.484631 n-d-843861-10 devstack@placement-api.service[110041]: [pid: 110041|app: 0|req: 41/80] 10.222.0.73 () {60 vars in 1425 bytes} [Wed Aug 10 17:41:27 2022] GET /placement/resource_providers/fff9dde0-8245-41b3-9eef-84ba1ff8d7bb/aggregates => generated 54 bytes in 24 msecs (HTTP/1.1 200) 8 headers in 295 bytes (2 switches on core 0)
Aug 10 17:41:27.492437 n-d-843861-10 devstack@placement-api.service[110042]: DEBUG placement.requestlog [req-413c4536-df8e-4f0b-aaf4-b49faea99977 req-e140ceaf-4825-4573-a518-20364df975be None None] Starting request: 10.222.0.73 "PUT /placement/resource_providers/fff9dde0-8245-41b3-9eef-84ba1ff8d7bb/aggregates" {{(pid=110042) __call__ /opt/stack/placement/placement/requestlog.py:55}}
Aug 10 17:41:27.527033 n-d-843861-10 devstack@placement-api.service[110042]: DEBUG placement.objects.resource_provider [req-413c4536-df8e-4f0b-aaf4-b49faea99977 req-e140ceaf-4825-4573-a518-20364df975be service placement] _ensure_aggregate() did not find aggregate f5f624db-50f6-4f15-9a02-859944c63e3d. Attempting to create it. {{(pid=110042) _ensure_aggregate /opt/stack/placement/placement/objects/resource_provider.py:321}}
Aug 10 17:41:27.529573 n-d-843861-10 devstack@placement-api.service[110042]: DEBUG placement.objects.resource_provider [req-413c4536-df8e-4f0b-aaf4-b49faea99977 req-e140ceaf-4825-4573-a518-20364df975be service placement] _ensure_aggregate() created new aggregate f5f624db-50f6-4f15-9a02-859944c63e3d (id=5). {{(pid=110042) _ensure_aggregate /opt/stack/placement/placement/objects/resource_provider.py:327}}
Aug 10 17:41:27.532191 n-d-843861-10 devstack@placement-api.service[110042]: DEBUG placement.objects.resource_provider [req-413c4536-df8e-4f0b-aaf4-b49faea99977 req-e140ceaf-4825-4573-a518-20364df975be service placement] Setting aggregates for provider fff9dde0-8245-41b3-9eef-84ba1ff8d7bb. Successfully associated aggregate f5f624db-50f6-4f15-9a02-859944c63e3d. {{(pid=110042) _set_aggregates /opt/stack/placement/placement/objects/resource_provider.py:389}}
Aug 10 17:41:27.546628 n-d-843861-10 devstack@placement-api.service[110042]: INFO placement.requestlog [req-413c4536-df8e-4f0b-aaf4-b49faea99977 req-e140ceaf-4825-4573-a518-20364df975be service placement] 10.222.0.73 "PUT /placement/resource_providers/fff9dde0-8245-41b3-9eef-84ba1ff8d7bb/aggregates" status: 200 len: 92 microversion: 1.19
Aug 10 17:41:27.554840 n-d-843861-10 devstack@placement-api.service[110042]: [pid: 110042|app: 0|req: 40/81] 10.222.0.73 () {64 vars in 1477 bytes} [Wed Aug 10 17:41:27 2022] PUT /placement/resource_providers/fff9dde0-8245-41b3-9eef-84ba1ff8d7bb/aggregates => generated 92 bytes in 63 msecs (HTTP/1.1 200) 8 headers in 295 bytes (1 switches on core 0)
Aug 10 17:41:27.625553 n-d-843861-10 devstack@placement-api.service[110041]: DEBUG placement.requestlog [req-d8231fbb-d1d7-42e8-bf31-d13c64ba083f req-62ee03a3-2ec5-4887-95f9-509b0b15a028 None None] Starting request: 10.222.0.73 "GET /placement/resource_providers?name=n-h1-843861-10" {{(pid=110041) __call__ /opt/stack/placement/placement/requestlog.py:55}}
Aug 10 17:41:27.649494 n-d-843861-10 devstack@placement-api.service[110041]: INFO placement.requestlog [req-d8231fbb-d1d7-42e8-bf31-d13c64ba083f req-62ee03a3-2ec5-4887-95f9-509b0b15a028 service placement] 10.222.0.73 "GET /placement/resource_providers?name=n-h1-843861-10" status: 200 len: 442 microversion: 1.0
Aug 10 17:41:27.658782 n-d-843861-10 devstack@placement-api.service[110042]: DEBUG placement.requestlog [req-d8231fbb-d1d7-42e8-bf31-d13c64ba083f req-8caf6a88-a00c-4de6-b5c4-7e5348feaeb0 None None] Starting request: 10.222.0.73 "GET /placement/resource_providers/fff9dde0-8245-41b3-9eef-84ba1ff8d7bb/aggregates" {{(pid=110042) __call__ /opt/stack/placement/placement/requestlog.py:55}}
Aug 10 17:41:27.659549 n-d-843861-10 devstack@placement-api.service[110041]: [pid: 110041|app: 0|req: 42/82] 10.222.0.73 () {58 vars in 1276 bytes} [Wed Aug 10 17:41:27 2022] GET /placement/resource_providers?name=n-h1-843861-10 => generated 442 bytes in 32 msecs (HTTP/1.1 200) 6 headers in 224 bytes (1 switches on core 0)
Aug 10 17:41:27.675432 n-d-843861-10 devstack@placement-api.service[110042]: INFO placement.requestlog [req-d8231fbb-d1d7-42e8-bf31-d13c64ba083f req-8caf6a88-a00c-4de6-b5c4-7e5348feaeb0 service placement] 10.222.0.73 "GET /placement/resource_providers/fff9dde0-8245-41b3-9eef-84ba1ff8d7bb/aggregates" status: 200 len: 92 microversion: 1.19
Aug 10 17:41:27.675831 n-d-843861-10 devstack@placement-api.service[110042]: [pid: 110042|app: 0|req: 41/83] 10.222.0.73 () {60 vars in 1425 bytes} [Wed Aug 10 17:41:27 2022] GET /placement/resource_providers/fff9dde0-8245-41b3-9eef-84ba1ff8d7bb/aggregates => generated 92 bytes in 18 msecs (HTTP/1.1 200) 8 headers in 295 bytes (1 switches on core 0)
Aug 10 17:41:27.686464 n-d-843861-10 devstack@placement-api.service[110041]: DEBUG placement.requestlog [req-d8231fbb-d1d7-42e8-bf31-d13c64ba083f req-3dcc5706-e7e2-4c1f-b7c0-ca862375dded None None] Starting request: 10.222.0.73 "PUT /placement/resource_providers/fff9dde0-8245-41b3-9eef-84ba1ff8d7bb/aggregates" {{(pid=110041) __call__ /opt/stack/placement/placement/requestlog.py:55}}
Aug 10 17:41:27.698607 n-d-843861-10 devstack@placement-api.service[110041]: DEBUG dbcounter [-] [110041] Writing DB stats placement:SELECT=84,placement:INSERT=8,placement:DELETE=3,placement:UPDATE=5 {{(pid=110041) stat_writer /usr/local/lib/python3.8/dist-packages/dbcounter.py:114}}
Aug 10 17:41:27.730361 n-d-843861-10 devstack@placement-api.service[110041]: DEBUG placement.objects.resource_provider [req-d8231fbb-d1d7-42e8-bf31-d13c64ba083f req-3dcc5706-e7e2-4c1f-b7c0-ca862375dded service placement] Setting aggregates for provider fff9dde0-8245-41b3-9eef-84ba1ff8d7bb. Successfully disassociated aggregate f5f624db-50f6-4f15-9a02-859944c63e3d. {{(pid=110041) _set_aggregates /opt/stack/placement/placement/objects/resource_provider.py:404}}
Aug 10 17:41:27.742779 n-d-843861-10 devstack@placement-api.service[110041]: INFO placement.requestlog [req-d8231fbb-d1d7-42e8-bf31-d13c64ba083f req-3dcc5706-e7e2-4c1f-b7c0-ca862375dded service placement] 10.222.0.73 "PUT /placement/resource_providers/fff9dde0-8245-41b3-9eef-84ba1ff8d7bb/aggregates" status: 200 len: 54 microversion: 1.19
Aug 10 17:41:27.756050 n-d-843861-10 devstack@placement-api.service[110041]: [pid: 110041|app: 0|req: 43/84] 10.222.0.73 () {64 vars in 1477 bytes} [Wed Aug 10 17:41:27 2022] PUT /placement/resource_providers/fff9dde0-8245-41b3-9eef-84ba1ff8d7bb/aggregates => generated 54 bytes in 69 msecs (HTTP/1.1 200) 8 headers in 295 bytes (1 switches on core 0)
Aug 10 17:41:28.579487 n-d-843861-10 devstack@placement-api.service[110042]: DEBUG placement.requestlog [req-07adca2f-9325-47f2-aa12-147b100d0ec3 req-5bfc2ba9-fb93-4094-bdd4-da4d7b1c5d46 None None] Starting request: 10.222.0.73 "GET /placement/resource_providers?name=n-h1-843861-10" {{(pid=110042) __call__ /opt/stack/placement/placement/requestlog.py:55}}
Aug 10 17:41:28.598532 n-d-843861-10 devstack@placement-api.service[110042]: INFO placement.requestlog [req-07adca2f-9325-47f2-aa12-147b100d0ec3 req-5bfc2ba9-fb93-4094-bdd4-da4d7b1c5d46 service placement] 10.222.0.73 "GET /placement/resource_providers?name=n-h1-843861-10" status: 200 len: 442 microversion: 1.0
Aug 10 17:41:28.612885 n-d-843861-10 devstack@placement-api.service[110041]: DEBUG placement.requestlog [req-07adca2f-9325-47f2-aa12-147b100d0ec3 req-4570eb78-7a5b-49ee-8982-3de0a652da5d None None] Starting request: 10.222.0.73 "GET /placement/resource_providers/fff9dde0-8245-41b3-9eef-84ba1ff8d7bb/aggregates" {{(pid=110041) __call__ /opt/stack/placement/placement/requestlog.py:55}}
Aug 10 17:41:28.624057 n-d-843861-10 devstack@placement-api.service[110042]: [pid: 110042|app: 0|req: 42/85] 10.222.0.73 () {58 vars in 1276 bytes} [Wed Aug 10 17:41:28 2022] GET /placement/resource_providers?name=n-h1-843861-10 => generated 442 bytes in 44 msecs (HTTP/1.1 200) 6 headers in 224 bytes (1 switches on core 0)
