Jul 20 10:54:34.047290 n-d-843834-4 devstack@placement-api.service[105661]: DEBUG placement.requestlog [req-c95d457a-d9d6-43d7-8e68-6d331142aeaa req-9342b057-e443-48b4-ad02-f9b2ce1fdbc0 None None] Starting request: 10.222.0.39 "GET /placement/allocation_candidates?limit=1000&resources=DISK_GB%3A1%2CMEMORY_MB%3A1024%2CVCPU%3A1&root_required=%21COMPUTE_STATUS_DISABLED" {{(pid=105661) __call__ /opt/stack/placement/placement/requestlog.py:55}}
Jul 20 10:54:34.126758 n-d-843834-4 devstack@placement-api.service[105661]: DEBUG placement.objects.research_context [req-c95d457a-d9d6-43d7-8e68-6d331142aeaa req-9342b057-e443-48b4-ad02-f9b2ce1fdbc0 service placement] getting providers with 1 DISK_GB {{(pid=105661) __init__ /opt/stack/placement/placement/objects/research_context.py:136}}
Jul 20 10:54:34.142533 n-d-843834-4 devstack@placement-api.service[105661]: DEBUG placement.objects.research_context [req-c95d457a-d9d6-43d7-8e68-6d331142aeaa req-9342b057-e443-48b4-ad02-f9b2ce1fdbc0 service placement] getting providers with 1024 MEMORY_MB {{(pid=105661) __init__ /opt/stack/placement/placement/objects/research_context.py:136}}
Jul 20 10:54:34.152570 n-d-843834-4 devstack@placement-api.service[105661]: DEBUG placement.objects.research_context [req-c95d457a-d9d6-43d7-8e68-6d331142aeaa req-9342b057-e443-48b4-ad02-f9b2ce1fdbc0 service placement] getting providers with 1 VCPU {{(pid=105661) __init__ /opt/stack/placement/placement/objects/research_context.py:136}}
Jul 20 10:54:34.160398 n-d-843834-4 devstack@placement-api.service[105661]: DEBUG placement.objects.research_context [req-c95d457a-d9d6-43d7-8e68-6d331142aeaa req-9342b057-e443-48b4-ad02-f9b2ce1fdbc0 service placement] found 2 providers with available 1 DISK_GB {{(pid=105661) get_provider_ids_matching /opt/stack/placement/placement/objects/research_context.py:563}}
Jul 20 10:54:34.160830 n-d-843834-4 devstack@placement-api.service[105661]: DEBUG placement.objects.research_context [req-c95d457a-d9d6-43d7-8e68-6d331142aeaa req-9342b057-e443-48b4-ad02-f9b2ce1fdbc0 service placement] found 2 providers with available 1024 MEMORY_MB {{(pid=105661) get_provider_ids_matching /opt/stack/placement/placement/objects/research_context.py:563}}
Jul 20 10:54:34.161207 n-d-843834-4 devstack@placement-api.service[105661]: DEBUG placement.objects.research_context [req-c95d457a-d9d6-43d7-8e68-6d331142aeaa req-9342b057-e443-48b4-ad02-f9b2ce1fdbc0 service placement] found 2 providers after filtering by previous result {{(pid=105661) get_provider_ids_matching /opt/stack/placement/placement/objects/research_context.py:594}}
Jul 20 10:54:34.161626 n-d-843834-4 devstack@placement-api.service[105661]: DEBUG placement.objects.research_context [req-c95d457a-d9d6-43d7-8e68-6d331142aeaa req-9342b057-e443-48b4-ad02-f9b2ce1fdbc0 service placement] found 2 providers with available 1 VCPU {{(pid=105661) get_provider_ids_matching /opt/stack/placement/placement/objects/research_context.py:563}}
Jul 20 10:54:34.161936 n-d-843834-4 devstack@placement-api.service[105661]: DEBUG placement.objects.research_context [req-c95d457a-d9d6-43d7-8e68-6d331142aeaa req-9342b057-e443-48b4-ad02-f9b2ce1fdbc0 service placement] found 2 providers after filtering by previous result {{(pid=105661) get_provider_ids_matching /opt/stack/placement/placement/objects/research_context.py:594}}
Jul 20 10:54:34.178616 n-d-843834-4 devstack@placement-api.service[105661]: DEBUG placement.objects.allocation_candidate [req-c95d457a-d9d6-43d7-8e68-6d331142aeaa req-9342b057-e443-48b4-ad02-f9b2ce1fdbc0 service placement] RequestGroup(use_same_provider=False, resources={DISK_GB:1, MEMORY_MB:1024, VCPU:1}, traits=(), aggregates=[]) (suffix '') returned 2 matches {{(pid=105661) _get_by_requests /opt/stack/placement/placement/objects/allocation_candidate.py:156}}
Jul 20 10:54:34.179336 n-d-843834-4 devstack@placement-api.service[105661]: DEBUG placement.objects.allocation_candidate [req-c95d457a-d9d6-43d7-8e68-6d331142aeaa req-9342b057-e443-48b4-ad02-f9b2ce1fdbc0 service placement] Merging candidates yields 2 allocation requests and 2 provider summaries {{(pid=105661) _merge_candidates /opt/stack/placement/placement/objects/allocation_candidate.py:809}}
Jul 20 10:54:34.182673 n-d-843834-4 devstack@placement-api.service[105661]: INFO placement.requestlog [req-c95d457a-d9d6-43d7-8e68-6d331142aeaa req-9342b057-e443-48b4-ad02-f9b2ce1fdbc0 service placement] 10.222.0.39 "GET /placement/allocation_candidates?limit=1000&resources=DISK_GB%3A1%2CMEMORY_MB%3A1024%2CVCPU%3A1&root_required=%21COMPUTE_STATUS_DISABLED" status: 200 len: 1306 microversion: 1.36
Jul 20 10:54:34.187920 n-d-843834-4 devstack@placement-api.service[105661]: [pid: 105661|app: 0|req: 496/976] 10.222.0.39 () {60 vars in 1506 bytes} [Wed Jul 20 10:54:34 2022] GET /placement/allocation_candidates?limit=1000&resources=DISK_GB%3A1%2CMEMORY_MB%3A1024%2CVCPU%3A1&root_required=%21COMPUTE_STATUS_DISABLED => generated 1306 bytes in 143 msecs (HTTP/1.1 200) 8 headers in 297 bytes (1 switches on core 0)
Jul 20 10:54:34.304821 n-d-843834-4 devstack@placement-api.service[105662]: DEBUG placement.requestlog [req-c95d457a-d9d6-43d7-8e68-6d331142aeaa req-1de6820e-a36f-427e-a4d0-5a1f7406af62 None None] Starting request: 10.222.0.39 "GET /placement/allocations/7ef60f9c-4dc7-41f3-9a33-f0e4998402a3" {{(pid=105662) __call__ /opt/stack/placement/placement/requestlog.py:55}}
Jul 20 10:54:34.322562 n-d-843834-4 devstack@placement-api.service[105662]: INFO placement.requestlog [req-c95d457a-d9d6-43d7-8e68-6d331142aeaa req-1de6820e-a36f-427e-a4d0-5a1f7406af62 service placement] 10.222.0.39 "GET /placement/allocations/7ef60f9c-4dc7-41f3-9a33-f0e4998402a3" status: 200 len: 19 microversion: 1.28
Jul 20 10:54:34.331065 n-d-843834-4 devstack@placement-api.service[105662]: [pid: 105662|app: 0|req: 481/977] 10.222.0.39 () {60 vars in 1380 bytes} [Wed Jul 20 10:54:34 2022] GET /placement/allocations/7ef60f9c-4dc7-41f3-9a33-f0e4998402a3 => generated 19 bytes in 26 msecs (HTTP/1.1 200) 8 headers in 295 bytes (1 switches on core 0)
Jul 20 10:54:34.333116 n-d-843834-4 devstack@placement-api.service[105661]: DEBUG placement.requestlog [req-c95d457a-d9d6-43d7-8e68-6d331142aeaa req-cedc9126-f906-40cb-a5bc-b9cbeb78ecbe None None] Starting request: 10.222.0.39 "PUT /placement/allocations/7ef60f9c-4dc7-41f3-9a33-f0e4998402a3" {{(pid=105661) __call__ /opt/stack/placement/placement/requestlog.py:55}}
Jul 20 10:54:34.498737 n-d-843834-4 devstack@placement-api.service[105661]: DEBUG placement.handlers.allocation [req-c95d457a-d9d6-43d7-8e68-6d331142aeaa req-cedc9126-f906-40cb-a5bc-b9cbeb78ecbe service placement] Successfully wrote allocations [, , ] {{(pid=105661) _update_consumers_and_create_allocations /opt/stack/placement/placement/handlers/allocation.py:462}}
Jul 20 10:54:34.574553 n-d-843834-4 devstack@placement-api.service[105661]: INFO placement.requestlog [req-c95d457a-d9d6-43d7-8e68-6d331142aeaa req-cedc9126-f906-40cb-a5bc-b9cbeb78ecbe service placement] 10.222.0.39 "PUT /placement/allocations/7ef60f9c-4dc7-41f3-9a33-f0e4998402a3" status: 204 len: 0 microversion: 1.36
Jul 20 10:54:34.575189 n-d-843834-4 devstack@placement-api.service[105661]: [pid: 105661|app: 0|req: 497/978] 10.222.0.39 () {64 vars in 1433 bytes} [Wed Jul 20 10:54:34 2022] PUT /placement/allocations/7ef60f9c-4dc7-41f3-9a33-f0e4998402a3 => generated 0 bytes in 243 msecs (HTTP/1.1 204) 5 headers in 199 bytes (2 switches on core 0)
Jul 20 10:54:35.848225 n-d-843834-4 devstack@placement-api.service[105662]: DEBUG placement.requestlog [req-c95d457a-d9d6-43d7-8e68-6d331142aeaa req-04605759-4412-475a-9c89-f3dc135c80bc None None] Starting request: 10.222.0.23 "GET /placement/allocations/7ef60f9c-4dc7-41f3-9a33-f0e4998402a3" {{(pid=105662) __call__ /opt/stack/placement/placement/requestlog.py:55}}
Jul 20 10:54:35.890378 n-d-843834-4 devstack@placement-api.service[105662]: INFO placement.requestlog [req-c95d457a-d9d6-43d7-8e68-6d331142aeaa req-04605759-4412-475a-9c89-f3dc135c80bc service placement] 10.222.0.23 "GET /placement/allocations/7ef60f9c-4dc7-41f3-9a33-f0e4998402a3" status: 200 len: 259 microversion: 1.28
Jul 20 10:54:35.890775 n-d-843834-4 devstack@placement-api.service[105662]: [pid: 105662|app: 0|req: 482/979] 10.222.0.23 () {60 vars in 1377 bytes} [Wed Jul 20 10:54:35 2022] GET /placement/allocations/7ef60f9c-4dc7-41f3-9a33-f0e4998402a3 => generated 259 bytes in 43 msecs (HTTP/1.1 200) 8 headers in 296 bytes (1 switches on core 0)
Jul 20 10:54:35.976142 n-d-843834-4 devstack@placement-api.service[105661]: DEBUG placement.requestlog [req-6b7883a0-2262-4d9e-911b-7391199ed8b9 req-be51baf3-69cc-42a2-bbc2-630f86638174 None None] Starting request: 10.222.0.23 "GET /placement/resource_providers/5811500f-bbcf-4461-9c87-4950e3f1cf86/allocations" {{(pid=105661) __call__ /opt/stack/placement/placement/requestlog.py:55}}
Jul 20 10:54:36.014639 n-d-843834-4 devstack@placement-api.service[105661]: INFO placement.requestlog [req-6b7883a0-2262-4d9e-911b-7391199ed8b9 req-be51baf3-69cc-42a2-bbc2-630f86638174 service placement] 10.222.0.23 "GET /placement/resource_providers/5811500f-bbcf-4461-9c87-4950e3f1cf86/allocations" status: 200 len: 154 microversion: 1.0
Jul 20 10:54:36.015249 n-d-843834-4 devstack@placement-api.service[105661]: [pid: 105661|app: 0|req: 498/980] 10.222.0.23 () {58 vars in 1390 bytes} [Wed Jul 20 10:54:35 2022] GET /placement/resource_providers/5811500f-bbcf-4461-9c87-4950e3f1cf86/allocations => generated 154 bytes in 39 msecs (HTTP/1.1 200) 6 headers in 224 bytes (1 switches on core 0)
Jul 20 10:54:36.076160 n-d-843834-4 devstack@placement-api.service[105662]: DEBUG placement.requestlog [None req-68cae97b-19a4-491f-bf5f-f750ca1c0eaa None None] Starting request: 10.222.0.39 "GET /placement/resource_providers/a5987a7f-35f8-40d3-a311-8e731e625f16/aggregates" {{(pid=105662) __call__ /opt/stack/placement/placement/requestlog.py:55}}
Jul 20 10:54:36.094749 n-d-843834-4 devstack@placement-api.service[105662]: INFO placement.requestlog [None req-68cae97b-19a4-491f-bf5f-f750ca1c0eaa service placement] 10.222.0.39 "GET /placement/resource_providers/a5987a7f-35f8-40d3-a311-8e731e625f16/aggregates" status: 404 len: 235 microversion: 1.1
Jul 20 10:54:36.094749 n-d-843834-4 devstack@placement-api.service[105662]: [pid: 105662|app: 0|req: 483/981] 10.222.0.39 () {58 vars in 1362 bytes} [Wed Jul 20 10:54:36 2022] GET /placement/resource_providers/a5987a7f-35f8-40d3-a311-8e731e625f16/aggregates => generated 235 bytes in 16 msecs (HTTP/1.1 404) 5 headers in 202 bytes (1 switches on core 0)
Jul 20 10:54:36.175201 n-d-843834-4 devstack@placement-api.service[105661]: DEBUG placement.requestlog [None req-32b08cbe-f1c0-49c3-9221-ad0dba8ace63 None None] Starting request: 10.222.0.39 "DELETE /placement/resource_providers/a5987a7f-35f8-40d3-a311-8e731e625f16" {{(pid=105661) __call__ /opt/stack/placement/placement/requestlog.py:55}}
Jul 20 10:54:36.192596 n-d-843834-4 devstack@placement-api.service[105661]: DEBUG placement.wsgi_wrapper [None req-32b08cbe-f1c0-49c3-9221-ad0dba8ace63 service placement] Placement API returning an error response: No resource provider with uuid a5987a7f-35f8-40d3-a311-8e731e625f16 found for delete {{(pid=105661) call_func /opt/stack/placement/placement/wsgi_wrapper.py:31}}
Jul 20 10:54:36.193371 n-d-843834-4 devstack@placement-api.service[105661]: INFO placement.requestlog [None req-32b08cbe-f1c0-49c3-9221-ad0dba8ace63 service placement] 10.222.0.39 "DELETE /placement/resource_providers/a5987a7f-35f8-40d3-a311-8e731e625f16" status: 404 len: 246 microversion: 1.1
Jul 20 10:54:36.194014 n-d-843834-4 devstack@placement-api.service[105661]: [pid: 105661|app: 0|req: 499/982] 10.222.0.39 () {60 vars in 1351 bytes} [Wed Jul 20 10:54:36 2022] DELETE /placement/resource_providers/a5987a7f-35f8-40d3-a311-8e731e625f16 => generated 246 bytes in 19 msecs (HTTP/1.1 404) 6 headers in 231 bytes (1 switches on core 0)
Jul 20 10:54:38.242525 n-d-843834-4 devstack@placement-api.service[105662]: DEBUG placement.requestlog [None req-7bc93081-dbf1-402e-ac19-b737a178fa50 None None] Starting request: 10.222.0.39 "GET /placement/resource_providers/f78e5245-5c34-4876-9e88-50dcf7d765c0/aggregates" {{(pid=105662) __call__ /opt/stack/placement/placement/requestlog.py:55}}
Jul 20 10:54:38.253732 n-d-843834-4 devstack@placement-api.service[105662]: INFO placement.requestlog [None req-7bc93081-dbf1-402e-ac19-b737a178fa50 service placement] 10.222.0.39 "GET /placement/resource_providers/f78e5245-5c34-4876-9e88-50dcf7d765c0/aggregates" status: 404 len: 235 microversion: 1.1
Jul 20 10:54:38.254635 n-d-843834-4 devstack@placement-api.service[105662]: [pid: 105662|app: 0|req: 484/983] 10.222.0.39 () {58 vars in 1362 bytes} [Wed Jul 20 10:54:38 2022] GET /placement/resource_providers/f78e5245-5c34-4876-9e88-50dcf7d765c0/aggregates => generated 235 bytes in 12 msecs (HTTP/1.1 404) 5 headers in 202 bytes (1 switches on core 0)
Jul 20 10:54:38.620718 n-d-843834-4 devstack@placement-api.service[105661]: DEBUG placement.requestlog [None req-97acab59-33e0-49ef-84e0-408fc017892b None None] Starting request: 10.222.0.39 "DELETE /placement/resource_providers/f78e5245-5c34-4876-9e88-50dcf7d765c0" {{(pid=105661) __call__ /opt/stack/placement/placement/requestlog.py:55}}
Jul 20 10:54:38.639344 n-d-843834-4 devstack@placement-api.service[105661]: DEBUG placement.wsgi_wrapper [None req-97acab59-33e0-49ef-84e0-408fc017892b service placement] Placement API returning an error response: No resource provider with uuid f78e5245-5c34-4876-9e88-50dcf7d765c0 found for delete {{(pid=105661) call_func /opt/stack/placement/placement/wsgi_wrapper.py:31}}
Jul 20 10:54:38.640167 n-d-843834-4 devstack@placement-api.service[105661]: INFO placement.requestlog [None req-97acab59-33e0-49ef-84e0-408fc017892b service placement] 10.222.0.39 "DELETE /placement/resource_providers/f78e5245-5c34-4876-9e88-50dcf7d765c0" status: 404 len: 246 microversion: 1.1
Jul 20 10:54:38.640874 n-d-843834-4 devstack@placement-api.service[105661]: [pid: 105661|app: 0|req: 500/984] 10.222.0.39 () {60 vars in 1351 bytes} [Wed Jul 20 10:54:38 2022] DELETE /placement/resource_providers/f78e5245-5c34-4876-9e88-50dcf7d765c0 => generated 246 bytes in 21 msecs (HTTP/1.1 404) 6 headers in 231 bytes (1 switches on core 0)
Jul 20 10:54:40.692062 n-d-843834-4 devstack@placement-api.service[105662]: DEBUG placement.requestlog [None req-2a0b56b4-b44f-4912-9fe8-6a79a93883bd None None] Starting request: 10.222.0.39 "GET /placement/resource_providers/7fd0ecf6-0c36-4e35-9d43-a329867ab858/aggregates" {{(pid=105662) __call__ /opt/stack/placement/placement/requestlog.py:55}}
Jul 20 10:54:40.707497 n-d-843834-4 devstack@placement-api.service[105662]: INFO placement.requestlog [None req-2a0b56b4-b44f-4912-9fe8-6a79a93883bd service placement] 10.222.0.39 "GET /placement/resource_providers/7fd0ecf6-0c36-4e35-9d43-a329867ab858/aggregates" status: 404 len: 235 microversion: 1.1
Jul 20 10:54:40.727152 n-d-843834-4 devstack@placement-api.service[105662]: [pid: 105662|app: 0|req: 485/985] 10.222.0.39 () {58 vars in 1362 bytes} [Wed Jul 20 10:54:40 2022] GET /placement/resource_providers/7fd0ecf6-0c36-4e35-9d43-a329867ab858/aggregates => generated 235 bytes in 35 msecs (HTTP/1.1 404) 5 headers in 202 bytes (1 switches on core 0)
Jul 20 10:54:40.829196 n-d-843834-4 devstack@placement-api.service[105661]: DEBUG placement.requestlog [None req-b0b57aa2-a315-46e8-a94e-408f45576397 None None] Starting request: 10.222.0.39 "DELETE /placement/resource_providers/7fd0ecf6-0c36-4e35-9d43-a329867ab858" {{(pid=105661) __call__ /opt/stack/placement/placement/requestlog.py:55}}
Jul 20 10:54:40.846471 n-d-843834-4 devstack@placement-api.service[105661]: DEBUG placement.wsgi_wrapper [None req-b0b57aa2-a315-46e8-a94e-408f45576397 service placement] Placement API returning an error response: No resource provider with uuid 7fd0ecf6-0c36-4e35-9d43-a329867ab858 found for delete {{(pid=105661) call_func /opt/stack/placement/placement/wsgi_wrapper.py:31}}
Jul 20 10:54:40.847431 n-d-843834-4 devstack@placement-api.service[105661]: INFO placement.requestlog [None req-b0b57aa2-a315-46e8-a94e-408f45576397 service placement] 10.222.0.39 "DELETE /placement/resource_providers/7fd0ecf6-0c36-4e35-9d43-a329867ab858" status: 404 len: 246 microversion: 1.1
Jul 20 10:54:40.848467 n-d-843834-4 devstack@placement-api.service[105661]: [pid: 105661|app: 0|req: 501/986] 10.222.0.39 () {60 vars in 1351 bytes} [Wed Jul 20 10:54:40 2022] DELETE /placement/resource_providers/7fd0ecf6-0c36-4e35-9d43-a329867ab858 => generated 246 bytes in 19 msecs (HTTP/1.1 404) 6 headers in 231 bytes (1 switches on core 0)
Jul 20 10:54:44.835498 n-d-843834-4 devstack@placement-api.service[105662]: DEBUG placement.requestlog [req-b794507b-540d-46fe-93a7-ac6bc52fbf4d req-c2bccef6-3b39-4f3f-89ad-73d946ef3ef3 None None] Starting request: 10.222.0.45 "GET /placement/resource_providers/7c25caf6-bbc4-4c1d-81d4-b9bfd4d6e523/allocations" {{(pid=105662) __call__ /opt/stack/placement/placement/requestlog.py:55}}
Jul 20 10:54:44.874477 n-d-843834-4 devstack@placement-api.service[105662]: INFO placement.requestlog [req-b794507b-540d-46fe-93a7-ac6bc52fbf4d req-c2bccef6-3b39-4f3f-89ad-73d946ef3ef3 service placement] 10.222.0.45 "GET /placement/resource_providers/7c25caf6-bbc4-4c1d-81d4-b9bfd4d6e523/allocations" status: 200 len: 241 microversion: 1.0
Jul 20 10:54:44.875359 n-d-843834-4 devstack@placement-api.service[105662]: [pid: 105662|app: 0|req: 486/987] 10.222.0.45 () {58 vars in 1390 bytes} [Wed Jul 20 10:54:44 2022] GET /placement/resource_providers/7c25caf6-bbc4-4c1d-81d4-b9bfd4d6e523/allocations => generated 241 bytes in 41 msecs (HTTP/1.1 200) 6 headers in 224 bytes (1 switches on core 0)
Jul 20 10:54:45.668817 n-d-843834-4 devstack@placement-api.service[105661]: DEBUG placement.requestlog [None req-a80853de-3b96-4371-b812-480e56ee782e None None] Starting request: 10.222.0.39 "GET /placement/resource_providers/9b82a1bf-c4aa-4de2-9c80-54997d75fad6/aggregates" {{(pid=105661) __call__ /opt/stack/placement/placement/requestlog.py:55}}
Jul 20 10:54:45.687200 n-d-843834-4 devstack@placement-api.service[105661]: INFO placement.requestlog [None req-a80853de-3b96-4371-b812-480e56ee782e service placement] 10.222.0.39 "GET /placement/resource_providers/9b82a1bf-c4aa-4de2-9c80-54997d75fad6/aggregates" status: 404 len: 235 microversion: 1.1
Jul 20 10:54:45.691984 n-d-843834-4 devstack@placement-api.service[105661]: [pid: 105661|app: 0|req: 502/988] 10.222.0.39 () {58 vars in 1362 bytes} [Wed Jul 20 10:54:45 2022] GET /placement/resource_providers/9b82a1bf-c4aa-4de2-9c80-54997d75fad6/aggregates => generated 235 bytes in 24 msecs (HTTP/1.1 404) 5 headers in 202 bytes (1 switches on core 0)
Jul 20 10:54:45.713598 n-d-843834-4 devstack@placement-api.service[105662]: DEBUG placement.requestlog [None req-484a7ebe-2db7-410c-91f8-ba643119e271 None None] Starting request: 10.222.0.39 "DELETE /placement/resource_providers/9b82a1bf-c4aa-4de2-9c80-54997d75fad6" {{(pid=105662) __call__ /opt/stack/placement/placement/requestlog.py:55}}
Jul 20 10:54:45.726105 n-d-843834-4 devstack@placement-api.service[105662]: DEBUG placement.wsgi_wrapper [None req-484a7ebe-2db7-410c-91f8-ba643119e271 service placement] Placement API returning an error response: No resource provider with uuid 9b82a1bf-c4aa-4de2-9c80-54997d75fad6 found for delete {{(pid=105662) call_func /opt/stack/placement/placement/wsgi_wrapper.py:31}}
Jul 20 10:54:45.726853 n-d-843834-4 devstack@placement-api.service[105662]: INFO placement.requestlog [None req-484a7ebe-2db7-410c-91f8-ba643119e271 service placement] 10.222.0.39 "DELETE /placement/resource_providers/9b82a1bf-c4aa-4de2-9c80-54997d75fad6" status: 404 len: 246 microversion: 1.1
Jul 20 10:54:45.731589 n-d-843834-4 devstack@placement-api.service[105662]: [pid: 105662|app: 0|req: 487/989] 10.222.0.39 () {60 vars in 1351 bytes} [Wed Jul 20 10:54:45 2022] DELETE /placement/resource_providers/9b82a1bf-c4aa-4de2-9c80-54997d75fad6 => generated 246 bytes in 18 msecs (HTTP/1.1 404) 6 headers in 231 bytes (1 switches on core 0)
Jul 20 10:54:48.468734 n-d-843834-4 devstack@placement-api.service[105661]: DEBUG placement.requestlog [req-70cd3bf4-14ed-481c-befe-d1722b8117f8 req-26320a7e-c45b-461d-b86a-f303969e735a None None] Starting request: 10.222.0.39 "GET /placement/allocation_candidates?limit=1000&resources=MEMORY_MB%3A1024%2CVCPU%3A1&root_required=%21COMPUTE_STATUS_DISABLED" {{(pid=105661) __call__ /opt/stack/placement/placement/requestlog.py:55}}
Jul 20 10:54:48.537212 n-d-843834-4 devstack@placement-api.service[105661]: DEBUG placement.objects.research_context [req-70cd3bf4-14ed-481c-befe-d1722b8117f8 req-26320a7e-c45b-461d-b86a-f303969e735a service placement] getting providers with 1024 MEMORY_MB {{(pid=105661) __init__ /opt/stack/placement/placement/objects/research_context.py:136}}
Jul 20 10:54:48.550392 n-d-843834-4 devstack@placement-api.service[105661]: DEBUG placement.objects.research_context [req-70cd3bf4-14ed-481c-befe-d1722b8117f8 req-26320a7e-c45b-461d-b86a-f303969e735a service placement] getting providers with 1 VCPU {{(pid=105661) __init__ /opt/stack/placement/placement/objects/research_context.py:136}}
Jul 20 10:54:48.558682 n-d-843834-4 devstack@placement-api.service[105661]: DEBUG placement.objects.research_context [req-70cd3bf4-14ed-481c-befe-d1722b8117f8 req-26320a7e-c45b-461d-b86a-f303969e735a service placement] found 2 providers with available 1024 MEMORY_MB {{(pid=105661) get_provider_ids_matching /opt/stack/placement/placement/objects/research_context.py:563}}
Jul 20 10:54:48.559218 n-d-843834-4 devstack@placement-api.service[105661]: DEBUG placement.objects.research_context [req-70cd3bf4-14ed-481c-befe-d1722b8117f8 req-26320a7e-c45b-461d-b86a-f303969e735a service placement] found 2 providers with available 1 VCPU {{(pid=105661) get_provider_ids_matching /opt/stack/placement/placement/objects/research_context.py:563}}
Jul 20 10:54:48.560325 n-d-843834-4 devstack@placement-api.service[105661]: DEBUG placement.objects.research_context [req-70cd3bf4-14ed-481c-befe-d1722b8117f8 req-26320a7e-c45b-461d-b86a-f303969e735a service placement] found 2 providers after filtering by previous result {{(pid=105661) get_provider_ids_matching /opt/stack/placement/placement/objects/research_context.py:594}}
Jul 20 10:54:48.596942 n-d-843834-4 devstack@placement-api.service[105661]: DEBUG placement.objects.allocation_candidate [req-70cd3bf4-14ed-481c-befe-d1722b8117f8 req-26320a7e-c45b-461d-b86a-f303969e735a service placement] RequestGroup(use_same_provider=False, resources={MEMORY_MB:1024, VCPU:1}, traits=(), aggregates=[]) (suffix '') returned 2 matches {{(pid=105661) _get_by_requests /opt/stack/placement/placement/objects/allocation_candidate.py:156}}
Jul 20 10:54:48.597562 n-d-843834-4 devstack@placement-api.service[105661]: DEBUG placement.objects.allocation_candidate [req-70cd3bf4-14ed-481c-befe-d1722b8117f8 req-26320a7e-c45b-461d-b86a-f303969e735a service placement] Merging candidates yields 2 allocation requests and 2 provider summaries {{(pid=105661) _merge_candidates /opt/stack/placement/placement/objects/allocation_candidate.py:809}}
Jul 20 10:54:48.600698 n-d-843834-4 devstack@placement-api.service[105661]: INFO placement.requestlog [req-70cd3bf4-14ed-481c-befe-d1722b8117f8 req-26320a7e-c45b-461d-b86a-f303969e735a service placement] 10.222.0.39 "GET /placement/allocation_candidates?limit=1000&resources=MEMORY_MB%3A1024%2CVCPU%3A1&root_required=%21COMPUTE_STATUS_DISABLED" status: 200 len: 1281 microversion: 1.36
Jul 20 10:54:48.620517 n-d-843834-4 devstack@placement-api.service[105661]: [pid: 105661|app: 0|req: 503/990] 10.222.0.39 () {60 vars in 1478 bytes} [Wed Jul 20 10:54:48 2022] GET /placement/allocation_candidates?limit=1000&resources=MEMORY_MB%3A1024%2CVCPU%3A1&root_required=%21COMPUTE_STATUS_DISABLED => generated 1281 bytes in 152 msecs (HTTP/1.1 200) 8 headers in 297 bytes (1 switches on core 0)
Jul 20 10:54:48.786116 n-d-843834-4 devstack@placement-api.service[105662]: DEBUG placement.requestlog [req-70cd3bf4-14ed-481c-befe-d1722b8117f8 req-a78fd7c0-e96d-4cc7-b507-a9eeceec3dc2 None None] Starting request: 10.222.0.39 "GET /placement/allocations/e3a05682-5698-4246-885d-91a05ecf16ea" {{(pid=105662) __call__ /opt/stack/placement/placement/requestlog.py:55}}
Jul 20 10:54:48.814685 n-d-843834-4 devstack@placement-api.service[105662]: INFO placement.requestlog [req-70cd3bf4-14ed-481c-befe-d1722b8117f8 req-a78fd7c0-e96d-4cc7-b507-a9eeceec3dc2 service placement] 10.222.0.39 "GET /placement/allocations/e3a05682-5698-4246-885d-91a05ecf16ea" status: 200 len: 19 microversion: 1.28
Jul 20 10:54:48.814685 n-d-843834-4 devstack@placement-api.service[105662]: [pid: 105662|app: 0|req: 488/991] 10.222.0.39 () {60 vars in 1380 bytes} [Wed Jul 20 10:54:48 2022] GET /placement/allocations/e3a05682-5698-4246-885d-91a05ecf16ea => generated 19 bytes in 28 msecs (HTTP/1.1 200) 8 headers in 295 bytes (1 switches on core 0)
Jul 20 10:54:48.820978 n-d-843834-4 devstack@placement-api.service[105661]: DEBUG placement.requestlog [req-70cd3bf4-14ed-481c-befe-d1722b8117f8 req-344ec1ba-fdaf-4457-86fb-1464d0aa35d8 None None] Starting request: 10.222.0.39 "PUT /placement/allocations/e3a05682-5698-4246-885d-91a05ecf16ea" {{(pid=105661) __call__ /opt/stack/placement/placement/requestlog.py:55}}
Jul 20 10:54:49.112365 n-d-843834-4 devstack@placement-api.service[105661]: DEBUG placement.handlers.allocation [req-70cd3bf4-14ed-481c-befe-d1722b8117f8 req-344ec1ba-fdaf-4457-86fb-1464d0aa35d8 service placement] Successfully wrote allocations [, ] {{(pid=105661) _update_consumers_and_create_allocations /opt/stack/placement/placement/handlers/allocation.py:462}}
Jul 20 10:54:49.208171 n-d-843834-4 devstack@placement-api.service[105661]: INFO placement.requestlog [req-70cd3bf4-14ed-481c-befe-d1722b8117f8 req-344ec1ba-fdaf-4457-86fb-1464d0aa35d8 service placement] 10.222.0.39 "PUT /placement/allocations/e3a05682-5698-4246-885d-91a05ecf16ea" status: 204 len: 0 microversion: 1.36
Jul 20 10:54:49.214735 n-d-843834-4 devstack@placement-api.service[105661]: [pid: 105661|app: 0|req: 504/992] 10.222.0.39 () {64 vars in 1433 bytes} [Wed Jul 20 10:54:48 2022] PUT /placement/allocations/e3a05682-5698-4246-885d-91a05ecf16ea => generated 0 bytes in 387 msecs (HTTP/1.1 204) 5 headers in 199 bytes (1 switches on core 0)
Jul 20 10:54:50.646320 n-d-843834-4 devstack@placement-api.service[105662]: DEBUG placement.requestlog [req-70cd3bf4-14ed-481c-befe-d1722b8117f8 req-b2c8713b-83ed-4e05-8380-d83de4564344 None None] Starting request: 10.222.0.45 "GET /placement/allocations/e3a05682-5698-4246-885d-91a05ecf16ea" {{(pid=105662) __call__ /opt/stack/placement/placement/requestlog.py:55}}
Jul 20 10:54:50.682250 n-d-843834-4 devstack@placement-api.service[105662]: INFO placement.requestlog [req-70cd3bf4-14ed-481c-befe-d1722b8117f8 req-b2c8713b-83ed-4e05-8380-d83de4564344 service placement] 10.222.0.45 "GET /placement/allocations/e3a05682-5698-4246-885d-91a05ecf16ea" status: 200 len: 245 microversion: 1.28
Jul 20 10:54:50.683903 n-d-843834-4 devstack@placement-api.service[105662]: [pid: 105662|app: 0|req: 489/993] 10.222.0.45 () {60 vars in 1377 bytes} [Wed Jul 20 10:54:50 2022] GET /placement/allocations/e3a05682-5698-4246-885d-91a05ecf16ea => generated 245 bytes in 38 msecs (HTTP/1.1 200) 8 headers in 296 bytes (1 switches on core 0)
Jul 20 10:54:51.551278 n-d-843834-4 devstack@placement-api.service[105661]: DEBUG placement.requestlog [None req-c9f02f84-f920-4a8a-b99d-8fb2188f82b9 None None] Starting request: 10.222.0.39 "GET /placement/resource_providers/66a1130f-fef1-4bcd-9c38-8b9c3d4061fc/aggregates" {{(pid=105661) __call__ /opt/stack/placement/placement/requestlog.py:55}}
Jul 20 10:54:51.576389 n-d-843834-4 devstack@placement-api.service[105661]: INFO placement.requestlog [None req-c9f02f84-f920-4a8a-b99d-8fb2188f82b9 service placement] 10.222.0.39 "GET /placement/resource_providers/66a1130f-fef1-4bcd-9c38-8b9c3d4061fc/aggregates" status: 404 len: 235 microversion: 1.1
Jul 20 10:54:51.577812 n-d-843834-4 devstack@placement-api.service[105661]: [pid: 105661|app: 0|req: 505/994] 10.222.0.39 () {58 vars in 1362 bytes} [Wed Jul 20 10:54:51 2022] GET /placement/resource_providers/66a1130f-fef1-4bcd-9c38-8b9c3d4061fc/aggregates => generated 235 bytes in 27 msecs (HTTP/1.1 404) 5 headers in 202 bytes (2 switches on core 0)
Jul 20 10:54:51.616913 n-d-843834-4 devstack@placement-api.service[105662]: DEBUG placement.requestlog [None req-379747b6-6b4d-494e-b6a9-5754175719a8 None None] Starting request: 10.222.0.39 "DELETE /placement/resource_providers/66a1130f-fef1-4bcd-9c38-8b9c3d4061fc" {{(pid=105662) __call__ /opt/stack/placement/placement/requestlog.py:55}}
Jul 20 10:54:51.630378 n-d-843834-4 devstack@placement-api.service[105662]: DEBUG placement.wsgi_wrapper [None req-379747b6-6b4d-494e-b6a9-5754175719a8 service placement] Placement API returning an error response: No resource provider with uuid 66a1130f-fef1-4bcd-9c38-8b9c3d4061fc found for delete {{(pid=105662) call_func /opt/stack/placement/placement/wsgi_wrapper.py:31}}
Jul 20 10:54:51.631781 n-d-843834-4 devstack@placement-api.service[105662]: INFO placement.requestlog [None req-379747b6-6b4d-494e-b6a9-5754175719a8 service placement] 10.222.0.39 "DELETE /placement/resource_providers/66a1130f-fef1-4bcd-9c38-8b9c3d4061fc" status: 404 len: 246 microversion: 1.1
Jul 20 10:54:51.632167 n-d-843834-4 devstack@placement-api.service[105662]: [pid: 105662|app: 0|req: 490/995] 10.222.0.39 () {60 vars in 1351 bytes} [Wed Jul 20 10:54:51 2022] DELETE /placement/resource_providers/66a1130f-fef1-4bcd-9c38-8b9c3d4061fc => generated 246 bytes in 16 msecs (HTTP/1.1 404) 6 headers in 231 bytes (1 switches on core 0)
Jul 20 10:55:01.571505 n-d-843834-4 devstack@placement-api.service[105661]: DEBUG dbcounter [-] [105661] Writing DB stats placement:SELECT=76,placement:DELETE=6,placement:INSERT=9,placement:UPDATE=4 {{(pid=105661) stat_writer /usr/local/lib/python3.8/dist-packages/dbcounter.py:114}}
Jul 20 10:55:01.628461 n-d-843834-4 devstack@placement-api.service[105662]: DEBUG dbcounter [-] [105662] Writing DB stats placement:SELECT=37,placement:DELETE=2 {{(pid=105662) stat_writer /usr/local/lib/python3.8/dist-packages/dbcounter.py:114}}
Jul 20 10:55:13.146155 n-d-843834-4 devstack@placement-api.service[105661]: DEBUG placement.requestlog [req-69a2ef54-49a8-4e12-9154-75ebe2b14a7e req-e2aa311d-e32b-4064-bb8e-da9cfd81716a None None] Starting request: 10.222.0.23 "DELETE /placement/allocations/7ef60f9c-4dc7-41f3-9a33-f0e4998402a3" {{(pid=105661) __call__ /opt/stack/placement/placement/requestlog.py:55}}
Jul 20 10:55:13.377332 n-d-843834-4 devstack@placement-api.service[105661]: DEBUG placement.handlers.allocation [req-69a2ef54-49a8-4e12-9154-75ebe2b14a7e req-e2aa311d-e32b-4064-bb8e-da9cfd81716a service placement] Successfully deleted allocations [, , ] {{(pid=105661) delete_allocations /opt/stack/placement/placement/handlers/allocation.py:627}}
Jul 20 10:55:13.378158 n-d-843834-4 devstack@placement-api.service[105661]: INFO placement.requestlog [req-69a2ef54-49a8-4e12-9154-75ebe2b14a7e req-e2aa311d-e32b-4064-bb8e-da9cfd81716a service placement] 10.222.0.23 "DELETE /placement/allocations/7ef60f9c-4dc7-41f3-9a33-f0e4998402a3" status: 204 len: 0 microversion: 1.0
Jul 20 10:55:13.379052 n-d-843834-4 devstack@placement-api.service[105661]: [pid: 105661|app: 0|req: 506/996] 10.222.0.23 () {60 vars in 1355 bytes} [Wed Jul 20 10:55:13 2022] DELETE /placement/allocations/7ef60f9c-4dc7-41f3-9a33-f0e4998402a3 => generated 0 bytes in 233 msecs (HTTP/1.1 204) 5 headers in 198 bytes (1 switches on core 0)
Jul 20 10:55:16.962705 n-d-843834-4 devstack@placement-api.service[105662]: DEBUG placement.requestlog [req-006a5cf1-ef58-4864-bb4b-188b55975155 req-f4390679-e429-4244-857c-65b2bb2324a1 None None] Starting request: 10.222.0.45 "DELETE /placement/allocations/b2678242-acac-4f91-a02c-82965744d372" {{(pid=105662) __call__ /opt/stack/placement/placement/requestlog.py:55}}
Jul 20 10:55:17.181686 n-d-843834-4 devstack@placement-api.service[105662]: DEBUG placement.handlers.allocation [req-006a5cf1-ef58-4864-bb4b-188b55975155 req-f4390679-e429-4244-857c-65b2bb2324a1 service placement] Successfully deleted allocations [, , ] {{(pid=105662) delete_allocations /opt/stack/placement/placement/handlers/allocation.py:627}}
Jul 20 10:55:17.185274 n-d-843834-4 devstack@placement-api.service[105662]: INFO placement.requestlog [req-006a5cf1-ef58-4864-bb4b-188b55975155 req-f4390679-e429-4244-857c-65b2bb2324a1 service placement] 10.222.0.45 "DELETE /placement/allocations/b2678242-acac-4f91-a02c-82965744d372" status: 204 len: 0 microversion: 1.0
Jul 20 10:55:17.187370 n-d-843834-4 devstack@placement-api.service[105662]: [pid: 105662|app: 0|req: 491/997] 10.222.0.45 () {60 vars in 1355 bytes} [Wed Jul 20 10:55:16 2022] DELETE /placement/allocations/b2678242-acac-4f91-a02c-82965744d372 => generated 0 bytes in 225 msecs (HTTP/1.1 204) 5 headers in 198 bytes (1 switches on core 0)
Jul 20 10:55:20.918823 n-d-843834-4 devstack@placement-api.service[105661]: DEBUG placement.requestlog [None req-1db75f9a-684b-4a84-a203-007d9046140e None None] Starting request: 10.222.0.39 "GET /placement/resource_providers/e9f8cafa-b9ec-45a2-b687-51afd49f33dd/aggregates" {{(pid=105661) __call__ /opt/stack/placement/placement/requestlog.py:55}}
Jul 20 10:55:20.949526 n-d-843834-4 devstack@placement-api.service[105661]: INFO placement.requestlog [None req-1db75f9a-684b-4a84-a203-007d9046140e service placement] 10.222.0.39 "GET /placement/resource_providers/e9f8cafa-b9ec-45a2-b687-51afd49f33dd/aggregates" status: 404 len: 235 microversion: 1.1
Jul 20 10:55:20.951238 n-d-843834-4 devstack@placement-api.service[105661]: [pid: 105661|app: 0|req: 507/998] 10.222.0.39 () {58 vars in 1362 bytes} [Wed Jul 20 10:55:20 2022] GET /placement/resource_providers/e9f8cafa-b9ec-45a2-b687-51afd49f33dd/aggregates => generated 235 bytes in 32 msecs (HTTP/1.1 404) 5 headers in 202 bytes (1 switches on core 0)
Jul 20 10:55:20.980705 n-d-843834-4 devstack@placement-api.service[105662]: DEBUG placement.requestlog [None req-3ae5d3ab-06cb-43d8-bf81-5b6e83d41da3 None None] Starting request: 10.222.0.39 "DELETE /placement/resource_providers/e9f8cafa-b9ec-45a2-b687-51afd49f33dd" {{(pid=105662) __call__ /opt/stack/placement/placement/requestlog.py:55}}
Jul 20 10:55:20.996446 n-d-843834-4 devstack@placement-api.service[105662]: DEBUG placement.wsgi_wrapper [None req-3ae5d3ab-06cb-43d8-bf81-5b6e83d41da3 service placement] Placement API returning an error response: No resource provider with uuid e9f8cafa-b9ec-45a2-b687-51afd49f33dd found for delete {{(pid=105662) call_func /opt/stack/placement/placement/wsgi_wrapper.py:31}}
Jul 20 10:55:21.001592 n-d-843834-4 devstack@placement-api.service[105662]: INFO placement.requestlog [None req-3ae5d3ab-06cb-43d8-bf81-5b6e83d41da3 service placement] 10.222.0.39 "DELETE /placement/resource_providers/e9f8cafa-b9ec-45a2-b687-51afd49f33dd" status: 404 len: 246 microversion: 1.1
Jul 20 10:55:21.001592 n-d-843834-4 devstack@placement-api.service[105662]: [pid: 105662|app: 0|req: 492/999] 10.222.0.39 () {60 vars in 1351 bytes} [Wed Jul 20 10:55:20 2022] DELETE /placement/resource_providers/e9f8cafa-b9ec-45a2-b687-51afd49f33dd => generated 246 bytes in 17 msecs (HTTP/1.1 404) 6 headers in 231 bytes (1 switches on core 0)
Jul 20 10:55:27.515754 n-d-843834-4 devstack@placement-api.service[105661]: DEBUG placement.requestlog [None req-83c55b71-799b-4a36-b292-f3aa1d15532a None None] Starting request: 10.222.0.39 "GET /placement/resource_providers/59fbbf00-002f-4d25-9805-0e3312f6fb1c/aggregates" {{(pid=105661) __call__ /opt/stack/placement/placement/requestlog.py:55}}
Jul 20 10:55:27.529191 n-d-843834-4 devstack@placement-api.service[105661]: INFO placement.requestlog [None req-83c55b71-799b-4a36-b292-f3aa1d15532a service placement] 10.222.0.39 "GET /placement/resource_providers/59fbbf00-002f-4d25-9805-0e3312f6fb1c/aggregates" status: 404 len: 235 microversion: 1.1
Jul 20 10:55:27.530185 n-d-843834-4 devstack@placement-api.service[105661]: [pid: 105661|app: 0|req: 508/1000] 10.222.0.39 () {58 vars in 1362 bytes} [Wed Jul 20 10:55:27 2022] GET /placement/resource_providers/59fbbf00-002f-4d25-9805-0e3312f6fb1c/aggregates => generated 235 bytes in 21 msecs (HTTP/1.1 404) 5 headers in 202 bytes (1 switches on core 0)
Jul 20 10:55:27.579567 n-d-843834-4 devstack@placement-api.service[105662]: DEBUG placement.requestlog [None req-169ca4a8-4826-447a-b130-3f4091250c6c None None] Starting request: 10.222.0.39 "DELETE /placement/resource_providers/59fbbf00-002f-4d25-9805-0e3312f6fb1c" {{(pid=105662) __call__ /opt/stack/placement/placement/requestlog.py:55}}
Jul 20 10:55:27.600025 n-d-843834-4 devstack@placement-api.service[105662]: DEBUG placement.wsgi_wrapper [None req-169ca4a8-4826-447a-b130-3f4091250c6c service placement] Placement API returning an error response: No resource provider with uuid 59fbbf00-002f-4d25-9805-0e3312f6fb1c found for delete {{(pid=105662) call_func /opt/stack/placement/placement/wsgi_wrapper.py:31}}
Jul 20 10:55:27.601241 n-d-843834-4 devstack@placement-api.service[105662]: INFO placement.requestlog [None req-169ca4a8-4826-447a-b130-3f4091250c6c service placement] 10.222.0.39 "DELETE /placement/resource_providers/59fbbf00-002f-4d25-9805-0e3312f6fb1c" status: 404 len: 246 microversion: 1.1
Jul 20 10:55:27.602106 n-d-843834-4 devstack@placement-api.service[105662]: [pid: 105662|app: 0|req: 493/1001] 10.222.0.39 () {60 vars in 1351 bytes} [Wed Jul 20 10:55:27 2022] DELETE /placement/resource_providers/59fbbf00-002f-4d25-9805-0e3312f6fb1c => generated 246 bytes in 23 msecs (HTTP/1.1 404) 6 headers in 231 bytes (1 switches on core 0)
Jul 20 10:55:30.418263 n-d-843834-4 devstack@placement-api.service[105661]: DEBUG placement.requestlog [req-ab884a8d-ac28-4ef5-8ab9-9d9b0d99e585 req-49821f5f-fadb-4afb-8a37-0dc77d42f88e None None] Starting request: 10.222.0.45 "DELETE /placement/allocations/582caf52-c03c-4a30-b03a-467e294ffa5a" {{(pid=105661) __call__ /opt/stack/placement/placement/requestlog.py:55}}
Jul 20 10:55:30.645311 n-d-843834-4 devstack@placement-api.service[105661]: DEBUG placement.handlers.allocation [req-ab884a8d-ac28-4ef5-8ab9-9d9b0d99e585 req-49821f5f-fadb-4afb-8a37-0dc77d42f88e service placement] Successfully deleted allocations [, ] {{(pid=105661) delete_allocations /opt/stack/placement/placement/handlers/allocation.py:627}}
Jul 20 10:55:30.645802 n-d-843834-4 devstack@placement-api.service[105661]: INFO placement.requestlog [req-ab884a8d-ac28-4ef5-8ab9-9d9b0d99e585 req-49821f5f-fadb-4afb-8a37-0dc77d42f88e service placement] 10.222.0.45 "DELETE /placement/allocations/582caf52-c03c-4a30-b03a-467e294ffa5a" status: 204 len: 0 microversion: 1.0
Jul 20 10:55:30.648104 n-d-843834-4 devstack@placement-api.service[105661]: [pid: 105661|app: 0|req: 509/1002] 10.222.0.45 () {60 vars in 1355 bytes} [Wed Jul 20 10:55:30 2022] DELETE /placement/allocations/582caf52-c03c-4a30-b03a-467e294ffa5a => generated 0 bytes in 229 msecs (HTTP/1.1 204) 5 headers in 198 bytes (1 switches on core 0)
Jul 20 10:55:36.214269 n-d-843834-4 devstack@placement-api.service[105662]: DEBUG placement.requestlog [req-46a015c5-120d-4524-94f3-4e560c7dd32b req-276ddc4f-d704-4100-a2fe-29c69d0640da None None] Starting request: 10.222.0.45 "GET /placement/resource_providers/7c25caf6-bbc4-4c1d-81d4-b9bfd4d6e523/allocations" {{(pid=105662) __call__ /opt/stack/placement/placement/requestlog.py:55}}
Jul 20 10:55:36.291774 n-d-843834-4 devstack@placement-api.service[105661]: DEBUG placement.requestlog [None req-b7025b65-96f4-4724-b641-22f4d2b55390 None None] Starting request: 10.222.0.39 "GET /placement/resource_providers/41d8772a-4644-4ac0-8fb8-3d02d7ec43cd/aggregates" {{(pid=105661) __call__ /opt/stack/placement/placement/requestlog.py:55}}
Jul 20 10:55:36.299471 n-d-843834-4 devstack@placement-api.service[105661]: DEBUG dbcounter [-] [105661] Writing DB stats placement:SELECT=19,placement:DELETE=4 {{(pid=105661) stat_writer /usr/local/lib/python3.8/dist-packages/dbcounter.py:114}}
Jul 20 10:55:36.308085 n-d-843834-4 devstack@placement-api.service[105661]: INFO placement.requestlog [None req-b7025b65-96f4-4724-b641-22f4d2b55390 service placement] 10.222.0.39 "GET /placement/resource_providers/41d8772a-4644-4ac0-8fb8-3d02d7ec43cd/aggregates" status: 404 len: 235 microversion: 1.1
Jul 20 10:55:36.309305 n-d-843834-4 devstack@placement-api.service[105661]: [pid: 105661|app: 0|req: 510/1003] 10.222.0.39 () {58 vars in 1362 bytes} [Wed Jul 20 10:55:36 2022] GET /placement/resource_providers/41d8772a-4644-4ac0-8fb8-3d02d7ec43cd/aggregates => generated 235 bytes in 18 msecs (HTTP/1.1 404) 5 headers in 202 bytes (2 switches on core 0)
Jul 20 10:55:36.384634 n-d-843834-4 devstack@placement-api.service[105661]: DEBUG placement.requestlog [None req-f7978b37-48ab-476e-800a-2468d537085b None None] Starting request: 10.222.0.39 "DELETE /placement/resource_providers/41d8772a-4644-4ac0-8fb8-3d02d7ec43cd" {{(pid=105661) __call__ /opt/stack/placement/placement/requestlog.py:55}}
Jul 20 10:55:36.415097 n-d-843834-4 devstack@placement-api.service[105661]: DEBUG placement.wsgi_wrapper [None req-f7978b37-48ab-476e-800a-2468d537085b service placement] Placement API returning an error response: No resource provider with uuid 41d8772a-4644-4ac0-8fb8-3d02d7ec43cd found for delete {{(pid=105661) call_func /opt/stack/placement/placement/wsgi_wrapper.py:31}}
Jul 20 10:55:36.415953 n-d-843834-4 devstack@placement-api.service[105661]: INFO placement.requestlog [None req-f7978b37-48ab-476e-800a-2468d537085b service placement] 10.222.0.39 "DELETE /placement/resource_providers/41d8772a-4644-4ac0-8fb8-3d02d7ec43cd" status: 404 len: 246 microversion: 1.1
Jul 20 10:55:36.419595 n-d-843834-4 devstack@placement-api.service[105661]: [pid: 105661|app: 0|req: 511/1004] 10.222.0.39 () {60 vars in 1351 bytes} [Wed Jul 20 10:55:36 2022] DELETE /placement/resource_providers/41d8772a-4644-4ac0-8fb8-3d02d7ec43cd => generated 246 bytes in 32 msecs (HTTP/1.1 404) 6 headers in 231 bytes (2 switches on core 0)
Jul 20 10:55:36.483125 n-d-843834-4 devstack@placement-api.service[105662]: INFO placement.requestlog [req-46a015c5-120d-4524-94f3-4e560c7dd32b req-276ddc4f-d704-4100-a2fe-29c69d0640da service placement] 10.222.0.45 "GET /placement/resource_providers/7c25caf6-bbc4-4c1d-81d4-b9bfd4d6e523/allocations" status: 200 len: 140 microversion: 1.0
Jul 20 10:55:36.483783 n-d-843834-4 devstack@placement-api.service[105662]: [pid: 105662|app: 0|req: 494/1005] 10.222.0.45 () {58 vars in 1390 bytes} [Wed Jul 20 10:55:36 2022] GET /placement/resource_providers/7c25caf6-bbc4-4c1d-81d4-b9bfd4d6e523/allocations => generated 140 bytes in 270 msecs (HTTP/1.1 200) 6 headers in 224 bytes (1 switches on core 0)
Jul 20 10:55:36.515136 n-d-843834-4 devstack@placement-api.service[105661]: DEBUG placement.requestlog [req-6ff8a522-ce13-4b1b-9f27-4a749302435d req-0b5e7d7e-578e-4803-992f-8f37e4054d79 None None] Starting request: 10.222.0.39 "GET /placement/allocation_candidates?limit=1000&resources=DISK_GB%3A1%2CMEMORY_MB%3A1024%2CVCPU%3A1&root_required=%21COMPUTE_STATUS_DISABLED" {{(pid=105661) __call__ /opt/stack/placement/placement/requestlog.py:55}}
Jul 20 10:55:36.606392 n-d-843834-4 devstack@placement-api.service[105661]: DEBUG placement.objects.research_context [req-6ff8a522-ce13-4b1b-9f27-4a749302435d req-0b5e7d7e-578e-4803-992f-8f37e4054d79 service placement] getting providers with 1 DISK_GB {{(pid=105661) __init__ /opt/stack/placement/placement/objects/research_context.py:136}}
Jul 20 10:55:36.613389 n-d-843834-4 devstack@placement-api.service[105661]: DEBUG placement.objects.research_context [req-6ff8a522-ce13-4b1b-9f27-4a749302435d req-0b5e7d7e-578e-4803-992f-8f37e4054d79 service placement] getting providers with 1024 MEMORY_MB {{(pid=105661) __init__ /opt/stack/placement/placement/objects/research_context.py:136}}
Jul 20 10:55:36.623017 n-d-843834-4 devstack@placement-api.service[105661]: DEBUG placement.objects.research_context [req-6ff8a522-ce13-4b1b-9f27-4a749302435d req-0b5e7d7e-578e-4803-992f-8f37e4054d79 service placement] getting providers with 1 VCPU {{(pid=105661) __init__ /opt/stack/placement/placement/objects/research_context.py:136}}
Jul 20 10:55:36.629481 n-d-843834-4 devstack@placement-api.service[105662]: DEBUG placement.requestlog [req-46a015c5-120d-4524-94f3-4e560c7dd32b req-73bbe4c6-b436-407d-8478-ed976f424d50 None None] Starting request: 10.222.0.45 "GET /placement/resource_providers?in_tree=7c25caf6-bbc4-4c1d-81d4-b9bfd4d6e523" {{(pid=105662) __call__ /opt/stack/placement/placement/requestlog.py:55}}
Jul 20 10:55:36.658757 n-d-843834-4 devstack@placement-api.service[105661]: DEBUG placement.objects.research_context [req-6ff8a522-ce13-4b1b-9f27-4a749302435d req-0b5e7d7e-578e-4803-992f-8f37e4054d79 service placement] found 2 providers with available 1 DISK_GB {{(pid=105661) get_provider_ids_matching /opt/stack/placement/placement/objects/research_context.py:563}}
Jul 20 10:55:36.660583 n-d-843834-4 devstack@placement-api.service[105661]: DEBUG placement.objects.research_context [req-6ff8a522-ce13-4b1b-9f27-4a749302435d req-0b5e7d7e-578e-4803-992f-8f37e4054d79 service placement] found 2 providers with available 1024 MEMORY_MB {{(pid=105661) get_provider_ids_matching /opt/stack/placement/placement/objects/research_context.py:563}}
Jul 20 10:55:36.660693 n-d-843834-4 devstack@placement-api.service[105661]: DEBUG placement.objects.research_context [req-6ff8a522-ce13-4b1b-9f27-4a749302435d req-0b5e7d7e-578e-4803-992f-8f37e4054d79 service placement] found 2 providers after filtering by previous result {{(pid=105661) get_provider_ids_matching /opt/stack/placement/placement/objects/research_context.py:594}}
Jul 20 10:55:36.660903 n-d-843834-4 devstack@placement-api.service[105661]: DEBUG placement.objects.research_context [req-6ff8a522-ce13-4b1b-9f27-4a749302435d req-0b5e7d7e-578e-4803-992f-8f37e4054d79 service placement] found 2 providers with available 1 VCPU {{(pid=105661) get_provider_ids_matching /opt/stack/placement/placement/objects/research_context.py:563}}
Jul 20 10:55:36.661162 n-d-843834-4 devstack@placement-api.service[105661]: DEBUG placement.objects.research_context [req-6ff8a522-ce13-4b1b-9f27-4a749302435d req-0b5e7d7e-578e-4803-992f-8f37e4054d79 service placement] found 2 providers after filtering by previous result {{(pid=105661) get_provider_ids_matching /opt/stack/placement/placement/objects/research_context.py:594}}
Jul 20 10:55:36.667032 n-d-843834-4 devstack@placement-api.service[105662]: INFO placement.requestlog [req-46a015c5-120d-4524-94f3-4e560c7dd32b req-73bbe4c6-b436-407d-8478-ed976f424d50 service placement] 10.222.0.45 "GET /placement/resource_providers?in_tree=7c25caf6-bbc4-4c1d-81d4-b9bfd4d6e523" status: 200 len: 863 microversion: 1.14
Jul 20 10:55:36.667695 n-d-843834-4 devstack@placement-api.service[105662]: [pid: 105662|app: 0|req: 495/1006] 10.222.0.45 () {60 vars in 1376 bytes} [Wed Jul 20 10:55:36 2022] GET /placement/resource_providers?in_tree=7c25caf6-bbc4-4c1d-81d4-b9bfd4d6e523 => generated 863 bytes in 38 msecs (HTTP/1.1 200) 6 headers in 225 bytes (1 switches on core 0)
Jul 20 10:55:36.680102 n-d-843834-4 devstack@placement-api.service[105662]: DEBUG placement.requestlog [req-46a015c5-120d-4524-94f3-4e560c7dd32b req-3e0b7f61-25d1-4f67-b04e-86fdeb2e161c None None] Starting request: 10.222.0.45 "GET /placement/resource_providers/7c25caf6-bbc4-4c1d-81d4-b9bfd4d6e523/inventories" {{(pid=105662) __call__ /opt/stack/placement/placement/requestlog.py:55}}
Jul 20 10:55:36.689520 n-d-843834-4 devstack@placement-api.service[105661]: DEBUG placement.objects.allocation_candidate [req-6ff8a522-ce13-4b1b-9f27-4a749302435d req-0b5e7d7e-578e-4803-992f-8f37e4054d79 service placement] RequestGroup(use_same_provider=False, resources={DISK_GB:1, MEMORY_MB:1024, VCPU:1}, traits=(), aggregates=[]) (suffix '') returned 2 matches {{(pid=105661) _get_by_requests /opt/stack/placement/placement/objects/allocation_candidate.py:156}}
Jul 20 10:55:36.690333 n-d-843834-4 devstack@placement-api.service[105661]: DEBUG placement.objects.allocation_candidate [req-6ff8a522-ce13-4b1b-9f27-4a749302435d req-0b5e7d7e-578e-4803-992f-8f37e4054d79 service placement] Merging candidates yields 2 allocation requests and 2 provider summaries {{(pid=105661) _merge_candidates /opt/stack/placement/placement/objects/allocation_candidate.py:809}}
Jul 20 10:55:36.693768 n-d-843834-4 devstack@placement-api.service[105661]: INFO placement.requestlog [req-6ff8a522-ce13-4b1b-9f27-4a749302435d req-0b5e7d7e-578e-4803-992f-8f37e4054d79 service placement] 10.222.0.39 "GET /placement/allocation_candidates?limit=1000&resources=DISK_GB%3A1%2CMEMORY_MB%3A1024%2CVCPU%3A1&root_required=%21COMPUTE_STATUS_DISABLED" status: 200 len: 1306 microversion: 1.36
Jul 20 10:55:36.696262 n-d-843834-4 devstack@placement-api.service[105661]: [pid: 105661|app: 0|req: 512/1007] 10.222.0.39 () {60 vars in 1506 bytes} [Wed Jul 20 10:55:36 2022] GET /placement/allocation_candidates?limit=1000&resources=DISK_GB%3A1%2CMEMORY_MB%3A1024%2CVCPU%3A1&root_required=%21COMPUTE_STATUS_DISABLED => generated 1306 bytes in 181 msecs (HTTP/1.1 200) 8 headers in 297 bytes (1 switches on core 0)
Jul 20 10:55:36.706990 n-d-843834-4 devstack@placement-api.service[105662]: INFO placement.requestlog [req-46a015c5-120d-4524-94f3-4e560c7dd32b req-3e0b7f61-25d1-4f67-b04e-86fdeb2e161c service placement] 10.222.0.45 "GET /placement/resource_providers/7c25caf6-bbc4-4c1d-81d4-b9bfd4d6e523/inventories" status: 200 len: 398 microversion: 1.0
Jul 20 10:55:36.706990 n-d-843834-4 devstack@placement-api.service[105662]: [pid: 105662|app: 0|req: 496/1008] 10.222.0.45 () {58 vars in 1390 bytes} [Wed Jul 20 10:55:36 2022] GET /placement/resource_providers/7c25caf6-bbc4-4c1d-81d4-b9bfd4d6e523/inventories => generated 398 bytes in 25 msecs (HTTP/1.1 200) 6 headers in 224 bytes (1 switches on core 0)
