Jul 20 10:41:22.693914 n-d-843834-4 devstack@placement-api.service[105661]: DEBUG placement.objects.research_context [req-166dac26-f82e-4122-9da5-9b214f1e763d req-a552bd6b-3c3a-4778-b55b-6b3541fd2013 service placement] getting providers with 1 VCPU {{(pid=105661) __init__ /opt/stack/placement/placement/objects/research_context.py:136}}
Jul 20 10:41:22.701892 n-d-843834-4 devstack@placement-api.service[105661]: DEBUG placement.objects.research_context [req-166dac26-f82e-4122-9da5-9b214f1e763d req-a552bd6b-3c3a-4778-b55b-6b3541fd2013 service placement] found 2 providers with available 1 DISK_GB {{(pid=105661) get_provider_ids_matching /opt/stack/placement/placement/objects/research_context.py:563}}
Jul 20 10:41:22.709147 n-d-843834-4 devstack@placement-api.service[105661]: DEBUG placement.objects.research_context [req-166dac26-f82e-4122-9da5-9b214f1e763d req-a552bd6b-3c3a-4778-b55b-6b3541fd2013 service placement] found 2 providers with available 1024 MEMORY_MB {{(pid=105661) get_provider_ids_matching /opt/stack/placement/placement/objects/research_context.py:563}}
Jul 20 10:41:22.709147 n-d-843834-4 devstack@placement-api.service[105661]: DEBUG placement.objects.research_context [req-166dac26-f82e-4122-9da5-9b214f1e763d req-a552bd6b-3c3a-4778-b55b-6b3541fd2013 service placement] found 2 providers after filtering by previous result {{(pid=105661) get_provider_ids_matching /opt/stack/placement/placement/objects/research_context.py:594}}
Jul 20 10:41:22.709147 n-d-843834-4 devstack@placement-api.service[105661]: DEBUG placement.objects.research_context [req-166dac26-f82e-4122-9da5-9b214f1e763d req-a552bd6b-3c3a-4778-b55b-6b3541fd2013 service placement] found 2 providers with available 1 VCPU {{(pid=105661) get_provider_ids_matching /opt/stack/placement/placement/objects/research_context.py:563}}
Jul 20 10:41:22.709147 n-d-843834-4 devstack@placement-api.service[105661]: DEBUG placement.objects.research_context [req-166dac26-f82e-4122-9da5-9b214f1e763d req-a552bd6b-3c3a-4778-b55b-6b3541fd2013 service placement] found 2 providers after filtering by previous result {{(pid=105661) get_provider_ids_matching /opt/stack/placement/placement/objects/research_context.py:594}}
Jul 20 10:41:22.720391 n-d-843834-4 devstack@placement-api.service[105661]: DEBUG placement.objects.allocation_candidate [req-166dac26-f82e-4122-9da5-9b214f1e763d req-a552bd6b-3c3a-4778-b55b-6b3541fd2013 service placement] RequestGroup(use_same_provider=False, resources={DISK_GB:1, MEMORY_MB:1024, VCPU:1}, traits=(), aggregates=[]) (suffix '') returned 2 matches {{(pid=105661) _get_by_requests /opt/stack/placement/placement/objects/allocation_candidate.py:156}}
Jul 20 10:41:22.720993 n-d-843834-4 devstack@placement-api.service[105661]: DEBUG placement.objects.allocation_candidate [req-166dac26-f82e-4122-9da5-9b214f1e763d req-a552bd6b-3c3a-4778-b55b-6b3541fd2013 service placement] Merging candidates yields 2 allocation requests and 2 provider summaries {{(pid=105661) _merge_candidates /opt/stack/placement/placement/objects/allocation_candidate.py:809}}
Jul 20 10:41:22.724339 n-d-843834-4 devstack@placement-api.service[105661]: INFO placement.requestlog [req-166dac26-f82e-4122-9da5-9b214f1e763d req-a552bd6b-3c3a-4778-b55b-6b3541fd2013 service placement] 10.222.0.39 "GET /placement/allocation_candidates?limit=1000&resources=DISK_GB%3A1%2CMEMORY_MB%3A1024%2CVCPU%3A1&root_required=%21COMPUTE_STATUS_DISABLED" status: 200 len: 1309 microversion: 1.36
Jul 20 10:41:22.724917 n-d-843834-4 devstack@placement-api.service[105661]: [pid: 105661|app: 0|req: 258/503] 10.222.0.39 () {60 vars in 1506 bytes} [Wed Jul 20 10:41:22 2022] GET /placement/allocation_candidates?limit=1000&resources=DISK_GB%3A1%2CMEMORY_MB%3A1024%2CVCPU%3A1&root_required=%21COMPUTE_STATUS_DISABLED => generated 1309 bytes in 119 msecs (HTTP/1.1 200) 8 headers in 297 bytes (1 switches on core 0)
Jul 20 10:41:22.887933 n-d-843834-4 devstack@placement-api.service[105662]: DEBUG placement.requestlog [req-166dac26-f82e-4122-9da5-9b214f1e763d req-d1a554cd-b7cb-4099-8c6c-c04ee649e8eb None None] Starting request: 10.222.0.39 "GET /placement/allocations/01f70407-749e-4683-81e6-a73fe94d4b09" {{(pid=105662) __call__ /opt/stack/placement/placement/requestlog.py:55}}
Jul 20 10:41:22.903591 n-d-843834-4 devstack@placement-api.service[105662]: INFO placement.requestlog [req-166dac26-f82e-4122-9da5-9b214f1e763d req-d1a554cd-b7cb-4099-8c6c-c04ee649e8eb service placement] 10.222.0.39 "GET /placement/allocations/01f70407-749e-4683-81e6-a73fe94d4b09" status: 200 len: 19 microversion: 1.28
Jul 20 10:41:22.911257 n-d-843834-4 devstack@placement-api.service[105661]: DEBUG placement.requestlog [req-166dac26-f82e-4122-9da5-9b214f1e763d req-e5b6afc2-dfa0-4bdc-b07a-abaa2f1fa1c8 None None] Starting request: 10.222.0.39 "PUT /placement/allocations/01f70407-749e-4683-81e6-a73fe94d4b09" {{(pid=105661) __call__ /opt/stack/placement/placement/requestlog.py:55}}
Jul 20 10:41:22.921937 n-d-843834-4 devstack@placement-api.service[105662]: [pid: 105662|app: 0|req: 246/504] 10.222.0.39 () {60 vars in 1380 bytes} [Wed Jul 20 10:41:22 2022] GET /placement/allocations/01f70407-749e-4683-81e6-a73fe94d4b09 => generated 19 bytes in 34 msecs (HTTP/1.1 200) 8 headers in 295 bytes (1 switches on core 0)
Jul 20 10:41:23.003744 n-d-843834-4 devstack@placement-api.service[105662]: DEBUG placement.requestlog [req-68a180af-b913-4d71-a0f0-ddab4be660e5 req-339037ea-484b-45d3-ac3d-6cb492276471 None None] Starting request: 10.222.0.23 "GET /placement/allocations/6921bf01-917a-4681-ad4e-87f3f20bf18c" {{(pid=105662) __call__ /opt/stack/placement/placement/requestlog.py:55}}
Jul 20 10:41:23.030484 n-d-843834-4 devstack@placement-api.service[105662]: INFO placement.requestlog [req-68a180af-b913-4d71-a0f0-ddab4be660e5 req-339037ea-484b-45d3-ac3d-6cb492276471 service placement] 10.222.0.23 "GET /placement/allocations/6921bf01-917a-4681-ad4e-87f3f20bf18c" status: 200 len: 259 microversion: 1.28
Jul 20 10:41:23.031557 n-d-843834-4 devstack@placement-api.service[105662]: [pid: 105662|app: 0|req: 247/505] 10.222.0.23 () {60 vars in 1377 bytes} [Wed Jul 20 10:41:23 2022] GET /placement/allocations/6921bf01-917a-4681-ad4e-87f3f20bf18c => generated 259 bytes in 28 msecs (HTTP/1.1 200) 8 headers in 296 bytes (1 switches on core 0)
Jul 20 10:41:23.032409 n-d-843834-4 devstack@placement-api.service[105662]: DEBUG placement.requestlog [req-13ebdc15-7e0c-4b8e-a794-626a10721128 req-22f026ac-f7aa-403d-97d1-23a44aa09d51 None None] Starting request: 10.222.0.23 "DELETE /placement/allocations/3acec5ed-373f-41c0-a7df-791a33f09bab" {{(pid=105662) __call__ /opt/stack/placement/placement/requestlog.py:55}}
Jul 20 10:41:23.071847 n-d-843834-4 devstack@placement-api.service[105662]: DEBUG dbcounter [-] [105662] Writing DB stats placement:SELECT=80,placement:INSERT=12,placement:DELETE=4,placement:UPDATE=4 {{(pid=105662) stat_writer /usr/local/lib/python3.8/dist-packages/dbcounter.py:114}}
Jul 20 10:41:23.177393 n-d-843834-4 devstack@placement-api.service[105661]: DEBUG placement.handlers.allocation [req-166dac26-f82e-4122-9da5-9b214f1e763d req-e5b6afc2-dfa0-4bdc-b07a-abaa2f1fa1c8 service placement] Successfully wrote allocations [, , ] {{(pid=105661) _update_consumers_and_create_allocations /opt/stack/placement/placement/handlers/allocation.py:462}}
Jul 20 10:41:23.278818 n-d-843834-4 devstack@placement-api.service[105662]: DEBUG placement.handlers.allocation [req-13ebdc15-7e0c-4b8e-a794-626a10721128 req-22f026ac-f7aa-403d-97d1-23a44aa09d51 service placement] Successfully deleted allocations [, , ] {{(pid=105662) delete_allocations /opt/stack/placement/placement/handlers/allocation.py:627}}
Jul 20 10:41:23.279402 n-d-843834-4 devstack@placement-api.service[105662]: INFO placement.requestlog [req-13ebdc15-7e0c-4b8e-a794-626a10721128 req-22f026ac-f7aa-403d-97d1-23a44aa09d51 service placement] 10.222.0.23 "DELETE /placement/allocations/3acec5ed-373f-41c0-a7df-791a33f09bab" status: 204 len: 0 microversion: 1.0
Jul 20 10:41:23.279898 n-d-843834-4 devstack@placement-api.service[105662]: [pid: 105662|app: 0|req: 248/506] 10.222.0.23 () {60 vars in 1355 bytes} [Wed Jul 20 10:41:23 2022] DELETE /placement/allocations/3acec5ed-373f-41c0-a7df-791a33f09bab => generated 0 bytes in 248 msecs (HTTP/1.1 204) 5 headers in 198 bytes (1 switches on core 0)
Jul 20 10:41:23.282332 n-d-843834-4 devstack@placement-api.service[105661]: INFO placement.requestlog [req-166dac26-f82e-4122-9da5-9b214f1e763d req-e5b6afc2-dfa0-4bdc-b07a-abaa2f1fa1c8 service placement] 10.222.0.39 "PUT /placement/allocations/01f70407-749e-4683-81e6-a73fe94d4b09" status: 204 len: 0 microversion: 1.36
Jul 20 10:41:23.287687 n-d-843834-4 devstack@placement-api.service[105661]: [pid: 105661|app: 0|req: 259/507] 10.222.0.39 () {64 vars in 1433 bytes} [Wed Jul 20 10:41:22 2022] PUT /placement/allocations/01f70407-749e-4683-81e6-a73fe94d4b09 => generated 0 bytes in 373 msecs (HTTP/1.1 204) 5 headers in 199 bytes (1 switches on core 0)
Jul 20 10:41:23.388045 n-d-843834-4 devstack@placement-api.service[105662]: DEBUG placement.requestlog [req-166dac26-f82e-4122-9da5-9b214f1e763d req-7a2e4828-11e5-42d9-b212-56e73a71eb95 None None] Starting request: 10.222.0.39 "GET /placement/allocations/f1e815a1-a6bf-49f7-abb1-5369bcde0167" {{(pid=105662) __call__ /opt/stack/placement/placement/requestlog.py:55}}
Jul 20 10:41:23.411950 n-d-843834-4 devstack@placement-api.service[105662]: INFO placement.requestlog [req-166dac26-f82e-4122-9da5-9b214f1e763d req-7a2e4828-11e5-42d9-b212-56e73a71eb95 service placement] 10.222.0.39 "GET /placement/allocations/f1e815a1-a6bf-49f7-abb1-5369bcde0167" status: 200 len: 19 microversion: 1.28
Jul 20 10:41:23.412294 n-d-843834-4 devstack@placement-api.service[105662]: [pid: 105662|app: 0|req: 249/508] 10.222.0.39 () {60 vars in 1380 bytes} [Wed Jul 20 10:41:23 2022] GET /placement/allocations/f1e815a1-a6bf-49f7-abb1-5369bcde0167 => generated 19 bytes in 24 msecs (HTTP/1.1 200) 8 headers in 295 bytes (1 switches on core 0)
Jul 20 10:41:23.452271 n-d-843834-4 devstack@placement-api.service[105661]: DEBUG placement.requestlog [req-166dac26-f82e-4122-9da5-9b214f1e763d req-f267fd00-25a2-4bf0-9ab5-f00fd2f5456e None None] Starting request: 10.222.0.39 "PUT /placement/allocations/f1e815a1-a6bf-49f7-abb1-5369bcde0167" {{(pid=105661) __call__ /opt/stack/placement/placement/requestlog.py:55}}
Jul 20 10:41:23.705932 n-d-843834-4 devstack@placement-api.service[105661]: DEBUG placement.handlers.allocation [req-166dac26-f82e-4122-9da5-9b214f1e763d req-f267fd00-25a2-4bf0-9ab5-f00fd2f5456e service placement] Successfully wrote allocations [, , ] {{(pid=105661) _update_consumers_and_create_allocations /opt/stack/placement/placement/handlers/allocation.py:462}}
Jul 20 10:41:23.833831 n-d-843834-4 devstack@placement-api.service[105661]: INFO placement.requestlog [req-166dac26-f82e-4122-9da5-9b214f1e763d req-f267fd00-25a2-4bf0-9ab5-f00fd2f5456e service placement] 10.222.0.39 "PUT /placement/allocations/f1e815a1-a6bf-49f7-abb1-5369bcde0167" status: 204 len: 0 microversion: 1.36
Jul 20 10:41:23.845572 n-d-843834-4 devstack@placement-api.service[105661]: [pid: 105661|app: 0|req: 260/509] 10.222.0.39 () {64 vars in 1433 bytes} [Wed Jul 20 10:41:23 2022] PUT /placement/allocations/f1e815a1-a6bf-49f7-abb1-5369bcde0167 => generated 0 bytes in 396 msecs (HTTP/1.1 204) 5 headers in 199 bytes (1 switches on core 0)
Jul 20 10:41:24.398544 n-d-843834-4 devstack@placement-api.service[105662]: DEBUG placement.requestlog [req-9ee36ce0-d5dc-41b7-bb21-8a5d708b3a84 req-49c7303e-fef4-499b-ae1e-41351c636fd5 None None] Starting request: 10.222.0.45 "DELETE /placement/allocations/ede7c81a-d7d7-433b-ad89-db9b7c5b2ca0" {{(pid=105662) __call__ /opt/stack/placement/placement/requestlog.py:55}}
Jul 20 10:41:24.545842 n-d-843834-4 devstack@placement-api.service[105661]: DEBUG placement.requestlog [req-7753d573-bc11-402b-840e-b96774cf3180 req-0d38c42c-bad1-4cef-be16-827c3ef3e9a4 None None] Starting request: 10.222.0.23 "GET /placement/resource_providers/5811500f-bbcf-4461-9c87-4950e3f1cf86/allocations" {{(pid=105661) __call__ /opt/stack/placement/placement/requestlog.py:55}}
Jul 20 10:41:24.630337 n-d-843834-4 devstack@placement-api.service[105661]: INFO placement.requestlog [req-7753d573-bc11-402b-840e-b96774cf3180 req-0d38c42c-bad1-4cef-be16-827c3ef3e9a4 service placement] 10.222.0.23 "GET /placement/resource_providers/5811500f-bbcf-4461-9c87-4950e3f1cf86/allocations" status: 200 len: 659 microversion: 1.0
Jul 20 10:41:24.631701 n-d-843834-4 devstack@placement-api.service[105661]: [pid: 105661|app: 0|req: 261/510] 10.222.0.23 () {58 vars in 1390 bytes} [Wed Jul 20 10:41:24 2022] GET /placement/resource_providers/5811500f-bbcf-4461-9c87-4950e3f1cf86/allocations => generated 659 bytes in 86 msecs (HTTP/1.1 200) 6 headers in 224 bytes (1 switches on core 0)
Jul 20 10:41:24.702286 n-d-843834-4 devstack@placement-api.service[105662]: DEBUG placement.handlers.allocation [req-9ee36ce0-d5dc-41b7-bb21-8a5d708b3a84 req-49c7303e-fef4-499b-ae1e-41351c636fd5 service placement] Successfully deleted allocations [, , ] {{(pid=105662) delete_allocations /opt/stack/placement/placement/handlers/allocation.py:627}}
Jul 20 10:41:24.703061 n-d-843834-4 devstack@placement-api.service[105662]: INFO placement.requestlog [req-9ee36ce0-d5dc-41b7-bb21-8a5d708b3a84 req-49c7303e-fef4-499b-ae1e-41351c636fd5 service placement] 10.222.0.45 "DELETE /placement/allocations/ede7c81a-d7d7-433b-ad89-db9b7c5b2ca0" status: 204 len: 0 microversion: 1.0
Jul 20 10:41:24.704660 n-d-843834-4 devstack@placement-api.service[105662]: [pid: 105662|app: 0|req: 250/511] 10.222.0.45 () {60 vars in 1355 bytes} [Wed Jul 20 10:41:24 2022] DELETE /placement/allocations/ede7c81a-d7d7-433b-ad89-db9b7c5b2ca0 => generated 0 bytes in 306 msecs (HTTP/1.1 204) 5 headers in 198 bytes (1 switches on core 0)
Jul 20 10:41:25.792185 n-d-843834-4 devstack@placement-api.service[105661]: DEBUG placement.requestlog [req-166dac26-f82e-4122-9da5-9b214f1e763d req-67f1631c-3813-46bc-b49f-22bbeecefe54 None None] Starting request: 10.222.0.23 "GET /placement/allocations/01f70407-749e-4683-81e6-a73fe94d4b09" {{(pid=105661) __call__ /opt/stack/placement/placement/requestlog.py:55}}
Jul 20 10:41:25.810530 n-d-843834-4 devstack@placement-api.service[105661]: INFO placement.requestlog [req-166dac26-f82e-4122-9da5-9b214f1e763d req-67f1631c-3813-46bc-b49f-22bbeecefe54 service placement] 10.222.0.23 "GET /placement/allocations/01f70407-749e-4683-81e6-a73fe94d4b09" status: 200 len: 259 microversion: 1.28
Jul 20 10:41:25.812073 n-d-843834-4 devstack@placement-api.service[105661]: [pid: 105661|app: 0|req: 262/512] 10.222.0.23 () {60 vars in 1377 bytes} [Wed Jul 20 10:41:25 2022] GET /placement/allocations/01f70407-749e-4683-81e6-a73fe94d4b09 => generated 259 bytes in 19 msecs (HTTP/1.1 200) 8 headers in 296 bytes (1 switches on core 0)
Jul 20 10:41:26.177424 n-d-843834-4 devstack@placement-api.service[105662]: DEBUG placement.requestlog [None req-bde418f9-2ded-4545-bf4d-1e9ddfd6f963 None None] Starting request: 10.222.0.39 "GET /placement/resource_providers/c9b31823-1d8c-4b86-94b5-73d9ec7da7d0/aggregates" {{(pid=105662) __call__ /opt/stack/placement/placement/requestlog.py:55}}
Jul 20 10:41:26.196754 n-d-843834-4 devstack@placement-api.service[105662]: INFO placement.requestlog [None req-bde418f9-2ded-4545-bf4d-1e9ddfd6f963 service placement] 10.222.0.39 "GET /placement/resource_providers/c9b31823-1d8c-4b86-94b5-73d9ec7da7d0/aggregates" status: 404 len: 235 microversion: 1.1
Jul 20 10:41:26.197396 n-d-843834-4 devstack@placement-api.service[105662]: [pid: 105662|app: 0|req: 251/513] 10.222.0.39 () {58 vars in 1362 bytes} [Wed Jul 20 10:41:26 2022] GET /placement/resource_providers/c9b31823-1d8c-4b86-94b5-73d9ec7da7d0/aggregates => generated 235 bytes in 20 msecs (HTTP/1.1 404) 5 headers in 202 bytes (1 switches on core 0)
Jul 20 10:41:26.272918 n-d-843834-4 devstack@placement-api.service[105661]: DEBUG placement.requestlog [None req-ef57f214-f752-46df-b561-ecc851fe6970 None None] Starting request: 10.222.0.39 "DELETE /placement/resource_providers/c9b31823-1d8c-4b86-94b5-73d9ec7da7d0" {{(pid=105661) __call__ /opt/stack/placement/placement/requestlog.py:55}}
Jul 20 10:41:26.298073 n-d-843834-4 devstack@placement-api.service[105661]: DEBUG placement.wsgi_wrapper [None req-ef57f214-f752-46df-b561-ecc851fe6970 service placement] Placement API returning an error response: No resource provider with uuid c9b31823-1d8c-4b86-94b5-73d9ec7da7d0 found for delete {{(pid=105661) call_func /opt/stack/placement/placement/wsgi_wrapper.py:31}}
Jul 20 10:41:26.301373 n-d-843834-4 devstack@placement-api.service[105661]: INFO placement.requestlog [None req-ef57f214-f752-46df-b561-ecc851fe6970 service placement] 10.222.0.39 "DELETE /placement/resource_providers/c9b31823-1d8c-4b86-94b5-73d9ec7da7d0" status: 404 len: 246 microversion: 1.1
Jul 20 10:41:26.303927 n-d-843834-4 devstack@placement-api.service[105661]: [pid: 105661|app: 0|req: 263/514] 10.222.0.39 () {60 vars in 1351 bytes} [Wed Jul 20 10:41:26 2022] DELETE /placement/resource_providers/c9b31823-1d8c-4b86-94b5-73d9ec7da7d0 => generated 246 bytes in 31 msecs (HTTP/1.1 404) 6 headers in 231 bytes (1 switches on core 0)
Jul 20 10:41:26.628838 n-d-843834-4 devstack@placement-api.service[105662]: DEBUG placement.requestlog [req-b18f71a0-1c9b-49ad-bd52-e4ca0a5996f5 req-ab506c62-e597-4e88-849d-a9d39f25206c None None] Starting request: 10.222.0.45 "DELETE /placement/allocations/113a4752-7d1a-4710-8449-07fa65f83403" {{(pid=105662) __call__ /opt/stack/placement/placement/requestlog.py:55}}
Jul 20 10:41:26.656764 n-d-843834-4 devstack@placement-api.service[105661]: DEBUG placement.requestlog [req-166dac26-f82e-4122-9da5-9b214f1e763d req-b10efd9e-01ce-436b-9aad-28476a5bb875 None None] Starting request: 10.222.0.45 "GET /placement/allocations/f1e815a1-a6bf-49f7-abb1-5369bcde0167" {{(pid=105661) __call__ /opt/stack/placement/placement/requestlog.py:55}}
Jul 20 10:41:26.685178 n-d-843834-4 devstack@placement-api.service[105661]: INFO placement.requestlog [req-166dac26-f82e-4122-9da5-9b214f1e763d req-b10efd9e-01ce-436b-9aad-28476a5bb875 service placement] 10.222.0.45 "GET /placement/allocations/f1e815a1-a6bf-49f7-abb1-5369bcde0167" status: 200 len: 259 microversion: 1.28
Jul 20 10:41:26.686087 n-d-843834-4 devstack@placement-api.service[105661]: [pid: 105661|app: 0|req: 264/515] 10.222.0.45 () {60 vars in 1377 bytes} [Wed Jul 20 10:41:26 2022] GET /placement/allocations/f1e815a1-a6bf-49f7-abb1-5369bcde0167 => generated 259 bytes in 29 msecs (HTTP/1.1 200) 8 headers in 296 bytes (1 switches on core 0)
Jul 20 10:41:26.936256 n-d-843834-4 devstack@placement-api.service[105662]: DEBUG placement.handlers.allocation [req-b18f71a0-1c9b-49ad-bd52-e4ca0a5996f5 req-ab506c62-e597-4e88-849d-a9d39f25206c service placement] Successfully deleted allocations [, , ] {{(pid=105662) delete_allocations /opt/stack/placement/placement/handlers/allocation.py:627}}
Jul 20 10:41:26.937250 n-d-843834-4 devstack@placement-api.service[105662]: INFO placement.requestlog [req-b18f71a0-1c9b-49ad-bd52-e4ca0a5996f5 req-ab506c62-e597-4e88-849d-a9d39f25206c service placement] 10.222.0.45 "DELETE /placement/allocations/113a4752-7d1a-4710-8449-07fa65f83403" status: 204 len: 0 microversion: 1.0
Jul 20 10:41:26.937803 n-d-843834-4 devstack@placement-api.service[105662]: [pid: 105662|app: 0|req: 252/516] 10.222.0.45 () {60 vars in 1355 bytes} [Wed Jul 20 10:41:26 2022] DELETE /placement/allocations/113a4752-7d1a-4710-8449-07fa65f83403 => generated 0 bytes in 310 msecs (HTTP/1.1 204) 5 headers in 198 bytes (1 switches on core 0)
Jul 20 10:41:36.811863 n-d-843834-4 devstack@placement-api.service[105661]: DEBUG dbcounter [-] [105661] Writing DB stats placement:SELECT=47,placement:INSERT=8,placement:DELETE=4,placement:UPDATE=4 {{(pid=105661) stat_writer /usr/local/lib/python3.8/dist-packages/dbcounter.py:114}}
Jul 20 10:41:37.194783 n-d-843834-4 devstack@placement-api.service[105662]: DEBUG dbcounter [-] [105662] Writing DB stats placement:DELETE=6,placement:SELECT=20 {{(pid=105662) stat_writer /usr/local/lib/python3.8/dist-packages/dbcounter.py:114}}
Jul 20 10:41:40.440663 n-d-843834-4 devstack@placement-api.service[105661]: DEBUG placement.requestlog [req-998c7dbb-33dc-4165-b353-17d211267768 req-7066bc70-3e2b-4d81-b771-48c7f967acc2 None None] Starting request: 10.222.0.23 "DELETE /placement/allocations/91a2effd-ad78-4d45-bb0b-96c5eeccf957" {{(pid=105661) __call__ /opt/stack/placement/placement/requestlog.py:55}}
Jul 20 10:41:40.673013 n-d-843834-4 devstack@placement-api.service[105661]: DEBUG placement.handlers.allocation [req-998c7dbb-33dc-4165-b353-17d211267768 req-7066bc70-3e2b-4d81-b771-48c7f967acc2 service placement] Successfully deleted allocations [, , ] {{(pid=105661) delete_allocations /opt/stack/placement/placement/handlers/allocation.py:627}}
Jul 20 10:41:40.673548 n-d-843834-4 devstack@placement-api.service[105661]: INFO placement.requestlog [req-998c7dbb-33dc-4165-b353-17d211267768 req-7066bc70-3e2b-4d81-b771-48c7f967acc2 service placement] 10.222.0.23 "DELETE /placement/allocations/91a2effd-ad78-4d45-bb0b-96c5eeccf957" status: 204 len: 0 microversion: 1.0
Jul 20 10:41:40.674272 n-d-843834-4 devstack@placement-api.service[105661]: [pid: 105661|app: 0|req: 265/517] 10.222.0.23 () {60 vars in 1355 bytes} [Wed Jul 20 10:41:40 2022] DELETE /placement/allocations/91a2effd-ad78-4d45-bb0b-96c5eeccf957 => generated 0 bytes in 234 msecs (HTTP/1.1 204) 5 headers in 198 bytes (2 switches on core 0)
Jul 20 10:41:43.501650 n-d-843834-4 devstack@placement-api.service[105662]: DEBUG placement.requestlog [req-6fa9d934-6ed6-4a99-870b-2ada641b85ed req-1651fb4f-defa-4b1d-88ac-38d7d47de1e1 None None] Starting request: 10.222.0.39 "GET /placement/allocation_candidates?resources=DISK_GB%3A1%2CMEMORY_MB%3A1024%2CVCPU%3A1&root_required=%21COMPUTE_STATUS_DISABLED" {{(pid=105662) __call__ /opt/stack/placement/placement/requestlog.py:55}}
Jul 20 10:41:43.573808 n-d-843834-4 devstack@placement-api.service[105662]: DEBUG placement.objects.research_context [req-6fa9d934-6ed6-4a99-870b-2ada641b85ed req-1651fb4f-defa-4b1d-88ac-38d7d47de1e1 service placement] getting providers with 1 DISK_GB {{(pid=105662) __init__ /opt/stack/placement/placement/objects/research_context.py:136}}
Jul 20 10:41:43.583032 n-d-843834-4 devstack@placement-api.service[105662]: DEBUG placement.objects.research_context [req-6fa9d934-6ed6-4a99-870b-2ada641b85ed req-1651fb4f-defa-4b1d-88ac-38d7d47de1e1 service placement] getting providers with 1024 MEMORY_MB {{(pid=105662) __init__ /opt/stack/placement/placement/objects/research_context.py:136}}
Jul 20 10:41:43.618393 n-d-843834-4 devstack@placement-api.service[105662]: DEBUG placement.objects.research_context [req-6fa9d934-6ed6-4a99-870b-2ada641b85ed req-1651fb4f-defa-4b1d-88ac-38d7d47de1e1 service placement] getting providers with 1 VCPU {{(pid=105662) __init__ /opt/stack/placement/placement/objects/research_context.py:136}}
Jul 20 10:41:43.629574 n-d-843834-4 devstack@placement-api.service[105662]: DEBUG placement.objects.research_context [req-6fa9d934-6ed6-4a99-870b-2ada641b85ed req-1651fb4f-defa-4b1d-88ac-38d7d47de1e1 service placement] found 2 providers with available 1 DISK_GB {{(pid=105662) get_provider_ids_matching /opt/stack/placement/placement/objects/research_context.py:563}}
Jul 20 10:41:43.630043 n-d-843834-4 devstack@placement-api.service[105662]: DEBUG placement.objects.research_context [req-6fa9d934-6ed6-4a99-870b-2ada641b85ed req-1651fb4f-defa-4b1d-88ac-38d7d47de1e1 service placement] found 2 providers with available 1024 MEMORY_MB {{(pid=105662) get_provider_ids_matching /opt/stack/placement/placement/objects/research_context.py:563}}
Jul 20 10:41:43.630525 n-d-843834-4 devstack@placement-api.service[105662]: DEBUG placement.objects.research_context [req-6fa9d934-6ed6-4a99-870b-2ada641b85ed req-1651fb4f-defa-4b1d-88ac-38d7d47de1e1 service placement] found 2 providers after filtering by previous result {{(pid=105662) get_provider_ids_matching /opt/stack/placement/placement/objects/research_context.py:594}}
Jul 20 10:41:43.632453 n-d-843834-4 devstack@placement-api.service[105662]: DEBUG placement.objects.research_context [req-6fa9d934-6ed6-4a99-870b-2ada641b85ed req-1651fb4f-defa-4b1d-88ac-38d7d47de1e1 service placement] found 2 providers with available 1 VCPU {{(pid=105662) get_provider_ids_matching /opt/stack/placement/placement/objects/research_context.py:563}}
Jul 20 10:41:43.642182 n-d-843834-4 devstack@placement-api.service[105662]: DEBUG placement.objects.research_context [req-6fa9d934-6ed6-4a99-870b-2ada641b85ed req-1651fb4f-defa-4b1d-88ac-38d7d47de1e1 service placement] found 2 providers after filtering by previous result {{(pid=105662) get_provider_ids_matching /opt/stack/placement/placement/objects/research_context.py:594}}
Jul 20 10:41:43.662177 n-d-843834-4 devstack@placement-api.service[105662]: DEBUG placement.objects.allocation_candidate [req-6fa9d934-6ed6-4a99-870b-2ada641b85ed req-1651fb4f-defa-4b1d-88ac-38d7d47de1e1 service placement] RequestGroup(use_same_provider=False, resources={DISK_GB:1, MEMORY_MB:1024, VCPU:1}, traits=(), aggregates=[]) (suffix '') returned 2 matches {{(pid=105662) _get_by_requests /opt/stack/placement/placement/objects/allocation_candidate.py:156}}
Jul 20 10:41:43.662905 n-d-843834-4 devstack@placement-api.service[105662]: DEBUG placement.objects.allocation_candidate [req-6fa9d934-6ed6-4a99-870b-2ada641b85ed req-1651fb4f-defa-4b1d-88ac-38d7d47de1e1 service placement] Merging candidates yields 2 allocation requests and 2 provider summaries {{(pid=105662) _merge_candidates /opt/stack/placement/placement/objects/allocation_candidate.py:809}}
Jul 20 10:41:43.673321 n-d-843834-4 devstack@placement-api.service[105662]: INFO placement.requestlog [req-6fa9d934-6ed6-4a99-870b-2ada641b85ed req-1651fb4f-defa-4b1d-88ac-38d7d47de1e1 service placement] 10.222.0.39 "GET /placement/allocation_candidates?resources=DISK_GB%3A1%2CMEMORY_MB%3A1024%2CVCPU%3A1&root_required=%21COMPUTE_STATUS_DISABLED" status: 200 len: 1309 microversion: 1.36
Jul 20 10:41:43.674027 n-d-843834-4 devstack@placement-api.service[105662]: [pid: 105662|app: 0|req: 253/518] 10.222.0.39 () {60 vars in 1484 bytes} [Wed Jul 20 10:41:43 2022] GET /placement/allocation_candidates?resources=DISK_GB%3A1%2CMEMORY_MB%3A1024%2CVCPU%3A1&root_required=%21COMPUTE_STATUS_DISABLED => generated 1309 bytes in 173 msecs (HTTP/1.1 200) 8 headers in 297 bytes (1 switches on core 0)
Jul 20 10:41:43.819275 n-d-843834-4 devstack@placement-api.service[105661]: DEBUG placement.requestlog [req-6fa9d934-6ed6-4a99-870b-2ada641b85ed req-e8f8395b-b57f-46ef-aae8-bdc48ad1ec06 None None] Starting request: 10.222.0.39 "GET /placement/allocations/83b11016-e848-4a8a-bf46-dad039e2535d" {{(pid=105661) __call__ /opt/stack/placement/placement/requestlog.py:55}}
Jul 20 10:41:43.835756 n-d-843834-4 devstack@placement-api.service[105661]: INFO placement.requestlog [req-6fa9d934-6ed6-4a99-870b-2ada641b85ed req-e8f8395b-b57f-46ef-aae8-bdc48ad1ec06 service placement] 10.222.0.39 "GET /placement/allocations/83b11016-e848-4a8a-bf46-dad039e2535d" status: 200 len: 19 microversion: 1.28
Jul 20 10:41:43.844620 n-d-843834-4 devstack@placement-api.service[105661]: [pid: 105661|app: 0|req: 266/519] 10.222.0.39 () {60 vars in 1380 bytes} [Wed Jul 20 10:41:43 2022] GET /placement/allocations/83b11016-e848-4a8a-bf46-dad039e2535d => generated 19 bytes in 25 msecs (HTTP/1.1 200) 8 headers in 295 bytes (1 switches on core 0)
Jul 20 10:41:43.848781 n-d-843834-4 devstack@placement-api.service[105662]: DEBUG placement.requestlog [req-6fa9d934-6ed6-4a99-870b-2ada641b85ed req-ded6fbe9-b0f9-45cf-8281-f99ee291d047 None None] Starting request: 10.222.0.39 "PUT /placement/allocations/83b11016-e848-4a8a-bf46-dad039e2535d" {{(pid=105662) __call__ /opt/stack/placement/placement/requestlog.py:55}}
Jul 20 10:41:44.011007 n-d-843834-4 devstack@placement-api.service[105662]: DEBUG placement.handlers.allocation [req-6fa9d934-6ed6-4a99-870b-2ada641b85ed req-ded6fbe9-b0f9-45cf-8281-f99ee291d047 service placement] Successfully wrote allocations [, , ] {{(pid=105662) _update_consumers_and_create_allocations /opt/stack/placement/placement/handlers/allocation.py:462}}
Jul 20 10:41:44.078310 n-d-843834-4 devstack@placement-api.service[105662]: INFO placement.requestlog [req-6fa9d934-6ed6-4a99-870b-2ada641b85ed req-ded6fbe9-b0f9-45cf-8281-f99ee291d047 service placement] 10.222.0.39 "PUT /placement/allocations/83b11016-e848-4a8a-bf46-dad039e2535d" status: 204 len: 0 microversion: 1.36
Jul 20 10:41:44.078998 n-d-843834-4 devstack@placement-api.service[105662]: [pid: 105662|app: 0|req: 254/520] 10.222.0.39 () {64 vars in 1433 bytes} [Wed Jul 20 10:41:43 2022] PUT /placement/allocations/83b11016-e848-4a8a-bf46-dad039e2535d => generated 0 bytes in 230 msecs (HTTP/1.1 204) 5 headers in 199 bytes (1 switches on core 0)
Jul 20 10:41:45.253105 n-d-843834-4 devstack@placement-api.service[105661]: DEBUG placement.requestlog [req-6fa9d934-6ed6-4a99-870b-2ada641b85ed req-a8177c70-6a0a-4e51-abd7-51b43d66405e None None] Starting request: 10.222.0.45 "GET /placement/allocations/83b11016-e848-4a8a-bf46-dad039e2535d" {{(pid=105661) __call__ /opt/stack/placement/placement/requestlog.py:55}}
Jul 20 10:41:45.305337 n-d-843834-4 devstack@placement-api.service[105661]: INFO placement.requestlog [req-6fa9d934-6ed6-4a99-870b-2ada641b85ed req-a8177c70-6a0a-4e51-abd7-51b43d66405e service placement] 10.222.0.45 "GET /placement/allocations/83b11016-e848-4a8a-bf46-dad039e2535d" status: 200 len: 259 microversion: 1.28
Jul 20 10:41:45.307231 n-d-843834-4 devstack@placement-api.service[105661]: [pid: 105661|app: 0|req: 267/521] 10.222.0.45 () {60 vars in 1377 bytes} [Wed Jul 20 10:41:45 2022] GET /placement/allocations/83b11016-e848-4a8a-bf46-dad039e2535d => generated 259 bytes in 55 msecs (HTTP/1.1 200) 8 headers in 296 bytes (1 switches on core 0)
Jul 20 10:41:48.375099 n-d-843834-4 devstack@placement-api.service[105662]: DEBUG placement.requestlog [req-7fb252e2-d390-4703-99f6-f0df68831fb8 req-d7b81b83-3a79-4796-86c2-9bac0b8bfc0e None None] Starting request: 10.222.0.23 "DELETE /placement/allocations/b51e5739-14c9-43b3-8bd0-18e19aae4396" {{(pid=105662) __call__ /opt/stack/placement/placement/requestlog.py:55}}
Jul 20 10:41:48.622847 n-d-843834-4 devstack@placement-api.service[105662]: DEBUG placement.handlers.allocation [req-7fb252e2-d390-4703-99f6-f0df68831fb8 req-d7b81b83-3a79-4796-86c2-9bac0b8bfc0e service placement] Successfully deleted allocations [, , ] {{(pid=105662) delete_allocations /opt/stack/placement/placement/handlers/allocation.py:627}}
Jul 20 10:41:48.623510 n-d-843834-4 devstack@placement-api.service[105662]: INFO placement.requestlog [req-7fb252e2-d390-4703-99f6-f0df68831fb8 req-d7b81b83-3a79-4796-86c2-9bac0b8bfc0e service placement] 10.222.0.23 "DELETE /placement/allocations/b51e5739-14c9-43b3-8bd0-18e19aae4396" status: 204 len: 0 microversion: 1.0
Jul 20 10:41:48.626064 n-d-843834-4 devstack@placement-api.service[105662]: [pid: 105662|app: 0|req: 255/522] 10.222.0.23 () {60 vars in 1355 bytes} [Wed Jul 20 10:41:48 2022] DELETE /placement/allocations/b51e5739-14c9-43b3-8bd0-18e19aae4396 => generated 0 bytes in 251 msecs (HTTP/1.1 204) 5 headers in 198 bytes (1 switches on core 0)
Jul 20 10:41:51.795237 n-d-843834-4 devstack@placement-api.service[105661]: DEBUG placement.requestlog [req-59818b00-bb18-4491-9c1a-0d0ae24c2819 req-2b63976c-4795-4f33-8cba-d4d4820c3cf8 None None] Starting request: 10.222.0.39 "GET /placement/allocation_candidates?limit=1000&resources=DISK_GB%3A1%2CMEMORY_MB%3A1024%2CVCPU%3A1&root_required=%21COMPUTE_STATUS_DISABLED" {{(pid=105661) __call__ /opt/stack/placement/placement/requestlog.py:55}}
Jul 20 10:41:51.870943 n-d-843834-4 devstack@placement-api.service[105661]: DEBUG placement.objects.research_context [req-59818b00-bb18-4491-9c1a-0d0ae24c2819 req-2b63976c-4795-4f33-8cba-d4d4820c3cf8 service placement] getting providers with 1 DISK_GB {{(pid=105661) __init__ /opt/stack/placement/placement/objects/research_context.py:136}}
Jul 20 10:41:51.905318 n-d-843834-4 devstack@placement-api.service[105661]: DEBUG placement.objects.research_context [req-59818b00-bb18-4491-9c1a-0d0ae24c2819 req-2b63976c-4795-4f33-8cba-d4d4820c3cf8 service placement] getting providers with 1024 MEMORY_MB {{(pid=105661) __init__ /opt/stack/placement/placement/objects/research_context.py:136}}
Jul 20 10:41:51.919036 n-d-843834-4 devstack@placement-api.service[105661]: DEBUG placement.objects.research_context [req-59818b00-bb18-4491-9c1a-0d0ae24c2819 req-2b63976c-4795-4f33-8cba-d4d4820c3cf8 service placement] getting providers with 1 VCPU {{(pid=105661) __init__ /opt/stack/placement/placement/objects/research_context.py:136}}
Jul 20 10:41:51.927453 n-d-843834-4 devstack@placement-api.service[105661]: DEBUG placement.objects.research_context [req-59818b00-bb18-4491-9c1a-0d0ae24c2819 req-2b63976c-4795-4f33-8cba-d4d4820c3cf8 service placement] found 2 providers with available 1 DISK_GB {{(pid=105661) get_provider_ids_matching /opt/stack/placement/placement/objects/research_context.py:563}}
Jul 20 10:41:51.927785 n-d-843834-4 devstack@placement-api.service[105661]: DEBUG placement.objects.research_context [req-59818b00-bb18-4491-9c1a-0d0ae24c2819 req-2b63976c-4795-4f33-8cba-d4d4820c3cf8 service placement] found 2 providers with available 1024 MEMORY_MB {{(pid=105661) get_provider_ids_matching /opt/stack/placement/placement/objects/research_context.py:563}}
Jul 20 10:41:51.928084 n-d-843834-4 devstack@placement-api.service[105661]: DEBUG placement.objects.research_context [req-59818b00-bb18-4491-9c1a-0d0ae24c2819 req-2b63976c-4795-4f33-8cba-d4d4820c3cf8 service placement] found 2 providers after filtering by previous result {{(pid=105661) get_provider_ids_matching /opt/stack/placement/placement/objects/research_context.py:594}}
Jul 20 10:41:51.928532 n-d-843834-4 devstack@placement-api.service[105661]: DEBUG placement.objects.research_context [req-59818b00-bb18-4491-9c1a-0d0ae24c2819 req-2b63976c-4795-4f33-8cba-d4d4820c3cf8 service placement] found 2 providers with available 1 VCPU {{(pid=105661) get_provider_ids_matching /opt/stack/placement/placement/objects/research_context.py:563}}
Jul 20 10:41:51.928845 n-d-843834-4 devstack@placement-api.service[105661]: DEBUG placement.objects.research_context [req-59818b00-bb18-4491-9c1a-0d0ae24c2819 req-2b63976c-4795-4f33-8cba-d4d4820c3cf8 service placement] found 2 providers after filtering by previous result {{(pid=105661) get_provider_ids_matching /opt/stack/placement/placement/objects/research_context.py:594}}
Jul 20 10:41:51.949854 n-d-843834-4 devstack@placement-api.service[105661]: DEBUG placement.objects.allocation_candidate [req-59818b00-bb18-4491-9c1a-0d0ae24c2819 req-2b63976c-4795-4f33-8cba-d4d4820c3cf8 service placement] RequestGroup(use_same_provider=False, resources={DISK_GB:1, MEMORY_MB:1024, VCPU:1}, traits=(), aggregates=[]) (suffix '') returned 2 matches {{(pid=105661) _get_by_requests /opt/stack/placement/placement/objects/allocation_candidate.py:156}}
Jul 20 10:41:51.950806 n-d-843834-4 devstack@placement-api.service[105661]: DEBUG placement.objects.allocation_candidate [req-59818b00-bb18-4491-9c1a-0d0ae24c2819 req-2b63976c-4795-4f33-8cba-d4d4820c3cf8 service placement] Merging candidates yields 2 allocation requests and 2 provider summaries {{(pid=105661) _merge_candidates /opt/stack/placement/placement/objects/allocation_candidate.py:809}}
Jul 20 10:41:51.955334 n-d-843834-4 devstack@placement-api.service[105661]: INFO placement.requestlog [req-59818b00-bb18-4491-9c1a-0d0ae24c2819 req-2b63976c-4795-4f33-8cba-d4d4820c3cf8 service placement] 10.222.0.39 "GET /placement/allocation_candidates?limit=1000&resources=DISK_GB%3A1%2CMEMORY_MB%3A1024%2CVCPU%3A1&root_required=%21COMPUTE_STATUS_DISABLED" status: 200 len: 1309 microversion: 1.36
Jul 20 10:41:51.956209 n-d-843834-4 devstack@placement-api.service[105661]: [pid: 105661|app: 0|req: 268/523] 10.222.0.39 () {60 vars in 1506 bytes} [Wed Jul 20 10:41:51 2022] GET /placement/allocation_candidates?limit=1000&resources=DISK_GB%3A1%2CMEMORY_MB%3A1024%2CVCPU%3A1&root_required=%21COMPUTE_STATUS_DISABLED => generated 1309 bytes in 161 msecs (HTTP/1.1 200) 8 headers in 297 bytes (2 switches on core 0)
Jul 20 10:41:52.046700 n-d-843834-4 devstack@placement-api.service[105662]: DEBUG placement.requestlog [req-59818b00-bb18-4491-9c1a-0d0ae24c2819 req-4b038e10-e1d2-49ed-b452-1df64acc2c2e None None] Starting request: 10.222.0.39 "GET /placement/allocations/dd6486ef-405d-4869-89b0-6a7a2fc2f042" {{(pid=105662) __call__ /opt/stack/placement/placement/requestlog.py:55}}
Jul 20 10:41:52.063454 n-d-843834-4 devstack@placement-api.service[105662]: INFO placement.requestlog [req-59818b00-bb18-4491-9c1a-0d0ae24c2819 req-4b038e10-e1d2-49ed-b452-1df64acc2c2e service placement] 10.222.0.39 "GET /placement/allocations/dd6486ef-405d-4869-89b0-6a7a2fc2f042" status: 200 len: 19 microversion: 1.28
Jul 20 10:41:52.064527 n-d-843834-4 devstack@placement-api.service[105662]: [pid: 105662|app: 0|req: 256/524] 10.222.0.39 () {60 vars in 1380 bytes} [Wed Jul 20 10:41:52 2022] GET /placement/allocations/dd6486ef-405d-4869-89b0-6a7a2fc2f042 => generated 19 bytes in 18 msecs (HTTP/1.1 200) 8 headers in 295 bytes (1 switches on core 0)
Jul 20 10:41:52.073477 n-d-843834-4 devstack@placement-api.service[105661]: DEBUG placement.requestlog [req-59818b00-bb18-4491-9c1a-0d0ae24c2819 req-fbb7e499-b877-490a-be1e-d9fde0c37975 None None] Starting request: 10.222.0.39 "PUT /placement/allocations/dd6486ef-405d-4869-89b0-6a7a2fc2f042" {{(pid=105661) __call__ /opt/stack/placement/placement/requestlog.py:55}}
Jul 20 10:41:52.421388 n-d-843834-4 devstack@placement-api.service[105661]: DEBUG placement.handlers.allocation [req-59818b00-bb18-4491-9c1a-0d0ae24c2819 req-fbb7e499-b877-490a-be1e-d9fde0c37975 service placement] Successfully wrote allocations [, , ] {{(pid=105661) _update_consumers_and_create_allocations /opt/stack/placement/placement/handlers/allocation.py:462}}
Jul 20 10:41:52.506909 n-d-843834-4 devstack@placement-api.service[105661]: INFO placement.requestlog [req-59818b00-bb18-4491-9c1a-0d0ae24c2819 req-fbb7e499-b877-490a-be1e-d9fde0c37975 service placement] 10.222.0.39 "PUT /placement/allocations/dd6486ef-405d-4869-89b0-6a7a2fc2f042" status: 204 len: 0 microversion: 1.36
Jul 20 10:41:52.508367 n-d-843834-4 devstack@placement-api.service[105661]: [pid: 105661|app: 0|req: 269/525] 10.222.0.39 () {64 vars in 1433 bytes} [Wed Jul 20 10:41:52 2022] PUT /placement/allocations/dd6486ef-405d-4869-89b0-6a7a2fc2f042 => generated 0 bytes in 436 msecs (HTTP/1.1 204) 5 headers in 199 bytes (1 switches on core 0)
Jul 20 10:41:52.954594 n-d-843834-4 devstack@placement-api.service[105662]: DEBUG placement.requestlog [req-3937d7e3-6a03-4d1c-a291-c04461fd15a9 req-4cdf1263-6113-4407-928c-d3d3d5b6049e None None] Starting request: 10.222.0.39 "GET /placement/allocation_candidates?limit=1000&resources=DISK_GB%3A1%2CMEMORY_MB%3A1024%2CVCPU%3A1&root_required=%21COMPUTE_STATUS_DISABLED" {{(pid=105662) __call__ /opt/stack/placement/placement/requestlog.py:55}}
Jul 20 10:41:53.043453 n-d-843834-4 devstack@placement-api.service[105662]: DEBUG placement.objects.research_context [req-3937d7e3-6a03-4d1c-a291-c04461fd15a9 req-4cdf1263-6113-4407-928c-d3d3d5b6049e service placement] getting providers with 1 DISK_GB {{(pid=105662) __init__ /opt/stack/placement/placement/objects/research_context.py:136}}
Jul 20 10:41:53.052783 n-d-843834-4 devstack@placement-api.service[105662]: DEBUG placement.objects.research_context [req-3937d7e3-6a03-4d1c-a291-c04461fd15a9 req-4cdf1263-6113-4407-928c-d3d3d5b6049e service placement] getting providers with 1024 MEMORY_MB {{(pid=105662) __init__ /opt/stack/placement/placement/objects/research_context.py:136}}
Jul 20 10:41:53.060069 n-d-843834-4 devstack@placement-api.service[105662]: DEBUG placement.objects.research_context [req-3937d7e3-6a03-4d1c-a291-c04461fd15a9 req-4cdf1263-6113-4407-928c-d3d3d5b6049e service placement] getting providers with 1 VCPU {{(pid=105662) __init__ /opt/stack/placement/placement/objects/research_context.py:136}}
Jul 20 10:41:53.072305 n-d-843834-4 devstack@placement-api.service[105662]: DEBUG placement.objects.research_context [req-3937d7e3-6a03-4d1c-a291-c04461fd15a9 req-4cdf1263-6113-4407-928c-d3d3d5b6049e service placement] found 2 providers with available 1 DISK_GB {{(pid=105662) get_provider_ids_matching /opt/stack/placement/placement/objects/research_context.py:563}}
Jul 20 10:41:53.072914 n-d-843834-4 devstack@placement-api.service[105662]: DEBUG placement.objects.research_context [req-3937d7e3-6a03-4d1c-a291-c04461fd15a9 req-4cdf1263-6113-4407-928c-d3d3d5b6049e service placement] found 2 providers with available 1024 MEMORY_MB {{(pid=105662) get_provider_ids_matching /opt/stack/placement/placement/objects/research_context.py:563}}
Jul 20 10:41:53.073404 n-d-843834-4 devstack@placement-api.service[105662]: DEBUG placement.objects.research_context [req-3937d7e3-6a03-4d1c-a291-c04461fd15a9 req-4cdf1263-6113-4407-928c-d3d3d5b6049e service placement] found 2 providers after filtering by previous result {{(pid=105662) get_provider_ids_matching /opt/stack/placement/placement/objects/research_context.py:594}}
Jul 20 10:41:53.074483 n-d-843834-4 devstack@placement-api.service[105662]: DEBUG placement.objects.research_context [req-3937d7e3-6a03-4d1c-a291-c04461fd15a9 req-4cdf1263-6113-4407-928c-d3d3d5b6049e service placement] found 2 providers with available 1 VCPU {{(pid=105662) get_provider_ids_matching /opt/stack/placement/placement/objects/research_context.py:563}}
Jul 20 10:41:53.075104 n-d-843834-4 devstack@placement-api.service[105662]: DEBUG placement.objects.research_context [req-3937d7e3-6a03-4d1c-a291-c04461fd15a9 req-4cdf1263-6113-4407-928c-d3d3d5b6049e service placement] found 2 providers after filtering by previous result {{(pid=105662) get_provider_ids_matching /opt/stack/placement/placement/objects/research_context.py:594}}
Jul 20 10:41:53.103273 n-d-843834-4 devstack@placement-api.service[105662]: DEBUG placement.objects.allocation_candidate [req-3937d7e3-6a03-4d1c-a291-c04461fd15a9 req-4cdf1263-6113-4407-928c-d3d3d5b6049e service placement] RequestGroup(use_same_provider=False, resources={DISK_GB:1, MEMORY_MB:1024, VCPU:1}, traits=(), aggregates=[]) (suffix '') returned 2 matches {{(pid=105662) _get_by_requests /opt/stack/placement/placement/objects/allocation_candidate.py:156}}
Jul 20 10:41:53.103652 n-d-843834-4 devstack@placement-api.service[105662]: DEBUG placement.objects.allocation_candidate [req-3937d7e3-6a03-4d1c-a291-c04461fd15a9 req-4cdf1263-6113-4407-928c-d3d3d5b6049e service placement] Merging candidates yields 2 allocation requests and 2 provider summaries {{(pid=105662) _merge_candidates /opt/stack/placement/placement/objects/allocation_candidate.py:809}}
Jul 20 10:41:53.107416 n-d-843834-4 devstack@placement-api.service[105662]: INFO placement.requestlog [req-3937d7e3-6a03-4d1c-a291-c04461fd15a9 req-4cdf1263-6113-4407-928c-d3d3d5b6049e service placement] 10.222.0.39 "GET /placement/allocation_candidates?limit=1000&resources=DISK_GB%3A1%2CMEMORY_MB%3A1024%2CVCPU%3A1&root_required=%21COMPUTE_STATUS_DISABLED" status: 200 len: 1309 microversion: 1.36
Jul 20 10:41:53.108554 n-d-843834-4 devstack@placement-api.service[105662]: [pid: 105662|app: 0|req: 257/526] 10.222.0.39 () {60 vars in 1506 bytes} [Wed Jul 20 10:41:52 2022] GET /placement/allocation_candidates?limit=1000&resources=DISK_GB%3A1%2CMEMORY_MB%3A1024%2CVCPU%3A1&root_required=%21COMPUTE_STATUS_DISABLED => generated 1309 bytes in 154 msecs (HTTP/1.1 200) 8 headers in 297 bytes (1 switches on core 0)
Jul 20 10:41:53.245678 n-d-843834-4 devstack@placement-api.service[105661]: DEBUG placement.requestlog [req-3937d7e3-6a03-4d1c-a291-c04461fd15a9 req-d8b3e75a-e6de-4e73-a131-c58000419080 None None] Starting request: 10.222.0.39 "GET /placement/allocations/72531eaf-cbb6-4f34-a53e-55590ac51b51" {{(pid=105661) __call__ /opt/stack/placement/placement/requestlog.py:55}}
Jul 20 10:41:53.267477 n-d-843834-4 devstack@placement-api.service[105661]: INFO placement.requestlog [req-3937d7e3-6a03-4d1c-a291-c04461fd15a9 req-d8b3e75a-e6de-4e73-a131-c58000419080 service placement] 10.222.0.39 "GET /placement/allocations/72531eaf-cbb6-4f34-a53e-55590ac51b51" status: 200 len: 19 microversion: 1.28
Jul 20 10:41:53.270017 n-d-843834-4 devstack@placement-api.service[105661]: [pid: 105661|app: 0|req: 270/527] 10.222.0.39 () {60 vars in 1380 bytes} [Wed Jul 20 10:41:53 2022] GET /placement/allocations/72531eaf-cbb6-4f34-a53e-55590ac51b51 => generated 19 bytes in 24 msecs (HTTP/1.1 200) 8 headers in 295 bytes (1 switches on core 0)
Jul 20 10:41:53.275375 n-d-843834-4 devstack@placement-api.service[105662]: DEBUG placement.requestlog [req-3937d7e3-6a03-4d1c-a291-c04461fd15a9 req-a8034298-7e78-4ced-b16e-c4a1891d413d None None] Starting request: 10.222.0.39 "PUT /placement/allocations/72531eaf-cbb6-4f34-a53e-55590ac51b51" {{(pid=105662) __call__ /opt/stack/placement/placement/requestlog.py:55}}
Jul 20 10:41:53.441852 n-d-843834-4 devstack@placement-api.service[105662]: DEBUG placement.handlers.allocation [req-3937d7e3-6a03-4d1c-a291-c04461fd15a9 req-a8034298-7e78-4ced-b16e-c4a1891d413d service placement] Successfully wrote allocations [, , ] {{(pid=105662) _update_consumers_and_create_allocations /opt/stack/placement/placement/handlers/allocation.py:462}}
Jul 20 10:41:53.518930 n-d-843834-4 devstack@placement-api.service[105662]: INFO placement.requestlog [req-3937d7e3-6a03-4d1c-a291-c04461fd15a9 req-a8034298-7e78-4ced-b16e-c4a1891d413d service placement] 10.222.0.39 "PUT /placement/allocations/72531eaf-cbb6-4f34-a53e-55590ac51b51" status: 204 len: 0 microversion: 1.36
Jul 20 10:41:53.526539 n-d-843834-4 devstack@placement-api.service[105662]: [pid: 105662|app: 0|req: 258/528] 10.222.0.39 () {64 vars in 1433 bytes} [Wed Jul 20 10:41:53 2022] PUT /placement/allocations/72531eaf-cbb6-4f34-a53e-55590ac51b51 => generated 0 bytes in 245 msecs (HTTP/1.1 204) 5 headers in 199 bytes (1 switches on core 0)
Jul 20 10:41:53.793229 n-d-843834-4 devstack@placement-api.service[105661]: DEBUG placement.requestlog [req-59818b00-bb18-4491-9c1a-0d0ae24c2819 req-e789cca7-f17a-4af3-80cd-f9d004fa7754 None None] Starting request: 10.222.0.23 "GET /placement/allocations/dd6486ef-405d-4869-89b0-6a7a2fc2f042" {{(pid=105661) __call__ /opt/stack/placement/placement/requestlog.py:55}}
Jul 20 10:41:53.830664 n-d-843834-4 devstack@placement-api.service[105661]: INFO placement.requestlog [req-59818b00-bb18-4491-9c1a-0d0ae24c2819 req-e789cca7-f17a-4af3-80cd-f9d004fa7754 service placement] 10.222.0.23 "GET /placement/allocations/dd6486ef-405d-4869-89b0-6a7a2fc2f042" status: 200 len: 259 microversion: 1.28
Jul 20 10:41:53.835947 n-d-843834-4 devstack@placement-api.service[105661]: [pid: 105661|app: 0|req: 271/529] 10.222.0.23 () {60 vars in 1377 bytes} [Wed Jul 20 10:41:53 2022] GET /placement/allocations/dd6486ef-405d-4869-89b0-6a7a2fc2f042 => generated 259 bytes in 43 msecs (HTTP/1.1 200) 8 headers in 296 bytes (1 switches on core 0)
Jul 20 10:41:56.258207 n-d-843834-4 devstack@placement-api.service[105662]: DEBUG placement.requestlog [req-3937d7e3-6a03-4d1c-a291-c04461fd15a9 req-98f60422-0596-4572-90d7-6d16caba1ae2 None None] Starting request: 10.222.0.23 "GET /placement/allocations/72531eaf-cbb6-4f34-a53e-55590ac51b51" {{(pid=105662) __call__ /opt/stack/placement/placement/requestlog.py:55}}
Jul 20 10:41:56.267707 n-d-843834-4 devstack@placement-api.service[105661]: DEBUG placement.requestlog [req-45a61ae5-6fd3-42fd-bb55-d79ff7721c3f req-8496ef29-3378-43aa-931a-e4aba88fc0af None None] Starting request: 10.222.0.23 "DELETE /placement/allocations/01f70407-749e-4683-81e6-a73fe94d4b09" {{(pid=105661) __call__ /opt/stack/placement/placement/requestlog.py:55}}
Jul 20 10:41:56.288736 n-d-843834-4 devstack@placement-api.service[105662]: INFO placement.requestlog [req-3937d7e3-6a03-4d1c-a291-c04461fd15a9 req-98f60422-0596-4572-90d7-6d16caba1ae2 service placement] 10.222.0.23 "GET /placement/allocations/72531eaf-cbb6-4f34-a53e-55590ac51b51" status: 200 len: 259 microversion: 1.28
Jul 20 10:41:56.291700 n-d-843834-4 devstack@placement-api.service[105662]: [pid: 105662|app: 0|req: 259/530] 10.222.0.23 () {60 vars in 1377 bytes} [Wed Jul 20 10:41:56 2022] GET /placement/allocations/72531eaf-cbb6-4f34-a53e-55590ac51b51 => generated 259 bytes in 35 msecs (HTTP/1.1 200) 8 headers in 296 bytes (1 switches on core 0)
Jul 20 10:41:56.319434 n-d-843834-4 devstack@placement-api.service[105662]: DEBUG placement.requestlog [req-795f6665-f46d-439c-b119-84377f4fc6e7 req-4537ca45-736b-4d89-9f5e-16edf800f3ab None None] Starting request: 10.222.0.45 "DELETE /placement/allocations/f1e815a1-a6bf-49f7-abb1-5369bcde0167" {{(pid=105662) __call__ /opt/stack/placement/placement/requestlog.py:55}}
Jul 20 10:41:56.508863 n-d-843834-4 devstack@placement-api.service[105661]: DEBUG placement.handlers.allocation [req-45a61ae5-6fd3-42fd-bb55-d79ff7721c3f req-8496ef29-3378-43aa-931a-e4aba88fc0af service placement] Successfully deleted allocations [, , ] {{(pid=105661) delete_allocations /opt/stack/placement/placement/handlers/allocation.py:627}}
Jul 20 10:41:56.510590 n-d-843834-4 devstack@placement-api.service[105661]: INFO placement.requestlog [req-45a61ae5-6fd3-42fd-bb55-d79ff7721c3f req-8496ef29-3378-43aa-931a-e4aba88fc0af service placement] 10.222.0.23 "DELETE /placement/allocations/01f70407-749e-4683-81e6-a73fe94d4b09" status: 204 len: 0 microversion: 1.0
Jul 20 10:41:56.511306 n-d-843834-4 devstack@placement-api.service[105661]: [pid: 105661|app: 0|req: 272/531] 10.222.0.23 () {60 vars in 1355 bytes} [Wed Jul 20 10:41:56 2022] DELETE /placement/allocations/01f70407-749e-4683-81e6-a73fe94d4b09 => generated 0 bytes in 244 msecs (HTTP/1.1 204) 5 headers in 198 bytes (2 switches on core 0)
