May 30 18:30:21.798143 n-d-843821-1 devstack@placement-api.service[103613]: INFO placement.requestlog [req-cf94a2e0-1bc0-4238-959a-84ad55522d8c req-6abcbdc8-106e-4c5b-9a3e-eeb5973a36de service placement] 10.222.0.46 "GET /placement/allocations/f5b2558e-092c-4e8b-a3dc-f35d1014315e" status: 200 len: 19 microversion: 1.28
May 30 18:30:21.799239 n-d-843821-1 devstack@placement-api.service[103613]: [pid: 103613|app: 0|req: 388/774] 10.222.0.46 () {60 vars in 1380 bytes} [Mon May 30 18:30:21 2022] GET /placement/allocations/f5b2558e-092c-4e8b-a3dc-f35d1014315e => generated 19 bytes in 21 msecs (HTTP/1.1 200) 8 headers in 295 bytes (1 switches on core 0)
May 30 18:30:21.806127 n-d-843821-1 devstack@placement-api.service[103612]: DEBUG placement.requestlog [req-cf94a2e0-1bc0-4238-959a-84ad55522d8c req-ff5cc827-7c38-4dac-b18e-3530d64a9940 None None] Starting request: 10.222.0.46 "PUT /placement/allocations/f5b2558e-092c-4e8b-a3dc-f35d1014315e" {{(pid=103612) __call__ /opt/stack/placement/placement/requestlog.py:55}}
May 30 18:30:21.907688 n-d-843821-1 devstack@placement-api.service[103612]: DEBUG placement.handlers.allocation [req-cf94a2e0-1bc0-4238-959a-84ad55522d8c req-ff5cc827-7c38-4dac-b18e-3530d64a9940 service placement] Successfully wrote allocations [, , ] {{(pid=103612) _update_consumers_and_create_allocations /opt/stack/placement/placement/handlers/allocation.py:462}}
May 30 18:30:21.917555 n-d-843821-1 devstack@placement-api.service[103612]: INFO placement.requestlog [req-cf94a2e0-1bc0-4238-959a-84ad55522d8c req-ff5cc827-7c38-4dac-b18e-3530d64a9940 service placement] 10.222.0.46 "PUT /placement/allocations/f5b2558e-092c-4e8b-a3dc-f35d1014315e" status: 204 len: 0 microversion: 1.36
May 30 18:30:21.918099 n-d-843821-1 devstack@placement-api.service[103612]: [pid: 103612|app: 0|req: 387/775] 10.222.0.46 () {64 vars in 1433 bytes} [Mon May 30 18:30:21 2022] PUT /placement/allocations/f5b2558e-092c-4e8b-a3dc-f35d1014315e => generated 0 bytes in 112 msecs (HTTP/1.1 204) 5 headers in 199 bytes (1 switches on core 0)
May 30 18:30:22.604598 n-d-843821-1 devstack@placement-api.service[103613]: DEBUG placement.requestlog [req-cf94a2e0-1bc0-4238-959a-84ad55522d8c req-e787bb6e-8ed6-4290-9124-8395e2532acc None None] Starting request: 10.222.0.61 "GET /placement/allocations/f5b2558e-092c-4e8b-a3dc-f35d1014315e" {{(pid=103613) __call__ /opt/stack/placement/placement/requestlog.py:55}}
May 30 18:30:22.664454 n-d-843821-1 devstack@placement-api.service[103613]: INFO placement.requestlog [req-cf94a2e0-1bc0-4238-959a-84ad55522d8c req-e787bb6e-8ed6-4290-9124-8395e2532acc service placement] 10.222.0.61 "GET /placement/allocations/f5b2558e-092c-4e8b-a3dc-f35d1014315e" status: 200 len: 259 microversion: 1.28
May 30 18:30:22.666275 n-d-843821-1 devstack@placement-api.service[103613]: [pid: 103613|app: 0|req: 389/776] 10.222.0.61 () {60 vars in 1377 bytes} [Mon May 30 18:30:22 2022] GET /placement/allocations/f5b2558e-092c-4e8b-a3dc-f35d1014315e => generated 259 bytes in 62 msecs (HTTP/1.1 200) 8 headers in 296 bytes (1 switches on core 0)
May 30 18:30:38.448999 n-d-843821-1 devstack@placement-api.service[103612]: DEBUG placement.requestlog [req-12e37cc7-54eb-452c-b0fc-d80052df419e req-e743a70f-2229-416b-bb20-f6bddf41d9a2 None None] Starting request: 10.222.0.46 "GET /placement/allocation_candidates?limit=1000&resources=DISK_GB%3A1%2CMEMORY_MB%3A1024%2CVCPU%3A1&root_required=%21COMPUTE_STATUS_DISABLED" {{(pid=103612) __call__ /opt/stack/placement/placement/requestlog.py:55}}
May 30 18:30:38.532536 n-d-843821-1 devstack@placement-api.service[103612]: DEBUG placement.objects.research_context [req-12e37cc7-54eb-452c-b0fc-d80052df419e req-e743a70f-2229-416b-bb20-f6bddf41d9a2 service placement] getting providers with 1 DISK_GB {{(pid=103612) __init__ /opt/stack/placement/placement/objects/research_context.py:126}}
May 30 18:30:38.560461 n-d-843821-1 devstack@placement-api.service[103612]: DEBUG placement.objects.research_context [req-12e37cc7-54eb-452c-b0fc-d80052df419e req-e743a70f-2229-416b-bb20-f6bddf41d9a2 service placement] getting providers with 1024 MEMORY_MB {{(pid=103612) __init__ /opt/stack/placement/placement/objects/research_context.py:126}}
May 30 18:30:38.587968 n-d-843821-1 devstack@placement-api.service[103612]: DEBUG placement.objects.research_context [req-12e37cc7-54eb-452c-b0fc-d80052df419e req-e743a70f-2229-416b-bb20-f6bddf41d9a2 service placement] getting providers with 1 VCPU {{(pid=103612) __init__ /opt/stack/placement/placement/objects/research_context.py:126}}
May 30 18:30:38.598107 n-d-843821-1 devstack@placement-api.service[103612]: DEBUG placement.objects.research_context [req-12e37cc7-54eb-452c-b0fc-d80052df419e req-e743a70f-2229-416b-bb20-f6bddf41d9a2 service placement] found 2 providers with available 1 DISK_GB {{(pid=103612) get_provider_ids_matching /opt/stack/placement/placement/objects/research_context.py:549}}
May 30 18:30:38.598957 n-d-843821-1 devstack@placement-api.service[103612]: DEBUG placement.objects.research_context [req-12e37cc7-54eb-452c-b0fc-d80052df419e req-e743a70f-2229-416b-bb20-f6bddf41d9a2 service placement] found 2 providers with available 1024 MEMORY_MB {{(pid=103612) get_provider_ids_matching /opt/stack/placement/placement/objects/research_context.py:549}}
May 30 18:30:38.599748 n-d-843821-1 devstack@placement-api.service[103612]: DEBUG placement.objects.research_context [req-12e37cc7-54eb-452c-b0fc-d80052df419e req-e743a70f-2229-416b-bb20-f6bddf41d9a2 service placement] found 2 providers after filtering by previous result {{(pid=103612) get_provider_ids_matching /opt/stack/placement/placement/objects/research_context.py:580}}
May 30 18:30:38.600411 n-d-843821-1 devstack@placement-api.service[103612]: DEBUG placement.objects.research_context [req-12e37cc7-54eb-452c-b0fc-d80052df419e req-e743a70f-2229-416b-bb20-f6bddf41d9a2 service placement] found 2 providers with available 1 VCPU {{(pid=103612) get_provider_ids_matching /opt/stack/placement/placement/objects/research_context.py:549}}
May 30 18:30:38.600922 n-d-843821-1 devstack@placement-api.service[103612]: DEBUG placement.objects.research_context [req-12e37cc7-54eb-452c-b0fc-d80052df419e req-e743a70f-2229-416b-bb20-f6bddf41d9a2 service placement] found 2 providers after filtering by previous result {{(pid=103612) get_provider_ids_matching /opt/stack/placement/placement/objects/research_context.py:580}}
May 30 18:30:38.621442 n-d-843821-1 devstack@placement-api.service[103612]: DEBUG placement.objects.allocation_candidate [req-12e37cc7-54eb-452c-b0fc-d80052df419e req-e743a70f-2229-416b-bb20-f6bddf41d9a2 service placement] RequestGroup(use_same_provider=False, resources={DISK_GB:1, MEMORY_MB:1024, VCPU:1}, traits=[], aggregates=[]) (suffix '') returned 2 matches {{(pid=103612) _get_by_requests /opt/stack/placement/placement/objects/allocation_candidate.py:145}}
May 30 18:30:38.622140 n-d-843821-1 devstack@placement-api.service[103612]: DEBUG placement.objects.allocation_candidate [req-12e37cc7-54eb-452c-b0fc-d80052df419e req-e743a70f-2229-416b-bb20-f6bddf41d9a2 service placement] Merging candidates yields 2 allocation requests and 2 provider summaries {{(pid=103612) _merge_candidates /opt/stack/placement/placement/objects/allocation_candidate.py:783}}
May 30 18:30:38.625027 n-d-843821-1 devstack@placement-api.service[103612]: INFO placement.requestlog [req-12e37cc7-54eb-452c-b0fc-d80052df419e req-e743a70f-2229-416b-bb20-f6bddf41d9a2 service placement] 10.222.0.46 "GET /placement/allocation_candidates?limit=1000&resources=DISK_GB%3A1%2CMEMORY_MB%3A1024%2CVCPU%3A1&root_required=%21COMPUTE_STATUS_DISABLED" status: 200 len: 1309 microversion: 1.36
May 30 18:30:38.626258 n-d-843821-1 devstack@placement-api.service[103612]: [pid: 103612|app: 0|req: 388/777] 10.222.0.46 () {60 vars in 1506 bytes} [Mon May 30 18:30:38 2022] GET /placement/allocation_candidates?limit=1000&resources=DISK_GB%3A1%2CMEMORY_MB%3A1024%2CVCPU%3A1&root_required=%21COMPUTE_STATUS_DISABLED => generated 1309 bytes in 177 msecs (HTTP/1.1 200) 8 headers in 297 bytes (1 switches on core 0)
May 30 18:30:38.744943 n-d-843821-1 devstack@placement-api.service[103613]: DEBUG placement.requestlog [req-12e37cc7-54eb-452c-b0fc-d80052df419e req-6a3d2679-2123-4272-b516-6f38dcfe0545 None None] Starting request: 10.222.0.46 "GET /placement/allocations/c4de896e-66d3-4a0e-80a5-8b13a9ce6ebf" {{(pid=103613) __call__ /opt/stack/placement/placement/requestlog.py:55}}
May 30 18:30:38.760237 n-d-843821-1 devstack@placement-api.service[103613]: INFO placement.requestlog [req-12e37cc7-54eb-452c-b0fc-d80052df419e req-6a3d2679-2123-4272-b516-6f38dcfe0545 service placement] 10.222.0.46 "GET /placement/allocations/c4de896e-66d3-4a0e-80a5-8b13a9ce6ebf" status: 200 len: 19 microversion: 1.28
May 30 18:30:38.765775 n-d-843821-1 devstack@placement-api.service[103613]: [pid: 103613|app: 0|req: 390/778] 10.222.0.46 () {60 vars in 1380 bytes} [Mon May 30 18:30:38 2022] GET /placement/allocations/c4de896e-66d3-4a0e-80a5-8b13a9ce6ebf => generated 19 bytes in 21 msecs (HTTP/1.1 200) 8 headers in 295 bytes (1 switches on core 0)
May 30 18:30:38.771174 n-d-843821-1 devstack@placement-api.service[103612]: DEBUG placement.requestlog [req-12e37cc7-54eb-452c-b0fc-d80052df419e req-686d1ea7-5b71-4865-bbc3-1f2bf030685b None None] Starting request: 10.222.0.46 "PUT /placement/allocations/c4de896e-66d3-4a0e-80a5-8b13a9ce6ebf" {{(pid=103612) __call__ /opt/stack/placement/placement/requestlog.py:55}}
May 30 18:30:38.913723 n-d-843821-1 devstack@placement-api.service[103612]: DEBUG placement.handlers.allocation [req-12e37cc7-54eb-452c-b0fc-d80052df419e req-686d1ea7-5b71-4865-bbc3-1f2bf030685b service placement] Successfully wrote allocations [, , ] {{(pid=103612) _update_consumers_and_create_allocations /opt/stack/placement/placement/handlers/allocation.py:462}}
May 30 18:30:38.925645 n-d-843821-1 devstack@placement-api.service[103612]: INFO placement.requestlog [req-12e37cc7-54eb-452c-b0fc-d80052df419e req-686d1ea7-5b71-4865-bbc3-1f2bf030685b service placement] 10.222.0.46 "PUT /placement/allocations/c4de896e-66d3-4a0e-80a5-8b13a9ce6ebf" status: 204 len: 0 microversion: 1.36
May 30 18:30:38.925645 n-d-843821-1 devstack@placement-api.service[103612]: [pid: 103612|app: 0|req: 389/779] 10.222.0.46 () {64 vars in 1433 bytes} [Mon May 30 18:30:38 2022] PUT /placement/allocations/c4de896e-66d3-4a0e-80a5-8b13a9ce6ebf => generated 0 bytes in 155 msecs (HTTP/1.1 204) 5 headers in 199 bytes (1 switches on core 0)
May 30 18:30:38.945572 n-d-843821-1 devstack@placement-api.service[103613]: DEBUG placement.requestlog [req-12e37cc7-54eb-452c-b0fc-d80052df419e req-97f734c5-5b9a-482f-b373-e329f27adfd5 None None] Starting request: 10.222.0.46 "GET /placement/allocations/88e2cea7-5509-4d08-a6b3-f086267eeee6" {{(pid=103613) __call__ /opt/stack/placement/placement/requestlog.py:55}}
May 30 18:30:38.988658 n-d-843821-1 devstack@placement-api.service[103613]: INFO placement.requestlog [req-12e37cc7-54eb-452c-b0fc-d80052df419e req-97f734c5-5b9a-482f-b373-e329f27adfd5 service placement] 10.222.0.46 "GET /placement/allocations/88e2cea7-5509-4d08-a6b3-f086267eeee6" status: 200 len: 19 microversion: 1.28
May 30 18:30:38.995804 n-d-843821-1 devstack@placement-api.service[103613]: [pid: 103613|app: 0|req: 391/780] 10.222.0.46 () {60 vars in 1380 bytes} [Mon May 30 18:30:38 2022] GET /placement/allocations/88e2cea7-5509-4d08-a6b3-f086267eeee6 => generated 19 bytes in 50 msecs (HTTP/1.1 200) 8 headers in 295 bytes (1 switches on core 0)
May 30 18:30:39.005782 n-d-843821-1 devstack@placement-api.service[103612]: DEBUG placement.requestlog [req-12e37cc7-54eb-452c-b0fc-d80052df419e req-eb11fc74-eae3-44b6-bd2f-06e3c63c5e26 None None] Starting request: 10.222.0.46 "PUT /placement/allocations/88e2cea7-5509-4d08-a6b3-f086267eeee6" {{(pid=103612) __call__ /opt/stack/placement/placement/requestlog.py:55}}
May 30 18:30:39.121596 n-d-843821-1 devstack@placement-api.service[103612]: DEBUG placement.handlers.allocation [req-12e37cc7-54eb-452c-b0fc-d80052df419e req-eb11fc74-eae3-44b6-bd2f-06e3c63c5e26 service placement] Successfully wrote allocations [, , ] {{(pid=103612) _update_consumers_and_create_allocations /opt/stack/placement/placement/handlers/allocation.py:462}}
May 30 18:30:39.126499 n-d-843821-1 devstack@placement-api.service[103612]: INFO placement.requestlog [req-12e37cc7-54eb-452c-b0fc-d80052df419e req-eb11fc74-eae3-44b6-bd2f-06e3c63c5e26 service placement] 10.222.0.46 "PUT /placement/allocations/88e2cea7-5509-4d08-a6b3-f086267eeee6" status: 204 len: 0 microversion: 1.36
May 30 18:30:39.127093 n-d-843821-1 devstack@placement-api.service[103612]: [pid: 103612|app: 0|req: 390/781] 10.222.0.46 () {64 vars in 1433 bytes} [Mon May 30 18:30:39 2022] PUT /placement/allocations/88e2cea7-5509-4d08-a6b3-f086267eeee6 => generated 0 bytes in 122 msecs (HTTP/1.1 204) 5 headers in 199 bytes (2 switches on core 0)
May 30 18:30:39.801775 n-d-843821-1 devstack@placement-api.service[103613]: DEBUG placement.requestlog [req-12e37cc7-54eb-452c-b0fc-d80052df419e req-834ca3f8-5261-4878-be00-507966a7c9a2 None None] Starting request: 10.222.0.44 "GET /placement/allocations/c4de896e-66d3-4a0e-80a5-8b13a9ce6ebf" {{(pid=103613) __call__ /opt/stack/placement/placement/requestlog.py:55}}
May 30 18:30:39.825782 n-d-843821-1 devstack@placement-api.service[103613]: INFO placement.requestlog [req-12e37cc7-54eb-452c-b0fc-d80052df419e req-834ca3f8-5261-4878-be00-507966a7c9a2 service placement] 10.222.0.44 "GET /placement/allocations/c4de896e-66d3-4a0e-80a5-8b13a9ce6ebf" status: 200 len: 259 microversion: 1.28
May 30 18:30:39.828925 n-d-843821-1 devstack@placement-api.service[103613]: [pid: 103613|app: 0|req: 392/782] 10.222.0.44 () {60 vars in 1377 bytes} [Mon May 30 18:30:39 2022] GET /placement/allocations/c4de896e-66d3-4a0e-80a5-8b13a9ce6ebf => generated 259 bytes in 27 msecs (HTTP/1.1 200) 8 headers in 296 bytes (1 switches on core 0)
May 30 18:30:40.218351 n-d-843821-1 devstack@placement-api.service[103612]: DEBUG placement.requestlog [req-12e37cc7-54eb-452c-b0fc-d80052df419e req-76d36e55-c962-43dc-9654-14805a9dc630 None None] Starting request: 10.222.0.61 "GET /placement/allocations/88e2cea7-5509-4d08-a6b3-f086267eeee6" {{(pid=103612) __call__ /opt/stack/placement/placement/requestlog.py:55}}
May 30 18:30:40.263506 n-d-843821-1 devstack@placement-api.service[103612]: INFO placement.requestlog [req-12e37cc7-54eb-452c-b0fc-d80052df419e req-76d36e55-c962-43dc-9654-14805a9dc630 service placement] 10.222.0.61 "GET /placement/allocations/88e2cea7-5509-4d08-a6b3-f086267eeee6" status: 200 len: 259 microversion: 1.28
May 30 18:30:40.267187 n-d-843821-1 devstack@placement-api.service[103612]: [pid: 103612|app: 0|req: 391/783] 10.222.0.61 () {60 vars in 1377 bytes} [Mon May 30 18:30:40 2022] GET /placement/allocations/88e2cea7-5509-4d08-a6b3-f086267eeee6 => generated 259 bytes in 49 msecs (HTTP/1.1 200) 8 headers in 296 bytes (1 switches on core 0)
May 30 18:30:40.497987 n-d-843821-1 devstack@placement-api.service[103613]: DEBUG placement.requestlog [req-6179f259-25e7-49e0-b3de-b19c2f3de07d req-553ac606-45b9-4ac6-a337-619b43cb698b None None] Starting request: 10.222.0.61 "DELETE /placement/allocations/935bcad5-8176-4072-b51e-0159e81921ca" {{(pid=103613) __call__ /opt/stack/placement/placement/requestlog.py:55}}
May 30 18:30:40.581200 n-d-843821-1 devstack@placement-api.service[103613]: DEBUG placement.handlers.allocation [req-6179f259-25e7-49e0-b3de-b19c2f3de07d req-553ac606-45b9-4ac6-a337-619b43cb698b service placement] Successfully deleted allocations [, , ] {{(pid=103613) delete_allocations /opt/stack/placement/placement/handlers/allocation.py:627}}
May 30 18:30:40.582149 n-d-843821-1 devstack@placement-api.service[103613]: INFO placement.requestlog [req-6179f259-25e7-49e0-b3de-b19c2f3de07d req-553ac606-45b9-4ac6-a337-619b43cb698b service placement] 10.222.0.61 "DELETE /placement/allocations/935bcad5-8176-4072-b51e-0159e81921ca" status: 204 len: 0 microversion: 1.0
May 30 18:30:40.583936 n-d-843821-1 devstack@placement-api.service[103613]: [pid: 103613|app: 0|req: 393/784] 10.222.0.61 () {60 vars in 1355 bytes} [Mon May 30 18:30:40 2022] DELETE /placement/allocations/935bcad5-8176-4072-b51e-0159e81921ca => generated 0 bytes in 86 msecs (HTTP/1.1 204) 5 headers in 198 bytes (1 switches on core 0)
May 30 18:30:41.712353 n-d-843821-1 devstack@placement-api.service[103612]: DEBUG placement.requestlog [req-92084b6e-bd81-42ac-8d4a-5bdbd776e94c req-183a9c48-9ae6-43fa-9a70-5786a3c710ad None None] Starting request: 10.222.0.61 "DELETE /placement/allocations/8c79ed79-5fc8-4c5f-a5c4-dc2c754b9aa8" {{(pid=103612) __call__ /opt/stack/placement/placement/requestlog.py:55}}
May 30 18:30:41.783107 n-d-843821-1 devstack@placement-api.service[103612]: DEBUG placement.handlers.allocation [req-92084b6e-bd81-42ac-8d4a-5bdbd776e94c req-183a9c48-9ae6-43fa-9a70-5786a3c710ad service placement] Successfully deleted allocations [, , ] {{(pid=103612) delete_allocations /opt/stack/placement/placement/handlers/allocation.py:627}}
May 30 18:30:41.783800 n-d-843821-1 devstack@placement-api.service[103612]: INFO placement.requestlog [req-92084b6e-bd81-42ac-8d4a-5bdbd776e94c req-183a9c48-9ae6-43fa-9a70-5786a3c710ad service placement] 10.222.0.61 "DELETE /placement/allocations/8c79ed79-5fc8-4c5f-a5c4-dc2c754b9aa8" status: 204 len: 0 microversion: 1.0
May 30 18:30:41.784436 n-d-843821-1 devstack@placement-api.service[103612]: [pid: 103612|app: 0|req: 392/785] 10.222.0.61 () {60 vars in 1355 bytes} [Mon May 30 18:30:41 2022] DELETE /placement/allocations/8c79ed79-5fc8-4c5f-a5c4-dc2c754b9aa8 => generated 0 bytes in 73 msecs (HTTP/1.1 204) 5 headers in 198 bytes (1 switches on core 0)
May 30 18:30:42.948293 n-d-843821-1 devstack@placement-api.service[103613]: DEBUG placement.requestlog [None req-650eae0a-7550-401b-9c6f-836820f77c0c None None] Starting request: 10.222.0.46 "GET /placement/" {{(pid=103613) __call__ /opt/stack/placement/placement/requestlog.py:55}}
May 30 18:30:42.950477 n-d-843821-1 devstack@placement-api.service[103613]: INFO placement.requestlog [None req-650eae0a-7550-401b-9c6f-836820f77c0c None None] 10.222.0.46 "GET /placement/" status: 200 len: 136 microversion: 1.0
May 30 18:30:42.954952 n-d-843821-1 devstack@placement-api.service[103613]: [pid: 103613|app: 0|req: 394/786] 10.222.0.46 () {54 vars in 916 bytes} [Mon May 30 18:30:42 2022] GET /placement => generated 136 bytes in 8 msecs (HTTP/1.1 200) 6 headers in 224 bytes (1 switches on core 0)
May 30 18:30:43.033386 n-d-843821-1 devstack@placement-api.service[103612]: DEBUG placement.requestlog [req-2cad74c9-7385-41f7-9dc3-bd7d6c1e8916 req-cfe6f6bb-acba-46a1-98a1-595d037aecd9 None None] Starting request: 10.222.0.46 "GET /placement/allocations/f5b2558e-092c-4e8b-a3dc-f35d1014315e" {{(pid=103612) __call__ /opt/stack/placement/placement/requestlog.py:55}}
May 30 18:30:43.396076 n-d-843821-1 devstack@placement-api.service[103612]: INFO placement.requestlog [req-2cad74c9-7385-41f7-9dc3-bd7d6c1e8916 req-cfe6f6bb-acba-46a1-98a1-595d037aecd9 service placement] 10.222.0.46 "GET /placement/allocations/f5b2558e-092c-4e8b-a3dc-f35d1014315e" status: 200 len: 259 microversion: 1.28
May 30 18:30:43.405717 n-d-843821-1 devstack@placement-api.service[103613]: DEBUG placement.requestlog [req-2cad74c9-7385-41f7-9dc3-bd7d6c1e8916 req-13c61b5c-78ae-45eb-b26e-132bf24b489e None None] Starting request: 10.222.0.46 "GET /placement/allocations/f5b2558e-092c-4e8b-a3dc-f35d1014315e" {{(pid=103613) __call__ /opt/stack/placement/placement/requestlog.py:55}}
May 30 18:30:43.417917 n-d-843821-1 devstack@placement-api.service[103612]: [pid: 103612|app: 0|req: 393/787] 10.222.0.46 () {60 vars in 1380 bytes} [Mon May 30 18:30:43 2022] GET /placement/allocations/f5b2558e-092c-4e8b-a3dc-f35d1014315e => generated 259 bytes in 372 msecs (HTTP/1.1 200) 8 headers in 296 bytes (1 switches on core 0)
May 30 18:30:43.430040 n-d-843821-1 devstack@placement-api.service[103613]: INFO placement.requestlog [req-2cad74c9-7385-41f7-9dc3-bd7d6c1e8916 req-13c61b5c-78ae-45eb-b26e-132bf24b489e service placement] 10.222.0.46 "GET /placement/allocations/f5b2558e-092c-4e8b-a3dc-f35d1014315e" status: 200 len: 259 microversion: 1.28
May 30 18:30:43.441859 n-d-843821-1 devstack@placement-api.service[103612]: DEBUG placement.requestlog [req-2cad74c9-7385-41f7-9dc3-bd7d6c1e8916 req-e69c3303-4f2b-48d5-957b-9fcc324762b3 None None] Starting request: 10.222.0.46 "GET /placement/allocations/758c911e-c9b3-46fe-a30d-72ba9317151f" {{(pid=103612) __call__ /opt/stack/placement/placement/requestlog.py:55}}
May 30 18:30:43.448783 n-d-843821-1 devstack@placement-api.service[103613]: [pid: 103613|app: 0|req: 395/788] 10.222.0.46 () {60 vars in 1380 bytes} [Mon May 30 18:30:43 2022] GET /placement/allocations/f5b2558e-092c-4e8b-a3dc-f35d1014315e => generated 259 bytes in 42 msecs (HTTP/1.1 200) 8 headers in 296 bytes (1 switches on core 0)
May 30 18:30:43.461847 n-d-843821-1 devstack@placement-api.service[103612]: INFO placement.requestlog [req-2cad74c9-7385-41f7-9dc3-bd7d6c1e8916 req-e69c3303-4f2b-48d5-957b-9fcc324762b3 service placement] 10.222.0.46 "GET /placement/allocations/758c911e-c9b3-46fe-a30d-72ba9317151f" status: 200 len: 19 microversion: 1.28
May 30 18:30:43.462532 n-d-843821-1 devstack@placement-api.service[103612]: [pid: 103612|app: 0|req: 394/789] 10.222.0.46 () {60 vars in 1380 bytes} [Mon May 30 18:30:43 2022] GET /placement/allocations/758c911e-c9b3-46fe-a30d-72ba9317151f => generated 19 bytes in 22 msecs (HTTP/1.1 200) 8 headers in 295 bytes (1 switches on core 0)
May 30 18:30:43.470541 n-d-843821-1 devstack@placement-api.service[103613]: DEBUG placement.requestlog [req-2cad74c9-7385-41f7-9dc3-bd7d6c1e8916 req-9e024bfa-8811-4575-bc4b-c91ceafc793b None None] Starting request: 10.222.0.46 "POST /placement/allocations" {{(pid=103613) __call__ /opt/stack/placement/placement/requestlog.py:55}}
May 30 18:30:43.712903 n-d-843821-1 devstack@placement-api.service[103613]: DEBUG placement.handlers.allocation [req-2cad74c9-7385-41f7-9dc3-bd7d6c1e8916 req-9e024bfa-8811-4575-bc4b-c91ceafc793b service placement] Successfully wrote allocations [, , , , , ] {{(pid=103613) _update_consumers_and_create_allocations /opt/stack/placement/placement/handlers/allocation.py:572}}
May 30 18:30:43.719177 n-d-843821-1 devstack@placement-api.service[103613]: INFO placement.requestlog [req-2cad74c9-7385-41f7-9dc3-bd7d6c1e8916 req-9e024bfa-8811-4575-bc4b-c91ceafc793b service placement] 10.222.0.46 "POST /placement/allocations" status: 204 len: 0 microversion: 1.28
May 30 18:30:43.719452 n-d-843821-1 devstack@placement-api.service[103613]: [pid: 103613|app: 0|req: 396/790] 10.222.0.46 () {64 vars in 1323 bytes} [Mon May 30 18:30:43 2022] POST /placement/allocations => generated 0 bytes in 249 msecs (HTTP/1.1 204) 5 headers in 199 bytes (1 switches on core 0)
May 30 18:30:43.755935 n-d-843821-1 devstack@placement-api.service[103612]: DEBUG placement.requestlog [req-2cad74c9-7385-41f7-9dc3-bd7d6c1e8916 req-5d0a0d24-ab47-4358-83ad-8e8c9b6bf1a6 None None] Starting request: 10.222.0.46 "GET /placement/allocation_candidates?limit=1000&resources=DISK_GB%3A1%2CMEMORY_MB%3A512%2CVCPU%3A1&root_required=%21COMPUTE_STATUS_DISABLED" {{(pid=103612) __call__ /opt/stack/placement/placement/requestlog.py:55}}
May 30 18:30:43.802618 n-d-843821-1 devstack@placement-api.service[103612]: DEBUG placement.objects.research_context [req-2cad74c9-7385-41f7-9dc3-bd7d6c1e8916 req-5d0a0d24-ab47-4358-83ad-8e8c9b6bf1a6 service placement] getting providers with 1 DISK_GB {{(pid=103612) __init__ /opt/stack/placement/placement/objects/research_context.py:126}}
May 30 18:30:43.825411 n-d-843821-1 devstack@placement-api.service[103612]: DEBUG placement.objects.research_context [req-2cad74c9-7385-41f7-9dc3-bd7d6c1e8916 req-5d0a0d24-ab47-4358-83ad-8e8c9b6bf1a6 service placement] getting providers with 512 MEMORY_MB {{(pid=103612) __init__ /opt/stack/placement/placement/objects/research_context.py:126}}
May 30 18:30:43.838128 n-d-843821-1 devstack@placement-api.service[103612]: DEBUG placement.objects.research_context [req-2cad74c9-7385-41f7-9dc3-bd7d6c1e8916 req-5d0a0d24-ab47-4358-83ad-8e8c9b6bf1a6 service placement] getting providers with 1 VCPU {{(pid=103612) __init__ /opt/stack/placement/placement/objects/research_context.py:126}}
May 30 18:30:43.848737 n-d-843821-1 devstack@placement-api.service[103612]: DEBUG placement.objects.research_context [req-2cad74c9-7385-41f7-9dc3-bd7d6c1e8916 req-5d0a0d24-ab47-4358-83ad-8e8c9b6bf1a6 service placement] found 2 providers with available 1 DISK_GB {{(pid=103612) get_provider_ids_matching /opt/stack/placement/placement/objects/research_context.py:549}}
May 30 18:30:43.849011 n-d-843821-1 devstack@placement-api.service[103612]: DEBUG placement.objects.research_context [req-2cad74c9-7385-41f7-9dc3-bd7d6c1e8916 req-5d0a0d24-ab47-4358-83ad-8e8c9b6bf1a6 service placement] found 2 providers with available 512 MEMORY_MB {{(pid=103612) get_provider_ids_matching /opt/stack/placement/placement/objects/research_context.py:549}}
May 30 18:30:43.849276 n-d-843821-1 devstack@placement-api.service[103612]: DEBUG placement.objects.research_context [req-2cad74c9-7385-41f7-9dc3-bd7d6c1e8916 req-5d0a0d24-ab47-4358-83ad-8e8c9b6bf1a6 service placement] found 2 providers after filtering by previous result {{(pid=103612) get_provider_ids_matching /opt/stack/placement/placement/objects/research_context.py:580}}
May 30 18:30:43.850265 n-d-843821-1 devstack@placement-api.service[103612]: DEBUG placement.objects.research_context [req-2cad74c9-7385-41f7-9dc3-bd7d6c1e8916 req-5d0a0d24-ab47-4358-83ad-8e8c9b6bf1a6 service placement] found 2 providers with available 1 VCPU {{(pid=103612) get_provider_ids_matching /opt/stack/placement/placement/objects/research_context.py:549}}
May 30 18:30:43.850529 n-d-843821-1 devstack@placement-api.service[103612]: DEBUG placement.objects.research_context [req-2cad74c9-7385-41f7-9dc3-bd7d6c1e8916 req-5d0a0d24-ab47-4358-83ad-8e8c9b6bf1a6 service placement] found 2 providers after filtering by previous result {{(pid=103612) get_provider_ids_matching /opt/stack/placement/placement/objects/research_context.py:580}}
May 30 18:30:43.869403 n-d-843821-1 devstack@placement-api.service[103612]: DEBUG placement.objects.allocation_candidate [req-2cad74c9-7385-41f7-9dc3-bd7d6c1e8916 req-5d0a0d24-ab47-4358-83ad-8e8c9b6bf1a6 service placement] RequestGroup(use_same_provider=False, resources={DISK_GB:1, MEMORY_MB:512, VCPU:1}, traits=[], aggregates=[]) (suffix '') returned 2 matches {{(pid=103612) _get_by_requests /opt/stack/placement/placement/objects/allocation_candidate.py:145}}
May 30 18:30:43.870136 n-d-843821-1 devstack@placement-api.service[103612]: DEBUG placement.objects.allocation_candidate [req-2cad74c9-7385-41f7-9dc3-bd7d6c1e8916 req-5d0a0d24-ab47-4358-83ad-8e8c9b6bf1a6 service placement] Merging candidates yields 2 allocation requests and 2 provider summaries {{(pid=103612) _merge_candidates /opt/stack/placement/placement/objects/allocation_candidate.py:783}}
May 30 18:30:43.873152 n-d-843821-1 devstack@placement-api.service[103612]: INFO placement.requestlog [req-2cad74c9-7385-41f7-9dc3-bd7d6c1e8916 req-5d0a0d24-ab47-4358-83ad-8e8c9b6bf1a6 service placement] 10.222.0.46 "GET /placement/allocation_candidates?limit=1000&resources=DISK_GB%3A1%2CMEMORY_MB%3A512%2CVCPU%3A1&root_required=%21COMPUTE_STATUS_DISABLED" status: 200 len: 1307 microversion: 1.36
May 30 18:30:43.873946 n-d-843821-1 devstack@placement-api.service[103612]: [pid: 103612|app: 0|req: 395/791] 10.222.0.46 () {60 vars in 1504 bytes} [Mon May 30 18:30:43 2022] GET /placement/allocation_candidates?limit=1000&resources=DISK_GB%3A1%2CMEMORY_MB%3A512%2CVCPU%3A1&root_required=%21COMPUTE_STATUS_DISABLED => generated 1307 bytes in 119 msecs (HTTP/1.1 200) 8 headers in 297 bytes (1 switches on core 0)
May 30 18:30:43.952549 n-d-843821-1 devstack@placement-api.service[103613]: DEBUG placement.requestlog [req-2cad74c9-7385-41f7-9dc3-bd7d6c1e8916 req-0a83f481-8810-4d6b-8be1-eef400d82993 None None] Starting request: 10.222.0.46 "GET /placement/allocations/f5b2558e-092c-4e8b-a3dc-f35d1014315e" {{(pid=103613) __call__ /opt/stack/placement/placement/requestlog.py:55}}
May 30 18:30:43.968367 n-d-843821-1 devstack@placement-api.service[103613]: INFO placement.requestlog [req-2cad74c9-7385-41f7-9dc3-bd7d6c1e8916 req-0a83f481-8810-4d6b-8be1-eef400d82993 service placement] 10.222.0.46 "GET /placement/allocations/f5b2558e-092c-4e8b-a3dc-f35d1014315e" status: 200 len: 19 microversion: 1.28
May 30 18:30:43.971163 n-d-843821-1 devstack@placement-api.service[103613]: [pid: 103613|app: 0|req: 397/792] 10.222.0.46 () {60 vars in 1380 bytes} [Mon May 30 18:30:43 2022] GET /placement/allocations/f5b2558e-092c-4e8b-a3dc-f35d1014315e => generated 19 bytes in 18 msecs (HTTP/1.1 200) 8 headers in 295 bytes (1 switches on core 0)
May 30 18:30:43.978563 n-d-843821-1 devstack@placement-api.service[103612]: DEBUG placement.requestlog [req-2cad74c9-7385-41f7-9dc3-bd7d6c1e8916 req-99db6c50-8e5b-4a93-b523-328a472a03af None None] Starting request: 10.222.0.46 "PUT /placement/allocations/f5b2558e-092c-4e8b-a3dc-f35d1014315e" {{(pid=103612) __call__ /opt/stack/placement/placement/requestlog.py:55}}
May 30 18:30:44.093207 n-d-843821-1 devstack@placement-api.service[103612]: DEBUG placement.handlers.allocation [req-2cad74c9-7385-41f7-9dc3-bd7d6c1e8916 req-99db6c50-8e5b-4a93-b523-328a472a03af service placement] Successfully wrote allocations [, , ] {{(pid=103612) _update_consumers_and_create_allocations /opt/stack/placement/placement/handlers/allocation.py:462}}
May 30 18:30:44.100196 n-d-843821-1 devstack@placement-api.service[103612]: INFO placement.requestlog [req-2cad74c9-7385-41f7-9dc3-bd7d6c1e8916 req-99db6c50-8e5b-4a93-b523-328a472a03af service placement] 10.222.0.46 "PUT /placement/allocations/f5b2558e-092c-4e8b-a3dc-f35d1014315e" status: 204 len: 0 microversion: 1.36
May 30 18:30:44.100613 n-d-843821-1 devstack@placement-api.service[103612]: [pid: 103612|app: 0|req: 396/793] 10.222.0.46 () {64 vars in 1433 bytes} [Mon May 30 18:30:43 2022] PUT /placement/allocations/f5b2558e-092c-4e8b-a3dc-f35d1014315e => generated 0 bytes in 123 msecs (HTTP/1.1 204) 5 headers in 199 bytes (1 switches on core 0)
May 30 18:30:44.129510 n-d-843821-1 devstack@placement-api.service[103613]: DEBUG placement.requestlog [req-3d5058df-d5fd-441a-a5c3-a02d41d551ee req-c698e862-95ac-4375-9ea0-cd8d14c694fb None None] Starting request: 10.222.0.44 "DELETE /placement/allocations/9e1a9991-1862-4373-bf68-95d3a53ff519" {{(pid=103613) __call__ /opt/stack/placement/placement/requestlog.py:55}}
May 30 18:30:44.191880 n-d-843821-1 devstack@placement-api.service[103613]: DEBUG placement.handlers.allocation [req-3d5058df-d5fd-441a-a5c3-a02d41d551ee req-c698e862-95ac-4375-9ea0-cd8d14c694fb service placement] Successfully deleted allocations [, , ] {{(pid=103613) delete_allocations /opt/stack/placement/placement/handlers/allocation.py:627}}
May 30 18:30:44.192829 n-d-843821-1 devstack@placement-api.service[103613]: INFO placement.requestlog [req-3d5058df-d5fd-441a-a5c3-a02d41d551ee req-c698e862-95ac-4375-9ea0-cd8d14c694fb service placement] 10.222.0.44 "DELETE /placement/allocations/9e1a9991-1862-4373-bf68-95d3a53ff519" status: 204 len: 0 microversion: 1.0
May 30 18:30:44.193698 n-d-843821-1 devstack@placement-api.service[103613]: [pid: 103613|app: 0|req: 398/794] 10.222.0.44 () {60 vars in 1355 bytes} [Mon May 30 18:30:44 2022] DELETE /placement/allocations/9e1a9991-1862-4373-bf68-95d3a53ff519 => generated 0 bytes in 64 msecs (HTTP/1.1 204) 5 headers in 198 bytes (1 switches on core 0)
May 30 18:30:44.512078 n-d-843821-1 devstack@placement-api.service[103612]: DEBUG placement.requestlog [req-2cad74c9-7385-41f7-9dc3-bd7d6c1e8916 req-dc0a3149-96e9-4462-9361-abd94879ea15 None None] Starting request: 10.222.0.61 "GET /placement/allocations/f5b2558e-092c-4e8b-a3dc-f35d1014315e" {{(pid=103612) __call__ /opt/stack/placement/placement/requestlog.py:55}}
May 30 18:30:44.564174 n-d-843821-1 devstack@placement-api.service[103612]: INFO placement.requestlog [req-2cad74c9-7385-41f7-9dc3-bd7d6c1e8916 req-dc0a3149-96e9-4462-9361-abd94879ea15 service placement] 10.222.0.61 "GET /placement/allocations/f5b2558e-092c-4e8b-a3dc-f35d1014315e" status: 200 len: 258 microversion: 1.28
May 30 18:30:44.564563 n-d-843821-1 devstack@placement-api.service[103612]: [pid: 103612|app: 0|req: 397/795] 10.222.0.61 () {60 vars in 1377 bytes} [Mon May 30 18:30:44 2022] GET /placement/allocations/f5b2558e-092c-4e8b-a3dc-f35d1014315e => generated 258 bytes in 54 msecs (HTTP/1.1 200) 8 headers in 296 bytes (1 switches on core 0)
May 30 18:30:47.044706 n-d-843821-1 devstack@placement-api.service[103613]: DEBUG placement.requestlog [None req-a8c58949-16ae-45d3-b962-0b3de7a62c87 None None] Starting request: 10.222.0.46 "GET /placement/resource_providers/a5170b0c-1ab3-4ffa-8d28-a37aa119a71b/aggregates" {{(pid=103613) __call__ /opt/stack/placement/placement/requestlog.py:55}}
May 30 18:30:47.063733 n-d-843821-1 devstack@placement-api.service[103613]: INFO placement.requestlog [None req-a8c58949-16ae-45d3-b962-0b3de7a62c87 service placement] 10.222.0.46 "GET /placement/resource_providers/a5170b0c-1ab3-4ffa-8d28-a37aa119a71b/aggregates" status: 404 len: 235 microversion: 1.1
May 30 18:30:47.064236 n-d-843821-1 devstack@placement-api.service[103613]: [pid: 103613|app: 0|req: 399/796] 10.222.0.46 () {58 vars in 1362 bytes} [Mon May 30 18:30:47 2022] GET /placement/resource_providers/a5170b0c-1ab3-4ffa-8d28-a37aa119a71b/aggregates => generated 235 bytes in 21 msecs (HTTP/1.1 404) 5 headers in 202 bytes (1 switches on core 0)
May 30 18:30:47.230505 n-d-843821-1 devstack@placement-api.service[103612]: DEBUG placement.requestlog [None req-736abdb1-5bc3-4427-a8b2-37a9c6b557af None None] Starting request: 10.222.0.46 "DELETE /placement/resource_providers/a5170b0c-1ab3-4ffa-8d28-a37aa119a71b" {{(pid=103612) __call__ /opt/stack/placement/placement/requestlog.py:55}}
May 30 18:30:47.243096 n-d-843821-1 devstack@placement-api.service[103612]: DEBUG placement.wsgi_wrapper [None req-736abdb1-5bc3-4427-a8b2-37a9c6b557af service placement] Placement API returning an error response: No resource provider with uuid a5170b0c-1ab3-4ffa-8d28-a37aa119a71b found for delete {{(pid=103612) call_func /opt/stack/placement/placement/wsgi_wrapper.py:31}}
May 30 18:30:47.250239 n-d-843821-1 devstack@placement-api.service[103612]: INFO placement.requestlog [None req-736abdb1-5bc3-4427-a8b2-37a9c6b557af service placement] 10.222.0.46 "DELETE /placement/resource_providers/a5170b0c-1ab3-4ffa-8d28-a37aa119a71b" status: 404 len: 246 microversion: 1.1
May 30 18:30:47.250720 n-d-843821-1 devstack@placement-api.service[103612]: [pid: 103612|app: 0|req: 398/797] 10.222.0.46 () {60 vars in 1351 bytes} [Mon May 30 18:30:47 2022] DELETE /placement/resource_providers/a5170b0c-1ab3-4ffa-8d28-a37aa119a71b => generated 246 bytes in 20 msecs (HTTP/1.1 404) 6 headers in 231 bytes (1 switches on core 0)
May 30 18:30:47.573608 n-d-843821-1 devstack@placement-api.service[103613]: DEBUG placement.requestlog [req-e9a72057-51c8-4a36-b3c5-6bd5685ef283 req-c7d11509-8ab8-4412-95c7-efc8fea13a2b None None] Starting request: 10.222.0.44 "DELETE /placement/allocations/ef31a32f-cc58-445a-bcb0-283145d9d7de" {{(pid=103613) __call__ /opt/stack/placement/placement/requestlog.py:55}}
May 30 18:30:47.626926 n-d-843821-1 devstack@placement-api.service[103613]: DEBUG placement.handlers.allocation [req-e9a72057-51c8-4a36-b3c5-6bd5685ef283 req-c7d11509-8ab8-4412-95c7-efc8fea13a2b service placement] Successfully deleted allocations [, , ] {{(pid=103613) delete_allocations /opt/stack/placement/placement/handlers/allocation.py:627}}
May 30 18:30:47.627781 n-d-843821-1 devstack@placement-api.service[103613]: INFO placement.requestlog [req-e9a72057-51c8-4a36-b3c5-6bd5685ef283 req-c7d11509-8ab8-4412-95c7-efc8fea13a2b service placement] 10.222.0.44 "DELETE /placement/allocations/ef31a32f-cc58-445a-bcb0-283145d9d7de" status: 204 len: 0 microversion: 1.0
May 30 18:30:47.628454 n-d-843821-1 devstack@placement-api.service[103613]: [pid: 103613|app: 0|req: 400/798] 10.222.0.44 () {60 vars in 1355 bytes} [Mon May 30 18:30:47 2022] DELETE /placement/allocations/ef31a32f-cc58-445a-bcb0-283145d9d7de => generated 0 bytes in 55 msecs (HTTP/1.1 204) 5 headers in 198 bytes (1 switches on core 0)
May 30 18:30:50.919546 n-d-843821-1 devstack@placement-api.service[103612]: DEBUG placement.requestlog [req-381902b9-5fd0-498f-a212-6fb86282c6d3 req-484ba008-9096-45c3-88c2-e952a2bcdd9c None None] Starting request: 10.222.0.61 "DELETE /placement/allocations/fbe82bd6-39dd-4aa5-8bed-d5c3ce00c665" {{(pid=103612) __call__ /opt/stack/placement/placement/requestlog.py:55}}
May 30 18:30:50.954442 n-d-843821-1 devstack@placement-api.service[103612]: DEBUG placement.handlers.allocation [req-381902b9-5fd0-498f-a212-6fb86282c6d3 req-484ba008-9096-45c3-88c2-e952a2bcdd9c service placement] Successfully deleted allocations [, , ] {{(pid=103612) delete_allocations /opt/stack/placement/placement/handlers/allocation.py:627}}
May 30 18:30:50.954948 n-d-843821-1 devstack@placement-api.service[103612]: INFO placement.requestlog [req-381902b9-5fd0-498f-a212-6fb86282c6d3 req-484ba008-9096-45c3-88c2-e952a2bcdd9c service placement] 10.222.0.61 "DELETE /placement/allocations/fbe82bd6-39dd-4aa5-8bed-d5c3ce00c665" status: 204 len: 0 microversion: 1.0
May 30 18:30:50.955288 n-d-843821-1 devstack@placement-api.service[103612]: [pid: 103612|app: 0|req: 399/799] 10.222.0.61 () {60 vars in 1355 bytes} [Mon May 30 18:30:50 2022] DELETE /placement/allocations/fbe82bd6-39dd-4aa5-8bed-d5c3ce00c665 => generated 0 bytes in 36 msecs (HTTP/1.1 204) 5 headers in 198 bytes (2 switches on core 0)
May 30 18:30:52.974823 n-d-843821-1 devstack@placement-api.service[103613]: DEBUG placement.requestlog [req-821b4de7-a8ee-4ce3-9b11-4cd61fa151d7 req-682658bc-37e1-4047-b57b-467fd13a1d17 None None] Starting request: 10.222.0.44 "DELETE /placement/allocations/34ef7864-6b9b-4e8e-90e9-c37a8035f3e7" {{(pid=103613) __call__ /opt/stack/placement/placement/requestlog.py:55}}
May 30 18:30:53.024435 n-d-843821-1 devstack@placement-api.service[103613]: DEBUG placement.handlers.allocation [req-821b4de7-a8ee-4ce3-9b11-4cd61fa151d7 req-682658bc-37e1-4047-b57b-467fd13a1d17 service placement] Successfully deleted allocations [, , ] {{(pid=103613) delete_allocations /opt/stack/placement/placement/handlers/allocation.py:627}}
May 30 18:30:53.024985 n-d-843821-1 devstack@placement-api.service[103613]: INFO placement.requestlog [req-821b4de7-a8ee-4ce3-9b11-4cd61fa151d7 req-682658bc-37e1-4047-b57b-467fd13a1d17 service placement] 10.222.0.44 "DELETE /placement/allocations/34ef7864-6b9b-4e8e-90e9-c37a8035f3e7" status: 204 len: 0 microversion: 1.0
May 30 18:30:53.025556 n-d-843821-1 devstack@placement-api.service[103613]: [pid: 103613|app: 0|req: 401/800] 10.222.0.44 () {60 vars in 1355 bytes} [Mon May 30 18:30:52 2022] DELETE /placement/allocations/34ef7864-6b9b-4e8e-90e9-c37a8035f3e7 => generated 0 bytes in 51 msecs (HTTP/1.1 204) 5 headers in 198 bytes (1 switches on core 0)
May 30 18:30:55.539802 n-d-843821-1 devstack@placement-api.service[103612]: DEBUG placement.requestlog [req-5a3c8bc7-c915-4137-9630-ceeeb4567ebb req-d0d202af-4180-482e-8ca7-1c1fe47e5d6a None None] Starting request: 10.222.0.46 "GET /placement/allocation_candidates?limit=1000&resources=DISK_GB%3A1%2CMEMORY_MB%3A1024%2CVCPU%3A1&root_required=%21COMPUTE_STATUS_DISABLED" {{(pid=103612) __call__ /opt/stack/placement/placement/requestlog.py:55}}
May 30 18:30:55.606862 n-d-843821-1 devstack@placement-api.service[103612]: DEBUG placement.objects.research_context [req-5a3c8bc7-c915-4137-9630-ceeeb4567ebb req-d0d202af-4180-482e-8ca7-1c1fe47e5d6a service placement] getting providers with 1 DISK_GB {{(pid=103612) __init__ /opt/stack/placement/placement/objects/research_context.py:126}}
May 30 18:30:55.637754 n-d-843821-1 devstack@placement-api.service[103612]: DEBUG placement.objects.research_context [req-5a3c8bc7-c915-4137-9630-ceeeb4567ebb req-d0d202af-4180-482e-8ca7-1c1fe47e5d6a service placement] getting providers with 1024 MEMORY_MB {{(pid=103612) __init__ /opt/stack/placement/placement/objects/research_context.py:126}}
May 30 18:30:55.686427 n-d-843821-1 devstack@placement-api.service[103612]: DEBUG placement.objects.research_context [req-5a3c8bc7-c915-4137-9630-ceeeb4567ebb req-d0d202af-4180-482e-8ca7-1c1fe47e5d6a service placement] getting providers with 1 VCPU {{(pid=103612) __init__ /opt/stack/placement/placement/objects/research_context.py:126}}
May 30 18:30:55.707694 n-d-843821-1 devstack@placement-api.service[103612]: DEBUG placement.objects.research_context [req-5a3c8bc7-c915-4137-9630-ceeeb4567ebb req-d0d202af-4180-482e-8ca7-1c1fe47e5d6a service placement] found 2 providers with available 1 DISK_GB {{(pid=103612) get_provider_ids_matching /opt/stack/placement/placement/objects/research_context.py:549}}
May 30 18:30:55.707970 n-d-843821-1 devstack@placement-api.service[103612]: DEBUG placement.objects.research_context [req-5a3c8bc7-c915-4137-9630-ceeeb4567ebb req-d0d202af-4180-482e-8ca7-1c1fe47e5d6a service placement] found 2 providers with available 1024 MEMORY_MB {{(pid=103612) get_provider_ids_matching /opt/stack/placement/placement/objects/research_context.py:549}}
May 30 18:30:55.709660 n-d-843821-1 devstack@placement-api.service[103612]: DEBUG placement.objects.research_context [req-5a3c8bc7-c915-4137-9630-ceeeb4567ebb req-d0d202af-4180-482e-8ca7-1c1fe47e5d6a service placement] found 2 providers after filtering by previous result {{(pid=103612) get_provider_ids_matching /opt/stack/placement/placement/objects/research_context.py:580}}
May 30 18:30:55.709919 n-d-843821-1 devstack@placement-api.service[103612]: DEBUG placement.objects.research_context [req-5a3c8bc7-c915-4137-9630-ceeeb4567ebb req-d0d202af-4180-482e-8ca7-1c1fe47e5d6a service placement] found 2 providers with available 1 VCPU {{(pid=103612) get_provider_ids_matching /opt/stack/placement/placement/objects/research_context.py:549}}
May 30 18:30:55.710171 n-d-843821-1 devstack@placement-api.service[103612]: DEBUG placement.objects.research_context [req-5a3c8bc7-c915-4137-9630-ceeeb4567ebb req-d0d202af-4180-482e-8ca7-1c1fe47e5d6a service placement] found 2 providers after filtering by previous result {{(pid=103612) get_provider_ids_matching /opt/stack/placement/placement/objects/research_context.py:580}}
May 30 18:30:55.737761 n-d-843821-1 devstack@placement-api.service[103612]: DEBUG placement.objects.allocation_candidate [req-5a3c8bc7-c915-4137-9630-ceeeb4567ebb req-d0d202af-4180-482e-8ca7-1c1fe47e5d6a service placement] RequestGroup(use_same_provider=False, resources={DISK_GB:1, MEMORY_MB:1024, VCPU:1}, traits=[], aggregates=[]) (suffix '') returned 2 matches {{(pid=103612) _get_by_requests /opt/stack/placement/placement/objects/allocation_candidate.py:145}}
May 30 18:30:55.738212 n-d-843821-1 devstack@placement-api.service[103612]: DEBUG placement.objects.allocation_candidate [req-5a3c8bc7-c915-4137-9630-ceeeb4567ebb req-d0d202af-4180-482e-8ca7-1c1fe47e5d6a service placement] Merging candidates yields 2 allocation requests and 2 provider summaries {{(pid=103612) _merge_candidates /opt/stack/placement/placement/objects/allocation_candidate.py:783}}
May 30 18:30:55.739905 n-d-843821-1 devstack@placement-api.service[103612]: INFO placement.requestlog [req-5a3c8bc7-c915-4137-9630-ceeeb4567ebb req-d0d202af-4180-482e-8ca7-1c1fe47e5d6a service placement] 10.222.0.46 "GET /placement/allocation_candidates?limit=1000&resources=DISK_GB%3A1%2CMEMORY_MB%3A1024%2CVCPU%3A1&root_required=%21COMPUTE_STATUS_DISABLED" status: 200 len: 1309 microversion: 1.36
May 30 18:30:55.744810 n-d-843821-1 devstack@placement-api.service[103612]: [pid: 103612|app: 0|req: 400/801] 10.222.0.46 () {60 vars in 1506 bytes} [Mon May 30 18:30:55 2022] GET /placement/allocation_candidates?limit=1000&resources=DISK_GB%3A1%2CMEMORY_MB%3A1024%2CVCPU%3A1&root_required=%21COMPUTE_STATUS_DISABLED => generated 1309 bytes in 205 msecs (HTTP/1.1 200) 8 headers in 297 bytes (1 switches on core 0)
May 30 18:30:55.815069 n-d-843821-1 devstack@placement-api.service[103613]: DEBUG placement.requestlog [req-5a3c8bc7-c915-4137-9630-ceeeb4567ebb req-5b074d29-abc5-4add-8a8a-aadf9de09119 None None] Starting request: 10.222.0.46 "GET /placement/allocations/1b516ef8-3f03-4aac-8810-34638aae1371" {{(pid=103613) __call__ /opt/stack/placement/placement/requestlog.py:55}}
May 30 18:30:55.847049 n-d-843821-1 devstack@placement-api.service[103613]: INFO placement.requestlog [req-5a3c8bc7-c915-4137-9630-ceeeb4567ebb req-5b074d29-abc5-4add-8a8a-aadf9de09119 service placement] 10.222.0.46 "GET /placement/allocations/1b516ef8-3f03-4aac-8810-34638aae1371" status: 200 len: 19 microversion: 1.28
May 30 18:30:55.848300 n-d-843821-1 devstack@placement-api.service[103613]: [pid: 103613|app: 0|req: 402/802] 10.222.0.46 () {60 vars in 1380 bytes} [Mon May 30 18:30:55 2022] GET /placement/allocations/1b516ef8-3f03-4aac-8810-34638aae1371 => generated 19 bytes in 33 msecs (HTTP/1.1 200) 8 headers in 295 bytes (1 switches on core 0)
May 30 18:30:55.854671 n-d-843821-1 devstack@placement-api.service[103612]: DEBUG placement.requestlog [req-5a3c8bc7-c915-4137-9630-ceeeb4567ebb req-a212ab68-f3b1-4bad-a235-f86bd0143bc6 None None] Starting request: 10.222.0.46 "PUT /placement/allocations/1b516ef8-3f03-4aac-8810-34638aae1371" {{(pid=103612) __call__ /opt/stack/placement/placement/requestlog.py:55}}
May 30 18:30:55.988949 n-d-843821-1 devstack@placement-api.service[103612]: DEBUG placement.handlers.allocation [req-5a3c8bc7-c915-4137-9630-ceeeb4567ebb req-a212ab68-f3b1-4bad-a235-f86bd0143bc6 service placement] Successfully wrote allocations [, , ] {{(pid=103612) _update_consumers_and_create_allocations /opt/stack/placement/placement/handlers/allocation.py:462}}
May 30 18:30:55.995882 n-d-843821-1 devstack@placement-api.service[103612]: INFO placement.requestlog [req-5a3c8bc7-c915-4137-9630-ceeeb4567ebb req-a212ab68-f3b1-4bad-a235-f86bd0143bc6 service placement] 10.222.0.46 "PUT /placement/allocations/1b516ef8-3f03-4aac-8810-34638aae1371" status: 204 len: 0 microversion: 1.36
May 30 18:30:55.996312 n-d-843821-1 devstack@placement-api.service[103612]: [pid: 103612|app: 0|req: 401/803] 10.222.0.46 () {64 vars in 1433 bytes} [Mon May 30 18:30:55 2022] PUT /placement/allocations/1b516ef8-3f03-4aac-8810-34638aae1371 => generated 0 bytes in 142 msecs (HTTP/1.1 204) 5 headers in 199 bytes (1 switches on core 0)
May 30 18:30:56.567344 n-d-843821-1 devstack@placement-api.service[103613]: DEBUG placement.requestlog [req-5a3c8bc7-c915-4137-9630-ceeeb4567ebb req-8716a187-2414-426f-a308-9332e0ddeb77 None None] Starting request: 10.222.0.44 "GET /placement/allocations/1b516ef8-3f03-4aac-8810-34638aae1371" {{(pid=103613) __call__ /opt/stack/placement/placement/requestlog.py:55}}
May 30 18:30:56.625391 n-d-843821-1 devstack@placement-api.service[103613]: INFO placement.requestlog [req-5a3c8bc7-c915-4137-9630-ceeeb4567ebb req-8716a187-2414-426f-a308-9332e0ddeb77 service placement] 10.222.0.44 "GET /placement/allocations/1b516ef8-3f03-4aac-8810-34638aae1371" status: 200 len: 259 microversion: 1.28
May 30 18:30:56.626181 n-d-843821-1 devstack@placement-api.service[103613]: [pid: 103613|app: 0|req: 403/804] 10.222.0.44 () {60 vars in 1377 bytes} [Mon May 30 18:30:56 2022] GET /placement/allocations/1b516ef8-3f03-4aac-8810-34638aae1371 => generated 259 bytes in 60 msecs (HTTP/1.1 200) 8 headers in 296 bytes (1 switches on core 0)
May 30 18:30:58.788137 n-d-843821-1 devstack@placement-api.service[103612]: DEBUG placement.requestlog [None req-818e47f9-aac9-4f6b-85a7-a704c5c0243d None None] Starting request: 10.222.0.46 "GET /placement/resource_providers/9e928e31-4d67-43cf-aa21-1ef5518379ac/aggregates" {{(pid=103612) __call__ /opt/stack/placement/placement/requestlog.py:55}}
May 30 18:30:58.803129 n-d-843821-1 devstack@placement-api.service[103612]: INFO placement.requestlog [None req-818e47f9-aac9-4f6b-85a7-a704c5c0243d service placement] 10.222.0.46 "GET /placement/resource_providers/9e928e31-4d67-43cf-aa21-1ef5518379ac/aggregates" status: 404 len: 235 microversion: 1.1
May 30 18:30:58.803956 n-d-843821-1 devstack@placement-api.service[103612]: [pid: 103612|app: 0|req: 402/805] 10.222.0.46 () {58 vars in 1362 bytes} [Mon May 30 18:30:58 2022] GET /placement/resource_providers/9e928e31-4d67-43cf-aa21-1ef5518379ac/aggregates => generated 235 bytes in 16 msecs (HTTP/1.1 404) 5 headers in 202 bytes (1 switches on core 0)
May 30 18:30:58.851471 n-d-843821-1 devstack@placement-api.service[103613]: DEBUG placement.requestlog [None req-8bee0e34-b500-49e5-b728-034ce93f2b85 None None] Starting request: 10.222.0.46 "DELETE /placement/resource_providers/9e928e31-4d67-43cf-aa21-1ef5518379ac" {{(pid=103613) __call__ /opt/stack/placement/placement/requestlog.py:55}}
May 30 18:30:58.868430 n-d-843821-1 devstack@placement-api.service[103613]: DEBUG placement.wsgi_wrapper [None req-8bee0e34-b500-49e5-b728-034ce93f2b85 service placement] Placement API returning an error response: No resource provider with uuid 9e928e31-4d67-43cf-aa21-1ef5518379ac found for delete {{(pid=103613) call_func /opt/stack/placement/placement/wsgi_wrapper.py:31}}
May 30 18:30:58.869182 n-d-843821-1 devstack@placement-api.service[103613]: INFO placement.requestlog [None req-8bee0e34-b500-49e5-b728-034ce93f2b85 service placement] 10.222.0.46 "DELETE /placement/resource_providers/9e928e31-4d67-43cf-aa21-1ef5518379ac" status: 404 len: 246 microversion: 1.1
May 30 18:30:58.869541 n-d-843821-1 devstack@placement-api.service[103613]: [pid: 103613|app: 0|req: 404/806] 10.222.0.46 () {60 vars in 1351 bytes} [Mon May 30 18:30:58 2022] DELETE /placement/resource_providers/9e928e31-4d67-43cf-aa21-1ef5518379ac => generated 246 bytes in 18 msecs (HTTP/1.1 404) 6 headers in 231 bytes (1 switches on core 0)
