May 30 18:31:26.232464 n-d-843821-1 devstack@placement-api.service[103613]: [pid: 103613|app: 0|req: 419/836] 10.222.0.61 () {60 vars in 1377 bytes} [Mon May 30 18:31:26 2022] GET /placement/allocations/758c911e-c9b3-46fe-a30d-72ba9317151f => generated 259 bytes in 32 msecs (HTTP/1.1 200) 8 headers in 296 bytes (1 switches on core 0)
May 30 18:31:26.241942 n-d-843821-1 devstack@placement-api.service[103612]: DEBUG placement.requestlog [req-afe17237-2a8d-4310-bf31-da75495b63a6 req-66110c2f-12a2-4232-857e-b5ca69194cc6 None None] Starting request: 10.222.0.61 "GET /placement/allocations/758c911e-c9b3-46fe-a30d-72ba9317151f" {{(pid=103612) __call__ /opt/stack/placement/placement/requestlog.py:55}}
May 30 18:31:26.275042 n-d-843821-1 devstack@placement-api.service[103612]: INFO placement.requestlog [req-afe17237-2a8d-4310-bf31-da75495b63a6 req-66110c2f-12a2-4232-857e-b5ca69194cc6 service placement] 10.222.0.61 "GET /placement/allocations/758c911e-c9b3-46fe-a30d-72ba9317151f" status: 200 len: 259 microversion: 1.28
May 30 18:31:26.275594 n-d-843821-1 devstack@placement-api.service[103612]: [pid: 103612|app: 0|req: 418/837] 10.222.0.61 () {60 vars in 1377 bytes} [Mon May 30 18:31:26 2022] GET /placement/allocations/758c911e-c9b3-46fe-a30d-72ba9317151f => generated 259 bytes in 34 msecs (HTTP/1.1 200) 8 headers in 296 bytes (1 switches on core 0)
May 30 18:31:26.291383 n-d-843821-1 devstack@placement-api.service[103613]: DEBUG placement.requestlog [req-afe17237-2a8d-4310-bf31-da75495b63a6 req-e40710d2-2ee0-4d37-851a-1eb276ca4fe2 None None] Starting request: 10.222.0.61 "GET /placement/allocations/f5b2558e-092c-4e8b-a3dc-f35d1014315e" {{(pid=103613) __call__ /opt/stack/placement/placement/requestlog.py:55}}
May 30 18:31:26.320651 n-d-843821-1 devstack@placement-api.service[103613]: INFO placement.requestlog [req-afe17237-2a8d-4310-bf31-da75495b63a6 req-e40710d2-2ee0-4d37-851a-1eb276ca4fe2 service placement] 10.222.0.61 "GET /placement/allocations/f5b2558e-092c-4e8b-a3dc-f35d1014315e" status: 200 len: 258 microversion: 1.28
May 30 18:31:26.321142 n-d-843821-1 devstack@placement-api.service[103613]: [pid: 103613|app: 0|req: 420/838] 10.222.0.61 () {60 vars in 1377 bytes} [Mon May 30 18:31:26 2022] GET /placement/allocations/f5b2558e-092c-4e8b-a3dc-f35d1014315e => generated 258 bytes in 30 msecs (HTTP/1.1 200) 8 headers in 296 bytes (1 switches on core 0)
May 30 18:31:26.330449 n-d-843821-1 devstack@placement-api.service[103612]: DEBUG placement.requestlog [req-afe17237-2a8d-4310-bf31-da75495b63a6 req-bd953f39-a6b3-45e2-bbb6-e84516184cf9 None None] Starting request: 10.222.0.61 "POST /placement/allocations" {{(pid=103612) __call__ /opt/stack/placement/placement/requestlog.py:55}}
May 30 18:31:26.440676 n-d-843821-1 devstack@placement-api.service[103612]: DEBUG placement.handlers.allocation [req-afe17237-2a8d-4310-bf31-da75495b63a6 req-bd953f39-a6b3-45e2-bbb6-e84516184cf9 service placement] Successfully wrote allocations [, , , , , ] {{(pid=103612) _update_consumers_and_create_allocations /opt/stack/placement/placement/handlers/allocation.py:572}}
May 30 18:31:26.446762 n-d-843821-1 devstack@placement-api.service[103612]: INFO placement.requestlog [req-afe17237-2a8d-4310-bf31-da75495b63a6 req-bd953f39-a6b3-45e2-bbb6-e84516184cf9 service placement] 10.222.0.61 "POST /placement/allocations" status: 204 len: 0 microversion: 1.28
May 30 18:31:26.447981 n-d-843821-1 devstack@placement-api.service[103612]: [pid: 103612|app: 0|req: 419/839] 10.222.0.61 () {64 vars in 1320 bytes} [Mon May 30 18:31:26 2022] POST /placement/allocations => generated 0 bytes in 118 msecs (HTTP/1.1 204) 5 headers in 199 bytes (1 switches on core 0)
May 30 18:31:28.157216 n-d-843821-1 devstack@placement-api.service[103613]: DEBUG placement.requestlog [None req-9faae803-479f-4f67-b797-f64baed9bb34 None None] Starting request: 10.222.0.46 "GET /placement/resource_providers/7017fabc-42bd-4fdc-b154-cc83fe6c3e33/aggregates" {{(pid=103613) __call__ /opt/stack/placement/placement/requestlog.py:55}}
May 30 18:31:28.167987 n-d-843821-1 devstack@placement-api.service[103613]: INFO placement.requestlog [None req-9faae803-479f-4f67-b797-f64baed9bb34 service placement] 10.222.0.46 "GET /placement/resource_providers/7017fabc-42bd-4fdc-b154-cc83fe6c3e33/aggregates" status: 404 len: 235 microversion: 1.1
May 30 18:31:28.171602 n-d-843821-1 devstack@placement-api.service[103613]: [pid: 103613|app: 0|req: 421/840] 10.222.0.46 () {58 vars in 1362 bytes} [Mon May 30 18:31:28 2022] GET /placement/resource_providers/7017fabc-42bd-4fdc-b154-cc83fe6c3e33/aggregates => generated 235 bytes in 14 msecs (HTTP/1.1 404) 5 headers in 202 bytes (1 switches on core 0)
May 30 18:31:28.234249 n-d-843821-1 devstack@placement-api.service[103612]: DEBUG placement.requestlog [None req-6d8f5168-5aad-43f7-93e7-d33b654eb684 None None] Starting request: 10.222.0.46 "DELETE /placement/resource_providers/7017fabc-42bd-4fdc-b154-cc83fe6c3e33" {{(pid=103612) __call__ /opt/stack/placement/placement/requestlog.py:55}}
May 30 18:31:28.244821 n-d-843821-1 devstack@placement-api.service[103612]: DEBUG placement.wsgi_wrapper [None req-6d8f5168-5aad-43f7-93e7-d33b654eb684 service placement] Placement API returning an error response: No resource provider with uuid 7017fabc-42bd-4fdc-b154-cc83fe6c3e33 found for delete {{(pid=103612) call_func /opt/stack/placement/placement/wsgi_wrapper.py:31}}
May 30 18:31:28.246017 n-d-843821-1 devstack@placement-api.service[103612]: INFO placement.requestlog [None req-6d8f5168-5aad-43f7-93e7-d33b654eb684 service placement] 10.222.0.46 "DELETE /placement/resource_providers/7017fabc-42bd-4fdc-b154-cc83fe6c3e33" status: 404 len: 246 microversion: 1.1
May 30 18:31:28.246788 n-d-843821-1 devstack@placement-api.service[103612]: [pid: 103612|app: 0|req: 420/841] 10.222.0.46 () {60 vars in 1351 bytes} [Mon May 30 18:31:28 2022] DELETE /placement/resource_providers/7017fabc-42bd-4fdc-b154-cc83fe6c3e33 => generated 246 bytes in 13 msecs (HTTP/1.1 404) 6 headers in 231 bytes (1 switches on core 0)
May 30 18:31:30.173111 n-d-843821-1 devstack@placement-api.service[103613]: DEBUG placement.requestlog [req-f4084677-7be0-4ccd-b7fc-6725d7ae6552 req-ce684a37-98a2-4fe7-a93e-5c03039a547a None None] Starting request: 10.222.0.44 "DELETE /placement/allocations/5d2f9e61-036c-41e6-bda6-e0a816bddfa9" {{(pid=103613) __call__ /opt/stack/placement/placement/requestlog.py:55}}
May 30 18:31:30.225396 n-d-843821-1 devstack@placement-api.service[103613]: DEBUG placement.handlers.allocation [req-f4084677-7be0-4ccd-b7fc-6725d7ae6552 req-ce684a37-98a2-4fe7-a93e-5c03039a547a service placement] Successfully deleted allocations [, , ] {{(pid=103613) delete_allocations /opt/stack/placement/placement/handlers/allocation.py:627}}
May 30 18:31:30.225951 n-d-843821-1 devstack@placement-api.service[103613]: INFO placement.requestlog [req-f4084677-7be0-4ccd-b7fc-6725d7ae6552 req-ce684a37-98a2-4fe7-a93e-5c03039a547a service placement] 10.222.0.44 "DELETE /placement/allocations/5d2f9e61-036c-41e6-bda6-e0a816bddfa9" status: 204 len: 0 microversion: 1.0
May 30 18:31:30.226246 n-d-843821-1 devstack@placement-api.service[103613]: [pid: 103613|app: 0|req: 422/842] 10.222.0.44 () {60 vars in 1355 bytes} [Mon May 30 18:31:30 2022] DELETE /placement/allocations/5d2f9e61-036c-41e6-bda6-e0a816bddfa9 => generated 0 bytes in 53 msecs (HTTP/1.1 204) 5 headers in 198 bytes (1 switches on core 0)
May 30 18:31:30.277960 n-d-843821-1 devstack@placement-api.service[103612]: DEBUG placement.requestlog [None req-4f03c0b7-62f9-4719-a5b9-4dd393611e04 None None] Starting request: 10.222.0.46 "GET /placement/resource_providers/ca3f87d9-c563-4d1d-8927-087d73ab5998/aggregates" {{(pid=103612) __call__ /opt/stack/placement/placement/requestlog.py:55}}
May 30 18:31:30.296167 n-d-843821-1 devstack@placement-api.service[103612]: INFO placement.requestlog [None req-4f03c0b7-62f9-4719-a5b9-4dd393611e04 service placement] 10.222.0.46 "GET /placement/resource_providers/ca3f87d9-c563-4d1d-8927-087d73ab5998/aggregates" status: 404 len: 235 microversion: 1.1
May 30 18:31:30.296752 n-d-843821-1 devstack@placement-api.service[103612]: [pid: 103612|app: 0|req: 421/843] 10.222.0.46 () {58 vars in 1362 bytes} [Mon May 30 18:31:30 2022] GET /placement/resource_providers/ca3f87d9-c563-4d1d-8927-087d73ab5998/aggregates => generated 235 bytes in 19 msecs (HTTP/1.1 404) 5 headers in 202 bytes (1 switches on core 0)
May 30 18:31:30.304558 n-d-843821-1 devstack@placement-api.service[103613]: DEBUG placement.requestlog [None req-0b092819-f9df-405d-ada1-2de43c9db1b0 None None] Starting request: 10.222.0.46 "DELETE /placement/resource_providers/ca3f87d9-c563-4d1d-8927-087d73ab5998" {{(pid=103613) __call__ /opt/stack/placement/placement/requestlog.py:55}}
May 30 18:31:30.318263 n-d-843821-1 devstack@placement-api.service[103613]: DEBUG placement.wsgi_wrapper [None req-0b092819-f9df-405d-ada1-2de43c9db1b0 service placement] Placement API returning an error response: No resource provider with uuid ca3f87d9-c563-4d1d-8927-087d73ab5998 found for delete {{(pid=103613) call_func /opt/stack/placement/placement/wsgi_wrapper.py:31}}
May 30 18:31:30.319011 n-d-843821-1 devstack@placement-api.service[103613]: INFO placement.requestlog [None req-0b092819-f9df-405d-ada1-2de43c9db1b0 service placement] 10.222.0.46 "DELETE /placement/resource_providers/ca3f87d9-c563-4d1d-8927-087d73ab5998" status: 404 len: 246 microversion: 1.1
May 30 18:31:30.321654 n-d-843821-1 devstack@placement-api.service[103613]: [pid: 103613|app: 0|req: 423/844] 10.222.0.46 () {60 vars in 1351 bytes} [Mon May 30 18:31:30 2022] DELETE /placement/resource_providers/ca3f87d9-c563-4d1d-8927-087d73ab5998 => generated 246 bytes in 18 msecs (HTTP/1.1 404) 6 headers in 231 bytes (1 switches on core 0)
May 30 18:31:30.836141 n-d-843821-1 devstack@placement-api.service[103612]: DEBUG placement.requestlog [None req-13f7dae7-c94c-4d9f-8ef6-3bdbc1c2e9ca None None] Starting request: 10.222.0.46 "GET /placement/resource_providers/37b72346-5f72-40b3-8039-49d7360fc9ae/aggregates" {{(pid=103612) __call__ /opt/stack/placement/placement/requestlog.py:55}}
May 30 18:31:30.855616 n-d-843821-1 devstack@placement-api.service[103612]: INFO placement.requestlog [None req-13f7dae7-c94c-4d9f-8ef6-3bdbc1c2e9ca service placement] 10.222.0.46 "GET /placement/resource_providers/37b72346-5f72-40b3-8039-49d7360fc9ae/aggregates" status: 404 len: 235 microversion: 1.1
May 30 18:31:30.856210 n-d-843821-1 devstack@placement-api.service[103612]: [pid: 103612|app: 0|req: 422/845] 10.222.0.46 () {58 vars in 1362 bytes} [Mon May 30 18:31:30 2022] GET /placement/resource_providers/37b72346-5f72-40b3-8039-49d7360fc9ae/aggregates => generated 235 bytes in 20 msecs (HTTP/1.1 404) 5 headers in 202 bytes (1 switches on core 0)
May 30 18:31:30.925652 n-d-843821-1 devstack@placement-api.service[103613]: DEBUG placement.requestlog [None req-2059620c-aad2-4027-97a4-62b4618b57ea None None] Starting request: 10.222.0.46 "DELETE /placement/resource_providers/37b72346-5f72-40b3-8039-49d7360fc9ae" {{(pid=103613) __call__ /opt/stack/placement/placement/requestlog.py:55}}
May 30 18:31:30.936960 n-d-843821-1 devstack@placement-api.service[103613]: DEBUG placement.wsgi_wrapper [None req-2059620c-aad2-4027-97a4-62b4618b57ea service placement] Placement API returning an error response: No resource provider with uuid 37b72346-5f72-40b3-8039-49d7360fc9ae found for delete {{(pid=103613) call_func /opt/stack/placement/placement/wsgi_wrapper.py:31}}
May 30 18:31:30.937738 n-d-843821-1 devstack@placement-api.service[103613]: INFO placement.requestlog [None req-2059620c-aad2-4027-97a4-62b4618b57ea service placement] 10.222.0.46 "DELETE /placement/resource_providers/37b72346-5f72-40b3-8039-49d7360fc9ae" status: 404 len: 246 microversion: 1.1
May 30 18:31:30.941393 n-d-843821-1 devstack@placement-api.service[103613]: [pid: 103613|app: 0|req: 424/846] 10.222.0.46 () {60 vars in 1351 bytes} [Mon May 30 18:31:30 2022] DELETE /placement/resource_providers/37b72346-5f72-40b3-8039-49d7360fc9ae => generated 246 bytes in 16 msecs (HTTP/1.1 404) 6 headers in 231 bytes (1 switches on core 0)
May 30 18:31:32.309174 n-d-843821-1 devstack@placement-api.service[103612]: DEBUG placement.requestlog [req-51ff917b-0229-446a-950a-68fc027516e9 req-a781f400-48f4-4b3f-b7e6-a39170cb1104 None None] Starting request: 10.222.0.46 "GET /placement/allocation_candidates?limit=1000&resources=DISK_GB%3A1%2CMEMORY_MB%3A1024%2CVCPU%3A1&root_required=%21COMPUTE_STATUS_DISABLED" {{(pid=103612) __call__ /opt/stack/placement/placement/requestlog.py:55}}
May 30 18:31:32.342967 n-d-843821-1 devstack@placement-api.service[103613]: DEBUG placement.requestlog [None req-3bb0a503-f200-4be8-970c-39bd8d389d3f None None] Starting request: 10.222.0.46 "GET /placement/resource_providers/e3afa89b-3a5f-4c73-9e0e-7884962b73db/aggregates" {{(pid=103613) __call__ /opt/stack/placement/placement/requestlog.py:55}}
May 30 18:31:32.356038 n-d-843821-1 devstack@placement-api.service[103612]: DEBUG placement.objects.research_context [req-51ff917b-0229-446a-950a-68fc027516e9 req-a781f400-48f4-4b3f-b7e6-a39170cb1104 service placement] getting providers with 1 DISK_GB {{(pid=103612) __init__ /opt/stack/placement/placement/objects/research_context.py:126}}
May 30 18:31:32.357434 n-d-843821-1 devstack@placement-api.service[103613]: INFO placement.requestlog [None req-3bb0a503-f200-4be8-970c-39bd8d389d3f service placement] 10.222.0.46 "GET /placement/resource_providers/e3afa89b-3a5f-4c73-9e0e-7884962b73db/aggregates" status: 404 len: 235 microversion: 1.1
May 30 18:31:32.359916 n-d-843821-1 devstack@placement-api.service[103613]: [pid: 103613|app: 0|req: 425/847] 10.222.0.46 () {58 vars in 1362 bytes} [Mon May 30 18:31:32 2022] GET /placement/resource_providers/e3afa89b-3a5f-4c73-9e0e-7884962b73db/aggregates => generated 235 bytes in 17 msecs (HTTP/1.1 404) 5 headers in 202 bytes (1 switches on core 0)
May 30 18:31:32.364872 n-d-843821-1 devstack@placement-api.service[103612]: DEBUG placement.objects.research_context [req-51ff917b-0229-446a-950a-68fc027516e9 req-a781f400-48f4-4b3f-b7e6-a39170cb1104 service placement] getting providers with 1024 MEMORY_MB {{(pid=103612) __init__ /opt/stack/placement/placement/objects/research_context.py:126}}
May 30 18:31:32.372039 n-d-843821-1 devstack@placement-api.service[103612]: DEBUG placement.objects.research_context [req-51ff917b-0229-446a-950a-68fc027516e9 req-a781f400-48f4-4b3f-b7e6-a39170cb1104 service placement] getting providers with 1 VCPU {{(pid=103612) __init__ /opt/stack/placement/placement/objects/research_context.py:126}}
May 30 18:31:32.378833 n-d-843821-1 devstack@placement-api.service[103612]: DEBUG placement.objects.research_context [req-51ff917b-0229-446a-950a-68fc027516e9 req-a781f400-48f4-4b3f-b7e6-a39170cb1104 service placement] found 2 providers with available 1 DISK_GB {{(pid=103612) get_provider_ids_matching /opt/stack/placement/placement/objects/research_context.py:549}}
May 30 18:31:32.379120 n-d-843821-1 devstack@placement-api.service[103612]: DEBUG placement.objects.research_context [req-51ff917b-0229-446a-950a-68fc027516e9 req-a781f400-48f4-4b3f-b7e6-a39170cb1104 service placement] found 2 providers with available 1024 MEMORY_MB {{(pid=103612) get_provider_ids_matching /opt/stack/placement/placement/objects/research_context.py:549}}
May 30 18:31:32.379688 n-d-843821-1 devstack@placement-api.service[103612]: DEBUG placement.objects.research_context [req-51ff917b-0229-446a-950a-68fc027516e9 req-a781f400-48f4-4b3f-b7e6-a39170cb1104 service placement] found 2 providers after filtering by previous result {{(pid=103612) get_provider_ids_matching /opt/stack/placement/placement/objects/research_context.py:580}}
May 30 18:31:32.380093 n-d-843821-1 devstack@placement-api.service[103612]: DEBUG placement.objects.research_context [req-51ff917b-0229-446a-950a-68fc027516e9 req-a781f400-48f4-4b3f-b7e6-a39170cb1104 service placement] found 2 providers with available 1 VCPU {{(pid=103612) get_provider_ids_matching /opt/stack/placement/placement/objects/research_context.py:549}}
May 30 18:31:32.380497 n-d-843821-1 devstack@placement-api.service[103612]: DEBUG placement.objects.research_context [req-51ff917b-0229-446a-950a-68fc027516e9 req-a781f400-48f4-4b3f-b7e6-a39170cb1104 service placement] found 2 providers after filtering by previous result {{(pid=103612) get_provider_ids_matching /opt/stack/placement/placement/objects/research_context.py:580}}
May 30 18:31:32.388989 n-d-843821-1 devstack@placement-api.service[103613]: DEBUG placement.requestlog [None req-b7274eb1-7440-4019-83a4-264bf0e601ac None None] Starting request: 10.222.0.46 "DELETE /placement/resource_providers/e3afa89b-3a5f-4c73-9e0e-7884962b73db" {{(pid=103613) __call__ /opt/stack/placement/placement/requestlog.py:55}}
May 30 18:31:32.393533 n-d-843821-1 devstack@placement-api.service[103612]: DEBUG placement.objects.allocation_candidate [req-51ff917b-0229-446a-950a-68fc027516e9 req-a781f400-48f4-4b3f-b7e6-a39170cb1104 service placement] RequestGroup(use_same_provider=False, resources={DISK_GB:1, MEMORY_MB:1024, VCPU:1}, traits=[], aggregates=[]) (suffix '') returned 2 matches {{(pid=103612) _get_by_requests /opt/stack/placement/placement/objects/allocation_candidate.py:145}}
May 30 18:31:32.394209 n-d-843821-1 devstack@placement-api.service[103612]: DEBUG placement.objects.allocation_candidate [req-51ff917b-0229-446a-950a-68fc027516e9 req-a781f400-48f4-4b3f-b7e6-a39170cb1104 service placement] Merging candidates yields 2 allocation requests and 2 provider summaries {{(pid=103612) _merge_candidates /opt/stack/placement/placement/objects/allocation_candidate.py:783}}
May 30 18:31:32.396724 n-d-843821-1 devstack@placement-api.service[103612]: INFO placement.requestlog [req-51ff917b-0229-446a-950a-68fc027516e9 req-a781f400-48f4-4b3f-b7e6-a39170cb1104 service placement] 10.222.0.46 "GET /placement/allocation_candidates?limit=1000&resources=DISK_GB%3A1%2CMEMORY_MB%3A1024%2CVCPU%3A1&root_required=%21COMPUTE_STATUS_DISABLED" status: 200 len: 1309 microversion: 1.36
May 30 18:31:32.397411 n-d-843821-1 devstack@placement-api.service[103612]: [pid: 103612|app: 0|req: 423/848] 10.222.0.46 () {60 vars in 1506 bytes} [Mon May 30 18:31:32 2022] GET /placement/allocation_candidates?limit=1000&resources=DISK_GB%3A1%2CMEMORY_MB%3A1024%2CVCPU%3A1&root_required=%21COMPUTE_STATUS_DISABLED => generated 1309 bytes in 88 msecs (HTTP/1.1 200) 8 headers in 297 bytes (2 switches on core 0)
May 30 18:31:32.416110 n-d-843821-1 devstack@placement-api.service[103613]: DEBUG placement.wsgi_wrapper [None req-b7274eb1-7440-4019-83a4-264bf0e601ac service placement] Placement API returning an error response: No resource provider with uuid e3afa89b-3a5f-4c73-9e0e-7884962b73db found for delete {{(pid=103613) call_func /opt/stack/placement/placement/wsgi_wrapper.py:31}}
May 30 18:31:32.416860 n-d-843821-1 devstack@placement-api.service[103613]: INFO placement.requestlog [None req-b7274eb1-7440-4019-83a4-264bf0e601ac service placement] 10.222.0.46 "DELETE /placement/resource_providers/e3afa89b-3a5f-4c73-9e0e-7884962b73db" status: 404 len: 246 microversion: 1.1
May 30 18:31:32.418213 n-d-843821-1 devstack@placement-api.service[103613]: [pid: 103613|app: 0|req: 426/849] 10.222.0.46 () {60 vars in 1351 bytes} [Mon May 30 18:31:32 2022] DELETE /placement/resource_providers/e3afa89b-3a5f-4c73-9e0e-7884962b73db => generated 246 bytes in 29 msecs (HTTP/1.1 404) 6 headers in 231 bytes (2 switches on core 0)
May 30 18:31:32.485072 n-d-843821-1 devstack@placement-api.service[103612]: DEBUG placement.requestlog [req-51ff917b-0229-446a-950a-68fc027516e9 req-0f069511-1778-4744-8fc3-74a73ce706bb None None] Starting request: 10.222.0.46 "GET /placement/allocations/d481fe29-69f2-41f9-b660-46b28025f4ad" {{(pid=103612) __call__ /opt/stack/placement/placement/requestlog.py:55}}
May 30 18:31:32.500254 n-d-843821-1 devstack@placement-api.service[103612]: INFO placement.requestlog [req-51ff917b-0229-446a-950a-68fc027516e9 req-0f069511-1778-4744-8fc3-74a73ce706bb service placement] 10.222.0.46 "GET /placement/allocations/d481fe29-69f2-41f9-b660-46b28025f4ad" status: 200 len: 19 microversion: 1.28
May 30 18:31:32.501364 n-d-843821-1 devstack@placement-api.service[103612]: [pid: 103612|app: 0|req: 424/850] 10.222.0.46 () {60 vars in 1380 bytes} [Mon May 30 18:31:32 2022] GET /placement/allocations/d481fe29-69f2-41f9-b660-46b28025f4ad => generated 19 bytes in 16 msecs (HTTP/1.1 200) 8 headers in 295 bytes (1 switches on core 0)
May 30 18:31:32.510432 n-d-843821-1 devstack@placement-api.service[103613]: DEBUG placement.requestlog [req-51ff917b-0229-446a-950a-68fc027516e9 req-2adc72ba-8761-4858-94fe-1a01340044fc None None] Starting request: 10.222.0.46 "PUT /placement/allocations/d481fe29-69f2-41f9-b660-46b28025f4ad" {{(pid=103613) __call__ /opt/stack/placement/placement/requestlog.py:55}}
May 30 18:31:32.646337 n-d-843821-1 devstack@placement-api.service[103613]: DEBUG placement.handlers.allocation [req-51ff917b-0229-446a-950a-68fc027516e9 req-2adc72ba-8761-4858-94fe-1a01340044fc service placement] Successfully wrote allocations [, , ] {{(pid=103613) _update_consumers_and_create_allocations /opt/stack/placement/placement/handlers/allocation.py:462}}
May 30 18:31:32.651165 n-d-843821-1 devstack@placement-api.service[103613]: INFO placement.requestlog [req-51ff917b-0229-446a-950a-68fc027516e9 req-2adc72ba-8761-4858-94fe-1a01340044fc service placement] 10.222.0.46 "PUT /placement/allocations/d481fe29-69f2-41f9-b660-46b28025f4ad" status: 204 len: 0 microversion: 1.36
May 30 18:31:32.652038 n-d-843821-1 devstack@placement-api.service[103613]: [pid: 103613|app: 0|req: 427/851] 10.222.0.46 () {64 vars in 1433 bytes} [Mon May 30 18:31:32 2022] PUT /placement/allocations/d481fe29-69f2-41f9-b660-46b28025f4ad => generated 0 bytes in 142 msecs (HTTP/1.1 204) 5 headers in 199 bytes (1 switches on core 0)
May 30 18:31:32.952442 n-d-843821-1 devstack@placement-api.service[103612]: DEBUG placement.requestlog [None req-bb80b862-7ed8-4c4c-96ea-39448d9499ad None None] Starting request: 10.222.0.46 "GET /placement/resource_providers/c30c86fe-8695-43a7-a582-7a7bf3e4eb8a/aggregates" {{(pid=103612) __call__ /opt/stack/placement/placement/requestlog.py:55}}
May 30 18:31:32.975509 n-d-843821-1 devstack@placement-api.service[103612]: INFO placement.requestlog [None req-bb80b862-7ed8-4c4c-96ea-39448d9499ad service placement] 10.222.0.46 "GET /placement/resource_providers/c30c86fe-8695-43a7-a582-7a7bf3e4eb8a/aggregates" status: 404 len: 235 microversion: 1.1
May 30 18:31:32.981724 n-d-843821-1 devstack@placement-api.service[103612]: [pid: 103612|app: 0|req: 425/852] 10.222.0.46 () {58 vars in 1362 bytes} [Mon May 30 18:31:32 2022] GET /placement/resource_providers/c30c86fe-8695-43a7-a582-7a7bf3e4eb8a/aggregates => generated 235 bytes in 25 msecs (HTTP/1.1 404) 5 headers in 202 bytes (1 switches on core 0)
May 30 18:31:33.056620 n-d-843821-1 devstack@placement-api.service[103613]: DEBUG placement.requestlog [None req-eb0a1cd7-db8b-432c-b02c-b5ee0d8236db None None] Starting request: 10.222.0.46 "DELETE /placement/resource_providers/c30c86fe-8695-43a7-a582-7a7bf3e4eb8a" {{(pid=103613) __call__ /opt/stack/placement/placement/requestlog.py:55}}
May 30 18:31:33.070273 n-d-843821-1 devstack@placement-api.service[103613]: DEBUG placement.wsgi_wrapper [None req-eb0a1cd7-db8b-432c-b02c-b5ee0d8236db service placement] Placement API returning an error response: No resource provider with uuid c30c86fe-8695-43a7-a582-7a7bf3e4eb8a found for delete {{(pid=103613) call_func /opt/stack/placement/placement/wsgi_wrapper.py:31}}
May 30 18:31:33.079394 n-d-843821-1 devstack@placement-api.service[103613]: INFO placement.requestlog [None req-eb0a1cd7-db8b-432c-b02c-b5ee0d8236db service placement] 10.222.0.46 "DELETE /placement/resource_providers/c30c86fe-8695-43a7-a582-7a7bf3e4eb8a" status: 404 len: 246 microversion: 1.1
May 30 18:31:33.082770 n-d-843821-1 devstack@placement-api.service[103613]: [pid: 103613|app: 0|req: 428/853] 10.222.0.46 () {60 vars in 1351 bytes} [Mon May 30 18:31:33 2022] DELETE /placement/resource_providers/c30c86fe-8695-43a7-a582-7a7bf3e4eb8a => generated 246 bytes in 26 msecs (HTTP/1.1 404) 6 headers in 231 bytes (2 switches on core 0)
May 30 18:31:33.106726 n-d-843821-1 devstack@placement-api.service[103612]: DEBUG placement.requestlog [req-51ff917b-0229-446a-950a-68fc027516e9 req-a3c750e7-b14f-46ac-b146-d234b54bf7ee None None] Starting request: 10.222.0.61 "GET /placement/allocations/d481fe29-69f2-41f9-b660-46b28025f4ad" {{(pid=103612) __call__ /opt/stack/placement/placement/requestlog.py:55}}
May 30 18:31:33.146888 n-d-843821-1 devstack@placement-api.service[103612]: INFO placement.requestlog [req-51ff917b-0229-446a-950a-68fc027516e9 req-a3c750e7-b14f-46ac-b146-d234b54bf7ee service placement] 10.222.0.61 "GET /placement/allocations/d481fe29-69f2-41f9-b660-46b28025f4ad" status: 200 len: 259 microversion: 1.28
May 30 18:31:33.147413 n-d-843821-1 devstack@placement-api.service[103612]: [pid: 103612|app: 0|req: 426/854] 10.222.0.61 () {60 vars in 1377 bytes} [Mon May 30 18:31:33 2022] GET /placement/allocations/d481fe29-69f2-41f9-b660-46b28025f4ad => generated 259 bytes in 41 msecs (HTTP/1.1 200) 8 headers in 296 bytes (2 switches on core 0)
May 30 18:31:49.057122 n-d-843821-1 devstack@placement-api.service[103613]: DEBUG placement.requestlog [None req-acde48d0-d3f6-480d-bb6e-6a0ade1dcd1a None None] Starting request: 10.222.0.46 "GET /placement/" {{(pid=103613) __call__ /opt/stack/placement/placement/requestlog.py:55}}
May 30 18:31:49.058200 n-d-843821-1 devstack@placement-api.service[103613]: INFO placement.requestlog [None req-acde48d0-d3f6-480d-bb6e-6a0ade1dcd1a None None] 10.222.0.46 "GET /placement/" status: 200 len: 136 microversion: 1.0
May 30 18:31:49.058412 n-d-843821-1 devstack@placement-api.service[103613]: [pid: 103613|app: 0|req: 429/855] 10.222.0.46 () {54 vars in 907 bytes} [Mon May 30 18:31:49 2022] GET /placement => generated 136 bytes in 2 msecs (HTTP/1.1 200) 6 headers in 224 bytes (1 switches on core 0)
May 30 18:31:49.071462 n-d-843821-1 devstack@placement-api.service[103612]: DEBUG placement.requestlog [req-8856d411-6b77-458e-849a-79426d5363a2 req-8c60e7cb-7c67-45cb-a25f-fa3c1b28f4d4 None None] Starting request: 10.222.0.46 "GET /placement/resource_providers/878ae96c-fb0e-4c98-9040-f7a997a80202/traits" {{(pid=103612) __call__ /opt/stack/placement/placement/requestlog.py:55}}
May 30 18:31:49.200670 n-d-843821-1 devstack@placement-api.service[103612]: INFO placement.requestlog [req-8856d411-6b77-458e-849a-79426d5363a2 req-8c60e7cb-7c67-45cb-a25f-fa3c1b28f4d4 service placement] 10.222.0.46 "GET /placement/resource_providers/878ae96c-fb0e-4c98-9040-f7a997a80202/traits" status: 200 len: 212 microversion: 1.6
May 30 18:31:49.201316 n-d-843821-1 devstack@placement-api.service[103612]: [pid: 103612|app: 0|req: 427/856] 10.222.0.46 () {60 vars in 1412 bytes} [Mon May 30 18:31:49 2022] GET /placement/resource_providers/878ae96c-fb0e-4c98-9040-f7a997a80202/traits => generated 212 bytes in 130 msecs (HTTP/1.1 200) 6 headers in 224 bytes (2 switches on core 0)
May 30 18:31:50.178467 n-d-843821-1 devstack@placement-api.service[103613]: DEBUG placement.requestlog [None req-7d49d4d3-ad50-4d75-a3de-4eb1a4628293 None None] Starting request: 10.222.0.46 "GET /placement/" {{(pid=103613) __call__ /opt/stack/placement/placement/requestlog.py:55}}
May 30 18:31:50.180471 n-d-843821-1 devstack@placement-api.service[103613]: INFO placement.requestlog [None req-7d49d4d3-ad50-4d75-a3de-4eb1a4628293 None None] 10.222.0.46 "GET /placement/" status: 200 len: 136 microversion: 1.0
May 30 18:31:50.180819 n-d-843821-1 devstack@placement-api.service[103613]: [pid: 103613|app: 0|req: 430/857] 10.222.0.46 () {54 vars in 916 bytes} [Mon May 30 18:31:50 2022] GET /placement => generated 136 bytes in 3 msecs (HTTP/1.1 200) 6 headers in 224 bytes (1 switches on core 0)
May 30 18:31:50.196492 n-d-843821-1 devstack@placement-api.service[103612]: DEBUG placement.requestlog [req-8856d411-6b77-458e-849a-79426d5363a2 req-055beb25-8768-4069-aaa3-d8ecae9e59a6 None None] Starting request: 10.222.0.46 "GET /placement/allocations/d481fe29-69f2-41f9-b660-46b28025f4ad" {{(pid=103612) __call__ /opt/stack/placement/placement/requestlog.py:55}}
May 30 18:31:50.311415 n-d-843821-1 devstack@placement-api.service[103612]: INFO placement.requestlog [req-8856d411-6b77-458e-849a-79426d5363a2 req-055beb25-8768-4069-aaa3-d8ecae9e59a6 service placement] 10.222.0.46 "GET /placement/allocations/d481fe29-69f2-41f9-b660-46b28025f4ad" status: 200 len: 259 microversion: 1.28
May 30 18:31:50.312089 n-d-843821-1 devstack@placement-api.service[103612]: [pid: 103612|app: 0|req: 428/858] 10.222.0.46 () {60 vars in 1380 bytes} [Mon May 30 18:31:50 2022] GET /placement/allocations/d481fe29-69f2-41f9-b660-46b28025f4ad => generated 259 bytes in 117 msecs (HTTP/1.1 200) 8 headers in 296 bytes (1 switches on core 0)
May 30 18:31:50.321405 n-d-843821-1 devstack@placement-api.service[103613]: DEBUG placement.requestlog [req-8856d411-6b77-458e-849a-79426d5363a2 req-3e198aca-a6c7-451a-a70d-ba6035aabc7a None None] Starting request: 10.222.0.46 "GET /placement/allocations/d481fe29-69f2-41f9-b660-46b28025f4ad" {{(pid=103613) __call__ /opt/stack/placement/placement/requestlog.py:55}}
May 30 18:31:50.385746 n-d-843821-1 devstack@placement-api.service[103613]: INFO placement.requestlog [req-8856d411-6b77-458e-849a-79426d5363a2 req-3e198aca-a6c7-451a-a70d-ba6035aabc7a service placement] 10.222.0.46 "GET /placement/allocations/d481fe29-69f2-41f9-b660-46b28025f4ad" status: 200 len: 259 microversion: 1.28
May 30 18:31:50.387552 n-d-843821-1 devstack@placement-api.service[103613]: [pid: 103613|app: 0|req: 431/859] 10.222.0.46 () {60 vars in 1380 bytes} [Mon May 30 18:31:50 2022] GET /placement/allocations/d481fe29-69f2-41f9-b660-46b28025f4ad => generated 259 bytes in 67 msecs (HTTP/1.1 200) 8 headers in 296 bytes (2 switches on core 0)
May 30 18:31:50.393716 n-d-843821-1 devstack@placement-api.service[103612]: DEBUG placement.requestlog [req-8856d411-6b77-458e-849a-79426d5363a2 req-699eeb25-8470-40a2-a16c-390289d401e1 None None] Starting request: 10.222.0.46 "GET /placement/allocations/df804a73-b763-40f1-a88c-2933673fe043" {{(pid=103612) __call__ /opt/stack/placement/placement/requestlog.py:55}}
May 30 18:31:50.421766 n-d-843821-1 devstack@placement-api.service[103612]: INFO placement.requestlog [req-8856d411-6b77-458e-849a-79426d5363a2 req-699eeb25-8470-40a2-a16c-390289d401e1 service placement] 10.222.0.46 "GET /placement/allocations/df804a73-b763-40f1-a88c-2933673fe043" status: 200 len: 19 microversion: 1.28
May 30 18:31:50.421897 n-d-843821-1 devstack@placement-api.service[103613]: DEBUG placement.requestlog [req-d6071433-512c-44c2-9705-8d13a716c8aa req-7998499e-603b-4ea5-98eb-fa251c8e231e None None] Starting request: 10.222.0.46 "GET /placement/allocation_candidates?limit=1000&resources=DISK_GB%3A1%2CMEMORY_MB%3A1024%2CVCPU%3A1&root_required=%21COMPUTE_STATUS_DISABLED" {{(pid=103613) __call__ /opt/stack/placement/placement/requestlog.py:55}}
May 30 18:31:50.430108 n-d-843821-1 devstack@placement-api.service[103612]: [pid: 103612|app: 0|req: 429/860] 10.222.0.46 () {60 vars in 1380 bytes} [Mon May 30 18:31:50 2022] GET /placement/allocations/df804a73-b763-40f1-a88c-2933673fe043 => generated 19 bytes in 36 msecs (HTTP/1.1 200) 8 headers in 295 bytes (1 switches on core 0)
May 30 18:31:50.432783 n-d-843821-1 devstack@placement-api.service[103612]: DEBUG placement.requestlog [req-8856d411-6b77-458e-849a-79426d5363a2 req-2e601eae-2e6e-4ff6-9dc4-7c021554617f None None] Starting request: 10.222.0.46 "POST /placement/allocations" {{(pid=103612) __call__ /opt/stack/placement/placement/requestlog.py:55}}
May 30 18:31:50.502446 n-d-843821-1 devstack@placement-api.service[103613]: DEBUG placement.objects.research_context [req-d6071433-512c-44c2-9705-8d13a716c8aa req-7998499e-603b-4ea5-98eb-fa251c8e231e service placement] getting providers with 1 DISK_GB {{(pid=103613) __init__ /opt/stack/placement/placement/objects/research_context.py:126}}
May 30 18:31:50.525032 n-d-843821-1 devstack@placement-api.service[103613]: DEBUG placement.objects.research_context [req-d6071433-512c-44c2-9705-8d13a716c8aa req-7998499e-603b-4ea5-98eb-fa251c8e231e service placement] getting providers with 1024 MEMORY_MB {{(pid=103613) __init__ /opt/stack/placement/placement/objects/research_context.py:126}}
May 30 18:31:50.541753 n-d-843821-1 devstack@placement-api.service[103613]: DEBUG placement.objects.research_context [req-d6071433-512c-44c2-9705-8d13a716c8aa req-7998499e-603b-4ea5-98eb-fa251c8e231e service placement] getting providers with 1 VCPU {{(pid=103613) __init__ /opt/stack/placement/placement/objects/research_context.py:126}}
May 30 18:31:50.577172 n-d-843821-1 devstack@placement-api.service[103613]: DEBUG placement.objects.research_context [req-d6071433-512c-44c2-9705-8d13a716c8aa req-7998499e-603b-4ea5-98eb-fa251c8e231e service placement] found 2 providers with available 1 DISK_GB {{(pid=103613) get_provider_ids_matching /opt/stack/placement/placement/objects/research_context.py:549}}
May 30 18:31:50.577438 n-d-843821-1 devstack@placement-api.service[103613]: DEBUG placement.objects.research_context [req-d6071433-512c-44c2-9705-8d13a716c8aa req-7998499e-603b-4ea5-98eb-fa251c8e231e service placement] found 2 providers with available 1024 MEMORY_MB {{(pid=103613) get_provider_ids_matching /opt/stack/placement/placement/objects/research_context.py:549}}
May 30 18:31:50.577881 n-d-843821-1 devstack@placement-api.service[103613]: DEBUG placement.objects.research_context [req-d6071433-512c-44c2-9705-8d13a716c8aa req-7998499e-603b-4ea5-98eb-fa251c8e231e service placement] found 2 providers after filtering by previous result {{(pid=103613) get_provider_ids_matching /opt/stack/placement/placement/objects/research_context.py:580}}
May 30 18:31:50.594507 n-d-843821-1 devstack@placement-api.service[103613]: DEBUG placement.objects.research_context [req-d6071433-512c-44c2-9705-8d13a716c8aa req-7998499e-603b-4ea5-98eb-fa251c8e231e service placement] found 2 providers with available 1 VCPU {{(pid=103613) get_provider_ids_matching /opt/stack/placement/placement/objects/research_context.py:549}}
May 30 18:31:50.594785 n-d-843821-1 devstack@placement-api.service[103613]: DEBUG placement.objects.research_context [req-d6071433-512c-44c2-9705-8d13a716c8aa req-7998499e-603b-4ea5-98eb-fa251c8e231e service placement] found 2 providers after filtering by previous result {{(pid=103613) get_provider_ids_matching /opt/stack/placement/placement/objects/research_context.py:580}}
May 30 18:31:50.605264 n-d-843821-1 devstack@placement-api.service[103612]: DEBUG placement.handlers.allocation [req-8856d411-6b77-458e-849a-79426d5363a2 req-2e601eae-2e6e-4ff6-9dc4-7c021554617f service placement] Successfully wrote allocations [, , , , , ] {{(pid=103612) _update_consumers_and_create_allocations /opt/stack/placement/placement/handlers/allocation.py:572}}
May 30 18:31:50.620409 n-d-843821-1 devstack@placement-api.service[103612]: INFO placement.requestlog [req-8856d411-6b77-458e-849a-79426d5363a2 req-2e601eae-2e6e-4ff6-9dc4-7c021554617f service placement] 10.222.0.46 "POST /placement/allocations" status: 204 len: 0 microversion: 1.28
May 30 18:31:50.620818 n-d-843821-1 devstack@placement-api.service[103612]: [pid: 103612|app: 0|req: 430/861] 10.222.0.46 () {64 vars in 1323 bytes} [Mon May 30 18:31:50 2022] POST /placement/allocations => generated 0 bytes in 190 msecs (HTTP/1.1 204) 5 headers in 199 bytes (1 switches on core 0)
May 30 18:31:50.622942 n-d-843821-1 devstack@placement-api.service[103613]: DEBUG placement.objects.allocation_candidate [req-d6071433-512c-44c2-9705-8d13a716c8aa req-7998499e-603b-4ea5-98eb-fa251c8e231e service placement] RequestGroup(use_same_provider=False, resources={DISK_GB:1, MEMORY_MB:1024, VCPU:1}, traits=[], aggregates=[]) (suffix '') returned 2 matches {{(pid=103613) _get_by_requests /opt/stack/placement/placement/objects/allocation_candidate.py:145}}
May 30 18:31:50.623721 n-d-843821-1 devstack@placement-api.service[103613]: DEBUG placement.objects.allocation_candidate [req-d6071433-512c-44c2-9705-8d13a716c8aa req-7998499e-603b-4ea5-98eb-fa251c8e231e service placement] Merging candidates yields 2 allocation requests and 2 provider summaries {{(pid=103613) _merge_candidates /opt/stack/placement/placement/objects/allocation_candidate.py:783}}
May 30 18:31:50.630770 n-d-843821-1 devstack@placement-api.service[103613]: INFO placement.requestlog [req-d6071433-512c-44c2-9705-8d13a716c8aa req-7998499e-603b-4ea5-98eb-fa251c8e231e service placement] 10.222.0.46 "GET /placement/allocation_candidates?limit=1000&resources=DISK_GB%3A1%2CMEMORY_MB%3A1024%2CVCPU%3A1&root_required=%21COMPUTE_STATUS_DISABLED" status: 200 len: 1309 microversion: 1.36
May 30 18:31:50.631692 n-d-843821-1 devstack@placement-api.service[103613]: [pid: 103613|app: 0|req: 432/862] 10.222.0.46 () {60 vars in 1506 bytes} [Mon May 30 18:31:50 2022] GET /placement/allocation_candidates?limit=1000&resources=DISK_GB%3A1%2CMEMORY_MB%3A1024%2CVCPU%3A1&root_required=%21COMPUTE_STATUS_DISABLED => generated 1309 bytes in 210 msecs (HTTP/1.1 200) 8 headers in 297 bytes (1 switches on core 0)
May 30 18:31:50.664756 n-d-843821-1 devstack@placement-api.service[103612]: DEBUG placement.requestlog [req-8856d411-6b77-458e-849a-79426d5363a2 req-61dfab2a-f912-412f-8591-9c90eff82d67 None None] Starting request: 10.222.0.46 "GET /placement/allocation_candidates?limit=1000&resources=DISK_GB%3A1%2CMEMORY_MB%3A1024%2CVCPU%3A1&root_required=%21COMPUTE_STATUS_DISABLED" {{(pid=103612) __call__ /opt/stack/placement/placement/requestlog.py:55}}
May 30 18:31:50.739159 n-d-843821-1 devstack@placement-api.service[103613]: DEBUG placement.requestlog [req-d6071433-512c-44c2-9705-8d13a716c8aa req-a12e63a8-3aed-45e4-a3c6-474353751d5e None None] Starting request: 10.222.0.46 "GET /placement/allocations/b51e65c8-0bed-40ac-bbee-c6820ae68d92" {{(pid=103613) __call__ /opt/stack/placement/placement/requestlog.py:55}}
May 30 18:31:50.746062 n-d-843821-1 devstack@placement-api.service[103612]: DEBUG placement.objects.research_context [req-8856d411-6b77-458e-849a-79426d5363a2 req-61dfab2a-f912-412f-8591-9c90eff82d67 service placement] getting providers with 1 DISK_GB {{(pid=103612) __init__ /opt/stack/placement/placement/objects/research_context.py:126}}
May 30 18:31:50.765797 n-d-843821-1 devstack@placement-api.service[103613]: INFO placement.requestlog [req-d6071433-512c-44c2-9705-8d13a716c8aa req-a12e63a8-3aed-45e4-a3c6-474353751d5e service placement] 10.222.0.46 "GET /placement/allocations/b51e65c8-0bed-40ac-bbee-c6820ae68d92" status: 200 len: 19 microversion: 1.28
May 30 18:31:50.766037 n-d-843821-1 devstack@placement-api.service[103613]: [pid: 103613|app: 0|req: 433/863] 10.222.0.46 () {60 vars in 1380 bytes} [Mon May 30 18:31:50 2022] GET /placement/allocations/b51e65c8-0bed-40ac-bbee-c6820ae68d92 => generated 19 bytes in 27 msecs (HTTP/1.1 200) 8 headers in 295 bytes (2 switches on core 0)
May 30 18:31:50.770702 n-d-843821-1 devstack@placement-api.service[103612]: DEBUG placement.objects.research_context [req-8856d411-6b77-458e-849a-79426d5363a2 req-61dfab2a-f912-412f-8591-9c90eff82d67 service placement] getting providers with 1024 MEMORY_MB {{(pid=103612) __init__ /opt/stack/placement/placement/objects/research_context.py:126}}
May 30 18:31:50.772274 n-d-843821-1 devstack@placement-api.service[103613]: DEBUG placement.requestlog [req-d6071433-512c-44c2-9705-8d13a716c8aa req-5256395a-24e1-4e6b-bc61-8d440d487738 None None] Starting request: 10.222.0.46 "PUT /placement/allocations/b51e65c8-0bed-40ac-bbee-c6820ae68d92" {{(pid=103613) __call__ /opt/stack/placement/placement/requestlog.py:55}}
May 30 18:31:50.800479 n-d-843821-1 devstack@placement-api.service[103612]: DEBUG placement.objects.research_context [req-8856d411-6b77-458e-849a-79426d5363a2 req-61dfab2a-f912-412f-8591-9c90eff82d67 service placement] getting providers with 1 VCPU {{(pid=103612) __init__ /opt/stack/placement/placement/objects/research_context.py:126}}
May 30 18:31:50.815504 n-d-843821-1 devstack@placement-api.service[103612]: DEBUG placement.objects.research_context [req-8856d411-6b77-458e-849a-79426d5363a2 req-61dfab2a-f912-412f-8591-9c90eff82d67 service placement] found 2 providers with available 1 DISK_GB {{(pid=103612) get_provider_ids_matching /opt/stack/placement/placement/objects/research_context.py:549}}
May 30 18:31:50.820658 n-d-843821-1 devstack@placement-api.service[103612]: DEBUG placement.objects.research_context [req-8856d411-6b77-458e-849a-79426d5363a2 req-61dfab2a-f912-412f-8591-9c90eff82d67 service placement] found 2 providers with available 1024 MEMORY_MB {{(pid=103612) get_provider_ids_matching /opt/stack/placement/placement/objects/research_context.py:549}}
May 30 18:31:50.821121 n-d-843821-1 devstack@placement-api.service[103612]: DEBUG placement.objects.research_context [req-8856d411-6b77-458e-849a-79426d5363a2 req-61dfab2a-f912-412f-8591-9c90eff82d67 service placement] found 2 providers after filtering by previous result {{(pid=103612) get_provider_ids_matching /opt/stack/placement/placement/objects/research_context.py:580}}
May 30 18:31:50.825364 n-d-843821-1 devstack@placement-api.service[103612]: DEBUG placement.objects.research_context [req-8856d411-6b77-458e-849a-79426d5363a2 req-61dfab2a-f912-412f-8591-9c90eff82d67 service placement] found 2 providers with available 1 VCPU {{(pid=103612) get_provider_ids_matching /opt/stack/placement/placement/objects/research_context.py:549}}
May 30 18:31:50.826142 n-d-843821-1 devstack@placement-api.service[103612]: DEBUG placement.objects.research_context [req-8856d411-6b77-458e-849a-79426d5363a2 req-61dfab2a-f912-412f-8591-9c90eff82d67 service placement] found 2 providers after filtering by previous result {{(pid=103612) get_provider_ids_matching /opt/stack/placement/placement/objects/research_context.py:580}}
May 30 18:31:50.900348 n-d-843821-1 devstack@placement-api.service[103612]: DEBUG placement.objects.allocation_candidate [req-8856d411-6b77-458e-849a-79426d5363a2 req-61dfab2a-f912-412f-8591-9c90eff82d67 service placement] RequestGroup(use_same_provider=False, resources={DISK_GB:1, MEMORY_MB:1024, VCPU:1}, traits=[], aggregates=[]) (suffix '') returned 2 matches {{(pid=103612) _get_by_requests /opt/stack/placement/placement/objects/allocation_candidate.py:145}}
May 30 18:31:50.901420 n-d-843821-1 devstack@placement-api.service[103612]: DEBUG placement.objects.allocation_candidate [req-8856d411-6b77-458e-849a-79426d5363a2 req-61dfab2a-f912-412f-8591-9c90eff82d67 service placement] Merging candidates yields 2 allocation requests and 2 provider summaries {{(pid=103612) _merge_candidates /opt/stack/placement/placement/objects/allocation_candidate.py:783}}
May 30 18:31:50.905767 n-d-843821-1 devstack@placement-api.service[103612]: INFO placement.requestlog [req-8856d411-6b77-458e-849a-79426d5363a2 req-61dfab2a-f912-412f-8591-9c90eff82d67 service placement] 10.222.0.46 "GET /placement/allocation_candidates?limit=1000&resources=DISK_GB%3A1%2CMEMORY_MB%3A1024%2CVCPU%3A1&root_required=%21COMPUTE_STATUS_DISABLED" status: 200 len: 1309 microversion: 1.36
May 30 18:31:50.909693 n-d-843821-1 devstack@placement-api.service[103612]: [pid: 103612|app: 0|req: 431/864] 10.222.0.46 () {60 vars in 1506 bytes} [Mon May 30 18:31:50 2022] GET /placement/allocation_candidates?limit=1000&resources=DISK_GB%3A1%2CMEMORY_MB%3A1024%2CVCPU%3A1&root_required=%21COMPUTE_STATUS_DISABLED => generated 1309 bytes in 245 msecs (HTTP/1.1 200) 8 headers in 297 bytes (1 switches on core 0)
May 30 18:31:50.955063 n-d-843821-1 devstack@placement-api.service[103613]: DEBUG placement.handlers.allocation [req-d6071433-512c-44c2-9705-8d13a716c8aa req-5256395a-24e1-4e6b-bc61-8d440d487738 service placement] Successfully wrote allocations [, , ] {{(pid=103613) _update_consumers_and_create_allocations /opt/stack/placement/placement/handlers/allocation.py:462}}
May 30 18:31:50.960237 n-d-843821-1 devstack@placement-api.service[103613]: INFO placement.requestlog [req-d6071433-512c-44c2-9705-8d13a716c8aa req-5256395a-24e1-4e6b-bc61-8d440d487738 service placement] 10.222.0.46 "PUT /placement/allocations/b51e65c8-0bed-40ac-bbee-c6820ae68d92" status: 204 len: 0 microversion: 1.36
May 30 18:31:50.960494 n-d-843821-1 devstack@placement-api.service[103613]: [pid: 103613|app: 0|req: 434/865] 10.222.0.46 () {64 vars in 1433 bytes} [Mon May 30 18:31:50 2022] PUT /placement/allocations/b51e65c8-0bed-40ac-bbee-c6820ae68d92 => generated 0 bytes in 188 msecs (HTTP/1.1 204) 5 headers in 199 bytes (2 switches on core 0)
May 30 18:31:50.999658 n-d-843821-1 devstack@placement-api.service[103612]: DEBUG placement.requestlog [req-8856d411-6b77-458e-849a-79426d5363a2 req-fe75c3a2-d485-410b-b01c-15beb5de35d4 None None] Starting request: 10.222.0.46 "GET /placement/allocations/d481fe29-69f2-41f9-b660-46b28025f4ad" {{(pid=103612) __call__ /opt/stack/placement/placement/requestlog.py:55}}
May 30 18:31:51.017970 n-d-843821-1 devstack@placement-api.service[103612]: INFO placement.requestlog [req-8856d411-6b77-458e-849a-79426d5363a2 req-fe75c3a2-d485-410b-b01c-15beb5de35d4 service placement] 10.222.0.46 "GET /placement/allocations/d481fe29-69f2-41f9-b660-46b28025f4ad" status: 200 len: 19 microversion: 1.28
May 30 18:31:51.018435 n-d-843821-1 devstack@placement-api.service[103612]: [pid: 103612|app: 0|req: 432/866] 10.222.0.46 () {60 vars in 1380 bytes} [Mon May 30 18:31:50 2022] GET /placement/allocations/d481fe29-69f2-41f9-b660-46b28025f4ad => generated 19 bytes in 19 msecs (HTTP/1.1 200) 8 headers in 295 bytes (1 switches on core 0)
May 30 18:31:51.025255 n-d-843821-1 devstack@placement-api.service[103613]: DEBUG placement.requestlog [req-8856d411-6b77-458e-849a-79426d5363a2 req-cf8b15c4-df03-4527-bf2e-3dbfdd98e85f None None] Starting request: 10.222.0.46 "PUT /placement/allocations/d481fe29-69f2-41f9-b660-46b28025f4ad" {{(pid=103613) __call__ /opt/stack/placement/placement/requestlog.py:55}}
May 30 18:31:51.125222 n-d-843821-1 devstack@placement-api.service[103613]: DEBUG placement.handlers.allocation [req-8856d411-6b77-458e-849a-79426d5363a2 req-cf8b15c4-df03-4527-bf2e-3dbfdd98e85f service placement] Successfully wrote allocations [, , ] {{(pid=103613) _update_consumers_and_create_allocations /opt/stack/placement/placement/handlers/allocation.py:462}}
May 30 18:31:51.138290 n-d-843821-1 devstack@placement-api.service[103613]: INFO placement.requestlog [req-8856d411-6b77-458e-849a-79426d5363a2 req-cf8b15c4-df03-4527-bf2e-3dbfdd98e85f service placement] 10.222.0.46 "PUT /placement/allocations/d481fe29-69f2-41f9-b660-46b28025f4ad" status: 204 len: 0 microversion: 1.36
May 30 18:31:51.141802 n-d-843821-1 devstack@placement-api.service[103613]: [pid: 103613|app: 0|req: 435/867] 10.222.0.46 () {64 vars in 1433 bytes} [Mon May 30 18:31:51 2022] PUT /placement/allocations/d481fe29-69f2-41f9-b660-46b28025f4ad => generated 0 bytes in 117 msecs (HTTP/1.1 204) 5 headers in 199 bytes (1 switches on core 0)
May 30 18:31:51.348663 n-d-843821-1 devstack@placement-api.service[103612]: DEBUG placement.requestlog [req-8856d411-6b77-458e-849a-79426d5363a2 req-74cfefeb-9285-4a3e-9010-18bad1f25013 None None] Starting request: 10.222.0.44 "GET /placement/allocations/d481fe29-69f2-41f9-b660-46b28025f4ad" {{(pid=103612) __call__ /opt/stack/placement/placement/requestlog.py:55}}
May 30 18:31:51.373976 n-d-843821-1 devstack@placement-api.service[103612]: INFO placement.requestlog [req-8856d411-6b77-458e-849a-79426d5363a2 req-74cfefeb-9285-4a3e-9010-18bad1f25013 service placement] 10.222.0.44 "GET /placement/allocations/d481fe29-69f2-41f9-b660-46b28025f4ad" status: 200 len: 259 microversion: 1.28
May 30 18:31:51.375088 n-d-843821-1 devstack@placement-api.service[103612]: [pid: 103612|app: 0|req: 433/868] 10.222.0.44 () {60 vars in 1377 bytes} [Mon May 30 18:31:51 2022] GET /placement/allocations/d481fe29-69f2-41f9-b660-46b28025f4ad => generated 259 bytes in 27 msecs (HTTP/1.1 200) 8 headers in 296 bytes (1 switches on core 0)
May 30 18:31:51.513399 n-d-843821-1 devstack@placement-api.service[103613]: DEBUG placement.requestlog [req-d6071433-512c-44c2-9705-8d13a716c8aa req-8bbb776e-36a0-4b9f-8765-9cf53cf1c9d2 None None] Starting request: 10.222.0.61 "GET /placement/allocations/b51e65c8-0bed-40ac-bbee-c6820ae68d92" {{(pid=103613) __call__ /opt/stack/placement/placement/requestlog.py:55}}
May 30 18:31:51.559518 n-d-843821-1 devstack@placement-api.service[103613]: INFO placement.requestlog [req-d6071433-512c-44c2-9705-8d13a716c8aa req-8bbb776e-36a0-4b9f-8765-9cf53cf1c9d2 service placement] 10.222.0.61 "GET /placement/allocations/b51e65c8-0bed-40ac-bbee-c6820ae68d92" status: 200 len: 259 microversion: 1.28
May 30 18:31:51.560774 n-d-843821-1 devstack@placement-api.service[103613]: [pid: 103613|app: 0|req: 436/869] 10.222.0.61 () {60 vars in 1377 bytes} [Mon May 30 18:31:51 2022] GET /placement/allocations/b51e65c8-0bed-40ac-bbee-c6820ae68d92 => generated 259 bytes in 48 msecs (HTTP/1.1 200) 8 headers in 296 bytes (1 switches on core 0)
May 30 18:31:58.308101 n-d-843821-1 devstack@placement-api.service[103612]: DEBUG placement.requestlog [req-4082f4da-af14-4e2b-9d53-402c0f90df2c req-bc7c3779-7b7a-40d3-b9ee-79c91aa07b90 None None] Starting request: 10.222.0.44 "DELETE /placement/allocations/13e414d6-1e8c-453d-9407-2140aaa8fe43" {{(pid=103612) __call__ /opt/stack/placement/placement/requestlog.py:55}}
May 30 18:31:58.341730 n-d-843821-1 devstack@placement-api.service[103612]: DEBUG placement.handlers.allocation [req-4082f4da-af14-4e2b-9d53-402c0f90df2c req-bc7c3779-7b7a-40d3-b9ee-79c91aa07b90 service placement] Successfully deleted allocations [, , ] {{(pid=103612) delete_allocations /opt/stack/placement/placement/handlers/allocation.py:627}}
