May 30 19:44:00.260396 n-d-843680-6 devstack@placement-api.service[89506]: [pid: 89506|app: 0|req: 275/556] 10.222.0.81 () {60 vars in 1377 bytes} [Mon May 30 19:44:00 2022] GET /placement/allocations/ee14ee75-d48f-4adc-aa96-2fdcc667915e => generated 259 bytes in 29 msecs (HTTP/1.1 200) 8 headers in 296 bytes (1 switches on core 0)
May 30 19:44:00.267777 n-d-843680-6 devstack@placement-api.service[89505]: DEBUG placement.requestlog [req-50737530-d66d-42da-8bdc-8095576e810b req-2d53cf47-b076-4081-b386-66698c1fc988 None None] Starting request: 10.222.0.81 "PUT /placement/allocations/ee14ee75-d48f-4adc-aa96-2fdcc667915e" {{(pid=89505) __call__ /opt/stack/placement/placement/requestlog.py:55}}
May 30 19:44:00.672335 n-d-843680-6 devstack@placement-api.service[89505]: DEBUG placement.handlers.allocation [req-50737530-d66d-42da-8bdc-8095576e810b req-2d53cf47-b076-4081-b386-66698c1fc988 service placement] Successfully wrote allocations [, , ] {{(pid=89505) _create_allocations /opt/stack/placement/placement/handlers/allocation.py:435}}
May 30 19:44:00.673253 n-d-843680-6 devstack@placement-api.service[89505]: INFO placement.requestlog [req-50737530-d66d-42da-8bdc-8095576e810b req-2d53cf47-b076-4081-b386-66698c1fc988 service placement] 10.222.0.81 "PUT /placement/allocations/ee14ee75-d48f-4adc-aa96-2fdcc667915e" status: 204 len: 0 microversion: 1.28
May 30 19:44:00.673967 n-d-843680-6 devstack@placement-api.service[89505]: [pid: 89505|app: 0|req: 282/557] 10.222.0.81 () {64 vars in 1430 bytes} [Mon May 30 19:44:00 2022] PUT /placement/allocations/ee14ee75-d48f-4adc-aa96-2fdcc667915e => generated 0 bytes in 406 msecs (HTTP/1.1 204) 5 headers in 199 bytes (1 switches on core 0)
May 30 19:44:04.823910 n-d-843680-6 devstack@placement-api.service[89506]: DEBUG placement.requestlog [req-fcff6193-581f-4b05-92dc-c293e56d62be req-581b32ab-919c-47ff-89e5-de42c917a3bc None None] Starting request: 10.222.0.72 "GET /placement/allocation_candidates?limit=1000&resources=DISK_GB%3A1%2CMEMORY_MB%3A1024%2CVCPU%3A1&root_required=%21COMPUTE_STATUS_DISABLED" {{(pid=89506) __call__ /opt/stack/placement/placement/requestlog.py:55}}
May 30 19:44:05.271346 n-d-843680-6 devstack@placement-api.service[89506]: DEBUG placement.objects.research_context [req-fcff6193-581f-4b05-92dc-c293e56d62be req-581b32ab-919c-47ff-89e5-de42c917a3bc service placement] getting providers with 1 DISK_GB {{(pid=89506) __init__ /opt/stack/placement/placement/objects/research_context.py:126}}
May 30 19:44:05.291159 n-d-843680-6 devstack@placement-api.service[89506]: DEBUG placement.objects.research_context [req-fcff6193-581f-4b05-92dc-c293e56d62be req-581b32ab-919c-47ff-89e5-de42c917a3bc service placement] getting providers with 1024 MEMORY_MB {{(pid=89506) __init__ /opt/stack/placement/placement/objects/research_context.py:126}}
May 30 19:44:05.310714 n-d-843680-6 devstack@placement-api.service[89506]: DEBUG placement.objects.research_context [req-fcff6193-581f-4b05-92dc-c293e56d62be req-581b32ab-919c-47ff-89e5-de42c917a3bc service placement] getting providers with 1 VCPU {{(pid=89506) __init__ /opt/stack/placement/placement/objects/research_context.py:126}}
May 30 19:44:05.336441 n-d-843680-6 devstack@placement-api.service[89506]: DEBUG placement.objects.research_context [req-fcff6193-581f-4b05-92dc-c293e56d62be req-581b32ab-919c-47ff-89e5-de42c917a3bc service placement] found 2 providers with available 1 DISK_GB {{(pid=89506) get_provider_ids_matching /opt/stack/placement/placement/objects/research_context.py:549}}
May 30 19:44:05.336441 n-d-843680-6 devstack@placement-api.service[89506]: DEBUG placement.objects.research_context [req-fcff6193-581f-4b05-92dc-c293e56d62be req-581b32ab-919c-47ff-89e5-de42c917a3bc service placement] found 2 providers with available 1024 MEMORY_MB {{(pid=89506) get_provider_ids_matching /opt/stack/placement/placement/objects/research_context.py:549}}
May 30 19:44:05.336441 n-d-843680-6 devstack@placement-api.service[89506]: DEBUG placement.objects.research_context [req-fcff6193-581f-4b05-92dc-c293e56d62be req-581b32ab-919c-47ff-89e5-de42c917a3bc service placement] found 2 providers after filtering by previous result {{(pid=89506) get_provider_ids_matching /opt/stack/placement/placement/objects/research_context.py:580}}
May 30 19:44:05.336441 n-d-843680-6 devstack@placement-api.service[89506]: DEBUG placement.objects.research_context [req-fcff6193-581f-4b05-92dc-c293e56d62be req-581b32ab-919c-47ff-89e5-de42c917a3bc service placement] found 2 providers with available 1 VCPU {{(pid=89506) get_provider_ids_matching /opt/stack/placement/placement/objects/research_context.py:549}}
May 30 19:44:05.336441 n-d-843680-6 devstack@placement-api.service[89506]: DEBUG placement.objects.research_context [req-fcff6193-581f-4b05-92dc-c293e56d62be req-581b32ab-919c-47ff-89e5-de42c917a3bc service placement] found 2 providers after filtering by previous result {{(pid=89506) get_provider_ids_matching /opt/stack/placement/placement/objects/research_context.py:580}}
May 30 19:44:05.382207 n-d-843680-6 devstack@placement-api.service[89506]: DEBUG placement.objects.allocation_candidate [req-fcff6193-581f-4b05-92dc-c293e56d62be req-581b32ab-919c-47ff-89e5-de42c917a3bc service placement] RequestGroup(use_same_provider=False, resources={DISK_GB:1, MEMORY_MB:1024, VCPU:1}, traits=[], aggregates=[]) (suffix '') returned 2 matches {{(pid=89506) _get_by_requests /opt/stack/placement/placement/objects/allocation_candidate.py:145}}
May 30 19:44:05.382207 n-d-843680-6 devstack@placement-api.service[89506]: DEBUG placement.objects.allocation_candidate [req-fcff6193-581f-4b05-92dc-c293e56d62be req-581b32ab-919c-47ff-89e5-de42c917a3bc service placement] Merging candidates yields 2 allocation requests and 2 provider summaries {{(pid=89506) _merge_candidates /opt/stack/placement/placement/objects/allocation_candidate.py:783}}
May 30 19:44:05.383420 n-d-843680-6 devstack@placement-api.service[89506]: INFO placement.requestlog [req-fcff6193-581f-4b05-92dc-c293e56d62be req-581b32ab-919c-47ff-89e5-de42c917a3bc service placement] 10.222.0.72 "GET /placement/allocation_candidates?limit=1000&resources=DISK_GB%3A1%2CMEMORY_MB%3A1024%2CVCPU%3A1&root_required=%21COMPUTE_STATUS_DISABLED" status: 200 len: 1309 microversion: 1.35
May 30 19:44:05.388800 n-d-843680-6 devstack@placement-api.service[89506]: [pid: 89506|app: 0|req: 276/558] 10.222.0.72 () {60 vars in 1506 bytes} [Mon May 30 19:44:04 2022] GET /placement/allocation_candidates?limit=1000&resources=DISK_GB%3A1%2CMEMORY_MB%3A1024%2CVCPU%3A1&root_required=%21COMPUTE_STATUS_DISABLED => generated 1309 bytes in 567 msecs (HTTP/1.1 200) 8 headers in 297 bytes (1 switches on core 0)
May 30 19:44:05.521928 n-d-843680-6 devstack@placement-api.service[89505]: DEBUG placement.requestlog [req-fcff6193-581f-4b05-92dc-c293e56d62be req-cfafe7ec-c328-4348-8011-eea6b829d930 None None] Starting request: 10.222.0.72 "GET /placement/allocations/4787595c-1779-4724-97c8-3a6489eb711f" {{(pid=89505) __call__ /opt/stack/placement/placement/requestlog.py:55}}
May 30 19:44:05.711472 n-d-843680-6 devstack@placement-api.service[89505]: INFO placement.requestlog [req-fcff6193-581f-4b05-92dc-c293e56d62be req-cfafe7ec-c328-4348-8011-eea6b829d930 service placement] 10.222.0.72 "GET /placement/allocations/4787595c-1779-4724-97c8-3a6489eb711f" status: 200 len: 19 microversion: 1.28
May 30 19:44:05.714368 n-d-843680-6 devstack@placement-api.service[89505]: [pid: 89505|app: 0|req: 283/559] 10.222.0.72 () {60 vars in 1380 bytes} [Mon May 30 19:44:05 2022] GET /placement/allocations/4787595c-1779-4724-97c8-3a6489eb711f => generated 19 bytes in 193 msecs (HTTP/1.1 200) 8 headers in 295 bytes (1 switches on core 0)
May 30 19:44:05.730423 n-d-843680-6 devstack@placement-api.service[89506]: DEBUG placement.requestlog [req-fcff6193-581f-4b05-92dc-c293e56d62be req-5c55d2dd-fd07-409a-a1fe-c4a83315a666 None None] Starting request: 10.222.0.72 "PUT /placement/allocations/4787595c-1779-4724-97c8-3a6489eb711f" {{(pid=89506) __call__ /opt/stack/placement/placement/requestlog.py:55}}
May 30 19:44:06.455003 n-d-843680-6 devstack@placement-api.service[89506]: DEBUG placement.handlers.allocation [req-fcff6193-581f-4b05-92dc-c293e56d62be req-5c55d2dd-fd07-409a-a1fe-c4a83315a666 service placement] Successfully wrote allocations [, , ] {{(pid=89506) _create_allocations /opt/stack/placement/placement/handlers/allocation.py:435}}
May 30 19:44:06.455676 n-d-843680-6 devstack@placement-api.service[89506]: INFO placement.requestlog [req-fcff6193-581f-4b05-92dc-c293e56d62be req-5c55d2dd-fd07-409a-a1fe-c4a83315a666 service placement] 10.222.0.72 "PUT /placement/allocations/4787595c-1779-4724-97c8-3a6489eb711f" status: 204 len: 0 microversion: 1.35
May 30 19:44:06.455759 n-d-843680-6 devstack@placement-api.service[89506]: [pid: 89506|app: 0|req: 277/560] 10.222.0.72 () {64 vars in 1433 bytes} [Mon May 30 19:44:05 2022] PUT /placement/allocations/4787595c-1779-4724-97c8-3a6489eb711f => generated 0 bytes in 726 msecs (HTTP/1.1 204) 5 headers in 199 bytes (1 switches on core 0)
May 30 19:44:07.758728 n-d-843680-6 devstack@placement-api.service[89505]: DEBUG placement.requestlog [req-fcff6193-581f-4b05-92dc-c293e56d62be req-5ab4bbc2-4292-4b35-a3bc-0595f6173289 None None] Starting request: 10.222.0.81 "GET /placement/allocations/4787595c-1779-4724-97c8-3a6489eb711f" {{(pid=89505) __call__ /opt/stack/placement/placement/requestlog.py:55}}
May 30 19:44:07.773515 n-d-843680-6 devstack@placement-api.service[89505]: INFO placement.requestlog [req-fcff6193-581f-4b05-92dc-c293e56d62be req-5ab4bbc2-4292-4b35-a3bc-0595f6173289 service placement] 10.222.0.81 "GET /placement/allocations/4787595c-1779-4724-97c8-3a6489eb711f" status: 200 len: 259 microversion: 1.28
May 30 19:44:07.776885 n-d-843680-6 devstack@placement-api.service[89505]: [pid: 89505|app: 0|req: 284/561] 10.222.0.81 () {60 vars in 1377 bytes} [Mon May 30 19:44:07 2022] GET /placement/allocations/4787595c-1779-4724-97c8-3a6489eb711f => generated 259 bytes in 16 msecs (HTTP/1.1 200) 8 headers in 296 bytes (1 switches on core 0)
May 30 19:44:09.084410 n-d-843680-6 devstack@placement-api.service[89506]: DEBUG placement.requestlog [req-18d99c87-697c-4c22-b736-5c8f20823347 req-b3969d4d-ae01-4a12-af93-a9dd31c9d3d8 None None] Starting request: 10.222.0.72 "GET /placement/allocation_candidates?resources=DISK_GB%3A1%2CMEMORY_MB%3A1024%2CVCPU%3A1&root_required=%21COMPUTE_STATUS_DISABLED" {{(pid=89506) __call__ /opt/stack/placement/placement/requestlog.py:55}}
May 30 19:44:09.123724 n-d-843680-6 devstack@placement-api.service[89506]: DEBUG placement.objects.research_context [req-18d99c87-697c-4c22-b736-5c8f20823347 req-b3969d4d-ae01-4a12-af93-a9dd31c9d3d8 service placement] getting providers with 1 DISK_GB {{(pid=89506) __init__ /opt/stack/placement/placement/objects/research_context.py:126}}
May 30 19:44:09.132933 n-d-843680-6 devstack@placement-api.service[89506]: DEBUG placement.objects.research_context [req-18d99c87-697c-4c22-b736-5c8f20823347 req-b3969d4d-ae01-4a12-af93-a9dd31c9d3d8 service placement] getting providers with 1024 MEMORY_MB {{(pid=89506) __init__ /opt/stack/placement/placement/objects/research_context.py:126}}
May 30 19:44:09.141849 n-d-843680-6 devstack@placement-api.service[89506]: DEBUG placement.objects.research_context [req-18d99c87-697c-4c22-b736-5c8f20823347 req-b3969d4d-ae01-4a12-af93-a9dd31c9d3d8 service placement] getting providers with 1 VCPU {{(pid=89506) __init__ /opt/stack/placement/placement/objects/research_context.py:126}}
May 30 19:44:09.153268 n-d-843680-6 devstack@placement-api.service[89506]: DEBUG placement.objects.research_context [req-18d99c87-697c-4c22-b736-5c8f20823347 req-b3969d4d-ae01-4a12-af93-a9dd31c9d3d8 service placement] found 2 providers with available 1 DISK_GB {{(pid=89506) get_provider_ids_matching /opt/stack/placement/placement/objects/research_context.py:549}}
May 30 19:44:09.153719 n-d-843680-6 devstack@placement-api.service[89506]: DEBUG placement.objects.research_context [req-18d99c87-697c-4c22-b736-5c8f20823347 req-b3969d4d-ae01-4a12-af93-a9dd31c9d3d8 service placement] found 2 providers with available 1024 MEMORY_MB {{(pid=89506) get_provider_ids_matching /opt/stack/placement/placement/objects/research_context.py:549}}
May 30 19:44:09.154173 n-d-843680-6 devstack@placement-api.service[89506]: DEBUG placement.objects.research_context [req-18d99c87-697c-4c22-b736-5c8f20823347 req-b3969d4d-ae01-4a12-af93-a9dd31c9d3d8 service placement] found 2 providers after filtering by previous result {{(pid=89506) get_provider_ids_matching /opt/stack/placement/placement/objects/research_context.py:580}}
May 30 19:44:09.154535 n-d-843680-6 devstack@placement-api.service[89506]: DEBUG placement.objects.research_context [req-18d99c87-697c-4c22-b736-5c8f20823347 req-b3969d4d-ae01-4a12-af93-a9dd31c9d3d8 service placement] found 2 providers with available 1 VCPU {{(pid=89506) get_provider_ids_matching /opt/stack/placement/placement/objects/research_context.py:549}}
May 30 19:44:09.155478 n-d-843680-6 devstack@placement-api.service[89506]: DEBUG placement.objects.research_context [req-18d99c87-697c-4c22-b736-5c8f20823347 req-b3969d4d-ae01-4a12-af93-a9dd31c9d3d8 service placement] found 2 providers after filtering by previous result {{(pid=89506) get_provider_ids_matching /opt/stack/placement/placement/objects/research_context.py:580}}
May 30 19:44:09.173474 n-d-843680-6 devstack@placement-api.service[89506]: DEBUG placement.objects.allocation_candidate [req-18d99c87-697c-4c22-b736-5c8f20823347 req-b3969d4d-ae01-4a12-af93-a9dd31c9d3d8 service placement] RequestGroup(use_same_provider=False, resources={DISK_GB:1, MEMORY_MB:1024, VCPU:1}, traits=[], aggregates=[]) (suffix '') returned 2 matches {{(pid=89506) _get_by_requests /opt/stack/placement/placement/objects/allocation_candidate.py:145}}
May 30 19:44:09.176196 n-d-843680-6 devstack@placement-api.service[89506]: DEBUG placement.objects.allocation_candidate [req-18d99c87-697c-4c22-b736-5c8f20823347 req-b3969d4d-ae01-4a12-af93-a9dd31c9d3d8 service placement] Merging candidates yields 2 allocation requests and 2 provider summaries {{(pid=89506) _merge_candidates /opt/stack/placement/placement/objects/allocation_candidate.py:783}}
May 30 19:44:09.178926 n-d-843680-6 devstack@placement-api.service[89506]: INFO placement.requestlog [req-18d99c87-697c-4c22-b736-5c8f20823347 req-b3969d4d-ae01-4a12-af93-a9dd31c9d3d8 service placement] 10.222.0.72 "GET /placement/allocation_candidates?resources=DISK_GB%3A1%2CMEMORY_MB%3A1024%2CVCPU%3A1&root_required=%21COMPUTE_STATUS_DISABLED" status: 200 len: 1309 microversion: 1.35
May 30 19:44:09.192149 n-d-843680-6 devstack@placement-api.service[89506]: [pid: 89506|app: 0|req: 278/562] 10.222.0.72 () {60 vars in 1484 bytes} [Mon May 30 19:44:09 2022] GET /placement/allocation_candidates?resources=DISK_GB%3A1%2CMEMORY_MB%3A1024%2CVCPU%3A1&root_required=%21COMPUTE_STATUS_DISABLED => generated 1309 bytes in 100 msecs (HTTP/1.1 200) 8 headers in 297 bytes (2 switches on core 0)
May 30 19:44:09.290093 n-d-843680-6 devstack@placement-api.service[89505]: DEBUG placement.requestlog [req-18d99c87-697c-4c22-b736-5c8f20823347 req-8f6581e1-cb8d-456e-897c-09519387d7b0 None None] Starting request: 10.222.0.72 "GET /placement/allocations/43732c62-2b71-4290-8995-0a8e6e01ad5e" {{(pid=89505) __call__ /opt/stack/placement/placement/requestlog.py:55}}
May 30 19:44:09.307068 n-d-843680-6 devstack@placement-api.service[89505]: INFO placement.requestlog [req-18d99c87-697c-4c22-b736-5c8f20823347 req-8f6581e1-cb8d-456e-897c-09519387d7b0 service placement] 10.222.0.72 "GET /placement/allocations/43732c62-2b71-4290-8995-0a8e6e01ad5e" status: 200 len: 19 microversion: 1.28
May 30 19:44:09.308535 n-d-843680-6 devstack@placement-api.service[89505]: [pid: 89505|app: 0|req: 285/563] 10.222.0.72 () {60 vars in 1380 bytes} [Mon May 30 19:44:09 2022] GET /placement/allocations/43732c62-2b71-4290-8995-0a8e6e01ad5e => generated 19 bytes in 20 msecs (HTTP/1.1 200) 8 headers in 295 bytes (2 switches on core 0)
May 30 19:44:09.315088 n-d-843680-6 devstack@placement-api.service[89506]: DEBUG placement.requestlog [req-18d99c87-697c-4c22-b736-5c8f20823347 req-ca92647e-b6ef-418f-9359-e21f162a58c3 None None] Starting request: 10.222.0.72 "PUT /placement/allocations/43732c62-2b71-4290-8995-0a8e6e01ad5e" {{(pid=89506) __call__ /opt/stack/placement/placement/requestlog.py:55}}
May 30 19:44:09.630473 n-d-843680-6 devstack@placement-api.service[89506]: DEBUG placement.handlers.allocation [req-18d99c87-697c-4c22-b736-5c8f20823347 req-ca92647e-b6ef-418f-9359-e21f162a58c3 service placement] Successfully wrote allocations [, , ] {{(pid=89506) _create_allocations /opt/stack/placement/placement/handlers/allocation.py:435}}
May 30 19:44:09.634931 n-d-843680-6 devstack@placement-api.service[89506]: INFO placement.requestlog [req-18d99c87-697c-4c22-b736-5c8f20823347 req-ca92647e-b6ef-418f-9359-e21f162a58c3 service placement] 10.222.0.72 "PUT /placement/allocations/43732c62-2b71-4290-8995-0a8e6e01ad5e" status: 204 len: 0 microversion: 1.35
May 30 19:44:09.634931 n-d-843680-6 devstack@placement-api.service[89506]: [pid: 89506|app: 0|req: 279/564] 10.222.0.72 () {64 vars in 1433 bytes} [Mon May 30 19:44:09 2022] PUT /placement/allocations/43732c62-2b71-4290-8995-0a8e6e01ad5e => generated 0 bytes in 317 msecs (HTTP/1.1 204) 5 headers in 199 bytes (2 switches on core 0)
May 30 19:44:09.643526 n-d-843680-6 devstack@placement-api.service[89505]: DEBUG placement.requestlog [req-18d99c87-697c-4c22-b736-5c8f20823347 req-91ba34b9-7481-4664-ac6b-2c4f8ab0fc75 None None] Starting request: 10.222.0.72 "GET /placement/allocations/3fba4742-58b7-4141-a710-f22152e156d5" {{(pid=89505) __call__ /opt/stack/placement/placement/requestlog.py:55}}
May 30 19:44:09.659148 n-d-843680-6 devstack@placement-api.service[89505]: INFO placement.requestlog [req-18d99c87-697c-4c22-b736-5c8f20823347 req-91ba34b9-7481-4664-ac6b-2c4f8ab0fc75 service placement] 10.222.0.72 "GET /placement/allocations/3fba4742-58b7-4141-a710-f22152e156d5" status: 200 len: 19 microversion: 1.28
May 30 19:44:09.663622 n-d-843680-6 devstack@placement-api.service[89505]: [pid: 89505|app: 0|req: 286/565] 10.222.0.72 () {60 vars in 1380 bytes} [Mon May 30 19:44:09 2022] GET /placement/allocations/3fba4742-58b7-4141-a710-f22152e156d5 => generated 19 bytes in 16 msecs (HTTP/1.1 200) 8 headers in 295 bytes (2 switches on core 0)
May 30 19:44:09.665653 n-d-843680-6 devstack@placement-api.service[89506]: DEBUG placement.requestlog [req-18d99c87-697c-4c22-b736-5c8f20823347 req-c272419b-9f72-4962-89cc-052330a337c5 None None] Starting request: 10.222.0.72 "PUT /placement/allocations/3fba4742-58b7-4141-a710-f22152e156d5" {{(pid=89506) __call__ /opt/stack/placement/placement/requestlog.py:55}}
May 30 19:44:10.007011 n-d-843680-6 devstack@placement-api.service[89506]: DEBUG placement.handlers.allocation [req-18d99c87-697c-4c22-b736-5c8f20823347 req-c272419b-9f72-4962-89cc-052330a337c5 service placement] Successfully wrote allocations [, , ] {{(pid=89506) _create_allocations /opt/stack/placement/placement/handlers/allocation.py:435}}
May 30 19:44:10.007812 n-d-843680-6 devstack@placement-api.service[89506]: INFO placement.requestlog [req-18d99c87-697c-4c22-b736-5c8f20823347 req-c272419b-9f72-4962-89cc-052330a337c5 service placement] 10.222.0.72 "PUT /placement/allocations/3fba4742-58b7-4141-a710-f22152e156d5" status: 204 len: 0 microversion: 1.35
May 30 19:44:10.008375 n-d-843680-6 devstack@placement-api.service[89506]: [pid: 89506|app: 0|req: 280/566] 10.222.0.72 () {64 vars in 1433 bytes} [Mon May 30 19:44:09 2022] PUT /placement/allocations/3fba4742-58b7-4141-a710-f22152e156d5 => generated 0 bytes in 343 msecs (HTTP/1.1 204) 5 headers in 199 bytes (1 switches on core 0)
May 30 19:44:11.688239 n-d-843680-6 devstack@placement-api.service[89505]: DEBUG placement.requestlog [req-18d99c87-697c-4c22-b736-5c8f20823347 req-2f46ec47-e164-4f2c-ae56-5ad3b4d4b93b None None] Starting request: 10.222.0.79 "GET /placement/allocations/43732c62-2b71-4290-8995-0a8e6e01ad5e" {{(pid=89505) __call__ /opt/stack/placement/placement/requestlog.py:55}}
May 30 19:44:11.705994 n-d-843680-6 devstack@placement-api.service[89505]: INFO placement.requestlog [req-18d99c87-697c-4c22-b736-5c8f20823347 req-2f46ec47-e164-4f2c-ae56-5ad3b4d4b93b service placement] 10.222.0.79 "GET /placement/allocations/43732c62-2b71-4290-8995-0a8e6e01ad5e" status: 200 len: 259 microversion: 1.28
May 30 19:44:11.706859 n-d-843680-6 devstack@placement-api.service[89505]: [pid: 89505|app: 0|req: 287/567] 10.222.0.79 () {60 vars in 1377 bytes} [Mon May 30 19:44:11 2022] GET /placement/allocations/43732c62-2b71-4290-8995-0a8e6e01ad5e => generated 259 bytes in 19 msecs (HTTP/1.1 200) 8 headers in 296 bytes (1 switches on core 0)
May 30 19:44:12.351691 n-d-843680-6 devstack@placement-api.service[89506]: DEBUG placement.requestlog [req-18d99c87-697c-4c22-b736-5c8f20823347 req-83002e8d-74d9-4f79-83f0-a2fe6560bfb0 None None] Starting request: 10.222.0.81 "GET /placement/allocations/3fba4742-58b7-4141-a710-f22152e156d5" {{(pid=89506) __call__ /opt/stack/placement/placement/requestlog.py:55}}
May 30 19:44:12.385502 n-d-843680-6 devstack@placement-api.service[89506]: INFO placement.requestlog [req-18d99c87-697c-4c22-b736-5c8f20823347 req-83002e8d-74d9-4f79-83f0-a2fe6560bfb0 service placement] 10.222.0.81 "GET /placement/allocations/3fba4742-58b7-4141-a710-f22152e156d5" status: 200 len: 259 microversion: 1.28
May 30 19:44:12.386210 n-d-843680-6 devstack@placement-api.service[89506]: [pid: 89506|app: 0|req: 281/568] 10.222.0.81 () {60 vars in 1377 bytes} [Mon May 30 19:44:12 2022] GET /placement/allocations/3fba4742-58b7-4141-a710-f22152e156d5 => generated 259 bytes in 35 msecs (HTTP/1.1 200) 8 headers in 296 bytes (1 switches on core 0)
May 30 19:44:23.297189 n-d-843680-6 devstack@placement-api.service[89505]: DEBUG placement.requestlog [req-76b175ad-8802-4c00-8888-e0b0b007eb51 req-5e3e685f-a1c9-45fa-acfd-41dd09b606dd None None] Starting request: 10.222.0.81 "GET /placement/allocations/c5c703d6-575d-41ca-96d6-369697dfa6f2" {{(pid=89505) __call__ /opt/stack/placement/placement/requestlog.py:55}}
May 30 19:44:23.326595 n-d-843680-6 devstack@placement-api.service[89505]: INFO placement.requestlog [req-76b175ad-8802-4c00-8888-e0b0b007eb51 req-5e3e685f-a1c9-45fa-acfd-41dd09b606dd service placement] 10.222.0.81 "GET /placement/allocations/c5c703d6-575d-41ca-96d6-369697dfa6f2" status: 200 len: 259 microversion: 1.28
May 30 19:44:23.327162 n-d-843680-6 devstack@placement-api.service[89505]: [pid: 89505|app: 0|req: 288/569] 10.222.0.81 () {60 vars in 1377 bytes} [Mon May 30 19:44:23 2022] GET /placement/allocations/c5c703d6-575d-41ca-96d6-369697dfa6f2 => generated 259 bytes in 30 msecs (HTTP/1.1 200) 8 headers in 296 bytes (1 switches on core 0)
May 30 19:44:23.334704 n-d-843680-6 devstack@placement-api.service[89506]: DEBUG placement.requestlog [req-76b175ad-8802-4c00-8888-e0b0b007eb51 req-01b8f2ec-d755-49e1-a5a8-136e5e5f6101 None None] Starting request: 10.222.0.81 "PUT /placement/allocations/c5c703d6-575d-41ca-96d6-369697dfa6f2" {{(pid=89506) __call__ /opt/stack/placement/placement/requestlog.py:55}}
May 30 19:44:23.529317 n-d-843680-6 devstack@placement-api.service[89506]: DEBUG placement.handlers.allocation [req-76b175ad-8802-4c00-8888-e0b0b007eb51 req-01b8f2ec-d755-49e1-a5a8-136e5e5f6101 service placement] Successfully wrote allocations [, , ] {{(pid=89506) _create_allocations /opt/stack/placement/placement/handlers/allocation.py:435}}
May 30 19:44:23.530652 n-d-843680-6 devstack@placement-api.service[89506]: INFO placement.requestlog [req-76b175ad-8802-4c00-8888-e0b0b007eb51 req-01b8f2ec-d755-49e1-a5a8-136e5e5f6101 service placement] 10.222.0.81 "PUT /placement/allocations/c5c703d6-575d-41ca-96d6-369697dfa6f2" status: 204 len: 0 microversion: 1.28
May 30 19:44:23.531311 n-d-843680-6 devstack@placement-api.service[89506]: [pid: 89506|app: 0|req: 282/570] 10.222.0.81 () {64 vars in 1430 bytes} [Mon May 30 19:44:23 2022] PUT /placement/allocations/c5c703d6-575d-41ca-96d6-369697dfa6f2 => generated 0 bytes in 197 msecs (HTTP/1.1 204) 5 headers in 199 bytes (2 switches on core 0)
May 30 19:44:24.802539 n-d-843680-6 devstack@placement-api.service[89505]: DEBUG placement.requestlog [req-4b9d47fe-be0b-42f4-a26a-564a4fb3a6e6 req-ea00076a-b915-435e-ad43-3c8b91c063ac None None] Starting request: 10.222.0.81 "GET /placement/allocations/fc1dec14-1883-4c13-ac5b-d28fcd1cb30d" {{(pid=89505) __call__ /opt/stack/placement/placement/requestlog.py:55}}
May 30 19:44:24.828285 n-d-843680-6 devstack@placement-api.service[89505]: INFO placement.requestlog [req-4b9d47fe-be0b-42f4-a26a-564a4fb3a6e6 req-ea00076a-b915-435e-ad43-3c8b91c063ac service placement] 10.222.0.81 "GET /placement/allocations/fc1dec14-1883-4c13-ac5b-d28fcd1cb30d" status: 200 len: 258 microversion: 1.28
May 30 19:44:24.831446 n-d-843680-6 devstack@placement-api.service[89505]: [pid: 89505|app: 0|req: 289/571] 10.222.0.81 () {60 vars in 1377 bytes} [Mon May 30 19:44:24 2022] GET /placement/allocations/fc1dec14-1883-4c13-ac5b-d28fcd1cb30d => generated 258 bytes in 29 msecs (HTTP/1.1 200) 8 headers in 296 bytes (1 switches on core 0)
May 30 19:44:32.037060 n-d-843680-6 devstack@placement-api.service[89506]: DEBUG placement.requestlog [req-cd569908-5671-489f-9117-b4aa8021ed22 req-ba1c32f2-68d6-43c3-a96d-e19b6daa2e66 None None] Starting request: 10.222.0.81 "GET /placement/resource_providers/f9afbecc-389a-4d3a-b200-053cb9e2790c/allocations" {{(pid=89506) __call__ /opt/stack/placement/placement/requestlog.py:55}}
May 30 19:44:32.089707 n-d-843680-6 devstack@placement-api.service[89506]: INFO placement.requestlog [req-cd569908-5671-489f-9117-b4aa8021ed22 req-ba1c32f2-68d6-43c3-a96d-e19b6daa2e66 service placement] 10.222.0.81 "GET /placement/resource_providers/f9afbecc-389a-4d3a-b200-053cb9e2790c/allocations" status: 200 len: 658 microversion: 1.0
May 30 19:44:32.090449 n-d-843680-6 devstack@placement-api.service[89506]: [pid: 89506|app: 0|req: 283/572] 10.222.0.81 () {58 vars in 1390 bytes} [Mon May 30 19:44:32 2022] GET /placement/resource_providers/f9afbecc-389a-4d3a-b200-053cb9e2790c/allocations => generated 658 bytes in 53 msecs (HTTP/1.1 200) 6 headers in 224 bytes (1 switches on core 0)
May 30 19:44:38.945577 n-d-843680-6 devstack@placement-api.service[89505]: DEBUG placement.requestlog [req-9c65f290-61ac-46fa-b217-23ee557cf0d0 req-dd41ee6e-2d81-42a6-a581-a9c2318e48fc None None] Starting request: 10.222.0.79 "GET /placement/allocations/037c7da2-7ad0-4cdc-9885-413e4037bd7c" {{(pid=89505) __call__ /opt/stack/placement/placement/requestlog.py:55}}
May 30 19:44:38.981943 n-d-843680-6 devstack@placement-api.service[89505]: INFO placement.requestlog [req-9c65f290-61ac-46fa-b217-23ee557cf0d0 req-dd41ee6e-2d81-42a6-a581-a9c2318e48fc service placement] 10.222.0.79 "GET /placement/allocations/037c7da2-7ad0-4cdc-9885-413e4037bd7c" status: 200 len: 259 microversion: 1.28
May 30 19:44:38.982746 n-d-843680-6 devstack@placement-api.service[89505]: [pid: 89505|app: 0|req: 290/573] 10.222.0.79 () {60 vars in 1377 bytes} [Mon May 30 19:44:38 2022] GET /placement/allocations/037c7da2-7ad0-4cdc-9885-413e4037bd7c => generated 259 bytes in 37 msecs (HTTP/1.1 200) 8 headers in 296 bytes (1 switches on core 0)
May 30 19:44:38.990063 n-d-843680-6 devstack@placement-api.service[89506]: DEBUG placement.requestlog [req-9c65f290-61ac-46fa-b217-23ee557cf0d0 req-d7fa1675-bbfe-4366-8b7c-6b5e104f9f33 None None] Starting request: 10.222.0.79 "PUT /placement/allocations/037c7da2-7ad0-4cdc-9885-413e4037bd7c" {{(pid=89506) __call__ /opt/stack/placement/placement/requestlog.py:55}}
May 30 19:44:39.179878 n-d-843680-6 devstack@placement-api.service[89506]: DEBUG placement.handlers.allocation [req-9c65f290-61ac-46fa-b217-23ee557cf0d0 req-d7fa1675-bbfe-4366-8b7c-6b5e104f9f33 service placement] Successfully wrote allocations [, , ] {{(pid=89506) _create_allocations /opt/stack/placement/placement/handlers/allocation.py:435}}
May 30 19:44:39.180941 n-d-843680-6 devstack@placement-api.service[89506]: INFO placement.requestlog [req-9c65f290-61ac-46fa-b217-23ee557cf0d0 req-d7fa1675-bbfe-4366-8b7c-6b5e104f9f33 service placement] 10.222.0.79 "PUT /placement/allocations/037c7da2-7ad0-4cdc-9885-413e4037bd7c" status: 204 len: 0 microversion: 1.28
May 30 19:44:39.181607 n-d-843680-6 devstack@placement-api.service[89506]: [pid: 89506|app: 0|req: 284/574] 10.222.0.79 () {64 vars in 1430 bytes} [Mon May 30 19:44:38 2022] PUT /placement/allocations/037c7da2-7ad0-4cdc-9885-413e4037bd7c => generated 0 bytes in 192 msecs (HTTP/1.1 204) 5 headers in 199 bytes (1 switches on core 0)
May 30 19:44:45.650150 n-d-843680-6 devstack@placement-api.service[89505]: DEBUG placement.requestlog [None req-8b66566f-03ea-4ee0-9f94-dcf43440ac81 None None] Starting request: 10.222.0.72 "GET /placement/resource_providers/95d4de47-b11c-48b3-8f74-e8a6d4e14860/aggregates" {{(pid=89505) __call__ /opt/stack/placement/placement/requestlog.py:55}}
May 30 19:44:45.992157 n-d-843680-6 devstack@placement-api.service[89505]: INFO placement.requestlog [None req-8b66566f-03ea-4ee0-9f94-dcf43440ac81 service placement] 10.222.0.72 "GET /placement/resource_providers/95d4de47-b11c-48b3-8f74-e8a6d4e14860/aggregates" status: 404 len: 235 microversion: 1.1
May 30 19:44:45.993237 n-d-843680-6 devstack@placement-api.service[89505]: [pid: 89505|app: 0|req: 291/575] 10.222.0.72 () {58 vars in 1362 bytes} [Mon May 30 19:44:45 2022] GET /placement/resource_providers/95d4de47-b11c-48b3-8f74-e8a6d4e14860/aggregates => generated 235 bytes in 343 msecs (HTTP/1.1 404) 5 headers in 202 bytes (1 switches on core 0)
May 30 19:44:46.160331 n-d-843680-6 devstack@placement-api.service[89506]: DEBUG placement.requestlog [None req-c172be57-182c-4679-86df-87326bd831e6 None None] Starting request: 10.222.0.72 "DELETE /placement/resource_providers/95d4de47-b11c-48b3-8f74-e8a6d4e14860" {{(pid=89506) __call__ /opt/stack/placement/placement/requestlog.py:55}}
May 30 19:44:46.174211 n-d-843680-6 devstack@placement-api.service[89506]: DEBUG placement.wsgi_wrapper [None req-c172be57-182c-4679-86df-87326bd831e6 service placement] Placement API returning an error response: No resource provider with uuid 95d4de47-b11c-48b3-8f74-e8a6d4e14860 found for delete {{(pid=89506) call_func /opt/stack/placement/placement/wsgi_wrapper.py:31}}
May 30 19:44:46.175365 n-d-843680-6 devstack@placement-api.service[89506]: INFO placement.requestlog [None req-c172be57-182c-4679-86df-87326bd831e6 service placement] 10.222.0.72 "DELETE /placement/resource_providers/95d4de47-b11c-48b3-8f74-e8a6d4e14860" status: 404 len: 246 microversion: 1.1
May 30 19:44:46.176414 n-d-843680-6 devstack@placement-api.service[89506]: [pid: 89506|app: 0|req: 285/576] 10.222.0.72 () {60 vars in 1351 bytes} [Mon May 30 19:44:46 2022] DELETE /placement/resource_providers/95d4de47-b11c-48b3-8f74-e8a6d4e14860 => generated 246 bytes in 16 msecs (HTTP/1.1 404) 6 headers in 231 bytes (1 switches on core 0)
May 30 19:44:47.415323 n-d-843680-6 devstack@placement-api.service[89505]: DEBUG placement.requestlog [req-914562ca-3829-46ea-9224-a3d80541bcc0 req-551d98f9-f26f-4e9e-8d86-c5a7625733ba None None] Starting request: 10.222.0.79 "GET /placement/resource_providers/754e8a75-4dca-4f24-b307-b3b004a4854e/allocations" {{(pid=89505) __call__ /opt/stack/placement/placement/requestlog.py:55}}
May 30 19:44:47.547862 n-d-843680-6 devstack@placement-api.service[89505]: INFO placement.requestlog [req-914562ca-3829-46ea-9224-a3d80541bcc0 req-551d98f9-f26f-4e9e-8d86-c5a7625733ba service placement] 10.222.0.79 "GET /placement/resource_providers/754e8a75-4dca-4f24-b307-b3b004a4854e/allocations" status: 200 len: 645 microversion: 1.0
May 30 19:44:47.551248 n-d-843680-6 devstack@placement-api.service[89505]: [pid: 89505|app: 0|req: 292/577] 10.222.0.79 () {58 vars in 1390 bytes} [Mon May 30 19:44:47 2022] GET /placement/resource_providers/754e8a75-4dca-4f24-b307-b3b004a4854e/allocations => generated 645 bytes in 137 msecs (HTTP/1.1 200) 6 headers in 224 bytes (1 switches on core 0)
May 30 19:44:50.333036 n-d-843680-6 devstack@placement-api.service[89506]: DEBUG placement.requestlog [req-ab11b9f8-6147-4771-8651-7ebbab36be21 req-7d7b9a70-b1b9-4670-a19a-a5c5253dcd62 None None] Starting request: 10.222.0.72 "GET /placement/allocation_candidates?limit=1000&resources=DISK_GB%3A1%2CMEMORY_MB%3A1024%2CVCPU%3A1&root_required=%21COMPUTE_STATUS_DISABLED" {{(pid=89506) __call__ /opt/stack/placement/placement/requestlog.py:55}}
May 30 19:44:50.374759 n-d-843680-6 devstack@placement-api.service[89506]: DEBUG placement.objects.research_context [req-ab11b9f8-6147-4771-8651-7ebbab36be21 req-7d7b9a70-b1b9-4670-a19a-a5c5253dcd62 service placement] getting providers with 1 DISK_GB {{(pid=89506) __init__ /opt/stack/placement/placement/objects/research_context.py:126}}
May 30 19:44:50.382437 n-d-843680-6 devstack@placement-api.service[89506]: DEBUG placement.objects.research_context [req-ab11b9f8-6147-4771-8651-7ebbab36be21 req-7d7b9a70-b1b9-4670-a19a-a5c5253dcd62 service placement] getting providers with 1024 MEMORY_MB {{(pid=89506) __init__ /opt/stack/placement/placement/objects/research_context.py:126}}
May 30 19:44:50.391589 n-d-843680-6 devstack@placement-api.service[89506]: DEBUG placement.objects.research_context [req-ab11b9f8-6147-4771-8651-7ebbab36be21 req-7d7b9a70-b1b9-4670-a19a-a5c5253dcd62 service placement] getting providers with 1 VCPU {{(pid=89506) __init__ /opt/stack/placement/placement/objects/research_context.py:126}}
May 30 19:44:50.405009 n-d-843680-6 devstack@placement-api.service[89506]: DEBUG placement.objects.research_context [req-ab11b9f8-6147-4771-8651-7ebbab36be21 req-7d7b9a70-b1b9-4670-a19a-a5c5253dcd62 service placement] found 2 providers with available 1 DISK_GB {{(pid=89506) get_provider_ids_matching /opt/stack/placement/placement/objects/research_context.py:549}}
May 30 19:44:50.405564 n-d-843680-6 devstack@placement-api.service[89506]: DEBUG placement.objects.research_context [req-ab11b9f8-6147-4771-8651-7ebbab36be21 req-7d7b9a70-b1b9-4670-a19a-a5c5253dcd62 service placement] found 2 providers with available 1024 MEMORY_MB {{(pid=89506) get_provider_ids_matching /opt/stack/placement/placement/objects/research_context.py:549}}
May 30 19:44:50.406032 n-d-843680-6 devstack@placement-api.service[89506]: DEBUG placement.objects.research_context [req-ab11b9f8-6147-4771-8651-7ebbab36be21 req-7d7b9a70-b1b9-4670-a19a-a5c5253dcd62 service placement] found 2 providers after filtering by previous result {{(pid=89506) get_provider_ids_matching /opt/stack/placement/placement/objects/research_context.py:580}}
May 30 19:44:50.406454 n-d-843680-6 devstack@placement-api.service[89506]: DEBUG placement.objects.research_context [req-ab11b9f8-6147-4771-8651-7ebbab36be21 req-7d7b9a70-b1b9-4670-a19a-a5c5253dcd62 service placement] found 2 providers with available 1 VCPU {{(pid=89506) get_provider_ids_matching /opt/stack/placement/placement/objects/research_context.py:549}}
May 30 19:44:50.408103 n-d-843680-6 devstack@placement-api.service[89506]: DEBUG placement.objects.research_context [req-ab11b9f8-6147-4771-8651-7ebbab36be21 req-7d7b9a70-b1b9-4670-a19a-a5c5253dcd62 service placement] found 2 providers after filtering by previous result {{(pid=89506) get_provider_ids_matching /opt/stack/placement/placement/objects/research_context.py:580}}
May 30 19:44:50.424469 n-d-843680-6 devstack@placement-api.service[89506]: DEBUG placement.objects.allocation_candidate [req-ab11b9f8-6147-4771-8651-7ebbab36be21 req-7d7b9a70-b1b9-4670-a19a-a5c5253dcd62 service placement] RequestGroup(use_same_provider=False, resources={DISK_GB:1, MEMORY_MB:1024, VCPU:1}, traits=[], aggregates=[]) (suffix '') returned 2 matches {{(pid=89506) _get_by_requests /opt/stack/placement/placement/objects/allocation_candidate.py:145}}
May 30 19:44:50.425185 n-d-843680-6 devstack@placement-api.service[89506]: DEBUG placement.objects.allocation_candidate [req-ab11b9f8-6147-4771-8651-7ebbab36be21 req-7d7b9a70-b1b9-4670-a19a-a5c5253dcd62 service placement] Merging candidates yields 2 allocation requests and 2 provider summaries {{(pid=89506) _merge_candidates /opt/stack/placement/placement/objects/allocation_candidate.py:783}}
May 30 19:44:50.426739 n-d-843680-6 devstack@placement-api.service[89506]: INFO placement.requestlog [req-ab11b9f8-6147-4771-8651-7ebbab36be21 req-7d7b9a70-b1b9-4670-a19a-a5c5253dcd62 service placement] 10.222.0.72 "GET /placement/allocation_candidates?limit=1000&resources=DISK_GB%3A1%2CMEMORY_MB%3A1024%2CVCPU%3A1&root_required=%21COMPUTE_STATUS_DISABLED" status: 200 len: 1309 microversion: 1.35
May 30 19:44:50.427625 n-d-843680-6 devstack@placement-api.service[89506]: [pid: 89506|app: 0|req: 286/578] 10.222.0.72 () {60 vars in 1506 bytes} [Mon May 30 19:44:50 2022] GET /placement/allocation_candidates?limit=1000&resources=DISK_GB%3A1%2CMEMORY_MB%3A1024%2CVCPU%3A1&root_required=%21COMPUTE_STATUS_DISABLED => generated 1309 bytes in 95 msecs (HTTP/1.1 200) 8 headers in 297 bytes (1 switches on core 0)
May 30 19:44:50.526597 n-d-843680-6 devstack@placement-api.service[89505]: DEBUG placement.requestlog [req-ab11b9f8-6147-4771-8651-7ebbab36be21 req-9736ff15-b37d-47f7-b8ca-9be12f960482 None None] Starting request: 10.222.0.72 "GET /placement/allocations/a9d40dcb-92b5-4837-86f5-8ab23b8fce33" {{(pid=89505) __call__ /opt/stack/placement/placement/requestlog.py:55}}
May 30 19:44:50.545212 n-d-843680-6 devstack@placement-api.service[89505]: INFO placement.requestlog [req-ab11b9f8-6147-4771-8651-7ebbab36be21 req-9736ff15-b37d-47f7-b8ca-9be12f960482 service placement] 10.222.0.72 "GET /placement/allocations/a9d40dcb-92b5-4837-86f5-8ab23b8fce33" status: 200 len: 19 microversion: 1.28
May 30 19:44:50.548859 n-d-843680-6 devstack@placement-api.service[89505]: [pid: 89505|app: 0|req: 293/579] 10.222.0.72 () {60 vars in 1380 bytes} [Mon May 30 19:44:50 2022] GET /placement/allocations/a9d40dcb-92b5-4837-86f5-8ab23b8fce33 => generated 19 bytes in 20 msecs (HTTP/1.1 200) 8 headers in 295 bytes (1 switches on core 0)
May 30 19:44:50.551283 n-d-843680-6 devstack@placement-api.service[89506]: DEBUG placement.requestlog [req-ab11b9f8-6147-4771-8651-7ebbab36be21 req-66715583-f6e7-4a63-84c8-cf8893f10e0e None None] Starting request: 10.222.0.72 "PUT /placement/allocations/a9d40dcb-92b5-4837-86f5-8ab23b8fce33" {{(pid=89506) __call__ /opt/stack/placement/placement/requestlog.py:55}}
May 30 19:44:50.834194 n-d-843680-6 devstack@placement-api.service[89506]: DEBUG placement.handlers.allocation [req-ab11b9f8-6147-4771-8651-7ebbab36be21 req-66715583-f6e7-4a63-84c8-cf8893f10e0e service placement] Successfully wrote allocations [, , ] {{(pid=89506) _create_allocations /opt/stack/placement/placement/handlers/allocation.py:435}}
May 30 19:44:50.835545 n-d-843680-6 devstack@placement-api.service[89506]: INFO placement.requestlog [req-ab11b9f8-6147-4771-8651-7ebbab36be21 req-66715583-f6e7-4a63-84c8-cf8893f10e0e service placement] 10.222.0.72 "PUT /placement/allocations/a9d40dcb-92b5-4837-86f5-8ab23b8fce33" status: 204 len: 0 microversion: 1.35
May 30 19:44:50.836075 n-d-843680-6 devstack@placement-api.service[89506]: [pid: 89506|app: 0|req: 287/580] 10.222.0.72 () {64 vars in 1433 bytes} [Mon May 30 19:44:50 2022] PUT /placement/allocations/a9d40dcb-92b5-4837-86f5-8ab23b8fce33 => generated 0 bytes in 285 msecs (HTTP/1.1 204) 5 headers in 199 bytes (1 switches on core 0)
May 30 19:44:51.996589 n-d-843680-6 devstack@placement-api.service[89505]: DEBUG placement.requestlog [req-ab11b9f8-6147-4771-8651-7ebbab36be21 req-660d56d3-6bdc-46c5-b420-b1c12ff21aad None None] Starting request: 10.222.0.79 "GET /placement/allocations/a9d40dcb-92b5-4837-86f5-8ab23b8fce33" {{(pid=89505) __call__ /opt/stack/placement/placement/requestlog.py:55}}
May 30 19:44:52.028094 n-d-843680-6 devstack@placement-api.service[89505]: INFO placement.requestlog [req-ab11b9f8-6147-4771-8651-7ebbab36be21 req-660d56d3-6bdc-46c5-b420-b1c12ff21aad service placement] 10.222.0.79 "GET /placement/allocations/a9d40dcb-92b5-4837-86f5-8ab23b8fce33" status: 200 len: 259 microversion: 1.28
May 30 19:44:52.028702 n-d-843680-6 devstack@placement-api.service[89505]: [pid: 89505|app: 0|req: 294/581] 10.222.0.79 () {60 vars in 1377 bytes} [Mon May 30 19:44:51 2022] GET /placement/allocations/a9d40dcb-92b5-4837-86f5-8ab23b8fce33 => generated 259 bytes in 32 msecs (HTTP/1.1 200) 8 headers in 296 bytes (1 switches on core 0)
May 30 19:45:06.203583 n-d-843680-6 devstack@placement-api.service[89506]: DEBUG placement.requestlog [req-1999de50-ba34-47b1-a58b-5499c516b359 req-78b50905-8ebd-44fa-a186-c18923bd4e6d None None] Starting request: 10.222.0.72 "GET /placement/allocation_candidates?resources=DISK_GB%3A1%2CMEMORY_MB%3A1024%2CVCPU%3A1&root_required=%21COMPUTE_STATUS_DISABLED" {{(pid=89506) __call__ /opt/stack/placement/placement/requestlog.py:55}}
May 30 19:45:06.239555 n-d-843680-6 devstack@placement-api.service[89506]: DEBUG placement.objects.research_context [req-1999de50-ba34-47b1-a58b-5499c516b359 req-78b50905-8ebd-44fa-a186-c18923bd4e6d service placement] getting providers with 1 DISK_GB {{(pid=89506) __init__ /opt/stack/placement/placement/objects/research_context.py:126}}
May 30 19:45:06.248564 n-d-843680-6 devstack@placement-api.service[89506]: DEBUG placement.objects.research_context [req-1999de50-ba34-47b1-a58b-5499c516b359 req-78b50905-8ebd-44fa-a186-c18923bd4e6d service placement] getting providers with 1024 MEMORY_MB {{(pid=89506) __init__ /opt/stack/placement/placement/objects/research_context.py:126}}
May 30 19:45:06.255577 n-d-843680-6 devstack@placement-api.service[89506]: DEBUG placement.objects.research_context [req-1999de50-ba34-47b1-a58b-5499c516b359 req-78b50905-8ebd-44fa-a186-c18923bd4e6d service placement] getting providers with 1 VCPU {{(pid=89506) __init__ /opt/stack/placement/placement/objects/research_context.py:126}}
May 30 19:45:06.262094 n-d-843680-6 devstack@placement-api.service[89506]: DEBUG placement.objects.research_context [req-1999de50-ba34-47b1-a58b-5499c516b359 req-78b50905-8ebd-44fa-a186-c18923bd4e6d service placement] found 2 providers with available 1 DISK_GB {{(pid=89506) get_provider_ids_matching /opt/stack/placement/placement/objects/research_context.py:549}}
May 30 19:45:06.262369 n-d-843680-6 devstack@placement-api.service[89506]: DEBUG placement.objects.research_context [req-1999de50-ba34-47b1-a58b-5499c516b359 req-78b50905-8ebd-44fa-a186-c18923bd4e6d service placement] found 2 providers with available 1024 MEMORY_MB {{(pid=89506) get_provider_ids_matching /opt/stack/placement/placement/objects/research_context.py:549}}
May 30 19:45:06.262643 n-d-843680-6 devstack@placement-api.service[89506]: DEBUG placement.objects.research_context [req-1999de50-ba34-47b1-a58b-5499c516b359 req-78b50905-8ebd-44fa-a186-c18923bd4e6d service placement] found 2 providers after filtering by previous result {{(pid=89506) get_provider_ids_matching /opt/stack/placement/placement/objects/research_context.py:580}}
May 30 19:45:06.262904 n-d-843680-6 devstack@placement-api.service[89506]: DEBUG placement.objects.research_context [req-1999de50-ba34-47b1-a58b-5499c516b359 req-78b50905-8ebd-44fa-a186-c18923bd4e6d service placement] found 2 providers with available 1 VCPU {{(pid=89506) get_provider_ids_matching /opt/stack/placement/placement/objects/research_context.py:549}}
May 30 19:45:06.263606 n-d-843680-6 devstack@placement-api.service[89506]: DEBUG placement.objects.research_context [req-1999de50-ba34-47b1-a58b-5499c516b359 req-78b50905-8ebd-44fa-a186-c18923bd4e6d service placement] found 2 providers after filtering by previous result {{(pid=89506) get_provider_ids_matching /opt/stack/placement/placement/objects/research_context.py:580}}
May 30 19:45:06.278910 n-d-843680-6 devstack@placement-api.service[89506]: DEBUG placement.objects.allocation_candidate [req-1999de50-ba34-47b1-a58b-5499c516b359 req-78b50905-8ebd-44fa-a186-c18923bd4e6d service placement] RequestGroup(use_same_provider=False, resources={DISK_GB:1, MEMORY_MB:1024, VCPU:1}, traits=[], aggregates=[]) (suffix '') returned 2 matches {{(pid=89506) _get_by_requests /opt/stack/placement/placement/objects/allocation_candidate.py:145}}
May 30 19:45:06.279427 n-d-843680-6 devstack@placement-api.service[89506]: DEBUG placement.objects.allocation_candidate [req-1999de50-ba34-47b1-a58b-5499c516b359 req-78b50905-8ebd-44fa-a186-c18923bd4e6d service placement] Merging candidates yields 2 allocation requests and 2 provider summaries {{(pid=89506) _merge_candidates /opt/stack/placement/placement/objects/allocation_candidate.py:783}}
May 30 19:45:06.281048 n-d-843680-6 devstack@placement-api.service[89506]: INFO placement.requestlog [req-1999de50-ba34-47b1-a58b-5499c516b359 req-78b50905-8ebd-44fa-a186-c18923bd4e6d service placement] 10.222.0.72 "GET /placement/allocation_candidates?resources=DISK_GB%3A1%2CMEMORY_MB%3A1024%2CVCPU%3A1&root_required=%21COMPUTE_STATUS_DISABLED" status: 200 len: 1309 microversion: 1.35
May 30 19:45:06.281659 n-d-843680-6 devstack@placement-api.service[89506]: [pid: 89506|app: 0|req: 288/582] 10.222.0.72 () {60 vars in 1484 bytes} [Mon May 30 19:45:06 2022] GET /placement/allocation_candidates?resources=DISK_GB%3A1%2CMEMORY_MB%3A1024%2CVCPU%3A1&root_required=%21COMPUTE_STATUS_DISABLED => generated 1309 bytes in 80 msecs (HTTP/1.1 200) 8 headers in 297 bytes (1 switches on core 0)
May 30 19:45:06.356784 n-d-843680-6 devstack@placement-api.service[89505]: DEBUG placement.requestlog [req-1999de50-ba34-47b1-a58b-5499c516b359 req-44df4652-c9e6-42c7-9cbe-f48128b25aee None None] Starting request: 10.222.0.72 "GET /placement/allocations/f978e6b6-c2de-45ee-be47-a05b05a02ec2" {{(pid=89505) __call__ /opt/stack/placement/placement/requestlog.py:55}}
May 30 19:45:06.370357 n-d-843680-6 devstack@placement-api.service[89505]: INFO placement.requestlog [req-1999de50-ba34-47b1-a58b-5499c516b359 req-44df4652-c9e6-42c7-9cbe-f48128b25aee service placement] 10.222.0.72 "GET /placement/allocations/f978e6b6-c2de-45ee-be47-a05b05a02ec2" status: 200 len: 19 microversion: 1.28
May 30 19:45:06.371115 n-d-843680-6 devstack@placement-api.service[89505]: [pid: 89505|app: 0|req: 295/583] 10.222.0.72 () {60 vars in 1380 bytes} [Mon May 30 19:45:06 2022] GET /placement/allocations/f978e6b6-c2de-45ee-be47-a05b05a02ec2 => generated 19 bytes in 14 msecs (HTTP/1.1 200) 8 headers in 295 bytes (1 switches on core 0)
May 30 19:45:06.377865 n-d-843680-6 devstack@placement-api.service[89506]: DEBUG placement.requestlog [req-1999de50-ba34-47b1-a58b-5499c516b359 req-8e218e45-039c-4812-8251-b39141ca6dad None None] Starting request: 10.222.0.72 "PUT /placement/allocations/f978e6b6-c2de-45ee-be47-a05b05a02ec2" {{(pid=89506) __call__ /opt/stack/placement/placement/requestlog.py:55}}
May 30 19:45:06.605248 n-d-843680-6 devstack@placement-api.service[89506]: DEBUG placement.handlers.allocation [req-1999de50-ba34-47b1-a58b-5499c516b359 req-8e218e45-039c-4812-8251-b39141ca6dad service placement] Successfully wrote allocations [, , ] {{(pid=89506) _create_allocations /opt/stack/placement/placement/handlers/allocation.py:435}}
May 30 19:45:06.607025 n-d-843680-6 devstack@placement-api.service[89506]: INFO placement.requestlog [req-1999de50-ba34-47b1-a58b-5499c516b359 req-8e218e45-039c-4812-8251-b39141ca6dad service placement] 10.222.0.72 "PUT /placement/allocations/f978e6b6-c2de-45ee-be47-a05b05a02ec2" status: 204 len: 0 microversion: 1.35
May 30 19:45:06.614748 n-d-843680-6 devstack@placement-api.service[89506]: [pid: 89506|app: 0|req: 289/584] 10.222.0.72 () {64 vars in 1433 bytes} [Mon May 30 19:45:06 2022] PUT /placement/allocations/f978e6b6-c2de-45ee-be47-a05b05a02ec2 => generated 0 bytes in 230 msecs (HTTP/1.1 204) 5 headers in 199 bytes (1 switches on core 0)
May 30 19:45:07.656032 n-d-843680-6 devstack@placement-api.service[89505]: DEBUG placement.requestlog [req-fae81047-9f4c-45f8-91b3-b7bafdc1b17a req-93856590-58c3-4b37-a342-679a865abd26 None None] Starting request: 10.222.0.72 "GET /placement/allocation_candidates?limit=1000&resources=DISK_GB%3A1%2CMEMORY_MB%3A1024%2CVCPU%3A1&root_required=%21COMPUTE_STATUS_DISABLED" {{(pid=89505) __call__ /opt/stack/placement/placement/requestlog.py:55}}
May 30 19:45:07.676420 n-d-843680-6 devstack@placement-api.service[89506]: DEBUG placement.requestlog [req-1999de50-ba34-47b1-a58b-5499c516b359 req-18f01f1b-1c9c-4ec4-b9b8-1cf1ca21b373 None None] Starting request: 10.222.0.81 "GET /placement/allocations/f978e6b6-c2de-45ee-be47-a05b05a02ec2" {{(pid=89506) __call__ /opt/stack/placement/placement/requestlog.py:55}}
May 30 19:45:07.713359 n-d-843680-6 devstack@placement-api.service[89506]: INFO placement.requestlog [req-1999de50-ba34-47b1-a58b-5499c516b359 req-18f01f1b-1c9c-4ec4-b9b8-1cf1ca21b373 service placement] 10.222.0.81 "GET /placement/allocations/f978e6b6-c2de-45ee-be47-a05b05a02ec2" status: 200 len: 259 microversion: 1.28
May 30 19:45:07.718348 n-d-843680-6 devstack@placement-api.service[89506]: [pid: 89506|app: 0|req: 290/585] 10.222.0.81 () {60 vars in 1377 bytes} [Mon May 30 19:45:07 2022] GET /placement/allocations/f978e6b6-c2de-45ee-be47-a05b05a02ec2 => generated 259 bytes in 42 msecs (HTTP/1.1 200) 8 headers in 296 bytes (2 switches on core 0)
May 30 19:45:07.739427 n-d-843680-6 devstack@placement-api.service[89505]: DEBUG placement.objects.research_context [req-fae81047-9f4c-45f8-91b3-b7bafdc1b17a req-93856590-58c3-4b37-a342-679a865abd26 service placement] getting providers with 1 DISK_GB {{(pid=89505) __init__ /opt/stack/placement/placement/objects/research_context.py:126}}
May 30 19:45:07.751388 n-d-843680-6 devstack@placement-api.service[89505]: DEBUG placement.objects.research_context [req-fae81047-9f4c-45f8-91b3-b7bafdc1b17a req-93856590-58c3-4b37-a342-679a865abd26 service placement] getting providers with 1024 MEMORY_MB {{(pid=89505) __init__ /opt/stack/placement/placement/objects/research_context.py:126}}
