May 30 19:40:05.021707 n-d-843680-6 devstack@placement-api.service[89505]: DEBUG placement.objects.allocation_candidate [req-0c9c11d9-1403-4556-b4ff-f8db50e138cc req-0e38ba49-5bab-4f8b-8428-906125c6177d service placement] Merging candidates yields 2 allocation requests and 2 provider summaries {{(pid=89505) _merge_candidates /opt/stack/placement/placement/objects/allocation_candidate.py:783}}
May 30 19:40:05.023225 n-d-843680-6 devstack@placement-api.service[89505]: INFO placement.requestlog [req-0c9c11d9-1403-4556-b4ff-f8db50e138cc req-0e38ba49-5bab-4f8b-8428-906125c6177d service placement] 10.222.0.72 "GET /placement/allocation_candidates?limit=1000&resources=MEMORY_MB%3A1024%2CVCPU%3A1&root_required=%21COMPUTE_STATUS_DISABLED" status: 200 len: 1281 microversion: 1.35
May 30 19:40:05.027574 n-d-843680-6 devstack@placement-api.service[89505]: [pid: 89505|app: 0|req: 164/328] 10.222.0.72 () {60 vars in 1478 bytes} [Mon May 30 19:40:04 2022] GET /placement/allocation_candidates?limit=1000&resources=MEMORY_MB%3A1024%2CVCPU%3A1&root_required=%21COMPUTE_STATUS_DISABLED => generated 1281 bytes in 67 msecs (HTTP/1.1 200) 8 headers in 297 bytes (1 switches on core 0)
May 30 19:40:05.075379 n-d-843680-6 devstack@placement-api.service[89506]: DEBUG placement.requestlog [req-0c9c11d9-1403-4556-b4ff-f8db50e138cc req-36b89d36-575d-4945-ae56-eb563c372666 None None] Starting request: 10.222.0.72 "GET /placement/allocations/8e99a41f-9095-4507-ac2e-0d2066485532" {{(pid=89506) __call__ /opt/stack/placement/placement/requestlog.py:55}}
May 30 19:40:05.086051 n-d-843680-6 devstack@placement-api.service[89506]: INFO placement.requestlog [req-0c9c11d9-1403-4556-b4ff-f8db50e138cc req-36b89d36-575d-4945-ae56-eb563c372666 service placement] 10.222.0.72 "GET /placement/allocations/8e99a41f-9095-4507-ac2e-0d2066485532" status: 200 len: 19 microversion: 1.28
May 30 19:40:05.087023 n-d-843680-6 devstack@placement-api.service[89506]: [pid: 89506|app: 0|req: 165/329] 10.222.0.72 () {60 vars in 1380 bytes} [Mon May 30 19:40:05 2022] GET /placement/allocations/8e99a41f-9095-4507-ac2e-0d2066485532 => generated 19 bytes in 12 msecs (HTTP/1.1 200) 8 headers in 295 bytes (1 switches on core 0)
May 30 19:40:05.095267 n-d-843680-6 devstack@placement-api.service[89505]: DEBUG placement.requestlog [req-0c9c11d9-1403-4556-b4ff-f8db50e138cc req-7d75e11e-4baf-40ac-9b01-7307a66d3fce None None] Starting request: 10.222.0.72 "PUT /placement/allocations/8e99a41f-9095-4507-ac2e-0d2066485532" {{(pid=89505) __call__ /opt/stack/placement/placement/requestlog.py:55}}
May 30 19:40:05.394112 n-d-843680-6 devstack@placement-api.service[89505]: DEBUG placement.handlers.allocation [req-0c9c11d9-1403-4556-b4ff-f8db50e138cc req-7d75e11e-4baf-40ac-9b01-7307a66d3fce service placement] Successfully wrote allocations [, ] {{(pid=89505) _create_allocations /opt/stack/placement/placement/handlers/allocation.py:435}}
May 30 19:40:05.395483 n-d-843680-6 devstack@placement-api.service[89505]: INFO placement.requestlog [req-0c9c11d9-1403-4556-b4ff-f8db50e138cc req-7d75e11e-4baf-40ac-9b01-7307a66d3fce service placement] 10.222.0.72 "PUT /placement/allocations/8e99a41f-9095-4507-ac2e-0d2066485532" status: 204 len: 0 microversion: 1.35
May 30 19:40:05.395897 n-d-843680-6 devstack@placement-api.service[89505]: [pid: 89505|app: 0|req: 165/330] 10.222.0.72 () {64 vars in 1433 bytes} [Mon May 30 19:40:05 2022] PUT /placement/allocations/8e99a41f-9095-4507-ac2e-0d2066485532 => generated 0 bytes in 301 msecs (HTTP/1.1 204) 5 headers in 199 bytes (1 switches on core 0)
May 30 19:40:06.683638 n-d-843680-6 devstack@placement-api.service[89506]: DEBUG placement.requestlog [req-0c9c11d9-1403-4556-b4ff-f8db50e138cc req-9d25e588-4745-4d34-b419-837f809c066a None None] Starting request: 10.222.0.81 "GET /placement/allocations/8e99a41f-9095-4507-ac2e-0d2066485532" {{(pid=89506) __call__ /opt/stack/placement/placement/requestlog.py:55}}
May 30 19:40:06.699700 n-d-843680-6 devstack@placement-api.service[89506]: INFO placement.requestlog [req-0c9c11d9-1403-4556-b4ff-f8db50e138cc req-9d25e588-4745-4d34-b419-837f809c066a service placement] 10.222.0.81 "GET /placement/allocations/8e99a41f-9095-4507-ac2e-0d2066485532" status: 200 len: 245 microversion: 1.28
May 30 19:40:06.700076 n-d-843680-6 devstack@placement-api.service[89506]: [pid: 89506|app: 0|req: 166/331] 10.222.0.81 () {60 vars in 1377 bytes} [Mon May 30 19:40:06 2022] GET /placement/allocations/8e99a41f-9095-4507-ac2e-0d2066485532 => generated 245 bytes in 17 msecs (HTTP/1.1 200) 8 headers in 296 bytes (1 switches on core 0)
May 30 19:40:07.818378 n-d-843680-6 devstack@placement-api.service[89505]: DEBUG placement.requestlog [req-f5ff95e8-13a9-42f7-a42d-75028b22bd47 req-254d361c-53b7-4f23-af30-5f194c4d5cd4 None None] Starting request: 10.222.0.72 "GET /placement/allocation_candidates?limit=1000&resources=DISK_GB%3A1%2CMEMORY_MB%3A1024%2CVCPU%3A1&root_required=%21COMPUTE_STATUS_DISABLED" {{(pid=89505) __call__ /opt/stack/placement/placement/requestlog.py:55}}
May 30 19:40:07.877853 n-d-843680-6 devstack@placement-api.service[89506]: DEBUG placement.requestlog [req-99ba5cf9-29fb-43f8-99a8-4bc25f681684 req-1c086105-304a-4f33-9d50-07cfeb2d8343 None None] Starting request: 10.222.0.81 "GET /placement/allocations/62987ab9-455b-4451-9d2b-fbf17aa1ca4c" {{(pid=89506) __call__ /opt/stack/placement/placement/requestlog.py:55}}
May 30 19:40:07.902758 n-d-843680-6 devstack@placement-api.service[89505]: DEBUG placement.objects.research_context [req-f5ff95e8-13a9-42f7-a42d-75028b22bd47 req-254d361c-53b7-4f23-af30-5f194c4d5cd4 service placement] getting providers with 1 DISK_GB {{(pid=89505) __init__ /opt/stack/placement/placement/objects/research_context.py:126}}
May 30 19:40:07.906354 n-d-843680-6 devstack@placement-api.service[89506]: INFO placement.requestlog [req-99ba5cf9-29fb-43f8-99a8-4bc25f681684 req-1c086105-304a-4f33-9d50-07cfeb2d8343 service placement] 10.222.0.81 "GET /placement/allocations/62987ab9-455b-4451-9d2b-fbf17aa1ca4c" status: 200 len: 259 microversion: 1.28
May 30 19:40:07.906879 n-d-843680-6 devstack@placement-api.service[89506]: [pid: 89506|app: 0|req: 167/332] 10.222.0.81 () {60 vars in 1377 bytes} [Mon May 30 19:40:07 2022] GET /placement/allocations/62987ab9-455b-4451-9d2b-fbf17aa1ca4c => generated 259 bytes in 29 msecs (HTTP/1.1 200) 8 headers in 296 bytes (1 switches on core 0)
May 30 19:40:07.911287 n-d-843680-6 devstack@placement-api.service[89505]: DEBUG placement.objects.research_context [req-f5ff95e8-13a9-42f7-a42d-75028b22bd47 req-254d361c-53b7-4f23-af30-5f194c4d5cd4 service placement] getting providers with 1024 MEMORY_MB {{(pid=89505) __init__ /opt/stack/placement/placement/objects/research_context.py:126}}
May 30 19:40:07.914262 n-d-843680-6 devstack@placement-api.service[89506]: DEBUG placement.requestlog [req-99ba5cf9-29fb-43f8-99a8-4bc25f681684 req-599e1463-8446-414e-998c-f29952d106bf None None] Starting request: 10.222.0.81 "PUT /placement/allocations/62987ab9-455b-4451-9d2b-fbf17aa1ca4c" {{(pid=89506) __call__ /opt/stack/placement/placement/requestlog.py:55}}
May 30 19:40:07.918410 n-d-843680-6 devstack@placement-api.service[89505]: DEBUG placement.objects.research_context [req-f5ff95e8-13a9-42f7-a42d-75028b22bd47 req-254d361c-53b7-4f23-af30-5f194c4d5cd4 service placement] getting providers with 1 VCPU {{(pid=89505) __init__ /opt/stack/placement/placement/objects/research_context.py:126}}
May 30 19:40:07.924648 n-d-843680-6 devstack@placement-api.service[89505]: DEBUG placement.objects.research_context [req-f5ff95e8-13a9-42f7-a42d-75028b22bd47 req-254d361c-53b7-4f23-af30-5f194c4d5cd4 service placement] found 2 providers with available 1 DISK_GB {{(pid=89505) get_provider_ids_matching /opt/stack/placement/placement/objects/research_context.py:549}}
May 30 19:40:07.925288 n-d-843680-6 devstack@placement-api.service[89505]: DEBUG placement.objects.research_context [req-f5ff95e8-13a9-42f7-a42d-75028b22bd47 req-254d361c-53b7-4f23-af30-5f194c4d5cd4 service placement] found 2 providers with available 1024 MEMORY_MB {{(pid=89505) get_provider_ids_matching /opt/stack/placement/placement/objects/research_context.py:549}}
May 30 19:40:07.925703 n-d-843680-6 devstack@placement-api.service[89505]: DEBUG placement.objects.research_context [req-f5ff95e8-13a9-42f7-a42d-75028b22bd47 req-254d361c-53b7-4f23-af30-5f194c4d5cd4 service placement] found 2 providers after filtering by previous result {{(pid=89505) get_provider_ids_matching /opt/stack/placement/placement/objects/research_context.py:580}}
May 30 19:40:07.926270 n-d-843680-6 devstack@placement-api.service[89505]: DEBUG placement.objects.research_context [req-f5ff95e8-13a9-42f7-a42d-75028b22bd47 req-254d361c-53b7-4f23-af30-5f194c4d5cd4 service placement] found 2 providers with available 1 VCPU {{(pid=89505) get_provider_ids_matching /opt/stack/placement/placement/objects/research_context.py:549}}
May 30 19:40:07.926689 n-d-843680-6 devstack@placement-api.service[89505]: DEBUG placement.objects.research_context [req-f5ff95e8-13a9-42f7-a42d-75028b22bd47 req-254d361c-53b7-4f23-af30-5f194c4d5cd4 service placement] found 2 providers after filtering by previous result {{(pid=89505) get_provider_ids_matching /opt/stack/placement/placement/objects/research_context.py:580}}
May 30 19:40:07.939491 n-d-843680-6 devstack@placement-api.service[89505]: DEBUG placement.objects.allocation_candidate [req-f5ff95e8-13a9-42f7-a42d-75028b22bd47 req-254d361c-53b7-4f23-af30-5f194c4d5cd4 service placement] RequestGroup(use_same_provider=False, resources={DISK_GB:1, MEMORY_MB:1024, VCPU:1}, traits=[], aggregates=[]) (suffix '') returned 2 matches {{(pid=89505) _get_by_requests /opt/stack/placement/placement/objects/allocation_candidate.py:145}}
May 30 19:40:07.940144 n-d-843680-6 devstack@placement-api.service[89505]: DEBUG placement.objects.allocation_candidate [req-f5ff95e8-13a9-42f7-a42d-75028b22bd47 req-254d361c-53b7-4f23-af30-5f194c4d5cd4 service placement] Merging candidates yields 2 allocation requests and 2 provider summaries {{(pid=89505) _merge_candidates /opt/stack/placement/placement/objects/allocation_candidate.py:783}}
May 30 19:40:07.941747 n-d-843680-6 devstack@placement-api.service[89505]: INFO placement.requestlog [req-f5ff95e8-13a9-42f7-a42d-75028b22bd47 req-254d361c-53b7-4f23-af30-5f194c4d5cd4 service placement] 10.222.0.72 "GET /placement/allocation_candidates?limit=1000&resources=DISK_GB%3A1%2CMEMORY_MB%3A1024%2CVCPU%3A1&root_required=%21COMPUTE_STATUS_DISABLED" status: 200 len: 1309 microversion: 1.35
May 30 19:40:07.942528 n-d-843680-6 devstack@placement-api.service[89505]: [pid: 89505|app: 0|req: 166/333] 10.222.0.72 () {60 vars in 1506 bytes} [Mon May 30 19:40:07 2022] GET /placement/allocation_candidates?limit=1000&resources=DISK_GB%3A1%2CMEMORY_MB%3A1024%2CVCPU%3A1&root_required=%21COMPUTE_STATUS_DISABLED => generated 1309 bytes in 124 msecs (HTTP/1.1 200) 8 headers in 297 bytes (1 switches on core 0)
May 30 19:40:08.048875 n-d-843680-6 devstack@placement-api.service[89505]: DEBUG placement.requestlog [req-f5ff95e8-13a9-42f7-a42d-75028b22bd47 req-d8ac3da6-9df0-458d-95c2-736a1b630fc0 None None] Starting request: 10.222.0.72 "GET /placement/allocations/b054c768-7224-4521-84c4-5c70a1727929" {{(pid=89505) __call__ /opt/stack/placement/placement/requestlog.py:55}}
May 30 19:40:08.061810 n-d-843680-6 devstack@placement-api.service[89505]: INFO placement.requestlog [req-f5ff95e8-13a9-42f7-a42d-75028b22bd47 req-d8ac3da6-9df0-458d-95c2-736a1b630fc0 service placement] 10.222.0.72 "GET /placement/allocations/b054c768-7224-4521-84c4-5c70a1727929" status: 200 len: 19 microversion: 1.28
May 30 19:40:08.064841 n-d-843680-6 devstack@placement-api.service[89505]: [pid: 89505|app: 0|req: 167/334] 10.222.0.72 () {60 vars in 1380 bytes} [Mon May 30 19:40:08 2022] GET /placement/allocations/b054c768-7224-4521-84c4-5c70a1727929 => generated 19 bytes in 16 msecs (HTTP/1.1 200) 8 headers in 295 bytes (2 switches on core 0)
May 30 19:40:08.067889 n-d-843680-6 devstack@placement-api.service[89505]: DEBUG placement.requestlog [req-f5ff95e8-13a9-42f7-a42d-75028b22bd47 req-de6db2ec-7650-427b-97e7-8e92176faa37 None None] Starting request: 10.222.0.72 "PUT /placement/allocations/b054c768-7224-4521-84c4-5c70a1727929" {{(pid=89505) __call__ /opt/stack/placement/placement/requestlog.py:55}}
May 30 19:40:08.108563 n-d-843680-6 devstack@placement-api.service[89506]: DEBUG placement.handlers.allocation [req-99ba5cf9-29fb-43f8-99a8-4bc25f681684 req-599e1463-8446-414e-998c-f29952d106bf service placement] Successfully wrote allocations [, , ] {{(pid=89506) _create_allocations /opt/stack/placement/placement/handlers/allocation.py:435}}
May 30 19:40:08.109083 n-d-843680-6 devstack@placement-api.service[89506]: INFO placement.requestlog [req-99ba5cf9-29fb-43f8-99a8-4bc25f681684 req-599e1463-8446-414e-998c-f29952d106bf service placement] 10.222.0.81 "PUT /placement/allocations/62987ab9-455b-4451-9d2b-fbf17aa1ca4c" status: 204 len: 0 microversion: 1.28
May 30 19:40:08.109325 n-d-843680-6 devstack@placement-api.service[89506]: [pid: 89506|app: 0|req: 168/335] 10.222.0.81 () {64 vars in 1430 bytes} [Mon May 30 19:40:07 2022] PUT /placement/allocations/62987ab9-455b-4451-9d2b-fbf17aa1ca4c => generated 0 bytes in 195 msecs (HTTP/1.1 204) 5 headers in 199 bytes (2 switches on core 0)
May 30 19:40:08.297151 n-d-843680-6 devstack@placement-api.service[89505]: DEBUG placement.objects.allocation [req-f5ff95e8-13a9-42f7-a42d-75028b22bd47 req-de6db2ec-7650-427b-97e7-8e92176faa37 service placement] Retrying allocations write on resource provider generation conflict {{(pid=89505) replace_all /opt/stack/placement/placement/objects/allocation.py:505}}
May 30 19:40:08.389059 n-d-843680-6 devstack@placement-api.service[89505]: DEBUG placement.handlers.allocation [req-f5ff95e8-13a9-42f7-a42d-75028b22bd47 req-de6db2ec-7650-427b-97e7-8e92176faa37 service placement] Successfully wrote allocations [, , ] {{(pid=89505) _create_allocations /opt/stack/placement/placement/handlers/allocation.py:435}}
May 30 19:40:08.389928 n-d-843680-6 devstack@placement-api.service[89505]: INFO placement.requestlog [req-f5ff95e8-13a9-42f7-a42d-75028b22bd47 req-de6db2ec-7650-427b-97e7-8e92176faa37 service placement] 10.222.0.72 "PUT /placement/allocations/b054c768-7224-4521-84c4-5c70a1727929" status: 204 len: 0 microversion: 1.35
May 30 19:40:08.390889 n-d-843680-6 devstack@placement-api.service[89505]: [pid: 89505|app: 0|req: 168/336] 10.222.0.72 () {64 vars in 1433 bytes} [Mon May 30 19:40:08 2022] PUT /placement/allocations/b054c768-7224-4521-84c4-5c70a1727929 => generated 0 bytes in 323 msecs (HTTP/1.1 204) 5 headers in 199 bytes (1 switches on core 0)
May 30 19:40:08.562777 n-d-843680-6 devstack@placement-api.service[89506]: DEBUG placement.requestlog [req-5838d63e-93d3-4784-a850-477940d613f4 req-c4cc47df-7957-480f-a5a4-78a760ee3acf None None] Starting request: 10.222.0.81 "GET /placement/allocations/3ac395fe-59b2-49c6-88f9-e89c4f882f50" {{(pid=89506) __call__ /opt/stack/placement/placement/requestlog.py:55}}
May 30 19:40:08.594906 n-d-843680-6 devstack@placement-api.service[89506]: INFO placement.requestlog [req-5838d63e-93d3-4784-a850-477940d613f4 req-c4cc47df-7957-480f-a5a4-78a760ee3acf service placement] 10.222.0.81 "GET /placement/allocations/3ac395fe-59b2-49c6-88f9-e89c4f882f50" status: 200 len: 259 microversion: 1.28
May 30 19:40:08.595575 n-d-843680-6 devstack@placement-api.service[89506]: [pid: 89506|app: 0|req: 169/337] 10.222.0.81 () {60 vars in 1377 bytes} [Mon May 30 19:40:08 2022] GET /placement/allocations/3ac395fe-59b2-49c6-88f9-e89c4f882f50 => generated 259 bytes in 33 msecs (HTTP/1.1 200) 8 headers in 296 bytes (1 switches on core 0)
May 30 19:40:08.607974 n-d-843680-6 devstack@placement-api.service[89505]: DEBUG placement.requestlog [req-5838d63e-93d3-4784-a850-477940d613f4 req-6c165ee8-8fd8-40b9-bc00-989ead3f983a None None] Starting request: 10.222.0.81 "PUT /placement/allocations/3ac395fe-59b2-49c6-88f9-e89c4f882f50" {{(pid=89505) __call__ /opt/stack/placement/placement/requestlog.py:55}}
May 30 19:40:08.782661 n-d-843680-6 devstack@placement-api.service[89505]: DEBUG placement.handlers.allocation [req-5838d63e-93d3-4784-a850-477940d613f4 req-6c165ee8-8fd8-40b9-bc00-989ead3f983a service placement] Successfully wrote allocations [, , ] {{(pid=89505) _create_allocations /opt/stack/placement/placement/handlers/allocation.py:435}}
May 30 19:40:08.783171 n-d-843680-6 devstack@placement-api.service[89505]: INFO placement.requestlog [req-5838d63e-93d3-4784-a850-477940d613f4 req-6c165ee8-8fd8-40b9-bc00-989ead3f983a service placement] 10.222.0.81 "PUT /placement/allocations/3ac395fe-59b2-49c6-88f9-e89c4f882f50" status: 204 len: 0 microversion: 1.28
May 30 19:40:08.783772 n-d-843680-6 devstack@placement-api.service[89505]: [pid: 89505|app: 0|req: 169/338] 10.222.0.81 () {64 vars in 1430 bytes} [Mon May 30 19:40:08 2022] PUT /placement/allocations/3ac395fe-59b2-49c6-88f9-e89c4f882f50 => generated 0 bytes in 176 msecs (HTTP/1.1 204) 5 headers in 199 bytes (1 switches on core 0)
May 30 19:40:09.611101 n-d-843680-6 devstack@placement-api.service[89506]: DEBUG placement.requestlog [req-f5ff95e8-13a9-42f7-a42d-75028b22bd47 req-393129ae-8945-4c8b-8009-f8d5c3d00be3 None None] Starting request: 10.222.0.81 "GET /placement/allocations/b054c768-7224-4521-84c4-5c70a1727929" {{(pid=89506) __call__ /opt/stack/placement/placement/requestlog.py:55}}
May 30 19:40:09.632694 n-d-843680-6 devstack@placement-api.service[89506]: INFO placement.requestlog [req-f5ff95e8-13a9-42f7-a42d-75028b22bd47 req-393129ae-8945-4c8b-8009-f8d5c3d00be3 service placement] 10.222.0.81 "GET /placement/allocations/b054c768-7224-4521-84c4-5c70a1727929" status: 200 len: 259 microversion: 1.28
May 30 19:40:09.633746 n-d-843680-6 devstack@placement-api.service[89506]: [pid: 89506|app: 0|req: 170/339] 10.222.0.81 () {60 vars in 1377 bytes} [Mon May 30 19:40:09 2022] GET /placement/allocations/b054c768-7224-4521-84c4-5c70a1727929 => generated 259 bytes in 23 msecs (HTTP/1.1 200) 8 headers in 296 bytes (1 switches on core 0)
May 30 19:40:12.587483 n-d-843680-6 devstack@placement-api.service[89505]: DEBUG placement.requestlog [req-343ae508-0fe1-4bef-b08c-46af905e8ae0 req-22cd1dff-7952-4b5c-8301-0e1171dd8eff None None] Starting request: 10.222.0.81 "GET /placement/allocations/47511ef3-891c-4dc9-badc-bbf35c7d71db" {{(pid=89505) __call__ /opt/stack/placement/placement/requestlog.py:55}}
May 30 19:40:12.608126 n-d-843680-6 devstack@placement-api.service[89505]: INFO placement.requestlog [req-343ae508-0fe1-4bef-b08c-46af905e8ae0 req-22cd1dff-7952-4b5c-8301-0e1171dd8eff service placement] 10.222.0.81 "GET /placement/allocations/47511ef3-891c-4dc9-badc-bbf35c7d71db" status: 200 len: 259 microversion: 1.28
May 30 19:40:12.608126 n-d-843680-6 devstack@placement-api.service[89505]: [pid: 89505|app: 0|req: 170/340] 10.222.0.81 () {60 vars in 1377 bytes} [Mon May 30 19:40:12 2022] GET /placement/allocations/47511ef3-891c-4dc9-badc-bbf35c7d71db => generated 259 bytes in 22 msecs (HTTP/1.1 200) 8 headers in 296 bytes (2 switches on core 0)
May 30 19:40:12.612851 n-d-843680-6 devstack@placement-api.service[89506]: DEBUG placement.requestlog [req-343ae508-0fe1-4bef-b08c-46af905e8ae0 req-71d51842-e0d6-4039-ba5a-e0c1f052e117 None None] Starting request: 10.222.0.81 "PUT /placement/allocations/47511ef3-891c-4dc9-badc-bbf35c7d71db" {{(pid=89506) __call__ /opt/stack/placement/placement/requestlog.py:55}}
May 30 19:40:12.743025 n-d-843680-6 devstack@placement-api.service[89506]: DEBUG placement.handlers.allocation [req-343ae508-0fe1-4bef-b08c-46af905e8ae0 req-71d51842-e0d6-4039-ba5a-e0c1f052e117 service placement] Successfully wrote allocations [, , ] {{(pid=89506) _create_allocations /opt/stack/placement/placement/handlers/allocation.py:435}}
May 30 19:40:12.743665 n-d-843680-6 devstack@placement-api.service[89506]: INFO placement.requestlog [req-343ae508-0fe1-4bef-b08c-46af905e8ae0 req-71d51842-e0d6-4039-ba5a-e0c1f052e117 service placement] 10.222.0.81 "PUT /placement/allocations/47511ef3-891c-4dc9-badc-bbf35c7d71db" status: 204 len: 0 microversion: 1.28
May 30 19:40:12.744196 n-d-843680-6 devstack@placement-api.service[89506]: [pid: 89506|app: 0|req: 171/341] 10.222.0.81 () {64 vars in 1430 bytes} [Mon May 30 19:40:12 2022] PUT /placement/allocations/47511ef3-891c-4dc9-badc-bbf35c7d71db => generated 0 bytes in 139 msecs (HTTP/1.1 204) 5 headers in 199 bytes (1 switches on core 0)
May 30 19:40:12.779611 n-d-843680-6 devstack@placement-api.service[89505]: DEBUG placement.requestlog [None req-64fab036-c90c-4d29-8ffe-d0b055b93a5e None None] Starting request: 10.222.0.72 "GET /placement/resource_providers/7c797e16-3905-4027-b3c9-b1397c8e6c12/aggregates" {{(pid=89505) __call__ /opt/stack/placement/placement/requestlog.py:55}}
May 30 19:40:12.794370 n-d-843680-6 devstack@placement-api.service[89505]: INFO placement.requestlog [None req-64fab036-c90c-4d29-8ffe-d0b055b93a5e service placement] 10.222.0.72 "GET /placement/resource_providers/7c797e16-3905-4027-b3c9-b1397c8e6c12/aggregates" status: 404 len: 235 microversion: 1.1
May 30 19:40:12.796495 n-d-843680-6 devstack@placement-api.service[89505]: [pid: 89505|app: 0|req: 171/342] 10.222.0.72 () {58 vars in 1362 bytes} [Mon May 30 19:40:12 2022] GET /placement/resource_providers/7c797e16-3905-4027-b3c9-b1397c8e6c12/aggregates => generated 235 bytes in 17 msecs (HTTP/1.1 404) 5 headers in 202 bytes (1 switches on core 0)
May 30 19:40:12.848633 n-d-843680-6 devstack@placement-api.service[89506]: DEBUG placement.requestlog [None req-905e7d21-7b8d-4111-98c9-9fd81534609d None None] Starting request: 10.222.0.72 "DELETE /placement/resource_providers/7c797e16-3905-4027-b3c9-b1397c8e6c12" {{(pid=89506) __call__ /opt/stack/placement/placement/requestlog.py:55}}
May 30 19:40:12.863081 n-d-843680-6 devstack@placement-api.service[89506]: DEBUG placement.wsgi_wrapper [None req-905e7d21-7b8d-4111-98c9-9fd81534609d service placement] Placement API returning an error response: No resource provider with uuid 7c797e16-3905-4027-b3c9-b1397c8e6c12 found for delete {{(pid=89506) call_func /opt/stack/placement/placement/wsgi_wrapper.py:31}}
May 30 19:40:12.863081 n-d-843680-6 devstack@placement-api.service[89506]: INFO placement.requestlog [None req-905e7d21-7b8d-4111-98c9-9fd81534609d service placement] 10.222.0.72 "DELETE /placement/resource_providers/7c797e16-3905-4027-b3c9-b1397c8e6c12" status: 404 len: 246 microversion: 1.1
May 30 19:40:12.864058 n-d-843680-6 devstack@placement-api.service[89506]: [pid: 89506|app: 0|req: 172/343] 10.222.0.72 () {60 vars in 1351 bytes} [Mon May 30 19:40:12 2022] DELETE /placement/resource_providers/7c797e16-3905-4027-b3c9-b1397c8e6c12 => generated 246 bytes in 15 msecs (HTTP/1.1 404) 6 headers in 231 bytes (1 switches on core 0)
May 30 19:40:19.511298 n-d-843680-6 devstack@placement-api.service[89505]: DEBUG placement.requestlog [None req-63c233b7-c957-48fc-9169-42cb570875d4 None None] Starting request: 10.222.0.72 "GET /placement/" {{(pid=89505) __call__ /opt/stack/placement/placement/requestlog.py:55}}
May 30 19:40:19.512383 n-d-843680-6 devstack@placement-api.service[89505]: INFO placement.requestlog [None req-63c233b7-c957-48fc-9169-42cb570875d4 None None] 10.222.0.72 "GET /placement/" status: 200 len: 136 microversion: 1.0
May 30 19:40:19.512628 n-d-843680-6 devstack@placement-api.service[89505]: [pid: 89505|app: 0|req: 172/344] 10.222.0.72 () {54 vars in 916 bytes} [Mon May 30 19:40:19 2022] GET /placement => generated 136 bytes in 2 msecs (HTTP/1.1 200) 6 headers in 224 bytes (1 switches on core 0)
May 30 19:40:19.518762 n-d-843680-6 devstack@placement-api.service[89506]: DEBUG placement.requestlog [req-0b597861-4bb3-4751-b8d5-16e00c44c339 req-7678f734-166b-4dde-95e3-dfab32ce1d34 None None] Starting request: 10.222.0.72 "GET /placement/allocations/2502f7d5-ace7-4eb9-9cb1-c49889e230ca" {{(pid=89506) __call__ /opt/stack/placement/placement/requestlog.py:55}}
May 30 19:40:19.608602 n-d-843680-6 devstack@placement-api.service[89506]: INFO placement.requestlog [req-0b597861-4bb3-4751-b8d5-16e00c44c339 req-7678f734-166b-4dde-95e3-dfab32ce1d34 service placement] 10.222.0.72 "GET /placement/allocations/2502f7d5-ace7-4eb9-9cb1-c49889e230ca" status: 200 len: 245 microversion: 1.28
May 30 19:40:19.609407 n-d-843680-6 devstack@placement-api.service[89506]: [pid: 89506|app: 0|req: 173/345] 10.222.0.72 () {60 vars in 1380 bytes} [Mon May 30 19:40:19 2022] GET /placement/allocations/2502f7d5-ace7-4eb9-9cb1-c49889e230ca => generated 245 bytes in 91 msecs (HTTP/1.1 200) 8 headers in 296 bytes (1 switches on core 0)
May 30 19:40:19.617752 n-d-843680-6 devstack@placement-api.service[89505]: DEBUG placement.requestlog [req-0b597861-4bb3-4751-b8d5-16e00c44c339 req-e9dc0dfe-fe9f-4972-bb1a-ba986d331f57 None None] Starting request: 10.222.0.72 "GET /placement/allocations/2502f7d5-ace7-4eb9-9cb1-c49889e230ca" {{(pid=89505) __call__ /opt/stack/placement/placement/requestlog.py:55}}
May 30 19:40:19.648377 n-d-843680-6 devstack@placement-api.service[89505]: INFO placement.requestlog [req-0b597861-4bb3-4751-b8d5-16e00c44c339 req-e9dc0dfe-fe9f-4972-bb1a-ba986d331f57 service placement] 10.222.0.72 "GET /placement/allocations/2502f7d5-ace7-4eb9-9cb1-c49889e230ca" status: 200 len: 245 microversion: 1.28
May 30 19:40:19.658319 n-d-843680-6 devstack@placement-api.service[89506]: DEBUG placement.requestlog [req-0b597861-4bb3-4751-b8d5-16e00c44c339 req-02dd2a73-7aa5-4e8d-a073-f10360f0447d None None] Starting request: 10.222.0.72 "GET /placement/allocations/2ec4aa9b-df18-4caa-9208-615fb27a4745" {{(pid=89506) __call__ /opt/stack/placement/placement/requestlog.py:55}}
May 30 19:40:19.658501 n-d-843680-6 devstack@placement-api.service[89505]: [pid: 89505|app: 0|req: 173/346] 10.222.0.72 () {60 vars in 1380 bytes} [Mon May 30 19:40:19 2022] GET /placement/allocations/2502f7d5-ace7-4eb9-9cb1-c49889e230ca => generated 245 bytes in 41 msecs (HTTP/1.1 200) 8 headers in 296 bytes (1 switches on core 0)
May 30 19:40:19.676253 n-d-843680-6 devstack@placement-api.service[89506]: INFO placement.requestlog [req-0b597861-4bb3-4751-b8d5-16e00c44c339 req-02dd2a73-7aa5-4e8d-a073-f10360f0447d service placement] 10.222.0.72 "GET /placement/allocations/2ec4aa9b-df18-4caa-9208-615fb27a4745" status: 200 len: 19 microversion: 1.28
May 30 19:40:19.676712 n-d-843680-6 devstack@placement-api.service[89506]: [pid: 89506|app: 0|req: 174/347] 10.222.0.72 () {60 vars in 1380 bytes} [Mon May 30 19:40:19 2022] GET /placement/allocations/2ec4aa9b-df18-4caa-9208-615fb27a4745 => generated 19 bytes in 19 msecs (HTTP/1.1 200) 8 headers in 295 bytes (1 switches on core 0)
May 30 19:40:19.683458 n-d-843680-6 devstack@placement-api.service[89505]: DEBUG placement.requestlog [req-0b597861-4bb3-4751-b8d5-16e00c44c339 req-12dd3dd4-2e2a-4647-95b4-214f8dde32de None None] Starting request: 10.222.0.72 "POST /placement/allocations" {{(pid=89505) __call__ /opt/stack/placement/placement/requestlog.py:55}}
May 30 19:40:19.932464 n-d-843680-6 devstack@placement-api.service[89505]: DEBUG placement.handlers.allocation [req-0b597861-4bb3-4751-b8d5-16e00c44c339 req-12dd3dd4-2e2a-4647-95b4-214f8dde32de service placement] Successfully wrote allocations [, , , ] {{(pid=89505) _create_allocations /opt/stack/placement/placement/handlers/allocation.py:524}}
May 30 19:40:19.933102 n-d-843680-6 devstack@placement-api.service[89505]: INFO placement.requestlog [req-0b597861-4bb3-4751-b8d5-16e00c44c339 req-12dd3dd4-2e2a-4647-95b4-214f8dde32de service placement] 10.222.0.72 "POST /placement/allocations" status: 204 len: 0 microversion: 1.28
May 30 19:40:19.933479 n-d-843680-6 devstack@placement-api.service[89505]: [pid: 89505|app: 0|req: 174/348] 10.222.0.72 () {64 vars in 1323 bytes} [Mon May 30 19:40:19 2022] POST /placement/allocations => generated 0 bytes in 250 msecs (HTTP/1.1 204) 5 headers in 199 bytes (1 switches on core 0)
May 30 19:40:19.978323 n-d-843680-6 devstack@placement-api.service[89506]: DEBUG placement.requestlog [req-0b597861-4bb3-4751-b8d5-16e00c44c339 req-c4936f25-e49f-4293-aa6d-73b8e475f745 None None] Starting request: 10.222.0.72 "GET /placement/allocations/2502f7d5-ace7-4eb9-9cb1-c49889e230ca" {{(pid=89506) __call__ /opt/stack/placement/placement/requestlog.py:55}}
May 30 19:40:20.089831 n-d-843680-6 devstack@placement-api.service[89506]: INFO placement.requestlog [req-0b597861-4bb3-4751-b8d5-16e00c44c339 req-c4936f25-e49f-4293-aa6d-73b8e475f745 service placement] 10.222.0.72 "GET /placement/allocations/2502f7d5-ace7-4eb9-9cb1-c49889e230ca" status: 200 len: 19 microversion: 1.28
May 30 19:40:20.090299 n-d-843680-6 devstack@placement-api.service[89506]: [pid: 89506|app: 0|req: 175/349] 10.222.0.72 () {60 vars in 1380 bytes} [Mon May 30 19:40:19 2022] GET /placement/allocations/2502f7d5-ace7-4eb9-9cb1-c49889e230ca => generated 19 bytes in 112 msecs (HTTP/1.1 200) 8 headers in 295 bytes (1 switches on core 0)
May 30 19:40:20.097800 n-d-843680-6 devstack@placement-api.service[89505]: DEBUG placement.requestlog [req-0b597861-4bb3-4751-b8d5-16e00c44c339 req-235d5b84-1ea2-4e7d-a929-1877d955e68a None None] Starting request: 10.222.0.72 "PUT /placement/allocations/2502f7d5-ace7-4eb9-9cb1-c49889e230ca" {{(pid=89505) __call__ /opt/stack/placement/placement/requestlog.py:55}}
May 30 19:40:20.326337 n-d-843680-6 devstack@placement-api.service[89505]: DEBUG placement.handlers.allocation [req-0b597861-4bb3-4751-b8d5-16e00c44c339 req-235d5b84-1ea2-4e7d-a929-1877d955e68a service placement] Successfully wrote allocations [, ] {{(pid=89505) _create_allocations /opt/stack/placement/placement/handlers/allocation.py:435}}
May 30 19:40:20.327434 n-d-843680-6 devstack@placement-api.service[89505]: INFO placement.requestlog [req-0b597861-4bb3-4751-b8d5-16e00c44c339 req-235d5b84-1ea2-4e7d-a929-1877d955e68a service placement] 10.222.0.72 "PUT /placement/allocations/2502f7d5-ace7-4eb9-9cb1-c49889e230ca" status: 204 len: 0 microversion: 1.28
May 30 19:40:20.328215 n-d-843680-6 devstack@placement-api.service[89505]: [pid: 89505|app: 0|req: 175/350] 10.222.0.72 () {64 vars in 1433 bytes} [Mon May 30 19:40:20 2022] PUT /placement/allocations/2502f7d5-ace7-4eb9-9cb1-c49889e230ca => generated 0 bytes in 230 msecs (HTTP/1.1 204) 5 headers in 199 bytes (1 switches on core 0)
May 30 19:40:20.506390 n-d-843680-6 devstack@placement-api.service[89506]: DEBUG placement.requestlog [req-0b597861-4bb3-4751-b8d5-16e00c44c339 req-09609af5-1642-429c-96d4-2bbc60eff5d1 None None] Starting request: 10.222.0.81 "GET /placement/allocations/2502f7d5-ace7-4eb9-9cb1-c49889e230ca" {{(pid=89506) __call__ /opt/stack/placement/placement/requestlog.py:55}}
May 30 19:40:20.525172 n-d-843680-6 devstack@placement-api.service[89506]: INFO placement.requestlog [req-0b597861-4bb3-4751-b8d5-16e00c44c339 req-09609af5-1642-429c-96d4-2bbc60eff5d1 service placement] 10.222.0.81 "GET /placement/allocations/2502f7d5-ace7-4eb9-9cb1-c49889e230ca" status: 200 len: 245 microversion: 1.28
May 30 19:40:20.526257 n-d-843680-6 devstack@placement-api.service[89506]: [pid: 89506|app: 0|req: 176/351] 10.222.0.81 () {60 vars in 1377 bytes} [Mon May 30 19:40:20 2022] GET /placement/allocations/2502f7d5-ace7-4eb9-9cb1-c49889e230ca => generated 245 bytes in 20 msecs (HTTP/1.1 200) 8 headers in 296 bytes (1 switches on core 0)
May 30 19:40:24.011565 n-d-843680-6 devstack@placement-api.service[89505]: DEBUG placement.requestlog [req-88360aae-2e46-4234-86ca-4f9518a4fc4f req-ac928e8b-2e87-4885-ac8b-4f6634447987 None None] Starting request: 10.222.0.72 "GET /placement/allocation_candidates?limit=1000&resources=DISK_GB%3A1%2CMEMORY_MB%3A1024%2CVCPU%3A1&root_required=%21COMPUTE_STATUS_DISABLED" {{(pid=89505) __call__ /opt/stack/placement/placement/requestlog.py:55}}
May 30 19:40:24.045370 n-d-843680-6 devstack@placement-api.service[89505]: DEBUG placement.objects.research_context [req-88360aae-2e46-4234-86ca-4f9518a4fc4f req-ac928e8b-2e87-4885-ac8b-4f6634447987 service placement] getting providers with 1 DISK_GB {{(pid=89505) __init__ /opt/stack/placement/placement/objects/research_context.py:126}}
May 30 19:40:24.054847 n-d-843680-6 devstack@placement-api.service[89505]: DEBUG placement.objects.research_context [req-88360aae-2e46-4234-86ca-4f9518a4fc4f req-ac928e8b-2e87-4885-ac8b-4f6634447987 service placement] getting providers with 1024 MEMORY_MB {{(pid=89505) __init__ /opt/stack/placement/placement/objects/research_context.py:126}}
May 30 19:40:24.061840 n-d-843680-6 devstack@placement-api.service[89505]: DEBUG placement.objects.research_context [req-88360aae-2e46-4234-86ca-4f9518a4fc4f req-ac928e8b-2e87-4885-ac8b-4f6634447987 service placement] getting providers with 1 VCPU {{(pid=89505) __init__ /opt/stack/placement/placement/objects/research_context.py:126}}
May 30 19:40:24.068685 n-d-843680-6 devstack@placement-api.service[89505]: DEBUG placement.objects.research_context [req-88360aae-2e46-4234-86ca-4f9518a4fc4f req-ac928e8b-2e87-4885-ac8b-4f6634447987 service placement] found 2 providers with available 1 DISK_GB {{(pid=89505) get_provider_ids_matching /opt/stack/placement/placement/objects/research_context.py:549}}
May 30 19:40:24.068863 n-d-843680-6 devstack@placement-api.service[89505]: DEBUG placement.objects.research_context [req-88360aae-2e46-4234-86ca-4f9518a4fc4f req-ac928e8b-2e87-4885-ac8b-4f6634447987 service placement] found 2 providers with available 1024 MEMORY_MB {{(pid=89505) get_provider_ids_matching /opt/stack/placement/placement/objects/research_context.py:549}}
May 30 19:40:24.082521 n-d-843680-6 devstack@placement-api.service[89505]: DEBUG placement.objects.research_context [req-88360aae-2e46-4234-86ca-4f9518a4fc4f req-ac928e8b-2e87-4885-ac8b-4f6634447987 service placement] found 2 providers after filtering by previous result {{(pid=89505) get_provider_ids_matching /opt/stack/placement/placement/objects/research_context.py:580}}
May 30 19:40:24.082521 n-d-843680-6 devstack@placement-api.service[89505]: DEBUG placement.objects.research_context [req-88360aae-2e46-4234-86ca-4f9518a4fc4f req-ac928e8b-2e87-4885-ac8b-4f6634447987 service placement] found 2 providers with available 1 VCPU {{(pid=89505) get_provider_ids_matching /opt/stack/placement/placement/objects/research_context.py:549}}
May 30 19:40:24.083023 n-d-843680-6 devstack@placement-api.service[89505]: DEBUG placement.objects.research_context [req-88360aae-2e46-4234-86ca-4f9518a4fc4f req-ac928e8b-2e87-4885-ac8b-4f6634447987 service placement] found 2 providers after filtering by previous result {{(pid=89505) get_provider_ids_matching /opt/stack/placement/placement/objects/research_context.py:580}}
May 30 19:40:24.137307 n-d-843680-6 devstack@placement-api.service[89505]: DEBUG placement.objects.allocation_candidate [req-88360aae-2e46-4234-86ca-4f9518a4fc4f req-ac928e8b-2e87-4885-ac8b-4f6634447987 service placement] RequestGroup(use_same_provider=False, resources={DISK_GB:1, MEMORY_MB:1024, VCPU:1}, traits=[], aggregates=[]) (suffix '') returned 2 matches {{(pid=89505) _get_by_requests /opt/stack/placement/placement/objects/allocation_candidate.py:145}}
May 30 19:40:24.137686 n-d-843680-6 devstack@placement-api.service[89505]: DEBUG placement.objects.allocation_candidate [req-88360aae-2e46-4234-86ca-4f9518a4fc4f req-ac928e8b-2e87-4885-ac8b-4f6634447987 service placement] Merging candidates yields 2 allocation requests and 2 provider summaries {{(pid=89505) _merge_candidates /opt/stack/placement/placement/objects/allocation_candidate.py:783}}
May 30 19:40:24.139363 n-d-843680-6 devstack@placement-api.service[89505]: INFO placement.requestlog [req-88360aae-2e46-4234-86ca-4f9518a4fc4f req-ac928e8b-2e87-4885-ac8b-4f6634447987 service placement] 10.222.0.72 "GET /placement/allocation_candidates?limit=1000&resources=DISK_GB%3A1%2CMEMORY_MB%3A1024%2CVCPU%3A1&root_required=%21COMPUTE_STATUS_DISABLED" status: 200 len: 1309 microversion: 1.35
May 30 19:40:24.153563 n-d-843680-6 devstack@placement-api.service[89505]: [pid: 89505|app: 0|req: 176/352] 10.222.0.72 () {60 vars in 1506 bytes} [Mon May 30 19:40:24 2022] GET /placement/allocation_candidates?limit=1000&resources=DISK_GB%3A1%2CMEMORY_MB%3A1024%2CVCPU%3A1&root_required=%21COMPUTE_STATUS_DISABLED => generated 1309 bytes in 142 msecs (HTTP/1.1 200) 8 headers in 297 bytes (1 switches on core 0)
May 30 19:40:24.215252 n-d-843680-6 devstack@placement-api.service[89506]: DEBUG placement.requestlog [req-88360aae-2e46-4234-86ca-4f9518a4fc4f req-bdd55d9e-bda8-443a-aa1b-e8dbaca1bf52 None None] Starting request: 10.222.0.72 "GET /placement/allocations/1a2b7520-9a02-4103-bcf2-9b61e833101b" {{(pid=89506) __call__ /opt/stack/placement/placement/requestlog.py:55}}
May 30 19:40:24.229980 n-d-843680-6 devstack@placement-api.service[89506]: INFO placement.requestlog [req-88360aae-2e46-4234-86ca-4f9518a4fc4f req-bdd55d9e-bda8-443a-aa1b-e8dbaca1bf52 service placement] 10.222.0.72 "GET /placement/allocations/1a2b7520-9a02-4103-bcf2-9b61e833101b" status: 200 len: 19 microversion: 1.28
May 30 19:40:24.235314 n-d-843680-6 devstack@placement-api.service[89506]: [pid: 89506|app: 0|req: 177/353] 10.222.0.72 () {60 vars in 1380 bytes} [Mon May 30 19:40:24 2022] GET /placement/allocations/1a2b7520-9a02-4103-bcf2-9b61e833101b => generated 19 bytes in 21 msecs (HTTP/1.1 200) 8 headers in 295 bytes (1 switches on core 0)
May 30 19:40:24.239298 n-d-843680-6 devstack@placement-api.service[89505]: DEBUG placement.requestlog [req-88360aae-2e46-4234-86ca-4f9518a4fc4f req-a02f4c9c-0cdc-4169-8297-cc51cec4c8e4 None None] Starting request: 10.222.0.72 "PUT /placement/allocations/1a2b7520-9a02-4103-bcf2-9b61e833101b" {{(pid=89505) __call__ /opt/stack/placement/placement/requestlog.py:55}}
May 30 19:40:24.680216 n-d-843680-6 devstack@placement-api.service[89505]: DEBUG placement.handlers.allocation [req-88360aae-2e46-4234-86ca-4f9518a4fc4f req-a02f4c9c-0cdc-4169-8297-cc51cec4c8e4 service placement] Successfully wrote allocations [, , ] {{(pid=89505) _create_allocations /opt/stack/placement/placement/handlers/allocation.py:435}}
May 30 19:40:24.680440 n-d-843680-6 devstack@placement-api.service[89505]: INFO placement.requestlog [req-88360aae-2e46-4234-86ca-4f9518a4fc4f req-a02f4c9c-0cdc-4169-8297-cc51cec4c8e4 service placement] 10.222.0.72 "PUT /placement/allocations/1a2b7520-9a02-4103-bcf2-9b61e833101b" status: 204 len: 0 microversion: 1.35
May 30 19:40:24.680993 n-d-843680-6 devstack@placement-api.service[89505]: [pid: 89505|app: 0|req: 177/354] 10.222.0.72 () {64 vars in 1433 bytes} [Mon May 30 19:40:24 2022] PUT /placement/allocations/1a2b7520-9a02-4103-bcf2-9b61e833101b => generated 0 bytes in 443 msecs (HTTP/1.1 204) 5 headers in 199 bytes (1 switches on core 0)
May 30 19:40:25.893574 n-d-843680-6 devstack@placement-api.service[89506]: DEBUG placement.requestlog [req-88360aae-2e46-4234-86ca-4f9518a4fc4f req-aae2126c-4060-4c77-b070-8396c58d3fba None None] Starting request: 10.222.0.81 "GET /placement/allocations/1a2b7520-9a02-4103-bcf2-9b61e833101b" {{(pid=89506) __call__ /opt/stack/placement/placement/requestlog.py:55}}
May 30 19:40:25.926498 n-d-843680-6 devstack@placement-api.service[89506]: INFO placement.requestlog [req-88360aae-2e46-4234-86ca-4f9518a4fc4f req-aae2126c-4060-4c77-b070-8396c58d3fba service placement] 10.222.0.81 "GET /placement/allocations/1a2b7520-9a02-4103-bcf2-9b61e833101b" status: 200 len: 259 microversion: 1.28
May 30 19:40:25.933702 n-d-843680-6 devstack@placement-api.service[89506]: [pid: 89506|app: 0|req: 178/355] 10.222.0.81 () {60 vars in 1377 bytes} [Mon May 30 19:40:25 2022] GET /placement/allocations/1a2b7520-9a02-4103-bcf2-9b61e833101b => generated 259 bytes in 45 msecs (HTTP/1.1 200) 8 headers in 296 bytes (1 switches on core 0)
May 30 19:40:26.076047 n-d-843680-6 devstack@placement-api.service[89505]: DEBUG placement.requestlog [req-fcf888e3-fb54-4623-98f3-f2a4b713bbaf req-f7853e10-bc2a-4474-b615-95bb98c4c277 None None] Starting request: 10.222.0.81 "GET /placement/resource_providers/f9afbecc-389a-4d3a-b200-053cb9e2790c/allocations" {{(pid=89505) __call__ /opt/stack/placement/placement/requestlog.py:55}}
May 30 19:40:26.118607 n-d-843680-6 devstack@placement-api.service[89505]: INFO placement.requestlog [req-fcf888e3-fb54-4623-98f3-f2a4b713bbaf req-f7853e10-bc2a-4474-b615-95bb98c4c277 service placement] 10.222.0.81 "GET /placement/resource_providers/f9afbecc-389a-4d3a-b200-053cb9e2790c/allocations" status: 200 len: 631 microversion: 1.0
May 30 19:40:26.118830 n-d-843680-6 devstack@placement-api.service[89505]: [pid: 89505|app: 0|req: 178/356] 10.222.0.81 () {58 vars in 1390 bytes} [Mon May 30 19:40:26 2022] GET /placement/resource_providers/f9afbecc-389a-4d3a-b200-053cb9e2790c/allocations => generated 631 bytes in 43 msecs (HTTP/1.1 200) 6 headers in 224 bytes (1 switches on core 0)
May 30 19:40:31.339660 n-d-843680-6 devstack@placement-api.service[89506]: DEBUG placement.requestlog [req-6990f128-286e-4db4-a416-a80bbd604597 req-3360d843-752d-4a46-9038-8b974294257e None None] Starting request: 10.222.0.79 "GET /placement/resource_providers/754e8a75-4dca-4f24-b307-b3b004a4854e/allocations" {{(pid=89506) __call__ /opt/stack/placement/placement/requestlog.py:55}}
May 30 19:40:31.375846 n-d-843680-6 devstack@placement-api.service[89506]: INFO placement.requestlog [req-6990f128-286e-4db4-a416-a80bbd604597 req-3360d843-752d-4a46-9038-8b974294257e service placement] 10.222.0.79 "GET /placement/resource_providers/754e8a75-4dca-4f24-b307-b3b004a4854e/allocations" status: 200 len: 833 microversion: 1.0
May 30 19:40:31.376278 n-d-843680-6 devstack@placement-api.service[89506]: [pid: 89506|app: 0|req: 179/357] 10.222.0.79 () {58 vars in 1390 bytes} [Mon May 30 19:40:31 2022] GET /placement/resource_providers/754e8a75-4dca-4f24-b307-b3b004a4854e/allocations => generated 833 bytes in 37 msecs (HTTP/1.1 200) 6 headers in 224 bytes (1 switches on core 0)
May 30 19:40:38.997051 n-d-843680-6 devstack@placement-api.service[89505]: DEBUG placement.requestlog [None req-e24d0888-815c-4d64-8544-32c4c20c925b None None] Starting request: 10.222.0.72 "GET /placement/" {{(pid=89505) __call__ /opt/stack/placement/placement/requestlog.py:55}}
May 30 19:40:38.998141 n-d-843680-6 devstack@placement-api.service[89505]: INFO placement.requestlog [None req-e24d0888-815c-4d64-8544-32c4c20c925b None None] 10.222.0.72 "GET /placement/" status: 200 len: 136 microversion: 1.0
May 30 19:40:38.999518 n-d-843680-6 devstack@placement-api.service[89505]: [pid: 89505|app: 0|req: 179/358] 10.222.0.72 () {54 vars in 916 bytes} [Mon May 30 19:40:38 2022] GET /placement => generated 136 bytes in 3 msecs (HTTP/1.1 200) 6 headers in 224 bytes (1 switches on core 0)
May 30 19:40:39.005182 n-d-843680-6 devstack@placement-api.service[89506]: DEBUG placement.requestlog [req-9751b952-6489-4ed8-8815-1762ed5b9a06 req-b6624972-c8b0-407b-af8e-b4ed03149a86 None None] Starting request: 10.222.0.72 "GET /placement/allocations/8e99a41f-9095-4507-ac2e-0d2066485532" {{(pid=89506) __call__ /opt/stack/placement/placement/requestlog.py:55}}
May 30 19:40:39.105181 n-d-843680-6 devstack@placement-api.service[89506]: INFO placement.requestlog [req-9751b952-6489-4ed8-8815-1762ed5b9a06 req-b6624972-c8b0-407b-af8e-b4ed03149a86 service placement] 10.222.0.72 "GET /placement/allocations/8e99a41f-9095-4507-ac2e-0d2066485532" status: 200 len: 245 microversion: 1.28
May 30 19:40:39.106664 n-d-843680-6 devstack@placement-api.service[89506]: [pid: 89506|app: 0|req: 180/359] 10.222.0.72 () {60 vars in 1380 bytes} [Mon May 30 19:40:39 2022] GET /placement/allocations/8e99a41f-9095-4507-ac2e-0d2066485532 => generated 245 bytes in 101 msecs (HTTP/1.1 200) 8 headers in 296 bytes (1 switches on core 0)
May 30 19:40:39.112326 n-d-843680-6 devstack@placement-api.service[89505]: DEBUG placement.requestlog [req-9751b952-6489-4ed8-8815-1762ed5b9a06 req-e4453f66-4a96-4050-a4e4-593467bb8ec4 None None] Starting request: 10.222.0.72 "GET /placement/allocations/8e99a41f-9095-4507-ac2e-0d2066485532" {{(pid=89505) __call__ /opt/stack/placement/placement/requestlog.py:55}}
May 30 19:40:39.142759 n-d-843680-6 devstack@placement-api.service[89505]: INFO placement.requestlog [req-9751b952-6489-4ed8-8815-1762ed5b9a06 req-e4453f66-4a96-4050-a4e4-593467bb8ec4 service placement] 10.222.0.72 "GET /placement/allocations/8e99a41f-9095-4507-ac2e-0d2066485532" status: 200 len: 245 microversion: 1.28
May 30 19:40:39.151632 n-d-843680-6 devstack@placement-api.service[89506]: DEBUG placement.requestlog [req-9751b952-6489-4ed8-8815-1762ed5b9a06 req-f39c58c4-a077-49a5-a882-e6acfcdc183e None None] Starting request: 10.222.0.72 "GET /placement/allocations/8464a80e-12ce-4f38-8d57-60efbaadcf27" {{(pid=89506) __call__ /opt/stack/placement/placement/requestlog.py:55}}
May 30 19:40:39.157869 n-d-843680-6 devstack@placement-api.service[89505]: [pid: 89505|app: 0|req: 180/360] 10.222.0.72 () {60 vars in 1380 bytes} [Mon May 30 19:40:39 2022] GET /placement/allocations/8e99a41f-9095-4507-ac2e-0d2066485532 => generated 245 bytes in 38 msecs (HTTP/1.1 200) 8 headers in 296 bytes (1 switches on core 0)
May 30 19:40:39.171610 n-d-843680-6 devstack@placement-api.service[89506]: INFO placement.requestlog [req-9751b952-6489-4ed8-8815-1762ed5b9a06 req-f39c58c4-a077-49a5-a882-e6acfcdc183e service placement] 10.222.0.72 "GET /placement/allocations/8464a80e-12ce-4f38-8d57-60efbaadcf27" status: 200 len: 19 microversion: 1.28
May 30 19:40:39.172259 n-d-843680-6 devstack@placement-api.service[89506]: [pid: 89506|app: 0|req: 181/361] 10.222.0.72 () {60 vars in 1380 bytes} [Mon May 30 19:40:39 2022] GET /placement/allocations/8464a80e-12ce-4f38-8d57-60efbaadcf27 => generated 19 bytes in 21 msecs (HTTP/1.1 200) 8 headers in 295 bytes (1 switches on core 0)
May 30 19:40:39.181906 n-d-843680-6 devstack@placement-api.service[89505]: DEBUG placement.requestlog [req-9751b952-6489-4ed8-8815-1762ed5b9a06 req-36ce3e11-9db0-43ac-86b6-5120411a27aa None None] Starting request: 10.222.0.72 "POST /placement/allocations" {{(pid=89505) __call__ /opt/stack/placement/placement/requestlog.py:55}}
May 30 19:40:39.469304 n-d-843680-6 devstack@placement-api.service[89505]: DEBUG placement.handlers.allocation [req-9751b952-6489-4ed8-8815-1762ed5b9a06 req-36ce3e11-9db0-43ac-86b6-5120411a27aa service placement] Successfully wrote allocations [, , , ] {{(pid=89505) _create_allocations /opt/stack/placement/placement/handlers/allocation.py:524}}
May 30 19:40:39.469441 n-d-843680-6 devstack@placement-api.service[89505]: INFO placement.requestlog [req-9751b952-6489-4ed8-8815-1762ed5b9a06 req-36ce3e11-9db0-43ac-86b6-5120411a27aa service placement] 10.222.0.72 "POST /placement/allocations" status: 204 len: 0 microversion: 1.28
May 30 19:40:39.469694 n-d-843680-6 devstack@placement-api.service[89505]: [pid: 89505|app: 0|req: 181/362] 10.222.0.72 () {64 vars in 1323 bytes} [Mon May 30 19:40:39 2022] POST /placement/allocations => generated 0 bytes in 288 msecs (HTTP/1.1 204) 5 headers in 199 bytes (1 switches on core 0)
May 30 19:40:39.513743 n-d-843680-6 devstack@placement-api.service[89506]: DEBUG placement.requestlog [req-9751b952-6489-4ed8-8815-1762ed5b9a06 req-a4aab82e-39ba-43ec-b814-6411fba31b7e None None] Starting request: 10.222.0.72 "GET /placement/allocations/8e99a41f-9095-4507-ac2e-0d2066485532" {{(pid=89506) __call__ /opt/stack/placement/placement/requestlog.py:55}}
May 30 19:40:39.527691 n-d-843680-6 devstack@placement-api.service[89506]: INFO placement.requestlog [req-9751b952-6489-4ed8-8815-1762ed5b9a06 req-a4aab82e-39ba-43ec-b814-6411fba31b7e service placement] 10.222.0.72 "GET /placement/allocations/8e99a41f-9095-4507-ac2e-0d2066485532" status: 200 len: 19 microversion: 1.28
May 30 19:40:39.527691 n-d-843680-6 devstack@placement-api.service[89506]: [pid: 89506|app: 0|req: 182/363] 10.222.0.72 () {60 vars in 1380 bytes} [Mon May 30 19:40:39 2022] GET /placement/allocations/8e99a41f-9095-4507-ac2e-0d2066485532 => generated 19 bytes in 14 msecs (HTTP/1.1 200) 8 headers in 295 bytes (2 switches on core 0)
May 30 19:40:39.534143 n-d-843680-6 devstack@placement-api.service[89505]: DEBUG placement.requestlog [req-9751b952-6489-4ed8-8815-1762ed5b9a06 req-b0922a4d-1dd5-4c4b-aae1-e29f5127071e None None] Starting request: 10.222.0.72 "PUT /placement/allocations/8e99a41f-9095-4507-ac2e-0d2066485532" {{(pid=89505) __call__ /opt/stack/placement/placement/requestlog.py:55}}
May 30 19:40:39.844668 n-d-843680-6 devstack@placement-api.service[89505]: DEBUG placement.handlers.allocation [req-9751b952-6489-4ed8-8815-1762ed5b9a06 req-b0922a4d-1dd5-4c4b-aae1-e29f5127071e service placement] Successfully wrote allocations [, ] {{(pid=89505) _create_allocations /opt/stack/placement/placement/handlers/allocation.py:435}}
May 30 19:40:39.848101 n-d-843680-6 devstack@placement-api.service[89505]: INFO placement.requestlog [req-9751b952-6489-4ed8-8815-1762ed5b9a06 req-b0922a4d-1dd5-4c4b-aae1-e29f5127071e service placement] 10.222.0.72 "PUT /placement/allocations/8e99a41f-9095-4507-ac2e-0d2066485532" status: 204 len: 0 microversion: 1.28
May 30 19:40:39.848101 n-d-843680-6 devstack@placement-api.service[89505]: [pid: 89505|app: 0|req: 182/364] 10.222.0.72 () {64 vars in 1433 bytes} [Mon May 30 19:40:39 2022] PUT /placement/allocations/8e99a41f-9095-4507-ac2e-0d2066485532 => generated 0 bytes in 313 msecs (HTTP/1.1 204) 5 headers in 199 bytes (1 switches on core 0)
May 30 19:40:40.033902 n-d-843680-6 devstack@placement-api.service[89506]: DEBUG placement.requestlog [req-9751b952-6489-4ed8-8815-1762ed5b9a06 req-c3d91dcc-b3a9-4bfa-9cbc-c0491e882831 None None] Starting request: 10.222.0.79 "GET /placement/allocations/8e99a41f-9095-4507-ac2e-0d2066485532" {{(pid=89506) __call__ /opt/stack/placement/placement/requestlog.py:55}}
