May 27 21:47:49.639559 n-d-843678-2 devstack@placement-api.service[88816]: INFO placement.requestlog [req-9e2953b8-9a97-45e5-a45e-7cf1399fa812 req-24b69f7b-a476-4cf8-87aa-6913a5997700 service placement] 10.222.0.42 "GET /placement/resource_providers/4a2cdc50-9049-42ff-a96b-5e6f8496f325/aggregates" status: 200 len: 92 microversion: 1.19
May 27 21:47:49.642210 n-d-843678-2 devstack@placement-api.service[88816]: [pid: 88816|app: 0|req: 31/64] 10.222.0.42 () {60 vars in 1425 bytes} [Fri May 27 21:47:49 2022] GET /placement/resource_providers/4a2cdc50-9049-42ff-a96b-5e6f8496f325/aggregates => generated 92 bytes in 15 msecs (HTTP/1.1 200) 8 headers in 295 bytes (2 switches on core 0)
May 27 21:47:49.649991 n-d-843678-2 devstack@placement-api.service[88815]: DEBUG placement.requestlog [req-9e2953b8-9a97-45e5-a45e-7cf1399fa812 req-bec43d89-c3da-418c-9495-5d8b1614e07c None None] Starting request: 10.222.0.42 "PUT /placement/resource_providers/4a2cdc50-9049-42ff-a96b-5e6f8496f325/aggregates" {{(pid=88815) __call__ /opt/stack/placement/placement/requestlog.py:55}}
May 27 21:47:49.669591 n-d-843678-2 devstack@placement-api.service[88815]: DEBUG placement.objects.resource_provider [req-9e2953b8-9a97-45e5-a45e-7cf1399fa812 req-bec43d89-c3da-418c-9495-5d8b1614e07c service placement] Setting aggregates for provider 4a2cdc50-9049-42ff-a96b-5e6f8496f325. Successfully disassociated aggregate 0c7d8076-c555-4e81-8c34-5d3a826b187e. {{(pid=88815) _set_aggregates /opt/stack/placement/placement/objects/resource_provider.py:402}}
May 27 21:47:49.676422 n-d-843678-2 devstack@placement-api.service[88815]: INFO placement.requestlog [req-9e2953b8-9a97-45e5-a45e-7cf1399fa812 req-bec43d89-c3da-418c-9495-5d8b1614e07c service placement] 10.222.0.42 "PUT /placement/resource_providers/4a2cdc50-9049-42ff-a96b-5e6f8496f325/aggregates" status: 200 len: 54 microversion: 1.19
May 27 21:47:49.677055 n-d-843678-2 devstack@placement-api.service[88815]: [pid: 88815|app: 0|req: 34/65] 10.222.0.42 () {64 vars in 1477 bytes} [Fri May 27 21:47:49 2022] PUT /placement/resource_providers/4a2cdc50-9049-42ff-a96b-5e6f8496f325/aggregates => generated 54 bytes in 28 msecs (HTTP/1.1 200) 8 headers in 295 bytes (1 switches on core 0)
May 27 21:47:50.014881 n-d-843678-2 devstack@placement-api.service[88816]: DEBUG placement.requestlog [req-a8826c09-eda0-4ac6-bb37-778673d90536 req-a14e3231-b6b3-489e-9803-5de737df9c19 None None] Starting request: 10.222.0.42 "GET /placement/resource_providers?name=n-h1-843678-2" {{(pid=88816) __call__ /opt/stack/placement/placement/requestlog.py:55}}
May 27 21:47:50.026143 n-d-843678-2 devstack@placement-api.service[88816]: INFO placement.requestlog [req-a8826c09-eda0-4ac6-bb37-778673d90536 req-a14e3231-b6b3-489e-9803-5de737df9c19 service placement] 10.222.0.42 "GET /placement/resource_providers?name=n-h1-843678-2" status: 200 len: 441 microversion: 1.0
May 27 21:47:50.026661 n-d-843678-2 devstack@placement-api.service[88816]: [pid: 88816|app: 0|req: 32/66] 10.222.0.42 () {58 vars in 1274 bytes} [Fri May 27 21:47:50 2022] GET /placement/resource_providers?name=n-h1-843678-2 => generated 441 bytes in 12 msecs (HTTP/1.1 200) 6 headers in 224 bytes (1 switches on core 0)
May 27 21:47:50.033089 n-d-843678-2 devstack@placement-api.service[88815]: DEBUG placement.requestlog [req-a8826c09-eda0-4ac6-bb37-778673d90536 req-afaf9197-f46a-4576-a6e4-2ed5e1fa6611 None None] Starting request: 10.222.0.42 "GET /placement/resource_providers/4a2cdc50-9049-42ff-a96b-5e6f8496f325/aggregates" {{(pid=88815) __call__ /opt/stack/placement/placement/requestlog.py:55}}
May 27 21:47:50.047232 n-d-843678-2 devstack@placement-api.service[88815]: INFO placement.requestlog [req-a8826c09-eda0-4ac6-bb37-778673d90536 req-afaf9197-f46a-4576-a6e4-2ed5e1fa6611 service placement] 10.222.0.42 "GET /placement/resource_providers/4a2cdc50-9049-42ff-a96b-5e6f8496f325/aggregates" status: 200 len: 54 microversion: 1.19
May 27 21:47:50.047768 n-d-843678-2 devstack@placement-api.service[88815]: [pid: 88815|app: 0|req: 35/67] 10.222.0.42 () {60 vars in 1425 bytes} [Fri May 27 21:47:50 2022] GET /placement/resource_providers/4a2cdc50-9049-42ff-a96b-5e6f8496f325/aggregates => generated 54 bytes in 15 msecs (HTTP/1.1 200) 8 headers in 295 bytes (1 switches on core 0)
May 27 21:47:50.054709 n-d-843678-2 devstack@placement-api.service[88816]: DEBUG placement.requestlog [req-a8826c09-eda0-4ac6-bb37-778673d90536 req-dd2f724f-a050-4f9a-bb04-a12945b4fd50 None None] Starting request: 10.222.0.42 "PUT /placement/resource_providers/4a2cdc50-9049-42ff-a96b-5e6f8496f325/aggregates" {{(pid=88816) __call__ /opt/stack/placement/placement/requestlog.py:55}}
May 27 21:47:50.068841 n-d-843678-2 devstack@placement-api.service[88816]: DEBUG placement.objects.resource_provider [req-a8826c09-eda0-4ac6-bb37-778673d90536 req-dd2f724f-a050-4f9a-bb04-a12945b4fd50 service placement] _ensure_aggregate() did not find aggregate a8771133-f175-45d9-93ac-3e7eeafabcb4. Attempting to create it. {{(pid=88816) _ensure_aggregate /opt/stack/placement/placement/objects/resource_provider.py:319}}
May 27 21:47:50.070296 n-d-843678-2 devstack@placement-api.service[88816]: DEBUG placement.objects.resource_provider [req-a8826c09-eda0-4ac6-bb37-778673d90536 req-dd2f724f-a050-4f9a-bb04-a12945b4fd50 service placement] _ensure_aggregate() created new aggregate a8771133-f175-45d9-93ac-3e7eeafabcb4 (id=4). {{(pid=88816) _ensure_aggregate /opt/stack/placement/placement/objects/resource_provider.py:325}}
May 27 21:47:50.071368 n-d-843678-2 devstack@placement-api.service[88816]: DEBUG placement.objects.resource_provider [req-a8826c09-eda0-4ac6-bb37-778673d90536 req-dd2f724f-a050-4f9a-bb04-a12945b4fd50 service placement] Setting aggregates for provider 4a2cdc50-9049-42ff-a96b-5e6f8496f325. Successfully associated aggregate a8771133-f175-45d9-93ac-3e7eeafabcb4. {{(pid=88816) _set_aggregates /opt/stack/placement/placement/objects/resource_provider.py:387}}
May 27 21:47:50.078005 n-d-843678-2 devstack@placement-api.service[88816]: INFO placement.requestlog [req-a8826c09-eda0-4ac6-bb37-778673d90536 req-dd2f724f-a050-4f9a-bb04-a12945b4fd50 service placement] 10.222.0.42 "PUT /placement/resource_providers/4a2cdc50-9049-42ff-a96b-5e6f8496f325/aggregates" status: 200 len: 92 microversion: 1.19
May 27 21:47:50.078310 n-d-843678-2 devstack@placement-api.service[88816]: [pid: 88816|app: 0|req: 33/68] 10.222.0.42 () {64 vars in 1477 bytes} [Fri May 27 21:47:50 2022] PUT /placement/resource_providers/4a2cdc50-9049-42ff-a96b-5e6f8496f325/aggregates => generated 92 bytes in 24 msecs (HTTP/1.1 200) 8 headers in 295 bytes (1 switches on core 0)
May 27 21:47:50.157131 n-d-843678-2 devstack@placement-api.service[88815]: DEBUG placement.requestlog [req-9a9e8a49-c961-4b0c-8970-15a5ebd0465d req-de00c876-3386-4429-bfcf-8cb7976bb33a None None] Starting request: 10.222.0.42 "GET /placement/resource_providers?name=n-h1-843678-2" {{(pid=88815) __call__ /opt/stack/placement/placement/requestlog.py:55}}
May 27 21:47:50.168598 n-d-843678-2 devstack@placement-api.service[88815]: INFO placement.requestlog [req-9a9e8a49-c961-4b0c-8970-15a5ebd0465d req-de00c876-3386-4429-bfcf-8cb7976bb33a service placement] 10.222.0.42 "GET /placement/resource_providers?name=n-h1-843678-2" status: 200 len: 441 microversion: 1.0
May 27 21:47:50.169127 n-d-843678-2 devstack@placement-api.service[88815]: [pid: 88815|app: 0|req: 36/69] 10.222.0.42 () {58 vars in 1274 bytes} [Fri May 27 21:47:50 2022] GET /placement/resource_providers?name=n-h1-843678-2 => generated 441 bytes in 12 msecs (HTTP/1.1 200) 6 headers in 224 bytes (1 switches on core 0)
May 27 21:47:50.177342 n-d-843678-2 devstack@placement-api.service[88816]: DEBUG placement.requestlog [req-9a9e8a49-c961-4b0c-8970-15a5ebd0465d req-344f2048-356d-460c-b759-853f5520588d None None] Starting request: 10.222.0.42 "GET /placement/resource_providers/4a2cdc50-9049-42ff-a96b-5e6f8496f325/aggregates" {{(pid=88816) __call__ /opt/stack/placement/placement/requestlog.py:55}}
May 27 21:47:50.191400 n-d-843678-2 devstack@placement-api.service[88816]: INFO placement.requestlog [req-9a9e8a49-c961-4b0c-8970-15a5ebd0465d req-344f2048-356d-460c-b759-853f5520588d service placement] 10.222.0.42 "GET /placement/resource_providers/4a2cdc50-9049-42ff-a96b-5e6f8496f325/aggregates" status: 200 len: 92 microversion: 1.19
May 27 21:47:50.191619 n-d-843678-2 devstack@placement-api.service[88816]: [pid: 88816|app: 0|req: 34/70] 10.222.0.42 () {60 vars in 1425 bytes} [Fri May 27 21:47:50 2022] GET /placement/resource_providers/4a2cdc50-9049-42ff-a96b-5e6f8496f325/aggregates => generated 92 bytes in 14 msecs (HTTP/1.1 200) 8 headers in 295 bytes (1 switches on core 0)
May 27 21:47:50.198795 n-d-843678-2 devstack@placement-api.service[88815]: DEBUG placement.requestlog [req-9a9e8a49-c961-4b0c-8970-15a5ebd0465d req-9db3c1df-6db2-486c-9e30-5eeceadbeec8 None None] Starting request: 10.222.0.42 "PUT /placement/resource_providers/4a2cdc50-9049-42ff-a96b-5e6f8496f325/aggregates" {{(pid=88815) __call__ /opt/stack/placement/placement/requestlog.py:55}}
May 27 21:47:50.227688 n-d-843678-2 devstack@placement-api.service[88815]: DEBUG placement.objects.resource_provider [req-9a9e8a49-c961-4b0c-8970-15a5ebd0465d req-9db3c1df-6db2-486c-9e30-5eeceadbeec8 service placement] Setting aggregates for provider 4a2cdc50-9049-42ff-a96b-5e6f8496f325. Successfully disassociated aggregate a8771133-f175-45d9-93ac-3e7eeafabcb4. {{(pid=88815) _set_aggregates /opt/stack/placement/placement/objects/resource_provider.py:402}}
May 27 21:47:50.235361 n-d-843678-2 devstack@placement-api.service[88815]: INFO placement.requestlog [req-9a9e8a49-c961-4b0c-8970-15a5ebd0465d req-9db3c1df-6db2-486c-9e30-5eeceadbeec8 service placement] 10.222.0.42 "PUT /placement/resource_providers/4a2cdc50-9049-42ff-a96b-5e6f8496f325/aggregates" status: 200 len: 54 microversion: 1.19
May 27 21:47:50.235672 n-d-843678-2 devstack@placement-api.service[88815]: [pid: 88815|app: 0|req: 37/71] 10.222.0.42 () {64 vars in 1477 bytes} [Fri May 27 21:47:50 2022] PUT /placement/resource_providers/4a2cdc50-9049-42ff-a96b-5e6f8496f325/aggregates => generated 54 bytes in 37 msecs (HTTP/1.1 200) 8 headers in 295 bytes (1 switches on core 0)
May 27 21:47:50.597166 n-d-843678-2 devstack@placement-api.service[88816]: DEBUG placement.requestlog [req-ce870e21-e9eb-42b9-874b-1cf217cd5701 req-df088b32-a16f-4d9c-a7f1-eadca4422ef2 None None] Starting request: 10.222.0.42 "GET /placement/resource_providers?name=n-h1-843678-2" {{(pid=88816) __call__ /opt/stack/placement/placement/requestlog.py:55}}
May 27 21:47:50.609338 n-d-843678-2 devstack@placement-api.service[88816]: INFO placement.requestlog [req-ce870e21-e9eb-42b9-874b-1cf217cd5701 req-df088b32-a16f-4d9c-a7f1-eadca4422ef2 service placement] 10.222.0.42 "GET /placement/resource_providers?name=n-h1-843678-2" status: 200 len: 441 microversion: 1.0
May 27 21:47:50.609642 n-d-843678-2 devstack@placement-api.service[88816]: [pid: 88816|app: 0|req: 35/72] 10.222.0.42 () {58 vars in 1274 bytes} [Fri May 27 21:47:50 2022] GET /placement/resource_providers?name=n-h1-843678-2 => generated 441 bytes in 13 msecs (HTTP/1.1 200) 6 headers in 224 bytes (1 switches on core 0)
May 27 21:47:50.616753 n-d-843678-2 devstack@placement-api.service[88815]: DEBUG placement.requestlog [req-ce870e21-e9eb-42b9-874b-1cf217cd5701 req-248d872f-54c1-45ab-aa37-efb7a65cd324 None None] Starting request: 10.222.0.42 "GET /placement/resource_providers/4a2cdc50-9049-42ff-a96b-5e6f8496f325/aggregates" {{(pid=88815) __call__ /opt/stack/placement/placement/requestlog.py:55}}
May 27 21:47:50.638625 n-d-843678-2 devstack@placement-api.service[88815]: INFO placement.requestlog [req-ce870e21-e9eb-42b9-874b-1cf217cd5701 req-248d872f-54c1-45ab-aa37-efb7a65cd324 service placement] 10.222.0.42 "GET /placement/resource_providers/4a2cdc50-9049-42ff-a96b-5e6f8496f325/aggregates" status: 200 len: 54 microversion: 1.19
May 27 21:47:50.639277 n-d-843678-2 devstack@placement-api.service[88815]: [pid: 88815|app: 0|req: 38/73] 10.222.0.42 () {60 vars in 1425 bytes} [Fri May 27 21:47:50 2022] GET /placement/resource_providers/4a2cdc50-9049-42ff-a96b-5e6f8496f325/aggregates => generated 54 bytes in 23 msecs (HTTP/1.1 200) 8 headers in 295 bytes (1 switches on core 0)
May 27 21:47:50.648680 n-d-843678-2 devstack@placement-api.service[88816]: DEBUG placement.requestlog [req-ce870e21-e9eb-42b9-874b-1cf217cd5701 req-041a90c3-d7e3-4012-aae6-d2eb16ee9c9e None None] Starting request: 10.222.0.42 "PUT /placement/resource_providers/4a2cdc50-9049-42ff-a96b-5e6f8496f325/aggregates" {{(pid=88816) __call__ /opt/stack/placement/placement/requestlog.py:55}}
May 27 21:47:50.665884 n-d-843678-2 devstack@placement-api.service[88816]: DEBUG placement.objects.resource_provider [req-ce870e21-e9eb-42b9-874b-1cf217cd5701 req-041a90c3-d7e3-4012-aae6-d2eb16ee9c9e service placement] _ensure_aggregate() did not find aggregate 881abdad-c6a6-411b-803f-cbef7b6c8e59. Attempting to create it. {{(pid=88816) _ensure_aggregate /opt/stack/placement/placement/objects/resource_provider.py:319}}
May 27 21:47:50.667150 n-d-843678-2 devstack@placement-api.service[88816]: DEBUG placement.objects.resource_provider [req-ce870e21-e9eb-42b9-874b-1cf217cd5701 req-041a90c3-d7e3-4012-aae6-d2eb16ee9c9e service placement] _ensure_aggregate() created new aggregate 881abdad-c6a6-411b-803f-cbef7b6c8e59 (id=5). {{(pid=88816) _ensure_aggregate /opt/stack/placement/placement/objects/resource_provider.py:325}}
May 27 21:47:50.671481 n-d-843678-2 devstack@placement-api.service[88816]: DEBUG placement.objects.resource_provider [req-ce870e21-e9eb-42b9-874b-1cf217cd5701 req-041a90c3-d7e3-4012-aae6-d2eb16ee9c9e service placement] Setting aggregates for provider 4a2cdc50-9049-42ff-a96b-5e6f8496f325. Successfully associated aggregate 881abdad-c6a6-411b-803f-cbef7b6c8e59. {{(pid=88816) _set_aggregates /opt/stack/placement/placement/objects/resource_provider.py:387}}
May 27 21:47:50.677812 n-d-843678-2 devstack@placement-api.service[88816]: INFO placement.requestlog [req-ce870e21-e9eb-42b9-874b-1cf217cd5701 req-041a90c3-d7e3-4012-aae6-d2eb16ee9c9e service placement] 10.222.0.42 "PUT /placement/resource_providers/4a2cdc50-9049-42ff-a96b-5e6f8496f325/aggregates" status: 200 len: 92 microversion: 1.19
May 27 21:47:50.678030 n-d-843678-2 devstack@placement-api.service[88816]: [pid: 88816|app: 0|req: 36/74] 10.222.0.42 () {64 vars in 1477 bytes} [Fri May 27 21:47:50 2022] PUT /placement/resource_providers/4a2cdc50-9049-42ff-a96b-5e6f8496f325/aggregates => generated 92 bytes in 30 msecs (HTTP/1.1 200) 8 headers in 295 bytes (1 switches on core 0)
May 27 21:47:50.803046 n-d-843678-2 devstack@placement-api.service[88815]: DEBUG placement.requestlog [req-2ae3654b-5513-4cfe-89a2-93449b4ffa97 req-aaea9a99-4db6-43ee-9909-175b27b76759 None None] Starting request: 10.222.0.42 "GET /placement/resource_providers?name=n-h1-843678-2" {{(pid=88815) __call__ /opt/stack/placement/placement/requestlog.py:55}}
May 27 21:47:50.816512 n-d-843678-2 devstack@placement-api.service[88815]: INFO placement.requestlog [req-2ae3654b-5513-4cfe-89a2-93449b4ffa97 req-aaea9a99-4db6-43ee-9909-175b27b76759 service placement] 10.222.0.42 "GET /placement/resource_providers?name=n-h1-843678-2" status: 200 len: 441 microversion: 1.0
May 27 21:47:50.816794 n-d-843678-2 devstack@placement-api.service[88815]: [pid: 88815|app: 0|req: 39/75] 10.222.0.42 () {58 vars in 1274 bytes} [Fri May 27 21:47:50 2022] GET /placement/resource_providers?name=n-h1-843678-2 => generated 441 bytes in 14 msecs (HTTP/1.1 200) 6 headers in 224 bytes (1 switches on core 0)
May 27 21:47:50.825346 n-d-843678-2 devstack@placement-api.service[88816]: DEBUG placement.requestlog [req-2ae3654b-5513-4cfe-89a2-93449b4ffa97 req-2a10ddc7-1a1b-4b48-8980-e281d8759de1 None None] Starting request: 10.222.0.42 "GET /placement/resource_providers/4a2cdc50-9049-42ff-a96b-5e6f8496f325/aggregates" {{(pid=88816) __call__ /opt/stack/placement/placement/requestlog.py:55}}
May 27 21:47:50.840927 n-d-843678-2 devstack@placement-api.service[88816]: INFO placement.requestlog [req-2ae3654b-5513-4cfe-89a2-93449b4ffa97 req-2a10ddc7-1a1b-4b48-8980-e281d8759de1 service placement] 10.222.0.42 "GET /placement/resource_providers/4a2cdc50-9049-42ff-a96b-5e6f8496f325/aggregates" status: 200 len: 92 microversion: 1.19
May 27 21:47:50.841157 n-d-843678-2 devstack@placement-api.service[88816]: [pid: 88816|app: 0|req: 37/76] 10.222.0.42 () {60 vars in 1425 bytes} [Fri May 27 21:47:50 2022] GET /placement/resource_providers/4a2cdc50-9049-42ff-a96b-5e6f8496f325/aggregates => generated 92 bytes in 16 msecs (HTTP/1.1 200) 8 headers in 295 bytes (1 switches on core 0)
May 27 21:47:50.850741 n-d-843678-2 devstack@placement-api.service[88815]: DEBUG placement.requestlog [req-2ae3654b-5513-4cfe-89a2-93449b4ffa97 req-a2070f69-ce78-47a2-a302-c4ccee54d32d None None] Starting request: 10.222.0.42 "PUT /placement/resource_providers/4a2cdc50-9049-42ff-a96b-5e6f8496f325/aggregates" {{(pid=88815) __call__ /opt/stack/placement/placement/requestlog.py:55}}
May 27 21:47:50.869071 n-d-843678-2 devstack@placement-api.service[88815]: DEBUG placement.objects.resource_provider [req-2ae3654b-5513-4cfe-89a2-93449b4ffa97 req-a2070f69-ce78-47a2-a302-c4ccee54d32d service placement] Setting aggregates for provider 4a2cdc50-9049-42ff-a96b-5e6f8496f325. Successfully disassociated aggregate 881abdad-c6a6-411b-803f-cbef7b6c8e59. {{(pid=88815) _set_aggregates /opt/stack/placement/placement/objects/resource_provider.py:402}}
May 27 21:47:50.875215 n-d-843678-2 devstack@placement-api.service[88815]: INFO placement.requestlog [req-2ae3654b-5513-4cfe-89a2-93449b4ffa97 req-a2070f69-ce78-47a2-a302-c4ccee54d32d service placement] 10.222.0.42 "PUT /placement/resource_providers/4a2cdc50-9049-42ff-a96b-5e6f8496f325/aggregates" status: 200 len: 54 microversion: 1.19
May 27 21:47:50.875665 n-d-843678-2 devstack@placement-api.service[88815]: [pid: 88815|app: 0|req: 40/77] 10.222.0.42 () {64 vars in 1477 bytes} [Fri May 27 21:47:50 2022] PUT /placement/resource_providers/4a2cdc50-9049-42ff-a96b-5e6f8496f325/aggregates => generated 54 bytes in 26 msecs (HTTP/1.1 200) 8 headers in 295 bytes (2 switches on core 0)
May 27 21:47:51.564156 n-d-843678-2 devstack@placement-api.service[88816]: DEBUG placement.requestlog [req-df15ac77-6e3e-4a43-86cd-06e5ce904c75 req-de207a01-e719-4ef6-b6fa-ecd6526e2124 None None] Starting request: 10.222.0.42 "GET /placement/resource_providers?name=n-h1-843678-2" {{(pid=88816) __call__ /opt/stack/placement/placement/requestlog.py:55}}
May 27 21:47:51.576674 n-d-843678-2 devstack@placement-api.service[88816]: INFO placement.requestlog [req-df15ac77-6e3e-4a43-86cd-06e5ce904c75 req-de207a01-e719-4ef6-b6fa-ecd6526e2124 service placement] 10.222.0.42 "GET /placement/resource_providers?name=n-h1-843678-2" status: 200 len: 441 microversion: 1.0
May 27 21:47:51.581586 n-d-843678-2 devstack@placement-api.service[88816]: [pid: 88816|app: 0|req: 38/78] 10.222.0.42 () {58 vars in 1274 bytes} [Fri May 27 21:47:51 2022] GET /placement/resource_providers?name=n-h1-843678-2 => generated 441 bytes in 17 msecs (HTTP/1.1 200) 6 headers in 224 bytes (1 switches on core 0)
May 27 21:47:51.585466 n-d-843678-2 devstack@placement-api.service[88815]: DEBUG placement.requestlog [req-df15ac77-6e3e-4a43-86cd-06e5ce904c75 req-a6048da0-752b-45dc-9dcb-d79fd71f19b8 None None] Starting request: 10.222.0.42 "GET /placement/resource_providers/4a2cdc50-9049-42ff-a96b-5e6f8496f325/aggregates" {{(pid=88815) __call__ /opt/stack/placement/placement/requestlog.py:55}}
May 27 21:47:51.607117 n-d-843678-2 devstack@placement-api.service[88815]: INFO placement.requestlog [req-df15ac77-6e3e-4a43-86cd-06e5ce904c75 req-a6048da0-752b-45dc-9dcb-d79fd71f19b8 service placement] 10.222.0.42 "GET /placement/resource_providers/4a2cdc50-9049-42ff-a96b-5e6f8496f325/aggregates" status: 200 len: 54 microversion: 1.19
May 27 21:47:51.607347 n-d-843678-2 devstack@placement-api.service[88815]: [pid: 88815|app: 0|req: 41/79] 10.222.0.42 () {60 vars in 1425 bytes} [Fri May 27 21:47:51 2022] GET /placement/resource_providers/4a2cdc50-9049-42ff-a96b-5e6f8496f325/aggregates => generated 54 bytes in 23 msecs (HTTP/1.1 200) 8 headers in 295 bytes (2 switches on core 0)
May 27 21:47:51.615553 n-d-843678-2 devstack@placement-api.service[88816]: DEBUG placement.requestlog [req-df15ac77-6e3e-4a43-86cd-06e5ce904c75 req-a97a2e50-f780-4076-b511-f65fdff476a7 None None] Starting request: 10.222.0.42 "PUT /placement/resource_providers/4a2cdc50-9049-42ff-a96b-5e6f8496f325/aggregates" {{(pid=88816) __call__ /opt/stack/placement/placement/requestlog.py:55}}
May 27 21:47:51.638256 n-d-843678-2 devstack@placement-api.service[88816]: DEBUG placement.objects.resource_provider [req-df15ac77-6e3e-4a43-86cd-06e5ce904c75 req-a97a2e50-f780-4076-b511-f65fdff476a7 service placement] _ensure_aggregate() did not find aggregate 34f3854b-569d-426d-9f37-be5501ed575d. Attempting to create it. {{(pid=88816) _ensure_aggregate /opt/stack/placement/placement/objects/resource_provider.py:319}}
May 27 21:47:51.640411 n-d-843678-2 devstack@placement-api.service[88816]: DEBUG placement.objects.resource_provider [req-df15ac77-6e3e-4a43-86cd-06e5ce904c75 req-a97a2e50-f780-4076-b511-f65fdff476a7 service placement] _ensure_aggregate() created new aggregate 34f3854b-569d-426d-9f37-be5501ed575d (id=6). {{(pid=88816) _ensure_aggregate /opt/stack/placement/placement/objects/resource_provider.py:325}}
May 27 21:47:51.641810 n-d-843678-2 devstack@placement-api.service[88816]: DEBUG placement.objects.resource_provider [req-df15ac77-6e3e-4a43-86cd-06e5ce904c75 req-a97a2e50-f780-4076-b511-f65fdff476a7 service placement] Setting aggregates for provider 4a2cdc50-9049-42ff-a96b-5e6f8496f325. Successfully associated aggregate 34f3854b-569d-426d-9f37-be5501ed575d. {{(pid=88816) _set_aggregates /opt/stack/placement/placement/objects/resource_provider.py:387}}
May 27 21:47:51.649778 n-d-843678-2 devstack@placement-api.service[88816]: INFO placement.requestlog [req-df15ac77-6e3e-4a43-86cd-06e5ce904c75 req-a97a2e50-f780-4076-b511-f65fdff476a7 service placement] 10.222.0.42 "PUT /placement/resource_providers/4a2cdc50-9049-42ff-a96b-5e6f8496f325/aggregates" status: 200 len: 92 microversion: 1.19
May 27 21:47:51.650964 n-d-843678-2 devstack@placement-api.service[88816]: [pid: 88816|app: 0|req: 39/80] 10.222.0.42 () {64 vars in 1477 bytes} [Fri May 27 21:47:51 2022] PUT /placement/resource_providers/4a2cdc50-9049-42ff-a96b-5e6f8496f325/aggregates => generated 92 bytes in 36 msecs (HTTP/1.1 200) 8 headers in 295 bytes (1 switches on core 0)
May 27 21:47:51.800687 n-d-843678-2 devstack@placement-api.service[88815]: DEBUG placement.requestlog [req-0c12c3d4-a0ee-4d8a-bc92-5a645546d451 req-23c6dada-fbb1-455e-988c-f4905f1a9a40 None None] Starting request: 10.222.0.42 "GET /placement/resource_providers?name=n-h1-843678-2" {{(pid=88815) __call__ /opt/stack/placement/placement/requestlog.py:55}}
May 27 21:47:51.815406 n-d-843678-2 devstack@placement-api.service[88815]: INFO placement.requestlog [req-0c12c3d4-a0ee-4d8a-bc92-5a645546d451 req-23c6dada-fbb1-455e-988c-f4905f1a9a40 service placement] 10.222.0.42 "GET /placement/resource_providers?name=n-h1-843678-2" status: 200 len: 441 microversion: 1.0
May 27 21:47:51.816730 n-d-843678-2 devstack@placement-api.service[88815]: [pid: 88815|app: 0|req: 42/81] 10.222.0.42 () {58 vars in 1274 bytes} [Fri May 27 21:47:51 2022] GET /placement/resource_providers?name=n-h1-843678-2 => generated 441 bytes in 17 msecs (HTTP/1.1 200) 6 headers in 224 bytes (1 switches on core 0)
May 27 21:47:51.823168 n-d-843678-2 devstack@placement-api.service[88816]: DEBUG placement.requestlog [req-0c12c3d4-a0ee-4d8a-bc92-5a645546d451 req-678d9def-e352-422f-8091-f826c56cc006 None None] Starting request: 10.222.0.42 "GET /placement/resource_providers/4a2cdc50-9049-42ff-a96b-5e6f8496f325/aggregates" {{(pid=88816) __call__ /opt/stack/placement/placement/requestlog.py:55}}
May 27 21:47:51.838724 n-d-843678-2 devstack@placement-api.service[88816]: INFO placement.requestlog [req-0c12c3d4-a0ee-4d8a-bc92-5a645546d451 req-678d9def-e352-422f-8091-f826c56cc006 service placement] 10.222.0.42 "GET /placement/resource_providers/4a2cdc50-9049-42ff-a96b-5e6f8496f325/aggregates" status: 200 len: 92 microversion: 1.19
May 27 21:47:51.839921 n-d-843678-2 devstack@placement-api.service[88816]: [pid: 88816|app: 0|req: 40/82] 10.222.0.42 () {60 vars in 1425 bytes} [Fri May 27 21:47:51 2022] GET /placement/resource_providers/4a2cdc50-9049-42ff-a96b-5e6f8496f325/aggregates => generated 92 bytes in 16 msecs (HTTP/1.1 200) 8 headers in 295 bytes (1 switches on core 0)
May 27 21:47:51.846068 n-d-843678-2 devstack@placement-api.service[88815]: DEBUG placement.requestlog [req-0c12c3d4-a0ee-4d8a-bc92-5a645546d451 req-144d8d98-d0d6-49d5-9928-e49a5bf34568 None None] Starting request: 10.222.0.42 "PUT /placement/resource_providers/4a2cdc50-9049-42ff-a96b-5e6f8496f325/aggregates" {{(pid=88815) __call__ /opt/stack/placement/placement/requestlog.py:55}}
May 27 21:47:51.860670 n-d-843678-2 devstack@placement-api.service[88815]: DEBUG placement.objects.resource_provider [req-0c12c3d4-a0ee-4d8a-bc92-5a645546d451 req-144d8d98-d0d6-49d5-9928-e49a5bf34568 service placement] Setting aggregates for provider 4a2cdc50-9049-42ff-a96b-5e6f8496f325. Successfully disassociated aggregate 34f3854b-569d-426d-9f37-be5501ed575d. {{(pid=88815) _set_aggregates /opt/stack/placement/placement/objects/resource_provider.py:402}}
May 27 21:47:51.867502 n-d-843678-2 devstack@placement-api.service[88815]: INFO placement.requestlog [req-0c12c3d4-a0ee-4d8a-bc92-5a645546d451 req-144d8d98-d0d6-49d5-9928-e49a5bf34568 service placement] 10.222.0.42 "PUT /placement/resource_providers/4a2cdc50-9049-42ff-a96b-5e6f8496f325/aggregates" status: 200 len: 54 microversion: 1.19
May 27 21:47:51.868616 n-d-843678-2 devstack@placement-api.service[88815]: [pid: 88815|app: 0|req: 43/83] 10.222.0.42 () {64 vars in 1477 bytes} [Fri May 27 21:47:51 2022] PUT /placement/resource_providers/4a2cdc50-9049-42ff-a96b-5e6f8496f325/aggregates => generated 54 bytes in 23 msecs (HTTP/1.1 200) 8 headers in 295 bytes (1 switches on core 0)
May 27 21:47:53.048095 n-d-843678-2 devstack@placement-api.service[88816]: DEBUG placement.requestlog [req-1a98275e-ff29-4e7a-8d1d-29556e8dc0f9 req-d89845c5-2d64-461d-8b9d-65c2d5922660 None None] Starting request: 10.222.0.42 "GET /placement/resource_providers?name=n-h1-843678-2" {{(pid=88816) __call__ /opt/stack/placement/placement/requestlog.py:55}}
May 27 21:47:53.069062 n-d-843678-2 devstack@placement-api.service[88816]: INFO placement.requestlog [req-1a98275e-ff29-4e7a-8d1d-29556e8dc0f9 req-d89845c5-2d64-461d-8b9d-65c2d5922660 service placement] 10.222.0.42 "GET /placement/resource_providers?name=n-h1-843678-2" status: 200 len: 441 microversion: 1.0
May 27 21:47:53.085360 n-d-843678-2 devstack@placement-api.service[88816]: [pid: 88816|app: 0|req: 41/84] 10.222.0.42 () {58 vars in 1274 bytes} [Fri May 27 21:47:53 2022] GET /placement/resource_providers?name=n-h1-843678-2 => generated 441 bytes in 37 msecs (HTTP/1.1 200) 6 headers in 224 bytes (1 switches on core 0)
May 27 21:47:53.087215 n-d-843678-2 devstack@placement-api.service[88815]: DEBUG placement.requestlog [req-1a98275e-ff29-4e7a-8d1d-29556e8dc0f9 req-5bbcbdfd-7fe9-4613-98e3-acc6e8b16af2 None None] Starting request: 10.222.0.42 "GET /placement/resource_providers/4a2cdc50-9049-42ff-a96b-5e6f8496f325/aggregates" {{(pid=88815) __call__ /opt/stack/placement/placement/requestlog.py:55}}
May 27 21:47:53.104361 n-d-843678-2 devstack@placement-api.service[88815]: INFO placement.requestlog [req-1a98275e-ff29-4e7a-8d1d-29556e8dc0f9 req-5bbcbdfd-7fe9-4613-98e3-acc6e8b16af2 service placement] 10.222.0.42 "GET /placement/resource_providers/4a2cdc50-9049-42ff-a96b-5e6f8496f325/aggregates" status: 200 len: 54 microversion: 1.19
May 27 21:47:53.104948 n-d-843678-2 devstack@placement-api.service[88815]: [pid: 88815|app: 0|req: 44/85] 10.222.0.42 () {60 vars in 1425 bytes} [Fri May 27 21:47:53 2022] GET /placement/resource_providers/4a2cdc50-9049-42ff-a96b-5e6f8496f325/aggregates => generated 54 bytes in 18 msecs (HTTP/1.1 200) 8 headers in 295 bytes (1 switches on core 0)
May 27 21:47:53.112409 n-d-843678-2 devstack@placement-api.service[88816]: DEBUG placement.requestlog [req-1a98275e-ff29-4e7a-8d1d-29556e8dc0f9 req-84c12399-965f-4f4a-8b64-c95015199fa5 None None] Starting request: 10.222.0.42 "PUT /placement/resource_providers/4a2cdc50-9049-42ff-a96b-5e6f8496f325/aggregates" {{(pid=88816) __call__ /opt/stack/placement/placement/requestlog.py:55}}
May 27 21:47:53.128736 n-d-843678-2 devstack@placement-api.service[88816]: DEBUG placement.objects.resource_provider [req-1a98275e-ff29-4e7a-8d1d-29556e8dc0f9 req-84c12399-965f-4f4a-8b64-c95015199fa5 service placement] _ensure_aggregate() did not find aggregate 99cd4963-92a6-4532-bcdb-180e81306222. Attempting to create it. {{(pid=88816) _ensure_aggregate /opt/stack/placement/placement/objects/resource_provider.py:319}}
May 27 21:47:53.130610 n-d-843678-2 devstack@placement-api.service[88816]: DEBUG placement.objects.resource_provider [req-1a98275e-ff29-4e7a-8d1d-29556e8dc0f9 req-84c12399-965f-4f4a-8b64-c95015199fa5 service placement] _ensure_aggregate() created new aggregate 99cd4963-92a6-4532-bcdb-180e81306222 (id=7). {{(pid=88816) _ensure_aggregate /opt/stack/placement/placement/objects/resource_provider.py:325}}
May 27 21:47:53.132066 n-d-843678-2 devstack@placement-api.service[88816]: DEBUG placement.objects.resource_provider [req-1a98275e-ff29-4e7a-8d1d-29556e8dc0f9 req-84c12399-965f-4f4a-8b64-c95015199fa5 service placement] Setting aggregates for provider 4a2cdc50-9049-42ff-a96b-5e6f8496f325. Successfully associated aggregate 99cd4963-92a6-4532-bcdb-180e81306222. {{(pid=88816) _set_aggregates /opt/stack/placement/placement/objects/resource_provider.py:387}}
May 27 21:47:53.140507 n-d-843678-2 devstack@placement-api.service[88816]: INFO placement.requestlog [req-1a98275e-ff29-4e7a-8d1d-29556e8dc0f9 req-84c12399-965f-4f4a-8b64-c95015199fa5 service placement] 10.222.0.42 "PUT /placement/resource_providers/4a2cdc50-9049-42ff-a96b-5e6f8496f325/aggregates" status: 200 len: 92 microversion: 1.19
May 27 21:47:53.161307 n-d-843678-2 devstack@placement-api.service[88816]: [pid: 88816|app: 0|req: 42/86] 10.222.0.42 () {64 vars in 1477 bytes} [Fri May 27 21:47:53 2022] PUT /placement/resource_providers/4a2cdc50-9049-42ff-a96b-5e6f8496f325/aggregates => generated 92 bytes in 33 msecs (HTTP/1.1 200) 8 headers in 295 bytes (2 switches on core 0)
May 27 21:47:53.230723 n-d-843678-2 devstack@placement-api.service[88815]: DEBUG placement.requestlog [req-976a8f5a-ed0f-40b9-969d-3ea1d13e2d22 req-0f50dbbd-e1d0-41f7-9f4a-a84ae3095f4e None None] Starting request: 10.222.0.42 "GET /placement/resource_providers?name=n-h1-843678-2" {{(pid=88815) __call__ /opt/stack/placement/placement/requestlog.py:55}}
May 27 21:47:53.243589 n-d-843678-2 devstack@placement-api.service[88815]: INFO placement.requestlog [req-976a8f5a-ed0f-40b9-969d-3ea1d13e2d22 req-0f50dbbd-e1d0-41f7-9f4a-a84ae3095f4e service placement] 10.222.0.42 "GET /placement/resource_providers?name=n-h1-843678-2" status: 200 len: 441 microversion: 1.0
May 27 21:47:53.247489 n-d-843678-2 devstack@placement-api.service[88815]: [pid: 88815|app: 0|req: 45/87] 10.222.0.42 () {58 vars in 1274 bytes} [Fri May 27 21:47:53 2022] GET /placement/resource_providers?name=n-h1-843678-2 => generated 441 bytes in 17 msecs (HTTP/1.1 200) 6 headers in 224 bytes (1 switches on core 0)
May 27 21:47:53.250889 n-d-843678-2 devstack@placement-api.service[88816]: DEBUG placement.requestlog [req-976a8f5a-ed0f-40b9-969d-3ea1d13e2d22 req-9cbd5ec1-07eb-4aa6-b74b-00fa9b4bff42 None None] Starting request: 10.222.0.42 "GET /placement/resource_providers/4a2cdc50-9049-42ff-a96b-5e6f8496f325/aggregates" {{(pid=88816) __call__ /opt/stack/placement/placement/requestlog.py:55}}
May 27 21:47:53.282229 n-d-843678-2 devstack@placement-api.service[88816]: INFO placement.requestlog [req-976a8f5a-ed0f-40b9-969d-3ea1d13e2d22 req-9cbd5ec1-07eb-4aa6-b74b-00fa9b4bff42 service placement] 10.222.0.42 "GET /placement/resource_providers/4a2cdc50-9049-42ff-a96b-5e6f8496f325/aggregates" status: 200 len: 92 microversion: 1.19
May 27 21:47:53.288042 n-d-843678-2 devstack@placement-api.service[88816]: [pid: 88816|app: 0|req: 43/88] 10.222.0.42 () {60 vars in 1425 bytes} [Fri May 27 21:47:53 2022] GET /placement/resource_providers/4a2cdc50-9049-42ff-a96b-5e6f8496f325/aggregates => generated 92 bytes in 37 msecs (HTTP/1.1 200) 8 headers in 295 bytes (1 switches on core 0)
May 27 21:47:53.290465 n-d-843678-2 devstack@placement-api.service[88815]: DEBUG placement.requestlog [req-976a8f5a-ed0f-40b9-969d-3ea1d13e2d22 req-43732bd0-4010-45dd-b49a-7669ac89675d None None] Starting request: 10.222.0.42 "PUT /placement/resource_providers/4a2cdc50-9049-42ff-a96b-5e6f8496f325/aggregates" {{(pid=88815) __call__ /opt/stack/placement/placement/requestlog.py:55}}
May 27 21:47:53.314189 n-d-843678-2 devstack@placement-api.service[88815]: DEBUG placement.objects.resource_provider [req-976a8f5a-ed0f-40b9-969d-3ea1d13e2d22 req-43732bd0-4010-45dd-b49a-7669ac89675d service placement] Setting aggregates for provider 4a2cdc50-9049-42ff-a96b-5e6f8496f325. Successfully disassociated aggregate 99cd4963-92a6-4532-bcdb-180e81306222. {{(pid=88815) _set_aggregates /opt/stack/placement/placement/objects/resource_provider.py:402}}
May 27 21:47:53.333593 n-d-843678-2 devstack@placement-api.service[88815]: INFO placement.requestlog [req-976a8f5a-ed0f-40b9-969d-3ea1d13e2d22 req-43732bd0-4010-45dd-b49a-7669ac89675d service placement] 10.222.0.42 "PUT /placement/resource_providers/4a2cdc50-9049-42ff-a96b-5e6f8496f325/aggregates" status: 200 len: 54 microversion: 1.19
May 27 21:47:53.340089 n-d-843678-2 devstack@placement-api.service[88815]: [pid: 88815|app: 0|req: 46/89] 10.222.0.42 () {64 vars in 1477 bytes} [Fri May 27 21:47:53 2022] PUT /placement/resource_providers/4a2cdc50-9049-42ff-a96b-5e6f8496f325/aggregates => generated 54 bytes in 50 msecs (HTTP/1.1 200) 8 headers in 295 bytes (2 switches on core 0)
May 27 21:47:54.702949 n-d-843678-2 devstack@placement-api.service[88816]: DEBUG placement.requestlog [req-7ecf408c-b97c-4975-bf86-8abc80b8dca1 req-687c6441-290a-44fb-8093-664c969e21cf None None] Starting request: 10.222.0.40 "GET /placement/resource_providers/4a2cdc50-9049-42ff-a96b-5e6f8496f325/allocations" {{(pid=88816) __call__ /opt/stack/placement/placement/requestlog.py:55}}
May 27 21:47:54.740687 n-d-843678-2 devstack@placement-api.service[88816]: INFO placement.requestlog [req-7ecf408c-b97c-4975-bf86-8abc80b8dca1 req-687c6441-290a-44fb-8093-664c969e21cf service placement] 10.222.0.40 "GET /placement/resource_providers/4a2cdc50-9049-42ff-a96b-5e6f8496f325/allocations" status: 200 len: 255 microversion: 1.0
May 27 21:47:54.741247 n-d-843678-2 devstack@placement-api.service[88816]: [pid: 88816|app: 0|req: 44/90] 10.222.0.40 () {58 vars in 1390 bytes} [Fri May 27 21:47:54 2022] GET /placement/resource_providers/4a2cdc50-9049-42ff-a96b-5e6f8496f325/allocations => generated 255 bytes in 38 msecs (HTTP/1.1 200) 6 headers in 224 bytes (1 switches on core 0)
May 27 21:47:55.232248 n-d-843678-2 devstack@placement-api.service[88815]: DEBUG placement.requestlog [req-ce2b6e03-9923-45f2-bb76-09f055e6b1f1 req-bff8dd05-57ad-4d2f-976c-27587f7a0a14 None None] Starting request: 10.222.0.32 "GET /placement/allocations/4d4ad2d5-ecab-4c09-a644-ed1a6659e0fc" {{(pid=88815) __call__ /opt/stack/placement/placement/requestlog.py:55}}
May 27 21:47:55.258453 n-d-843678-2 devstack@placement-api.service[88815]: INFO placement.requestlog [req-ce2b6e03-9923-45f2-bb76-09f055e6b1f1 req-bff8dd05-57ad-4d2f-976c-27587f7a0a14 service placement] 10.222.0.32 "GET /placement/allocations/4d4ad2d5-ecab-4c09-a644-ed1a6659e0fc" status: 200 len: 258 microversion: 1.28
May 27 21:47:55.260244 n-d-843678-2 devstack@placement-api.service[88815]: [pid: 88815|app: 0|req: 47/91] 10.222.0.32 () {60 vars in 1377 bytes} [Fri May 27 21:47:55 2022] GET /placement/allocations/4d4ad2d5-ecab-4c09-a644-ed1a6659e0fc => generated 258 bytes in 28 msecs (HTTP/1.1 200) 8 headers in 296 bytes (1 switches on core 0)
May 27 21:47:56.236555 n-d-843678-2 devstack@placement-api.service[88816]: DEBUG placement.requestlog [req-a6be28e6-8615-466b-a1f2-f2d71f7ab4ec req-d7ddca19-d803-4821-8ad9-4c4981ebfc7a None None] Starting request: 10.222.0.32 "GET /placement/resource_providers/8a8110bc-7242-4767-8370-bbb2411c3aa0/allocations" {{(pid=88816) __call__ /opt/stack/placement/placement/requestlog.py:55}}
May 27 21:47:56.297813 n-d-843678-2 devstack@placement-api.service[88816]: INFO placement.requestlog [req-a6be28e6-8615-466b-a1f2-f2d71f7ab4ec req-d7ddca19-d803-4821-8ad9-4c4981ebfc7a service placement] 10.222.0.32 "GET /placement/resource_providers/8a8110bc-7242-4767-8370-bbb2411c3aa0/allocations" status: 200 len: 153 microversion: 1.0
May 27 21:47:56.297813 n-d-843678-2 devstack@placement-api.service[88816]: [pid: 88816|app: 0|req: 45/92] 10.222.0.32 () {58 vars in 1390 bytes} [Fri May 27 21:47:56 2022] GET /placement/resource_providers/8a8110bc-7242-4767-8370-bbb2411c3aa0/allocations => generated 153 bytes in 62 msecs (HTTP/1.1 200) 6 headers in 224 bytes (1 switches on core 0)
May 27 21:47:57.698542 n-d-843678-2 devstack@placement-api.service[88815]: DEBUG placement.requestlog [req-8430737e-33c9-4f97-8080-94f917b4fa36 req-0ab93950-3191-4a86-a965-a6e9e43306b1 None None] Starting request: 10.222.0.42 "GET /placement/allocation_candidates?limit=1000&resources=DISK_GB%3A1%2CMEMORY_MB%3A1024%2CVCPU%3A1&root_required=%21COMPUTE_STATUS_DISABLED" {{(pid=88815) __call__ /opt/stack/placement/placement/requestlog.py:55}}
May 27 21:47:57.794151 n-d-843678-2 devstack@placement-api.service[88815]: DEBUG placement.objects.research_context [req-8430737e-33c9-4f97-8080-94f917b4fa36 req-0ab93950-3191-4a86-a965-a6e9e43306b1 service placement] getting providers with 1 DISK_GB {{(pid=88815) __init__ /opt/stack/placement/placement/objects/research_context.py:126}}
May 27 21:47:57.809608 n-d-843678-2 devstack@placement-api.service[88815]: DEBUG placement.objects.research_context [req-8430737e-33c9-4f97-8080-94f917b4fa36 req-0ab93950-3191-4a86-a965-a6e9e43306b1 service placement] getting providers with 1024 MEMORY_MB {{(pid=88815) __init__ /opt/stack/placement/placement/objects/research_context.py:126}}
May 27 21:47:57.824738 n-d-843678-2 devstack@placement-api.service[88815]: DEBUG placement.objects.research_context [req-8430737e-33c9-4f97-8080-94f917b4fa36 req-0ab93950-3191-4a86-a965-a6e9e43306b1 service placement] getting providers with 1 VCPU {{(pid=88815) __init__ /opt/stack/placement/placement/objects/research_context.py:126}}
May 27 21:47:57.841819 n-d-843678-2 devstack@placement-api.service[88815]: DEBUG placement.objects.research_context [req-8430737e-33c9-4f97-8080-94f917b4fa36 req-0ab93950-3191-4a86-a965-a6e9e43306b1 service placement] found 2 providers with available 1 DISK_GB {{(pid=88815) get_provider_ids_matching /opt/stack/placement/placement/objects/research_context.py:549}}
May 27 21:47:57.842592 n-d-843678-2 devstack@placement-api.service[88815]: DEBUG placement.objects.research_context [req-8430737e-33c9-4f97-8080-94f917b4fa36 req-0ab93950-3191-4a86-a965-a6e9e43306b1 service placement] found 2 providers with available 1024 MEMORY_MB {{(pid=88815) get_provider_ids_matching /opt/stack/placement/placement/objects/research_context.py:549}}
May 27 21:47:57.843747 n-d-843678-2 devstack@placement-api.service[88815]: DEBUG placement.objects.research_context [req-8430737e-33c9-4f97-8080-94f917b4fa36 req-0ab93950-3191-4a86-a965-a6e9e43306b1 service placement] found 2 providers after filtering by previous result {{(pid=88815) get_provider_ids_matching /opt/stack/placement/placement/objects/research_context.py:580}}
May 27 21:47:57.844208 n-d-843678-2 devstack@placement-api.service[88815]: DEBUG placement.objects.research_context [req-8430737e-33c9-4f97-8080-94f917b4fa36 req-0ab93950-3191-4a86-a965-a6e9e43306b1 service placement] found 2 providers with available 1 VCPU {{(pid=88815) get_provider_ids_matching /opt/stack/placement/placement/objects/research_context.py:549}}
May 27 21:47:57.846295 n-d-843678-2 devstack@placement-api.service[88815]: DEBUG placement.objects.research_context [req-8430737e-33c9-4f97-8080-94f917b4fa36 req-0ab93950-3191-4a86-a965-a6e9e43306b1 service placement] found 2 providers after filtering by previous result {{(pid=88815) get_provider_ids_matching /opt/stack/placement/placement/objects/research_context.py:580}}
May 27 21:47:57.874065 n-d-843678-2 devstack@placement-api.service[88815]: DEBUG placement.objects.allocation_candidate [req-8430737e-33c9-4f97-8080-94f917b4fa36 req-0ab93950-3191-4a86-a965-a6e9e43306b1 service placement] RequestGroup(use_same_provider=False, resources={DISK_GB:1, MEMORY_MB:1024, VCPU:1}, traits=[], aggregates=[]) (suffix '') returned 2 matches {{(pid=88815) _get_by_requests /opt/stack/placement/placement/objects/allocation_candidate.py:145}}
May 27 21:47:57.876891 n-d-843678-2 devstack@placement-api.service[88815]: DEBUG placement.objects.allocation_candidate [req-8430737e-33c9-4f97-8080-94f917b4fa36 req-0ab93950-3191-4a86-a965-a6e9e43306b1 service placement] Merging candidates yields 2 allocation requests and 2 provider summaries {{(pid=88815) _merge_candidates /opt/stack/placement/placement/objects/allocation_candidate.py:783}}
May 27 21:47:57.878641 n-d-843678-2 devstack@placement-api.service[88815]: INFO placement.requestlog [req-8430737e-33c9-4f97-8080-94f917b4fa36 req-0ab93950-3191-4a86-a965-a6e9e43306b1 service placement] 10.222.0.42 "GET /placement/allocation_candidates?limit=1000&resources=DISK_GB%3A1%2CMEMORY_MB%3A1024%2CVCPU%3A1&root_required=%21COMPUTE_STATUS_DISABLED" status: 200 len: 1309 microversion: 1.35
May 27 21:47:57.881188 n-d-843678-2 devstack@placement-api.service[88815]: [pid: 88815|app: 0|req: 48/93] 10.222.0.42 () {60 vars in 1506 bytes} [Fri May 27 21:47:57 2022] GET /placement/allocation_candidates?limit=1000&resources=DISK_GB%3A1%2CMEMORY_MB%3A1024%2CVCPU%3A1&root_required=%21COMPUTE_STATUS_DISABLED => generated 1309 bytes in 183 msecs (HTTP/1.1 200) 8 headers in 297 bytes (1 switches on core 0)
May 27 21:47:57.961571 n-d-843678-2 devstack@placement-api.service[88816]: DEBUG placement.requestlog [req-8430737e-33c9-4f97-8080-94f917b4fa36 req-7a1c251e-506f-4d4e-a086-4a3877d8202c None None] Starting request: 10.222.0.42 "GET /placement/allocations/2e37dd46-64ad-4763-b21c-35534859df17" {{(pid=88816) __call__ /opt/stack/placement/placement/requestlog.py:55}}
May 27 21:47:57.982375 n-d-843678-2 devstack@placement-api.service[88816]: INFO placement.requestlog [req-8430737e-33c9-4f97-8080-94f917b4fa36 req-7a1c251e-506f-4d4e-a086-4a3877d8202c service placement] 10.222.0.42 "GET /placement/allocations/2e37dd46-64ad-4763-b21c-35534859df17" status: 200 len: 19 microversion: 1.28
May 27 21:47:57.985270 n-d-843678-2 devstack@placement-api.service[88816]: [pid: 88816|app: 0|req: 46/94] 10.222.0.42 () {60 vars in 1380 bytes} [Fri May 27 21:47:57 2022] GET /placement/allocations/2e37dd46-64ad-4763-b21c-35534859df17 => generated 19 bytes in 23 msecs (HTTP/1.1 200) 8 headers in 295 bytes (1 switches on core 0)
May 27 21:47:57.990011 n-d-843678-2 devstack@placement-api.service[88815]: DEBUG placement.requestlog [req-8430737e-33c9-4f97-8080-94f917b4fa36 req-a51f1eb9-2a4d-47b8-9362-56e39f0351aa None None] Starting request: 10.222.0.42 "PUT /placement/allocations/2e37dd46-64ad-4763-b21c-35534859df17" {{(pid=88815) __call__ /opt/stack/placement/placement/requestlog.py:55}}
May 27 21:47:58.087213 n-d-843678-2 devstack@placement-api.service[88815]: DEBUG placement.handlers.allocation [req-8430737e-33c9-4f97-8080-94f917b4fa36 req-a51f1eb9-2a4d-47b8-9362-56e39f0351aa service placement] Successfully wrote allocations [, , ] {{(pid=88815) _create_allocations /opt/stack/placement/placement/handlers/allocation.py:435}}
May 27 21:47:58.088612 n-d-843678-2 devstack@placement-api.service[88815]: INFO placement.requestlog [req-8430737e-33c9-4f97-8080-94f917b4fa36 req-a51f1eb9-2a4d-47b8-9362-56e39f0351aa service placement] 10.222.0.42 "PUT /placement/allocations/2e37dd46-64ad-4763-b21c-35534859df17" status: 204 len: 0 microversion: 1.35
May 27 21:47:58.089390 n-d-843678-2 devstack@placement-api.service[88815]: [pid: 88815|app: 0|req: 49/95] 10.222.0.42 () {64 vars in 1433 bytes} [Fri May 27 21:47:57 2022] PUT /placement/allocations/2e37dd46-64ad-4763-b21c-35534859df17 => generated 0 bytes in 100 msecs (HTTP/1.1 204) 5 headers in 199 bytes (1 switches on core 0)
May 27 21:47:58.584806 n-d-843678-2 devstack@placement-api.service[88816]: DEBUG placement.requestlog [req-8430737e-33c9-4f97-8080-94f917b4fa36 req-93d90131-a116-430c-9418-22b85f8f0a72 None None] Starting request: 10.222.0.32 "GET /placement/allocations/2e37dd46-64ad-4763-b21c-35534859df17" {{(pid=88816) __call__ /opt/stack/placement/placement/requestlog.py:55}}
May 27 21:47:58.613049 n-d-843678-2 devstack@placement-api.service[88816]: INFO placement.requestlog [req-8430737e-33c9-4f97-8080-94f917b4fa36 req-93d90131-a116-430c-9418-22b85f8f0a72 service placement] 10.222.0.32 "GET /placement/allocations/2e37dd46-64ad-4763-b21c-35534859df17" status: 200 len: 258 microversion: 1.28
May 27 21:47:58.613793 n-d-843678-2 devstack@placement-api.service[88816]: [pid: 88816|app: 0|req: 47/96] 10.222.0.32 () {60 vars in 1377 bytes} [Fri May 27 21:47:58 2022] GET /placement/allocations/2e37dd46-64ad-4763-b21c-35534859df17 => generated 258 bytes in 29 msecs (HTTP/1.1 200) 8 headers in 296 bytes (1 switches on core 0)
May 27 21:48:00.400579 n-d-843678-2 devstack@placement-api.service[88815]: DEBUG placement.requestlog [None req-49e623de-5127-48d3-813f-e67544b26cb4 None None] Starting request: 10.222.0.42 "GET /placement/" {{(pid=88815) __call__ /opt/stack/placement/placement/requestlog.py:55}}
May 27 21:48:00.401679 n-d-843678-2 devstack@placement-api.service[88815]: INFO placement.requestlog [None req-49e623de-5127-48d3-813f-e67544b26cb4 None None] 10.222.0.42 "GET /placement/" status: 200 len: 136 microversion: 1.0
May 27 21:48:00.401929 n-d-843678-2 devstack@placement-api.service[88815]: [pid: 88815|app: 0|req: 50/97] 10.222.0.42 () {54 vars in 916 bytes} [Fri May 27 21:48:00 2022] GET /placement => generated 136 bytes in 2 msecs (HTTP/1.1 200) 6 headers in 224 bytes (1 switches on core 0)
May 27 21:48:00.408310 n-d-843678-2 devstack@placement-api.service[88816]: DEBUG placement.requestlog [req-13ff4874-7611-4e06-8ff5-7ee344188a19 req-55033e3d-3ca3-4044-aef1-4168b21601dd None None] Starting request: 10.222.0.42 "GET /placement/allocations/78f3c5a7-f283-4718-8113-7eb46393dff5" {{(pid=88816) __call__ /opt/stack/placement/placement/requestlog.py:55}}
May 27 21:48:00.600937 n-d-843678-2 devstack@placement-api.service[88816]: INFO placement.requestlog [req-13ff4874-7611-4e06-8ff5-7ee344188a19 req-55033e3d-3ca3-4044-aef1-4168b21601dd service placement] 10.222.0.42 "GET /placement/allocations/78f3c5a7-f283-4718-8113-7eb46393dff5" status: 200 len: 259 microversion: 1.28
May 27 21:48:00.601581 n-d-843678-2 devstack@placement-api.service[88816]: [pid: 88816|app: 0|req: 48/98] 10.222.0.42 () {60 vars in 1380 bytes} [Fri May 27 21:48:00 2022] GET /placement/allocations/78f3c5a7-f283-4718-8113-7eb46393dff5 => generated 259 bytes in 193 msecs (HTTP/1.1 200) 8 headers in 296 bytes (1 switches on core 0)
May 27 21:48:00.607921 n-d-843678-2 devstack@placement-api.service[88815]: DEBUG placement.requestlog [req-13ff4874-7611-4e06-8ff5-7ee344188a19 req-7c8b69da-0e79-4207-8fe1-e976a4d52650 None None] Starting request: 10.222.0.42 "GET /placement/allocations/78f3c5a7-f283-4718-8113-7eb46393dff5" {{(pid=88815) __call__ /opt/stack/placement/placement/requestlog.py:55}}
May 27 21:48:00.627009 n-d-843678-2 devstack@placement-api.service[88815]: INFO placement.requestlog [req-13ff4874-7611-4e06-8ff5-7ee344188a19 req-7c8b69da-0e79-4207-8fe1-e976a4d52650 service placement] 10.222.0.42 "GET /placement/allocations/78f3c5a7-f283-4718-8113-7eb46393dff5" status: 200 len: 259 microversion: 1.28
May 27 21:48:00.635315 n-d-843678-2 devstack@placement-api.service[88816]: DEBUG placement.requestlog [req-13ff4874-7611-4e06-8ff5-7ee344188a19 req-52be062c-9995-4008-9fe5-68b01a11a4db None None] Starting request: 10.222.0.42 "GET /placement/allocations/eb9e2322-13e7-4a98-87ff-ca65f4d25b9b" {{(pid=88816) __call__ /opt/stack/placement/placement/requestlog.py:55}}
May 27 21:48:00.647791 n-d-843678-2 devstack@placement-api.service[88815]: [pid: 88815|app: 0|req: 51/99] 10.222.0.42 () {60 vars in 1380 bytes} [Fri May 27 21:48:00 2022] GET /placement/allocations/78f3c5a7-f283-4718-8113-7eb46393dff5 => generated 259 bytes in 40 msecs (HTTP/1.1 200) 8 headers in 296 bytes (1 switches on core 0)
May 27 21:48:00.650302 n-d-843678-2 devstack@placement-api.service[88816]: INFO placement.requestlog [req-13ff4874-7611-4e06-8ff5-7ee344188a19 req-52be062c-9995-4008-9fe5-68b01a11a4db service placement] 10.222.0.42 "GET /placement/allocations/eb9e2322-13e7-4a98-87ff-ca65f4d25b9b" status: 200 len: 19 microversion: 1.28
May 27 21:48:00.656771 n-d-843678-2 devstack@placement-api.service[88816]: [pid: 88816|app: 0|req: 49/100] 10.222.0.42 () {60 vars in 1380 bytes} [Fri May 27 21:48:00 2022] GET /placement/allocations/eb9e2322-13e7-4a98-87ff-ca65f4d25b9b => generated 19 bytes in 22 msecs (HTTP/1.1 200) 8 headers in 295 bytes (1 switches on core 0)
May 27 21:48:00.667969 n-d-843678-2 devstack@placement-api.service[88815]: DEBUG placement.requestlog [req-13ff4874-7611-4e06-8ff5-7ee344188a19 req-dff2e1fd-9c00-4c51-af64-f60ac83ffe17 None None] Starting request: 10.222.0.42 "POST /placement/allocations" {{(pid=88815) __call__ /opt/stack/placement/placement/requestlog.py:55}}
