May 27 16:53:54.422699 n-d-843621-2 devstack@placement-api.service[112161]: DEBUG placement.objects.research_context [req-0289a75f-ef72-4cf3-8ff4-bcf9b9c75dcc req-a43eb4d4-dc6e-46f2-9e1a-bb91f121e88e service placement] found 2 providers after filtering by previous result {{(pid=112161) get_provider_ids_matching /opt/stack/placement/placement/objects/research_context.py:594}}
May 27 16:53:54.422962 n-d-843621-2 devstack@placement-api.service[112161]: DEBUG placement.objects.research_context [req-0289a75f-ef72-4cf3-8ff4-bcf9b9c75dcc req-a43eb4d4-dc6e-46f2-9e1a-bb91f121e88e service placement] found 2 providers with available 1 VCPU {{(pid=112161) get_provider_ids_matching /opt/stack/placement/placement/objects/research_context.py:563}}
May 27 16:53:54.423226 n-d-843621-2 devstack@placement-api.service[112161]: DEBUG placement.objects.research_context [req-0289a75f-ef72-4cf3-8ff4-bcf9b9c75dcc req-a43eb4d4-dc6e-46f2-9e1a-bb91f121e88e service placement] found 2 providers after filtering by previous result {{(pid=112161) get_provider_ids_matching /opt/stack/placement/placement/objects/research_context.py:594}}
May 27 16:53:54.453198 n-d-843621-2 devstack@placement-api.service[112162]: DEBUG placement.requestlog [req-d40910c1-82fb-4cc7-bad7-980f53b9b218 req-256bd3ab-265a-4be9-92ca-7dbbd4ed308a None None] Starting request: 10.222.0.27 "GET /placement/allocation_candidates?limit=1000&resources=DISK_GB%3A1%2CMEMORY_MB%3A1024%2CVCPU%3A1&root_required=%21COMPUTE_STATUS_DISABLED" {{(pid=112162) __call__ /opt/stack/placement/placement/requestlog.py:55}}
May 27 16:53:54.456055 n-d-843621-2 devstack@placement-api.service[112161]: DEBUG placement.objects.allocation_candidate [req-0289a75f-ef72-4cf3-8ff4-bcf9b9c75dcc req-a43eb4d4-dc6e-46f2-9e1a-bb91f121e88e service placement] RequestGroup(use_same_provider=False, resources={DISK_GB:1, MEMORY_MB:1024, VCPU:1}, traits=(), aggregates=[]) (suffix '') returned 2 matches {{(pid=112161) _get_by_requests /opt/stack/placement/placement/objects/allocation_candidate.py:156}}
May 27 16:53:54.456464 n-d-843621-2 devstack@placement-api.service[112161]: DEBUG placement.objects.allocation_candidate [req-0289a75f-ef72-4cf3-8ff4-bcf9b9c75dcc req-a43eb4d4-dc6e-46f2-9e1a-bb91f121e88e service placement] Merging candidates yields 2 allocation requests and 2 provider summaries {{(pid=112161) _merge_candidates /opt/stack/placement/placement/objects/allocation_candidate.py:809}}
May 27 16:53:54.459450 n-d-843621-2 devstack@placement-api.service[112161]: INFO placement.requestlog [req-0289a75f-ef72-4cf3-8ff4-bcf9b9c75dcc req-a43eb4d4-dc6e-46f2-9e1a-bb91f121e88e service placement] 10.222.0.27 "GET /placement/allocation_candidates?limit=1000&resources=DISK_GB%3A1%2CMEMORY_MB%3A1024%2CVCPU%3A1&root_required=%21COMPUTE_STATUS_DISABLED" status: 200 len: 1303 microversion: 1.36
May 27 16:53:54.460279 n-d-843621-2 devstack@placement-api.service[112161]: [pid: 112161|app: 0|req: 13/27] 10.222.0.27 () {60 vars in 1506 bytes} [Fri May 27 16:53:54 2022] GET /placement/allocation_candidates?limit=1000&resources=DISK_GB%3A1%2CMEMORY_MB%3A1024%2CVCPU%3A1&root_required=%21COMPUTE_STATUS_DISABLED => generated 1303 bytes in 282 msecs (HTTP/1.1 200) 8 headers in 297 bytes (1 switches on core 0)
May 27 16:53:54.538239 n-d-843621-2 devstack@placement-api.service[112161]: DEBUG placement.requestlog [req-b7300a0f-9cd9-4dc9-845e-cbdb9e78ffcb req-453938a6-7fc7-4e99-a9ae-574746c447d0 None None] Starting request: 10.222.0.27 "GET /placement/resource_providers?name=n-h1-843621-2" {{(pid=112161) __call__ /opt/stack/placement/placement/requestlog.py:55}}
May 27 16:53:54.551293 n-d-843621-2 devstack@placement-api.service[112161]: INFO placement.requestlog [req-b7300a0f-9cd9-4dc9-845e-cbdb9e78ffcb req-453938a6-7fc7-4e99-a9ae-574746c447d0 service placement] 10.222.0.27 "GET /placement/resource_providers?name=n-h1-843621-2" status: 200 len: 440 microversion: 1.0
May 27 16:53:54.557314 n-d-843621-2 devstack@placement-api.service[112161]: [pid: 112161|app: 0|req: 14/28] 10.222.0.27 () {58 vars in 1274 bytes} [Fri May 27 16:53:54 2022] GET /placement/resource_providers?name=n-h1-843621-2 => generated 440 bytes in 19 msecs (HTTP/1.1 200) 6 headers in 224 bytes (2 switches on core 0)
May 27 16:53:54.559473 n-d-843621-2 devstack@placement-api.service[112161]: DEBUG placement.requestlog [req-b7300a0f-9cd9-4dc9-845e-cbdb9e78ffcb req-e5bc4797-ce03-420b-aba6-d04cc9153820 None None] Starting request: 10.222.0.27 "GET /placement/resource_providers/cf221783-52d3-42a5-a331-f42186ea2842/aggregates" {{(pid=112161) __call__ /opt/stack/placement/placement/requestlog.py:55}}
May 27 16:53:54.575234 n-d-843621-2 devstack@placement-api.service[112161]: INFO placement.requestlog [req-b7300a0f-9cd9-4dc9-845e-cbdb9e78ffcb req-e5bc4797-ce03-420b-aba6-d04cc9153820 service placement] 10.222.0.27 "GET /placement/resource_providers/cf221783-52d3-42a5-a331-f42186ea2842/aggregates" status: 200 len: 91 microversion: 1.19
May 27 16:53:54.575700 n-d-843621-2 devstack@placement-api.service[112161]: [pid: 112161|app: 0|req: 15/29] 10.222.0.27 () {60 vars in 1425 bytes} [Fri May 27 16:53:54 2022] GET /placement/resource_providers/cf221783-52d3-42a5-a331-f42186ea2842/aggregates => generated 91 bytes in 16 msecs (HTTP/1.1 200) 8 headers in 295 bytes (2 switches on core 0)
May 27 16:53:54.582365 n-d-843621-2 devstack@placement-api.service[112161]: DEBUG placement.requestlog [req-b7300a0f-9cd9-4dc9-845e-cbdb9e78ffcb req-99987b86-e788-428a-a58b-d5d9e03ab78a None None] Starting request: 10.222.0.27 "PUT /placement/resource_providers/cf221783-52d3-42a5-a331-f42186ea2842/aggregates" {{(pid=112161) __call__ /opt/stack/placement/placement/requestlog.py:55}}
May 27 16:53:54.607958 n-d-843621-2 devstack@placement-api.service[112162]: DEBUG placement.objects.research_context [req-d40910c1-82fb-4cc7-bad7-980f53b9b218 req-256bd3ab-265a-4be9-92ca-7dbbd4ed308a service placement] getting providers with 1 DISK_GB {{(pid=112162) __init__ /opt/stack/placement/placement/objects/research_context.py:136}}
May 27 16:53:54.611569 n-d-843621-2 devstack@placement-api.service[112161]: DEBUG placement.objects.resource_provider [req-b7300a0f-9cd9-4dc9-845e-cbdb9e78ffcb req-99987b86-e788-428a-a58b-d5d9e03ab78a service placement] Setting aggregates for provider cf221783-52d3-42a5-a331-f42186ea2842. Successfully disassociated aggregate 971208a3-5c1d-403e-b0ba-76c5122337bd. {{(pid=112161) _set_aggregates /opt/stack/placement/placement/objects/resource_provider.py:404}}
May 27 16:53:54.618401 n-d-843621-2 devstack@placement-api.service[112162]: DEBUG placement.objects.research_context [req-d40910c1-82fb-4cc7-bad7-980f53b9b218 req-256bd3ab-265a-4be9-92ca-7dbbd4ed308a service placement] getting providers with 1024 MEMORY_MB {{(pid=112162) __init__ /opt/stack/placement/placement/objects/research_context.py:136}}
May 27 16:53:54.619607 n-d-843621-2 devstack@placement-api.service[112161]: INFO placement.requestlog [req-b7300a0f-9cd9-4dc9-845e-cbdb9e78ffcb req-99987b86-e788-428a-a58b-d5d9e03ab78a service placement] 10.222.0.27 "PUT /placement/resource_providers/cf221783-52d3-42a5-a331-f42186ea2842/aggregates" status: 200 len: 53 microversion: 1.19
May 27 16:53:54.621927 n-d-843621-2 devstack@placement-api.service[112161]: [pid: 112161|app: 0|req: 16/30] 10.222.0.27 () {64 vars in 1477 bytes} [Fri May 27 16:53:54 2022] PUT /placement/resource_providers/cf221783-52d3-42a5-a331-f42186ea2842/aggregates => generated 53 bytes in 40 msecs (HTTP/1.1 200) 8 headers in 295 bytes (1 switches on core 0)
May 27 16:53:54.624775 n-d-843621-2 devstack@placement-api.service[112162]: DEBUG placement.objects.research_context [req-d40910c1-82fb-4cc7-bad7-980f53b9b218 req-256bd3ab-265a-4be9-92ca-7dbbd4ed308a service placement] getting providers with 1 VCPU {{(pid=112162) __init__ /opt/stack/placement/placement/objects/research_context.py:136}}
May 27 16:53:54.631309 n-d-843621-2 devstack@placement-api.service[112162]: DEBUG placement.objects.research_context [req-d40910c1-82fb-4cc7-bad7-980f53b9b218 req-256bd3ab-265a-4be9-92ca-7dbbd4ed308a service placement] found 2 providers with available 1 DISK_GB {{(pid=112162) get_provider_ids_matching /opt/stack/placement/placement/objects/research_context.py:563}}
May 27 16:53:54.631685 n-d-843621-2 devstack@placement-api.service[112162]: DEBUG placement.objects.research_context [req-d40910c1-82fb-4cc7-bad7-980f53b9b218 req-256bd3ab-265a-4be9-92ca-7dbbd4ed308a service placement] found 2 providers with available 1024 MEMORY_MB {{(pid=112162) get_provider_ids_matching /opt/stack/placement/placement/objects/research_context.py:563}}
May 27 16:53:54.632724 n-d-843621-2 devstack@placement-api.service[112162]: DEBUG placement.objects.research_context [req-d40910c1-82fb-4cc7-bad7-980f53b9b218 req-256bd3ab-265a-4be9-92ca-7dbbd4ed308a service placement] found 2 providers after filtering by previous result {{(pid=112162) get_provider_ids_matching /opt/stack/placement/placement/objects/research_context.py:594}}
May 27 16:53:54.633092 n-d-843621-2 devstack@placement-api.service[112162]: DEBUG placement.objects.research_context [req-d40910c1-82fb-4cc7-bad7-980f53b9b218 req-256bd3ab-265a-4be9-92ca-7dbbd4ed308a service placement] found 2 providers with available 1 VCPU {{(pid=112162) get_provider_ids_matching /opt/stack/placement/placement/objects/research_context.py:563}}
May 27 16:53:54.633500 n-d-843621-2 devstack@placement-api.service[112162]: DEBUG placement.objects.research_context [req-d40910c1-82fb-4cc7-bad7-980f53b9b218 req-256bd3ab-265a-4be9-92ca-7dbbd4ed308a service placement] found 2 providers after filtering by previous result {{(pid=112162) get_provider_ids_matching /opt/stack/placement/placement/objects/research_context.py:594}}
May 27 16:53:54.667171 n-d-843621-2 devstack@placement-api.service[112162]: DEBUG placement.objects.allocation_candidate [req-d40910c1-82fb-4cc7-bad7-980f53b9b218 req-256bd3ab-265a-4be9-92ca-7dbbd4ed308a service placement] RequestGroup(use_same_provider=False, resources={DISK_GB:1, MEMORY_MB:1024, VCPU:1}, traits=(), aggregates=[]) (suffix '') returned 2 matches {{(pid=112162) _get_by_requests /opt/stack/placement/placement/objects/allocation_candidate.py:156}}
May 27 16:53:54.667850 n-d-843621-2 devstack@placement-api.service[112162]: DEBUG placement.objects.allocation_candidate [req-d40910c1-82fb-4cc7-bad7-980f53b9b218 req-256bd3ab-265a-4be9-92ca-7dbbd4ed308a service placement] Merging candidates yields 2 allocation requests and 2 provider summaries {{(pid=112162) _merge_candidates /opt/stack/placement/placement/objects/allocation_candidate.py:809}}
May 27 16:53:54.670540 n-d-843621-2 devstack@placement-api.service[112162]: INFO placement.requestlog [req-d40910c1-82fb-4cc7-bad7-980f53b9b218 req-256bd3ab-265a-4be9-92ca-7dbbd4ed308a service placement] 10.222.0.27 "GET /placement/allocation_candidates?limit=1000&resources=DISK_GB%3A1%2CMEMORY_MB%3A1024%2CVCPU%3A1&root_required=%21COMPUTE_STATUS_DISABLED" status: 200 len: 1303 microversion: 1.36
May 27 16:53:54.671475 n-d-843621-2 devstack@placement-api.service[112162]: [pid: 112162|app: 0|req: 15/31] 10.222.0.27 () {60 vars in 1506 bytes} [Fri May 27 16:53:54 2022] GET /placement/allocation_candidates?limit=1000&resources=DISK_GB%3A1%2CMEMORY_MB%3A1024%2CVCPU%3A1&root_required=%21COMPUTE_STATUS_DISABLED => generated 1303 bytes in 218 msecs (HTTP/1.1 200) 8 headers in 297 bytes (1 switches on core 0)
May 27 16:53:54.689682 n-d-843621-2 devstack@placement-api.service[112161]: DEBUG placement.requestlog [req-0289a75f-ef72-4cf3-8ff4-bcf9b9c75dcc req-28ef5e9c-feef-44d3-a115-e0ca3cd3abc3 None None] Starting request: 10.222.0.27 "GET /placement/allocations/0c4b66bc-a675-444f-8e65-e31af14933d3" {{(pid=112161) __call__ /opt/stack/placement/placement/requestlog.py:55}}
May 27 16:53:54.719866 n-d-843621-2 devstack@placement-api.service[112161]: INFO placement.requestlog [req-0289a75f-ef72-4cf3-8ff4-bcf9b9c75dcc req-28ef5e9c-feef-44d3-a115-e0ca3cd3abc3 service placement] 10.222.0.27 "GET /placement/allocations/0c4b66bc-a675-444f-8e65-e31af14933d3" status: 200 len: 19 microversion: 1.28
May 27 16:53:54.720313 n-d-843621-2 devstack@placement-api.service[112161]: [pid: 112161|app: 0|req: 17/32] 10.222.0.27 () {60 vars in 1380 bytes} [Fri May 27 16:53:54 2022] GET /placement/allocations/0c4b66bc-a675-444f-8e65-e31af14933d3 => generated 19 bytes in 31 msecs (HTTP/1.1 200) 8 headers in 295 bytes (1 switches on core 0)
May 27 16:53:54.726308 n-d-843621-2 devstack@placement-api.service[112162]: DEBUG placement.requestlog [req-0289a75f-ef72-4cf3-8ff4-bcf9b9c75dcc req-6f23a07d-3052-4d12-81ca-943c015b5779 None None] Starting request: 10.222.0.27 "PUT /placement/allocations/0c4b66bc-a675-444f-8e65-e31af14933d3" {{(pid=112162) __call__ /opt/stack/placement/placement/requestlog.py:55}}
May 27 16:53:54.842538 n-d-843621-2 devstack@placement-api.service[112162]: DEBUG placement.handlers.allocation [req-0289a75f-ef72-4cf3-8ff4-bcf9b9c75dcc req-6f23a07d-3052-4d12-81ca-943c015b5779 service placement] Successfully wrote allocations [, , ] {{(pid=112162) _update_consumers_and_create_allocations /opt/stack/placement/placement/handlers/allocation.py:462}}
May 27 16:53:54.847249 n-d-843621-2 devstack@placement-api.service[112162]: INFO placement.requestlog [req-0289a75f-ef72-4cf3-8ff4-bcf9b9c75dcc req-6f23a07d-3052-4d12-81ca-943c015b5779 service placement] 10.222.0.27 "PUT /placement/allocations/0c4b66bc-a675-444f-8e65-e31af14933d3" status: 204 len: 0 microversion: 1.36
May 27 16:53:54.847669 n-d-843621-2 devstack@placement-api.service[112162]: [pid: 112162|app: 0|req: 16/33] 10.222.0.27 () {64 vars in 1433 bytes} [Fri May 27 16:53:54 2022] PUT /placement/allocations/0c4b66bc-a675-444f-8e65-e31af14933d3 => generated 0 bytes in 122 msecs (HTTP/1.1 204) 5 headers in 199 bytes (1 switches on core 0)
May 27 16:53:54.889252 n-d-843621-2 devstack@placement-api.service[112161]: DEBUG placement.requestlog [req-d40910c1-82fb-4cc7-bad7-980f53b9b218 req-0be0e860-6ca6-444a-bd1c-c900f88a71ae None None] Starting request: 10.222.0.27 "GET /placement/allocations/8983510c-3814-4f59-81e1-719d1fbbd84f" {{(pid=112161) __call__ /opt/stack/placement/placement/requestlog.py:55}}
May 27 16:53:54.912395 n-d-843621-2 devstack@placement-api.service[112161]: INFO placement.requestlog [req-d40910c1-82fb-4cc7-bad7-980f53b9b218 req-0be0e860-6ca6-444a-bd1c-c900f88a71ae service placement] 10.222.0.27 "GET /placement/allocations/8983510c-3814-4f59-81e1-719d1fbbd84f" status: 200 len: 19 microversion: 1.28
May 27 16:53:54.912781 n-d-843621-2 devstack@placement-api.service[112161]: [pid: 112161|app: 0|req: 18/34] 10.222.0.27 () {60 vars in 1380 bytes} [Fri May 27 16:53:54 2022] GET /placement/allocations/8983510c-3814-4f59-81e1-719d1fbbd84f => generated 19 bytes in 24 msecs (HTTP/1.1 200) 8 headers in 295 bytes (2 switches on core 0)
May 27 16:53:54.919721 n-d-843621-2 devstack@placement-api.service[112162]: DEBUG placement.requestlog [req-d40910c1-82fb-4cc7-bad7-980f53b9b218 req-81e50d7f-e6da-4162-8f9a-354e1f9c50a9 None None] Starting request: 10.222.0.27 "PUT /placement/allocations/8983510c-3814-4f59-81e1-719d1fbbd84f" {{(pid=112162) __call__ /opt/stack/placement/placement/requestlog.py:55}}
May 27 16:53:55.019695 n-d-843621-2 devstack@placement-api.service[112162]: DEBUG placement.handlers.allocation [req-d40910c1-82fb-4cc7-bad7-980f53b9b218 req-81e50d7f-e6da-4162-8f9a-354e1f9c50a9 service placement] Successfully wrote allocations [, , ] {{(pid=112162) _update_consumers_and_create_allocations /opt/stack/placement/placement/handlers/allocation.py:462}}
May 27 16:53:55.025028 n-d-843621-2 devstack@placement-api.service[112162]: INFO placement.requestlog [req-d40910c1-82fb-4cc7-bad7-980f53b9b218 req-81e50d7f-e6da-4162-8f9a-354e1f9c50a9 service placement] 10.222.0.27 "PUT /placement/allocations/8983510c-3814-4f59-81e1-719d1fbbd84f" status: 204 len: 0 microversion: 1.36
May 27 16:53:55.026050 n-d-843621-2 devstack@placement-api.service[112162]: [pid: 112162|app: 0|req: 17/35] 10.222.0.27 () {64 vars in 1433 bytes} [Fri May 27 16:53:54 2022] PUT /placement/allocations/8983510c-3814-4f59-81e1-719d1fbbd84f => generated 0 bytes in 106 msecs (HTTP/1.1 204) 5 headers in 199 bytes (1 switches on core 0)
May 27 16:53:55.733545 n-d-843621-2 devstack@placement-api.service[112161]: DEBUG placement.requestlog [req-0289a75f-ef72-4cf3-8ff4-bcf9b9c75dcc req-2f18d95d-7ad9-4af3-832d-fb02aeb3abd1 None None] Starting request: 10.222.0.77 "GET /placement/allocations/0c4b66bc-a675-444f-8e65-e31af14933d3" {{(pid=112161) __call__ /opt/stack/placement/placement/requestlog.py:55}}
May 27 16:53:55.756998 n-d-843621-2 devstack@placement-api.service[112161]: INFO placement.requestlog [req-0289a75f-ef72-4cf3-8ff4-bcf9b9c75dcc req-2f18d95d-7ad9-4af3-832d-fb02aeb3abd1 service placement] 10.222.0.77 "GET /placement/allocations/0c4b66bc-a675-444f-8e65-e31af14933d3" status: 200 len: 258 microversion: 1.28
May 27 16:53:55.758053 n-d-843621-2 devstack@placement-api.service[112161]: [pid: 112161|app: 0|req: 19/36] 10.222.0.77 () {60 vars in 1377 bytes} [Fri May 27 16:53:55 2022] GET /placement/allocations/0c4b66bc-a675-444f-8e65-e31af14933d3 => generated 258 bytes in 25 msecs (HTTP/1.1 200) 8 headers in 296 bytes (1 switches on core 0)
May 27 16:53:55.795581 n-d-843621-2 devstack@placement-api.service[112162]: DEBUG placement.requestlog [req-d40910c1-82fb-4cc7-bad7-980f53b9b218 req-c6230bde-77c4-436a-8770-c09456e88cb6 None None] Starting request: 10.222.0.77 "GET /placement/allocations/8983510c-3814-4f59-81e1-719d1fbbd84f" {{(pid=112162) __call__ /opt/stack/placement/placement/requestlog.py:55}}
May 27 16:53:55.811868 n-d-843621-2 devstack@placement-api.service[112161]: DEBUG placement.requestlog [None req-31b49923-fd52-4d0a-9a5f-36147aecf175 None None] Starting request: 10.222.0.27 "GET /placement/" {{(pid=112161) __call__ /opt/stack/placement/placement/requestlog.py:55}}
May 27 16:53:55.813026 n-d-843621-2 devstack@placement-api.service[112161]: INFO placement.requestlog [None req-31b49923-fd52-4d0a-9a5f-36147aecf175 None None] 10.222.0.27 "GET /placement/" status: 200 len: 136 microversion: 1.0
May 27 16:53:55.814046 n-d-843621-2 devstack@placement-api.service[112161]: [pid: 112161|app: 0|req: 20/37] 10.222.0.27 () {54 vars in 907 bytes} [Fri May 27 16:53:55 2022] GET /placement => generated 136 bytes in 3 msecs (HTTP/1.1 200) 6 headers in 224 bytes (2 switches on core 0)
May 27 16:53:55.846152 n-d-843621-2 devstack@placement-api.service[112161]: DEBUG placement.requestlog [req-618da798-ebf0-4d8f-86c0-29891a5739b2 req-566f8082-5eb2-4cc2-85b2-baf2dcb50b1f None None] Starting request: 10.222.0.27 "GET /placement/resource_providers?name=n-h1-843621-2" {{(pid=112161) __call__ /opt/stack/placement/placement/requestlog.py:55}}
May 27 16:53:55.855045 n-d-843621-2 devstack@placement-api.service[112162]: INFO placement.requestlog [req-d40910c1-82fb-4cc7-bad7-980f53b9b218 req-c6230bde-77c4-436a-8770-c09456e88cb6 service placement] 10.222.0.77 "GET /placement/allocations/8983510c-3814-4f59-81e1-719d1fbbd84f" status: 200 len: 258 microversion: 1.28
May 27 16:53:55.855442 n-d-843621-2 devstack@placement-api.service[112162]: [pid: 112162|app: 0|req: 18/38] 10.222.0.77 () {60 vars in 1377 bytes} [Fri May 27 16:53:55 2022] GET /placement/allocations/8983510c-3814-4f59-81e1-719d1fbbd84f => generated 258 bytes in 60 msecs (HTTP/1.1 200) 8 headers in 296 bytes (1 switches on core 0)
May 27 16:53:56.078137 n-d-843621-2 devstack@placement-api.service[112161]: INFO placement.requestlog [req-618da798-ebf0-4d8f-86c0-29891a5739b2 req-566f8082-5eb2-4cc2-85b2-baf2dcb50b1f service placement] 10.222.0.27 "GET /placement/resource_providers?name=n-h1-843621-2" status: 200 len: 440 microversion: 1.0
May 27 16:53:56.079398 n-d-843621-2 devstack@placement-api.service[112161]: [pid: 112161|app: 0|req: 21/39] 10.222.0.27 () {58 vars in 1274 bytes} [Fri May 27 16:53:55 2022] GET /placement/resource_providers?name=n-h1-843621-2 => generated 440 bytes in 234 msecs (HTTP/1.1 200) 6 headers in 224 bytes (1 switches on core 0)
May 27 16:53:56.088545 n-d-843621-2 devstack@placement-api.service[112162]: DEBUG placement.requestlog [req-618da798-ebf0-4d8f-86c0-29891a5739b2 req-ece58b5f-2662-46b8-b71b-294e7df5b5e3 None None] Starting request: 10.222.0.27 "GET /placement/resource_providers/cf221783-52d3-42a5-a331-f42186ea2842/aggregates" {{(pid=112162) __call__ /opt/stack/placement/placement/requestlog.py:55}}
May 27 16:53:56.108473 n-d-843621-2 devstack@placement-api.service[112162]: INFO placement.requestlog [req-618da798-ebf0-4d8f-86c0-29891a5739b2 req-ece58b5f-2662-46b8-b71b-294e7df5b5e3 service placement] 10.222.0.27 "GET /placement/resource_providers/cf221783-52d3-42a5-a331-f42186ea2842/aggregates" status: 200 len: 53 microversion: 1.19
May 27 16:53:56.130992 n-d-843621-2 devstack@placement-api.service[112161]: DEBUG placement.requestlog [req-618da798-ebf0-4d8f-86c0-29891a5739b2 req-14694758-dc5e-4304-93b7-e6ab7e8ecc2c None None] Starting request: 10.222.0.27 "PUT /placement/resource_providers/cf221783-52d3-42a5-a331-f42186ea2842/aggregates" {{(pid=112161) __call__ /opt/stack/placement/placement/requestlog.py:55}}
May 27 16:53:56.140809 n-d-843621-2 devstack@placement-api.service[112162]: [pid: 112162|app: 0|req: 19/40] 10.222.0.27 () {60 vars in 1425 bytes} [Fri May 27 16:53:56 2022] GET /placement/resource_providers/cf221783-52d3-42a5-a331-f42186ea2842/aggregates => generated 53 bytes in 52 msecs (HTTP/1.1 200) 8 headers in 295 bytes (1 switches on core 0)
May 27 16:53:56.155068 n-d-843621-2 devstack@placement-api.service[112161]: DEBUG placement.objects.resource_provider [req-618da798-ebf0-4d8f-86c0-29891a5739b2 req-14694758-dc5e-4304-93b7-e6ab7e8ecc2c service placement] _ensure_aggregate() did not find aggregate f513b623-7e89-4161-9da6-4aac7d9e4383. Attempting to create it. {{(pid=112161) _ensure_aggregate /opt/stack/placement/placement/objects/resource_provider.py:321}}
May 27 16:53:56.161815 n-d-843621-2 devstack@placement-api.service[112161]: DEBUG placement.objects.resource_provider [req-618da798-ebf0-4d8f-86c0-29891a5739b2 req-14694758-dc5e-4304-93b7-e6ab7e8ecc2c service placement] _ensure_aggregate() created new aggregate f513b623-7e89-4161-9da6-4aac7d9e4383 (id=2). {{(pid=112161) _ensure_aggregate /opt/stack/placement/placement/objects/resource_provider.py:327}}
May 27 16:53:56.165190 n-d-843621-2 devstack@placement-api.service[112161]: DEBUG placement.objects.resource_provider [req-618da798-ebf0-4d8f-86c0-29891a5739b2 req-14694758-dc5e-4304-93b7-e6ab7e8ecc2c service placement] Setting aggregates for provider cf221783-52d3-42a5-a331-f42186ea2842. Successfully associated aggregate f513b623-7e89-4161-9da6-4aac7d9e4383. {{(pid=112161) _set_aggregates /opt/stack/placement/placement/objects/resource_provider.py:389}}
May 27 16:53:56.174503 n-d-843621-2 devstack@placement-api.service[112161]: INFO placement.requestlog [req-618da798-ebf0-4d8f-86c0-29891a5739b2 req-14694758-dc5e-4304-93b7-e6ab7e8ecc2c service placement] 10.222.0.27 "PUT /placement/resource_providers/cf221783-52d3-42a5-a331-f42186ea2842/aggregates" status: 200 len: 91 microversion: 1.19
May 27 16:53:56.175554 n-d-843621-2 devstack@placement-api.service[112161]: [pid: 112161|app: 0|req: 22/41] 10.222.0.27 () {64 vars in 1477 bytes} [Fri May 27 16:53:56 2022] PUT /placement/resource_providers/cf221783-52d3-42a5-a331-f42186ea2842/aggregates => generated 91 bytes in 45 msecs (HTTP/1.1 200) 8 headers in 295 bytes (2 switches on core 0)
May 27 16:53:57.359733 n-d-843621-2 devstack@placement-api.service[112162]: DEBUG placement.requestlog [req-1d3f7d88-c5f5-453f-822b-ef03fe25a266 req-db59c31e-b746-4bda-b08e-9fad6f85aa3b None None] Starting request: 10.222.0.27 "GET /placement/allocation_candidates?limit=1000&member_of=in%3Af513b623-7e89-4161-9da6-4aac7d9e4383&resources=DISK_GB%3A1%2CMEMORY_MB%3A1024%2CVCPU%3A1&root_required=%21COMPUTE_STATUS_DISABLED" {{(pid=112162) __call__ /opt/stack/placement/placement/requestlog.py:55}}
May 27 16:53:57.413680 n-d-843621-2 devstack@placement-api.service[112162]: DEBUG placement.objects.research_context [req-1d3f7d88-c5f5-453f-822b-ef03fe25a266 req-db59c31e-b746-4bda-b08e-9fad6f85aa3b service placement] getting providers with 1 DISK_GB {{(pid=112162) __init__ /opt/stack/placement/placement/objects/research_context.py:136}}
May 27 16:53:57.423614 n-d-843621-2 devstack@placement-api.service[112162]: DEBUG placement.objects.research_context [req-1d3f7d88-c5f5-453f-822b-ef03fe25a266 req-db59c31e-b746-4bda-b08e-9fad6f85aa3b service placement] getting providers with 1024 MEMORY_MB {{(pid=112162) __init__ /opt/stack/placement/placement/objects/research_context.py:136}}
May 27 16:53:57.431731 n-d-843621-2 devstack@placement-api.service[112162]: DEBUG placement.objects.research_context [req-1d3f7d88-c5f5-453f-822b-ef03fe25a266 req-db59c31e-b746-4bda-b08e-9fad6f85aa3b service placement] getting providers with 1 VCPU {{(pid=112162) __init__ /opt/stack/placement/placement/objects/research_context.py:136}}
May 27 16:53:57.439798 n-d-843621-2 devstack@placement-api.service[112162]: DEBUG placement.objects.research_context [req-1d3f7d88-c5f5-453f-822b-ef03fe25a266 req-db59c31e-b746-4bda-b08e-9fad6f85aa3b service placement] found 1 providers after applying required aggregates filter ([{'f513b623-7e89-4161-9da6-4aac7d9e4383'}]) {{(pid=112162) get_provider_ids_for_traits_and_aggs /opt/stack/placement/placement/objects/research_context.py:1158}}
May 27 16:53:57.440334 n-d-843621-2 devstack@placement-api.service[112162]: DEBUG placement.objects.research_context [req-1d3f7d88-c5f5-453f-822b-ef03fe25a266 req-db59c31e-b746-4bda-b08e-9fad6f85aa3b service placement] found 2 providers with available 1 DISK_GB {{(pid=112162) get_provider_ids_matching /opt/stack/placement/placement/objects/research_context.py:563}}
May 27 16:53:57.441046 n-d-843621-2 devstack@placement-api.service[112162]: DEBUG placement.objects.research_context [req-1d3f7d88-c5f5-453f-822b-ef03fe25a266 req-db59c31e-b746-4bda-b08e-9fad6f85aa3b service placement] found 1 providers after applying initial aggregate and trait filters {{(pid=112162) get_provider_ids_matching /opt/stack/placement/placement/objects/research_context.py:575}}
May 27 16:53:57.441499 n-d-843621-2 devstack@placement-api.service[112162]: DEBUG placement.objects.research_context [req-1d3f7d88-c5f5-453f-822b-ef03fe25a266 req-db59c31e-b746-4bda-b08e-9fad6f85aa3b service placement] found 2 providers with available 1024 MEMORY_MB {{(pid=112162) get_provider_ids_matching /opt/stack/placement/placement/objects/research_context.py:563}}
May 27 16:53:57.441928 n-d-843621-2 devstack@placement-api.service[112162]: DEBUG placement.objects.research_context [req-1d3f7d88-c5f5-453f-822b-ef03fe25a266 req-db59c31e-b746-4bda-b08e-9fad6f85aa3b service placement] found 1 providers after filtering by previous result {{(pid=112162) get_provider_ids_matching /opt/stack/placement/placement/objects/research_context.py:594}}
May 27 16:53:57.442425 n-d-843621-2 devstack@placement-api.service[112162]: DEBUG placement.objects.research_context [req-1d3f7d88-c5f5-453f-822b-ef03fe25a266 req-db59c31e-b746-4bda-b08e-9fad6f85aa3b service placement] found 2 providers with available 1 VCPU {{(pid=112162) get_provider_ids_matching /opt/stack/placement/placement/objects/research_context.py:563}}
May 27 16:53:57.443031 n-d-843621-2 devstack@placement-api.service[112162]: DEBUG placement.objects.research_context [req-1d3f7d88-c5f5-453f-822b-ef03fe25a266 req-db59c31e-b746-4bda-b08e-9fad6f85aa3b service placement] found 1 providers after filtering by previous result {{(pid=112162) get_provider_ids_matching /opt/stack/placement/placement/objects/research_context.py:594}}
May 27 16:53:57.455350 n-d-843621-2 devstack@placement-api.service[112162]: DEBUG placement.objects.allocation_candidate [req-1d3f7d88-c5f5-453f-822b-ef03fe25a266 req-db59c31e-b746-4bda-b08e-9fad6f85aa3b service placement] RequestGroup(use_same_provider=False, resources={DISK_GB:1, MEMORY_MB:1024, VCPU:1}, traits=(), aggregates=[[f513b623-7e89-4161-9da6-4aac7d9e4383]]) (suffix '') returned 1 matches {{(pid=112162) _get_by_requests /opt/stack/placement/placement/objects/allocation_candidate.py:156}}
May 27 16:53:57.455974 n-d-843621-2 devstack@placement-api.service[112162]: DEBUG placement.objects.allocation_candidate [req-1d3f7d88-c5f5-453f-822b-ef03fe25a266 req-db59c31e-b746-4bda-b08e-9fad6f85aa3b service placement] Merging candidates yields 1 allocation requests and 1 provider summaries {{(pid=112162) _merge_candidates /opt/stack/placement/placement/objects/allocation_candidate.py:809}}
May 27 16:53:57.457650 n-d-843621-2 devstack@placement-api.service[112162]: INFO placement.requestlog [req-1d3f7d88-c5f5-453f-822b-ef03fe25a266 req-db59c31e-b746-4bda-b08e-9fad6f85aa3b service placement] 10.222.0.27 "GET /placement/allocation_candidates?limit=1000&member_of=in%3Af513b623-7e89-4161-9da6-4aac7d9e4383&resources=DISK_GB%3A1%2CMEMORY_MB%3A1024%2CVCPU%3A1&root_required=%21COMPUTE_STATUS_DISABLED" status: 200 len: 679 microversion: 1.36
May 27 16:53:57.458621 n-d-843621-2 devstack@placement-api.service[112162]: [pid: 112162|app: 0|req: 20/42] 10.222.0.27 () {60 vars in 1610 bytes} [Fri May 27 16:53:57 2022] GET /placement/allocation_candidates?limit=1000&member_of=in%3Af513b623-7e89-4161-9da6-4aac7d9e4383&resources=DISK_GB%3A1%2CMEMORY_MB%3A1024%2CVCPU%3A1&root_required=%21COMPUTE_STATUS_DISABLED => generated 679 bytes in 99 msecs (HTTP/1.1 200) 8 headers in 296 bytes (1 switches on core 0)
May 27 16:53:57.508015 n-d-843621-2 devstack@placement-api.service[112161]: DEBUG placement.requestlog [req-1d3f7d88-c5f5-453f-822b-ef03fe25a266 req-03541626-edf8-4498-87e0-e6a0aab4ec93 None None] Starting request: 10.222.0.27 "GET /placement/allocations/5a654ad5-0b65-4e7e-b4ff-7c384db728f6" {{(pid=112161) __call__ /opt/stack/placement/placement/requestlog.py:55}}
May 27 16:53:57.520207 n-d-843621-2 devstack@placement-api.service[112161]: INFO placement.requestlog [req-1d3f7d88-c5f5-453f-822b-ef03fe25a266 req-03541626-edf8-4498-87e0-e6a0aab4ec93 service placement] 10.222.0.27 "GET /placement/allocations/5a654ad5-0b65-4e7e-b4ff-7c384db728f6" status: 200 len: 19 microversion: 1.28
May 27 16:53:57.520891 n-d-843621-2 devstack@placement-api.service[112161]: [pid: 112161|app: 0|req: 23/43] 10.222.0.27 () {60 vars in 1380 bytes} [Fri May 27 16:53:57 2022] GET /placement/allocations/5a654ad5-0b65-4e7e-b4ff-7c384db728f6 => generated 19 bytes in 13 msecs (HTTP/1.1 200) 8 headers in 295 bytes (1 switches on core 0)
May 27 16:53:57.527800 n-d-843621-2 devstack@placement-api.service[112162]: DEBUG placement.requestlog [req-1d3f7d88-c5f5-453f-822b-ef03fe25a266 req-8aee7561-72ae-4bf2-af52-8d956ae77f56 None None] Starting request: 10.222.0.27 "PUT /placement/allocations/5a654ad5-0b65-4e7e-b4ff-7c384db728f6" {{(pid=112162) __call__ /opt/stack/placement/placement/requestlog.py:55}}
May 27 16:53:57.556102 n-d-843621-2 devstack@placement-api.service[112162]: DEBUG dbcounter [-] [112162] Writing DB stats placement:SELECT=77,placement:INSERT=14,placement:UPDATE=5,placement:DELETE=4 {{(pid=112162) stat_writer /usr/local/lib/python3.8/dist-packages/dbcounter.py:114}}
May 27 16:53:57.695427 n-d-843621-2 devstack@placement-api.service[112162]: DEBUG placement.handlers.allocation [req-1d3f7d88-c5f5-453f-822b-ef03fe25a266 req-8aee7561-72ae-4bf2-af52-8d956ae77f56 service placement] Successfully wrote allocations [, , ] {{(pid=112162) _update_consumers_and_create_allocations /opt/stack/placement/placement/handlers/allocation.py:462}}
May 27 16:53:57.700958 n-d-843621-2 devstack@placement-api.service[112162]: INFO placement.requestlog [req-1d3f7d88-c5f5-453f-822b-ef03fe25a266 req-8aee7561-72ae-4bf2-af52-8d956ae77f56 service placement] 10.222.0.27 "PUT /placement/allocations/5a654ad5-0b65-4e7e-b4ff-7c384db728f6" status: 204 len: 0 microversion: 1.36
May 27 16:53:57.702039 n-d-843621-2 devstack@placement-api.service[112162]: [pid: 112162|app: 0|req: 21/44] 10.222.0.27 () {64 vars in 1433 bytes} [Fri May 27 16:53:57 2022] PUT /placement/allocations/5a654ad5-0b65-4e7e-b4ff-7c384db728f6 => generated 0 bytes in 174 msecs (HTTP/1.1 204) 5 headers in 199 bytes (1 switches on core 0)
May 27 16:53:58.326434 n-d-843621-2 devstack@placement-api.service[112161]: DEBUG placement.requestlog [req-1d3f7d88-c5f5-453f-822b-ef03fe25a266 req-afaa22d2-e450-451e-a5d5-4d75d1284b67 None None] Starting request: 10.222.0.77 "GET /placement/allocations/5a654ad5-0b65-4e7e-b4ff-7c384db728f6" {{(pid=112161) __call__ /opt/stack/placement/placement/requestlog.py:55}}
May 27 16:53:58.370880 n-d-843621-2 devstack@placement-api.service[112161]: INFO placement.requestlog [req-1d3f7d88-c5f5-453f-822b-ef03fe25a266 req-afaa22d2-e450-451e-a5d5-4d75d1284b67 service placement] 10.222.0.77 "GET /placement/allocations/5a654ad5-0b65-4e7e-b4ff-7c384db728f6" status: 200 len: 258 microversion: 1.28
May 27 16:53:58.374183 n-d-843621-2 devstack@placement-api.service[112161]: [pid: 112161|app: 0|req: 24/45] 10.222.0.77 () {60 vars in 1377 bytes} [Fri May 27 16:53:58 2022] GET /placement/allocations/5a654ad5-0b65-4e7e-b4ff-7c384db728f6 => generated 258 bytes in 47 msecs (HTTP/1.1 200) 8 headers in 296 bytes (1 switches on core 0)
May 27 16:54:07.692018 n-d-843621-2 devstack@placement-api.service[112162]: DEBUG dbcounter [-] [112162] Writing DB stats placement:SELECT=13,placement:INSERT=6,placement:DELETE=2,placement:UPDATE=2 {{(pid=112162) stat_writer /usr/local/lib/python3.8/dist-packages/dbcounter.py:114}}
May 27 16:54:08.348320 n-d-843621-2 devstack@placement-api.service[112161]: DEBUG dbcounter [-] [112161] Writing DB stats placement:SELECT=47,placement:DELETE=1,placement:UPDATE=2,placement:INSERT=2 {{(pid=112161) stat_writer /usr/local/lib/python3.8/dist-packages/dbcounter.py:114}}
May 27 16:54:17.439222 n-d-843621-2 devstack@placement-api.service[112162]: DEBUG placement.requestlog [req-3e3c4d83-4f29-4e71-b52b-4239d9abea5d req-2837b176-99d0-41d2-858a-3ff19bd2c18d None None] Starting request: 10.222.0.27 "GET /placement/allocation_candidates?limit=1000&resources=DISK_GB%3A1%2CMEMORY_MB%3A1024%2CVCPU%3A1&root_required=%21COMPUTE_STATUS_DISABLED" {{(pid=112162) __call__ /opt/stack/placement/placement/requestlog.py:55}}
May 27 16:54:17.476446 n-d-843621-2 devstack@placement-api.service[112162]: DEBUG placement.objects.research_context [req-3e3c4d83-4f29-4e71-b52b-4239d9abea5d req-2837b176-99d0-41d2-858a-3ff19bd2c18d service placement] getting providers with 1 DISK_GB {{(pid=112162) __init__ /opt/stack/placement/placement/objects/research_context.py:136}}
May 27 16:54:17.482646 n-d-843621-2 devstack@placement-api.service[112162]: DEBUG placement.objects.research_context [req-3e3c4d83-4f29-4e71-b52b-4239d9abea5d req-2837b176-99d0-41d2-858a-3ff19bd2c18d service placement] getting providers with 1024 MEMORY_MB {{(pid=112162) __init__ /opt/stack/placement/placement/objects/research_context.py:136}}
May 27 16:54:17.487998 n-d-843621-2 devstack@placement-api.service[112162]: DEBUG placement.objects.research_context [req-3e3c4d83-4f29-4e71-b52b-4239d9abea5d req-2837b176-99d0-41d2-858a-3ff19bd2c18d service placement] getting providers with 1 VCPU {{(pid=112162) __init__ /opt/stack/placement/placement/objects/research_context.py:136}}
May 27 16:54:17.494132 n-d-843621-2 devstack@placement-api.service[112162]: DEBUG placement.objects.research_context [req-3e3c4d83-4f29-4e71-b52b-4239d9abea5d req-2837b176-99d0-41d2-858a-3ff19bd2c18d service placement] found 2 providers with available 1 DISK_GB {{(pid=112162) get_provider_ids_matching /opt/stack/placement/placement/objects/research_context.py:563}}
May 27 16:54:17.494401 n-d-843621-2 devstack@placement-api.service[112162]: DEBUG placement.objects.research_context [req-3e3c4d83-4f29-4e71-b52b-4239d9abea5d req-2837b176-99d0-41d2-858a-3ff19bd2c18d service placement] found 2 providers with available 1024 MEMORY_MB {{(pid=112162) get_provider_ids_matching /opt/stack/placement/placement/objects/research_context.py:563}}
May 27 16:54:17.494869 n-d-843621-2 devstack@placement-api.service[112162]: DEBUG placement.objects.research_context [req-3e3c4d83-4f29-4e71-b52b-4239d9abea5d req-2837b176-99d0-41d2-858a-3ff19bd2c18d service placement] found 2 providers after filtering by previous result {{(pid=112162) get_provider_ids_matching /opt/stack/placement/placement/objects/research_context.py:594}}
May 27 16:54:17.495281 n-d-843621-2 devstack@placement-api.service[112162]: DEBUG placement.objects.research_context [req-3e3c4d83-4f29-4e71-b52b-4239d9abea5d req-2837b176-99d0-41d2-858a-3ff19bd2c18d service placement] found 2 providers with available 1 VCPU {{(pid=112162) get_provider_ids_matching /opt/stack/placement/placement/objects/research_context.py:563}}
May 27 16:54:17.495963 n-d-843621-2 devstack@placement-api.service[112162]: DEBUG placement.objects.research_context [req-3e3c4d83-4f29-4e71-b52b-4239d9abea5d req-2837b176-99d0-41d2-858a-3ff19bd2c18d service placement] found 2 providers after filtering by previous result {{(pid=112162) get_provider_ids_matching /opt/stack/placement/placement/objects/research_context.py:594}}
May 27 16:54:17.508223 n-d-843621-2 devstack@placement-api.service[112162]: DEBUG placement.objects.allocation_candidate [req-3e3c4d83-4f29-4e71-b52b-4239d9abea5d req-2837b176-99d0-41d2-858a-3ff19bd2c18d service placement] RequestGroup(use_same_provider=False, resources={DISK_GB:1, MEMORY_MB:1024, VCPU:1}, traits=(), aggregates=[]) (suffix '') returned 2 matches {{(pid=112162) _get_by_requests /opt/stack/placement/placement/objects/allocation_candidate.py:156}}
May 27 16:54:17.508898 n-d-843621-2 devstack@placement-api.service[112162]: DEBUG placement.objects.allocation_candidate [req-3e3c4d83-4f29-4e71-b52b-4239d9abea5d req-2837b176-99d0-41d2-858a-3ff19bd2c18d service placement] Merging candidates yields 2 allocation requests and 2 provider summaries {{(pid=112162) _merge_candidates /opt/stack/placement/placement/objects/allocation_candidate.py:809}}
May 27 16:54:17.511158 n-d-843621-2 devstack@placement-api.service[112162]: INFO placement.requestlog [req-3e3c4d83-4f29-4e71-b52b-4239d9abea5d req-2837b176-99d0-41d2-858a-3ff19bd2c18d service placement] 10.222.0.27 "GET /placement/allocation_candidates?limit=1000&resources=DISK_GB%3A1%2CMEMORY_MB%3A1024%2CVCPU%3A1&root_required=%21COMPUTE_STATUS_DISABLED" status: 200 len: 1306 microversion: 1.36
May 27 16:54:17.516541 n-d-843621-2 devstack@placement-api.service[112162]: [pid: 112162|app: 0|req: 22/46] 10.222.0.27 () {60 vars in 1506 bytes} [Fri May 27 16:54:17 2022] GET /placement/allocation_candidates?limit=1000&resources=DISK_GB%3A1%2CMEMORY_MB%3A1024%2CVCPU%3A1&root_required=%21COMPUTE_STATUS_DISABLED => generated 1306 bytes in 77 msecs (HTTP/1.1 200) 8 headers in 297 bytes (1 switches on core 0)
May 27 16:54:17.575816 n-d-843621-2 devstack@placement-api.service[112161]: DEBUG placement.requestlog [req-3e3c4d83-4f29-4e71-b52b-4239d9abea5d req-a706d8eb-b2ec-49fc-9354-e590efc76ba7 None None] Starting request: 10.222.0.27 "GET /placement/allocations/187d5dcc-5193-4e0b-9021-5f76a1583702" {{(pid=112161) __call__ /opt/stack/placement/placement/requestlog.py:55}}
May 27 16:54:17.588857 n-d-843621-2 devstack@placement-api.service[112161]: INFO placement.requestlog [req-3e3c4d83-4f29-4e71-b52b-4239d9abea5d req-a706d8eb-b2ec-49fc-9354-e590efc76ba7 service placement] 10.222.0.27 "GET /placement/allocations/187d5dcc-5193-4e0b-9021-5f76a1583702" status: 200 len: 19 microversion: 1.28
May 27 16:54:17.593629 n-d-843621-2 devstack@placement-api.service[112161]: [pid: 112161|app: 0|req: 25/47] 10.222.0.27 () {60 vars in 1380 bytes} [Fri May 27 16:54:17 2022] GET /placement/allocations/187d5dcc-5193-4e0b-9021-5f76a1583702 => generated 19 bytes in 19 msecs (HTTP/1.1 200) 8 headers in 295 bytes (1 switches on core 0)
May 27 16:54:17.595996 n-d-843621-2 devstack@placement-api.service[112162]: DEBUG placement.requestlog [req-3e3c4d83-4f29-4e71-b52b-4239d9abea5d req-2eb2adde-c18e-47a7-8e64-e413d696c890 None None] Starting request: 10.222.0.27 "PUT /placement/allocations/187d5dcc-5193-4e0b-9021-5f76a1583702" {{(pid=112162) __call__ /opt/stack/placement/placement/requestlog.py:55}}
May 27 16:54:17.682427 n-d-843621-2 devstack@placement-api.service[112162]: DEBUG placement.handlers.allocation [req-3e3c4d83-4f29-4e71-b52b-4239d9abea5d req-2eb2adde-c18e-47a7-8e64-e413d696c890 service placement] Successfully wrote allocations [, , ] {{(pid=112162) _update_consumers_and_create_allocations /opt/stack/placement/placement/handlers/allocation.py:462}}
May 27 16:54:17.689287 n-d-843621-2 devstack@placement-api.service[112162]: INFO placement.requestlog [req-3e3c4d83-4f29-4e71-b52b-4239d9abea5d req-2eb2adde-c18e-47a7-8e64-e413d696c890 service placement] 10.222.0.27 "PUT /placement/allocations/187d5dcc-5193-4e0b-9021-5f76a1583702" status: 204 len: 0 microversion: 1.36
May 27 16:54:17.690381 n-d-843621-2 devstack@placement-api.service[112162]: [pid: 112162|app: 0|req: 23/48] 10.222.0.27 () {64 vars in 1433 bytes} [Fri May 27 16:54:17 2022] PUT /placement/allocations/187d5dcc-5193-4e0b-9021-5f76a1583702 => generated 0 bytes in 95 msecs (HTTP/1.1 204) 5 headers in 199 bytes (2 switches on core 0)
May 27 16:54:17.792728 n-d-843621-2 devstack@placement-api.service[112161]: DEBUG placement.requestlog [req-d74ae31a-62c3-4428-9618-ad8452b2c473 req-3eda25ad-fc38-438f-8960-4faf346c0584 None None] Starting request: 10.222.0.27 "GET /placement/allocation_candidates?limit=1000&resources=DISK_GB%3A1%2CMEMORY_MB%3A1024%2CVCPU%3A1&root_required=%21COMPUTE_STATUS_DISABLED" {{(pid=112161) __call__ /opt/stack/placement/placement/requestlog.py:55}}
May 27 16:54:17.846844 n-d-843621-2 devstack@placement-api.service[112161]: DEBUG placement.objects.research_context [req-d74ae31a-62c3-4428-9618-ad8452b2c473 req-3eda25ad-fc38-438f-8960-4faf346c0584 service placement] getting providers with 1 DISK_GB {{(pid=112161) __init__ /opt/stack/placement/placement/objects/research_context.py:136}}
May 27 16:54:17.854711 n-d-843621-2 devstack@placement-api.service[112161]: DEBUG placement.objects.research_context [req-d74ae31a-62c3-4428-9618-ad8452b2c473 req-3eda25ad-fc38-438f-8960-4faf346c0584 service placement] getting providers with 1024 MEMORY_MB {{(pid=112161) __init__ /opt/stack/placement/placement/objects/research_context.py:136}}
May 27 16:54:17.860502 n-d-843621-2 devstack@placement-api.service[112161]: DEBUG placement.objects.research_context [req-d74ae31a-62c3-4428-9618-ad8452b2c473 req-3eda25ad-fc38-438f-8960-4faf346c0584 service placement] getting providers with 1 VCPU {{(pid=112161) __init__ /opt/stack/placement/placement/objects/research_context.py:136}}
May 27 16:54:17.868214 n-d-843621-2 devstack@placement-api.service[112161]: DEBUG placement.objects.research_context [req-d74ae31a-62c3-4428-9618-ad8452b2c473 req-3eda25ad-fc38-438f-8960-4faf346c0584 service placement] found 2 providers with available 1 DISK_GB {{(pid=112161) get_provider_ids_matching /opt/stack/placement/placement/objects/research_context.py:563}}
May 27 16:54:17.868498 n-d-843621-2 devstack@placement-api.service[112161]: DEBUG placement.objects.research_context [req-d74ae31a-62c3-4428-9618-ad8452b2c473 req-3eda25ad-fc38-438f-8960-4faf346c0584 service placement] found 2 providers with available 1024 MEMORY_MB {{(pid=112161) get_provider_ids_matching /opt/stack/placement/placement/objects/research_context.py:563}}
May 27 16:54:17.868944 n-d-843621-2 devstack@placement-api.service[112161]: DEBUG placement.objects.research_context [req-d74ae31a-62c3-4428-9618-ad8452b2c473 req-3eda25ad-fc38-438f-8960-4faf346c0584 service placement] found 2 providers after filtering by previous result {{(pid=112161) get_provider_ids_matching /opt/stack/placement/placement/objects/research_context.py:594}}
May 27 16:54:17.869402 n-d-843621-2 devstack@placement-api.service[112161]: DEBUG placement.objects.research_context [req-d74ae31a-62c3-4428-9618-ad8452b2c473 req-3eda25ad-fc38-438f-8960-4faf346c0584 service placement] found 2 providers with available 1 VCPU {{(pid=112161) get_provider_ids_matching /opt/stack/placement/placement/objects/research_context.py:563}}
May 27 16:54:17.869827 n-d-843621-2 devstack@placement-api.service[112161]: DEBUG placement.objects.research_context [req-d74ae31a-62c3-4428-9618-ad8452b2c473 req-3eda25ad-fc38-438f-8960-4faf346c0584 service placement] found 2 providers after filtering by previous result {{(pid=112161) get_provider_ids_matching /opt/stack/placement/placement/objects/research_context.py:594}}
May 27 16:54:17.885818 n-d-843621-2 devstack@placement-api.service[112161]: DEBUG placement.objects.allocation_candidate [req-d74ae31a-62c3-4428-9618-ad8452b2c473 req-3eda25ad-fc38-438f-8960-4faf346c0584 service placement] RequestGroup(use_same_provider=False, resources={DISK_GB:1, MEMORY_MB:1024, VCPU:1}, traits=(), aggregates=[]) (suffix '') returned 2 matches {{(pid=112161) _get_by_requests /opt/stack/placement/placement/objects/allocation_candidate.py:156}}
May 27 16:54:17.887253 n-d-843621-2 devstack@placement-api.service[112161]: DEBUG placement.objects.allocation_candidate [req-d74ae31a-62c3-4428-9618-ad8452b2c473 req-3eda25ad-fc38-438f-8960-4faf346c0584 service placement] Merging candidates yields 2 allocation requests and 2 provider summaries {{(pid=112161) _merge_candidates /opt/stack/placement/placement/objects/allocation_candidate.py:809}}
May 27 16:54:17.889054 n-d-843621-2 devstack@placement-api.service[112161]: INFO placement.requestlog [req-d74ae31a-62c3-4428-9618-ad8452b2c473 req-3eda25ad-fc38-438f-8960-4faf346c0584 service placement] 10.222.0.27 "GET /placement/allocation_candidates?limit=1000&resources=DISK_GB%3A1%2CMEMORY_MB%3A1024%2CVCPU%3A1&root_required=%21COMPUTE_STATUS_DISABLED" status: 200 len: 1309 microversion: 1.36
May 27 16:54:17.889942 n-d-843621-2 devstack@placement-api.service[112161]: [pid: 112161|app: 0|req: 26/49] 10.222.0.27 () {60 vars in 1506 bytes} [Fri May 27 16:54:17 2022] GET /placement/allocation_candidates?limit=1000&resources=DISK_GB%3A1%2CMEMORY_MB%3A1024%2CVCPU%3A1&root_required=%21COMPUTE_STATUS_DISABLED => generated 1309 bytes in 98 msecs (HTTP/1.1 200) 8 headers in 297 bytes (1 switches on core 0)
May 27 16:54:18.025292 n-d-843621-2 devstack@placement-api.service[112162]: DEBUG placement.requestlog [req-d74ae31a-62c3-4428-9618-ad8452b2c473 req-2f92ebf1-a03f-4500-9b11-7a68ca72477a None None] Starting request: 10.222.0.27 "GET /placement/allocations/879c0b74-e8ef-4d70-b240-1e4897176883" {{(pid=112162) __call__ /opt/stack/placement/placement/requestlog.py:55}}
May 27 16:54:18.045547 n-d-843621-2 devstack@placement-api.service[112162]: INFO placement.requestlog [req-d74ae31a-62c3-4428-9618-ad8452b2c473 req-2f92ebf1-a03f-4500-9b11-7a68ca72477a service placement] 10.222.0.27 "GET /placement/allocations/879c0b74-e8ef-4d70-b240-1e4897176883" status: 200 len: 19 microversion: 1.28
May 27 16:54:18.046982 n-d-843621-2 devstack@placement-api.service[112162]: [pid: 112162|app: 0|req: 24/50] 10.222.0.27 () {60 vars in 1380 bytes} [Fri May 27 16:54:18 2022] GET /placement/allocations/879c0b74-e8ef-4d70-b240-1e4897176883 => generated 19 bytes in 22 msecs (HTTP/1.1 200) 8 headers in 295 bytes (1 switches on core 0)
May 27 16:54:18.080872 n-d-843621-2 devstack@placement-api.service[112161]: DEBUG placement.requestlog [req-d74ae31a-62c3-4428-9618-ad8452b2c473 req-1d79cc37-1abc-4e5d-b936-3486bc983c8b None None] Starting request: 10.222.0.27 "PUT /placement/allocations/879c0b74-e8ef-4d70-b240-1e4897176883" {{(pid=112161) __call__ /opt/stack/placement/placement/requestlog.py:55}}
May 27 16:54:18.222507 n-d-843621-2 devstack@placement-api.service[112162]: DEBUG placement.requestlog [req-3e3c4d83-4f29-4e71-b52b-4239d9abea5d req-7b511a6d-f39a-4ec5-9c08-62d54287415d None None] Starting request: 10.222.0.58 "GET /placement/allocations/187d5dcc-5193-4e0b-9021-5f76a1583702" {{(pid=112162) __call__ /opt/stack/placement/placement/requestlog.py:55}}
May 27 16:54:18.232166 n-d-843621-2 devstack@placement-api.service[112161]: DEBUG placement.handlers.allocation [req-d74ae31a-62c3-4428-9618-ad8452b2c473 req-1d79cc37-1abc-4e5d-b936-3486bc983c8b service placement] Successfully wrote allocations [, , ] {{(pid=112161) _update_consumers_and_create_allocations /opt/stack/placement/placement/handlers/allocation.py:462}}
May 27 16:54:18.237142 n-d-843621-2 devstack@placement-api.service[112161]: INFO placement.requestlog [req-d74ae31a-62c3-4428-9618-ad8452b2c473 req-1d79cc37-1abc-4e5d-b936-3486bc983c8b service placement] 10.222.0.27 "PUT /placement/allocations/879c0b74-e8ef-4d70-b240-1e4897176883" status: 204 len: 0 microversion: 1.36
May 27 16:54:18.237999 n-d-843621-2 devstack@placement-api.service[112161]: [pid: 112161|app: 0|req: 27/51] 10.222.0.27 () {64 vars in 1433 bytes} [Fri May 27 16:54:18 2022] PUT /placement/allocations/879c0b74-e8ef-4d70-b240-1e4897176883 => generated 0 bytes in 160 msecs (HTTP/1.1 204) 5 headers in 199 bytes (1 switches on core 0)
May 27 16:54:18.243801 n-d-843621-2 devstack@placement-api.service[112162]: INFO placement.requestlog [req-3e3c4d83-4f29-4e71-b52b-4239d9abea5d req-7b511a6d-f39a-4ec5-9c08-62d54287415d service placement] 10.222.0.58 "GET /placement/allocations/187d5dcc-5193-4e0b-9021-5f76a1583702" status: 200 len: 258 microversion: 1.28
May 27 16:54:18.244637 n-d-843621-2 devstack@placement-api.service[112162]: [pid: 112162|app: 0|req: 25/52] 10.222.0.58 () {60 vars in 1377 bytes} [Fri May 27 16:54:18 2022] GET /placement/allocations/187d5dcc-5193-4e0b-9021-5f76a1583702 => generated 258 bytes in 22 msecs (HTTP/1.1 200) 8 headers in 296 bytes (1 switches on core 0)
