May 27 15:08:11.241153 n-d-843621-1 devstack@placement-api.service[105106]: DEBUG placement.requestlog [req-d2b80b99-8772-4749-81c1-08c564dc3c0a req-fa6f8303-ded7-464a-9ce9-4f7cb5e24f10 None None] Starting request: 10.222.0.59 "GET /placement/resource_providers/4168281e-d8f8-4a85-ade5-b378de326df3/allocations" {{(pid=105106) __call__ /opt/stack/placement/placement/requestlog.py:55}}
May 27 15:08:11.265676 n-d-843621-1 devstack@placement-api.service[105106]: INFO placement.requestlog [req-d2b80b99-8772-4749-81c1-08c564dc3c0a req-fa6f8303-ded7-464a-9ce9-4f7cb5e24f10 service placement] 10.222.0.59 "GET /placement/resource_providers/4168281e-d8f8-4a85-ade5-b378de326df3/allocations" status: 200 len: 443 microversion: 1.0
May 27 15:08:11.266260 n-d-843621-1 devstack@placement-api.service[105106]: [pid: 105106|app: 0|req: 279/558] 10.222.0.59 () {58 vars in 1390 bytes} [Fri May 27 15:08:11 2022] GET /placement/resource_providers/4168281e-d8f8-4a85-ade5-b378de326df3/allocations => generated 443 bytes in 25 msecs (HTTP/1.1 200) 6 headers in 224 bytes (1 switches on core 0)
May 27 15:08:12.109933 n-d-843621-1 devstack@placement-api.service[105105]: DEBUG placement.requestlog [req-d2b80b99-8772-4749-81c1-08c564dc3c0a req-d5574505-3150-4dda-a89b-2ac50626f645 None None] Starting request: 10.222.0.59 "GET /placement/allocations/185cd797-3c0b-4b76-8f35-ded5e1fc9fed" {{(pid=105105) __call__ /opt/stack/placement/placement/requestlog.py:55}}
May 27 15:08:12.134088 n-d-843621-1 devstack@placement-api.service[105105]: INFO placement.requestlog [req-d2b80b99-8772-4749-81c1-08c564dc3c0a req-d5574505-3150-4dda-a89b-2ac50626f645 service placement] 10.222.0.59 "GET /placement/allocations/185cd797-3c0b-4b76-8f35-ded5e1fc9fed" status: 200 len: 259 microversion: 1.28
May 27 15:08:12.135001 n-d-843621-1 devstack@placement-api.service[105105]: [pid: 105105|app: 0|req: 280/559] 10.222.0.59 () {60 vars in 1377 bytes} [Fri May 27 15:08:12 2022] GET /placement/allocations/185cd797-3c0b-4b76-8f35-ded5e1fc9fed => generated 259 bytes in 26 msecs (HTTP/1.1 200) 8 headers in 296 bytes (1 switches on core 0)
May 27 15:08:12.228080 n-d-843621-1 devstack@placement-api.service[105106]: DEBUG placement.requestlog [req-d2b80b99-8772-4749-81c1-08c564dc3c0a req-f35e221c-e324-4cf2-8801-dd00eba7d0b1 None None] Starting request: 10.222.0.59 "PUT /placement/allocations/185cd797-3c0b-4b76-8f35-ded5e1fc9fed" {{(pid=105106) __call__ /opt/stack/placement/placement/requestlog.py:55}}
May 27 15:08:12.253854 n-d-843621-1 devstack@placement-api.service[105105]: DEBUG placement.requestlog [req-8b5eaccc-b221-47f8-bdba-edcf2d4c78e3 req-ff243386-4592-40f9-8d8f-d008e99cd8ea None None] Starting request: 10.222.0.59 "GET /placement/resource_providers/4168281e-d8f8-4a85-ade5-b378de326df3/allocations" {{(pid=105105) __call__ /opt/stack/placement/placement/requestlog.py:55}}
May 27 15:08:12.294004 n-d-843621-1 devstack@placement-api.service[105105]: INFO placement.requestlog [req-8b5eaccc-b221-47f8-bdba-edcf2d4c78e3 req-ff243386-4592-40f9-8d8f-d008e99cd8ea service placement] 10.222.0.59 "GET /placement/resource_providers/4168281e-d8f8-4a85-ade5-b378de326df3/allocations" status: 200 len: 443 microversion: 1.0
May 27 15:08:12.297024 n-d-843621-1 devstack@placement-api.service[105105]: [pid: 105105|app: 0|req: 281/560] 10.222.0.59 () {58 vars in 1390 bytes} [Fri May 27 15:08:12 2022] GET /placement/resource_providers/4168281e-d8f8-4a85-ade5-b378de326df3/allocations => generated 443 bytes in 43 msecs (HTTP/1.1 200) 6 headers in 224 bytes (2 switches on core 0)
May 27 15:08:12.314636 n-d-843621-1 devstack@placement-api.service[105106]: DEBUG placement.handlers.allocation [req-d2b80b99-8772-4749-81c1-08c564dc3c0a req-f35e221c-e324-4cf2-8801-dd00eba7d0b1 service placement] Successfully wrote allocations [<placement.objects.allocation.Allocation object at 0x7faf9c059e80>, <placement.objects.allocation.Allocation object at 0x7faf9c304760>, <placement.objects.allocation.Allocation object at 0x7faf9c3040a0>] {{(pid=105106) _update_consumers_and_create_allocations /opt/stack/placement/placement/handlers/allocation.py:462}}
May 27 15:08:12.319949 n-d-843621-1 devstack@placement-api.service[105106]: INFO placement.requestlog [req-d2b80b99-8772-4749-81c1-08c564dc3c0a req-f35e221c-e324-4cf2-8801-dd00eba7d0b1 service placement] 10.222.0.59 "PUT /placement/allocations/185cd797-3c0b-4b76-8f35-ded5e1fc9fed" status: 204 len: 0 microversion: 1.28
May 27 15:08:12.321298 n-d-843621-1 devstack@placement-api.service[105106]: [pid: 105106|app: 0|req: 280/561] 10.222.0.59 () {64 vars in 1430 bytes} [Fri May 27 15:08:12 2022] PUT /placement/allocations/185cd797-3c0b-4b76-8f35-ded5e1fc9fed => generated 0 bytes in 93 msecs (HTTP/1.1 204) 5 headers in 199 bytes (1 switches on core 0)
May 27 15:08:13.859299 n-d-843621-1 devstack@placement-api.service[105105]: DEBUG placement.requestlog [None req-bacf497b-219b-4a8f-b125-c6badd6ec30b None None] Starting request: 10.222.0.13 "GET /placement/resource_providers/1670b511-f8d5-44d5-a4f8-e9aabec100f2/aggregates" {{(pid=105105) __call__ /opt/stack/placement/placement/requestlog.py:55}}
May 27 15:08:13.883811 n-d-843621-1 devstack@placement-api.service[105105]: INFO placement.requestlog [None req-bacf497b-219b-4a8f-b125-c6badd6ec30b service placement] 10.222.0.13 "GET /placement/resource_providers/1670b511-f8d5-44d5-a4f8-e9aabec100f2/aggregates" status: 404 len: 235 microversion: 1.1
May 27 15:08:13.885947 n-d-843621-1 devstack@placement-api.service[105105]: [pid: 105105|app: 0|req: 282/562] 10.222.0.13 () {58 vars in 1362 bytes} [Fri May 27 15:08:13 2022] GET /placement/resource_providers/1670b511-f8d5-44d5-a4f8-e9aabec100f2/aggregates => generated 235 bytes in 27 msecs (HTTP/1.1 404) 5 headers in 202 bytes (1 switches on core 0)
May 27 15:08:13.906858 n-d-843621-1 devstack@placement-api.service[105106]: DEBUG placement.requestlog [None req-f1555302-4112-4dfe-993f-7027ad8e73dd None None] Starting request: 10.222.0.13 "DELETE /placement/resource_providers/1670b511-f8d5-44d5-a4f8-e9aabec100f2" {{(pid=105106) __call__ /opt/stack/placement/placement/requestlog.py:55}}
May 27 15:08:13.926825 n-d-843621-1 devstack@placement-api.service[105106]: DEBUG placement.wsgi_wrapper [None req-f1555302-4112-4dfe-993f-7027ad8e73dd service placement] Placement API returning an error response: No resource provider with uuid 1670b511-f8d5-44d5-a4f8-e9aabec100f2 found for delete {{(pid=105106) call_func /opt/stack/placement/placement/wsgi_wrapper.py:31}}
May 27 15:08:13.928196 n-d-843621-1 devstack@placement-api.service[105106]: INFO placement.requestlog [None req-f1555302-4112-4dfe-993f-7027ad8e73dd service placement] 10.222.0.13 "DELETE /placement/resource_providers/1670b511-f8d5-44d5-a4f8-e9aabec100f2" status: 404 len: 246 microversion: 1.1
May 27 15:08:13.928769 n-d-843621-1 devstack@placement-api.service[105106]: [pid: 105106|app: 0|req: 281/563] 10.222.0.13 () {60 vars in 1351 bytes} [Fri May 27 15:08:13 2022] DELETE /placement/resource_providers/1670b511-f8d5-44d5-a4f8-e9aabec100f2 => generated 246 bytes in 22 msecs (HTTP/1.1 404) 6 headers in 231 bytes (1 switches on core 0)
May 27 15:08:14.046102 n-d-843621-1 devstack@placement-api.service[105105]: DEBUG placement.requestlog [req-a74278cd-37d6-4121-8601-ab8b7a2bd843 req-a3ce4104-eacf-4ce8-91bb-62f534b9da88 None None] Starting request: 10.222.0.13 "GET /placement/allocation_candidates?limit=1000&resources=DISK_GB%3A1%2CMEMORY_MB%3A1024%2CVCPU%3A1&root_required=%21COMPUTE_STATUS_DISABLED" {{(pid=105105) __call__ /opt/stack/placement/placement/requestlog.py:55}}
May 27 15:08:14.161904 n-d-843621-1 devstack@placement-api.service[105105]: DEBUG placement.objects.research_context [req-a74278cd-37d6-4121-8601-ab8b7a2bd843 req-a3ce4104-eacf-4ce8-91bb-62f534b9da88 service placement] getting providers with 1 DISK_GB {{(pid=105105) __init__ /opt/stack/placement/placement/objects/research_context.py:136}}
May 27 15:08:14.177170 n-d-843621-1 devstack@placement-api.service[105105]: DEBUG placement.objects.research_context [req-a74278cd-37d6-4121-8601-ab8b7a2bd843 req-a3ce4104-eacf-4ce8-91bb-62f534b9da88 service placement] getting providers with 1024 MEMORY_MB {{(pid=105105) __init__ /opt/stack/placement/placement/objects/research_context.py:136}}
May 27 15:08:14.194412 n-d-843621-1 devstack@placement-api.service[105105]: DEBUG placement.objects.research_context [req-a74278cd-37d6-4121-8601-ab8b7a2bd843 req-a3ce4104-eacf-4ce8-91bb-62f534b9da88 service placement] getting providers with 1 VCPU {{(pid=105105) __init__ /opt/stack/placement/placement/objects/research_context.py:136}}
May 27 15:08:14.214687 n-d-843621-1 devstack@placement-api.service[105105]: DEBUG placement.objects.research_context [req-a74278cd-37d6-4121-8601-ab8b7a2bd843 req-a3ce4104-eacf-4ce8-91bb-62f534b9da88 service placement] found 2 providers with available 1 DISK_GB {{(pid=105105) get_provider_ids_matching /opt/stack/placement/placement/objects/research_context.py:563}}
May 27 15:08:14.214901 n-d-843621-1 devstack@placement-api.service[105105]: DEBUG placement.objects.research_context [req-a74278cd-37d6-4121-8601-ab8b7a2bd843 req-a3ce4104-eacf-4ce8-91bb-62f534b9da88 service placement] found 2 providers with available 1024 MEMORY_MB {{(pid=105105) get_provider_ids_matching /opt/stack/placement/placement/objects/research_context.py:563}}
May 27 15:08:14.215170 n-d-843621-1 devstack@placement-api.service[105105]: DEBUG placement.objects.research_context [req-a74278cd-37d6-4121-8601-ab8b7a2bd843 req-a3ce4104-eacf-4ce8-91bb-62f534b9da88 service placement] found 2 providers after filtering by previous result {{(pid=105105) get_provider_ids_matching /opt/stack/placement/placement/objects/research_context.py:594}}
May 27 15:08:14.215425 n-d-843621-1 devstack@placement-api.service[105105]: DEBUG placement.objects.research_context [req-a74278cd-37d6-4121-8601-ab8b7a2bd843 req-a3ce4104-eacf-4ce8-91bb-62f534b9da88 service placement] found 2 providers with available 1 VCPU {{(pid=105105) get_provider_ids_matching /opt/stack/placement/placement/objects/research_context.py:563}}
May 27 15:08:14.215736 n-d-843621-1 devstack@placement-api.service[105105]: DEBUG placement.objects.research_context [req-a74278cd-37d6-4121-8601-ab8b7a2bd843 req-a3ce4104-eacf-4ce8-91bb-62f534b9da88 service placement] found 2 providers after filtering by previous result {{(pid=105105) get_provider_ids_matching /opt/stack/placement/placement/objects/research_context.py:594}}
May 27 15:08:14.235836 n-d-843621-1 devstack@placement-api.service[105105]: DEBUG placement.objects.allocation_candidate [req-a74278cd-37d6-4121-8601-ab8b7a2bd843 req-a3ce4104-eacf-4ce8-91bb-62f534b9da88 service placement] RequestGroup(use_same_provider=False, resources={DISK_GB:1, MEMORY_MB:1024, VCPU:1}, traits=(), aggregates=[]) (suffix '') returned 2 matches {{(pid=105105) _get_by_requests /opt/stack/placement/placement/objects/allocation_candidate.py:156}}
May 27 15:08:14.236018 n-d-843621-1 devstack@placement-api.service[105105]: DEBUG placement.objects.allocation_candidate [req-a74278cd-37d6-4121-8601-ab8b7a2bd843 req-a3ce4104-eacf-4ce8-91bb-62f534b9da88 service placement] Merging candidates yields 2 allocation requests and 2 provider summaries {{(pid=105105) _merge_candidates /opt/stack/placement/placement/objects/allocation_candidate.py:809}}
May 27 15:08:14.244341 n-d-843621-1 devstack@placement-api.service[105105]: INFO placement.requestlog [req-a74278cd-37d6-4121-8601-ab8b7a2bd843 req-a3ce4104-eacf-4ce8-91bb-62f534b9da88 service placement] 10.222.0.13 "GET /placement/allocation_candidates?limit=1000&resources=DISK_GB%3A1%2CMEMORY_MB%3A1024%2CVCPU%3A1&root_required=%21COMPUTE_STATUS_DISABLED" status: 200 len: 1309 microversion: 1.36
May 27 15:08:14.247903 n-d-843621-1 devstack@placement-api.service[105105]: [pid: 105105|app: 0|req: 283/564] 10.222.0.13 () {60 vars in 1506 bytes} [Fri May 27 15:08:14 2022] GET /placement/allocation_candidates?limit=1000&resources=DISK_GB%3A1%2CMEMORY_MB%3A1024%2CVCPU%3A1&root_required=%21COMPUTE_STATUS_DISABLED => generated 1309 bytes in 202 msecs (HTTP/1.1 200) 8 headers in 297 bytes (1 switches on core 0)
May 27 15:08:14.381406 n-d-843621-1 devstack@placement-api.service[105106]: DEBUG placement.requestlog [req-a74278cd-37d6-4121-8601-ab8b7a2bd843 req-01d25d95-3258-4c0b-9c3a-06b6daa03b09 None None] Starting request: 10.222.0.13 "GET /placement/allocations/ed1c1b5f-8a41-4cd7-a3a7-5fc0b5ef77ec" {{(pid=105106) __call__ /opt/stack/placement/placement/requestlog.py:55}}
May 27 15:08:14.400923 n-d-843621-1 devstack@placement-api.service[105106]: INFO placement.requestlog [req-a74278cd-37d6-4121-8601-ab8b7a2bd843 req-01d25d95-3258-4c0b-9c3a-06b6daa03b09 service placement] 10.222.0.13 "GET /placement/allocations/ed1c1b5f-8a41-4cd7-a3a7-5fc0b5ef77ec" status: 200 len: 19 microversion: 1.28
May 27 15:08:14.403636 n-d-843621-1 devstack@placement-api.service[105106]: [pid: 105106|app: 0|req: 282/565] 10.222.0.13 () {60 vars in 1380 bytes} [Fri May 27 15:08:14 2022] GET /placement/allocations/ed1c1b5f-8a41-4cd7-a3a7-5fc0b5ef77ec => generated 19 bytes in 23 msecs (HTTP/1.1 200) 8 headers in 295 bytes (1 switches on core 0)
May 27 15:08:14.411426 n-d-843621-1 devstack@placement-api.service[105105]: DEBUG placement.requestlog [req-a74278cd-37d6-4121-8601-ab8b7a2bd843 req-dc5e1dc1-0e5e-48d7-92ee-e71a1bf3c3f5 None None] Starting request: 10.222.0.13 "PUT /placement/allocations/ed1c1b5f-8a41-4cd7-a3a7-5fc0b5ef77ec" {{(pid=105105) __call__ /opt/stack/placement/placement/requestlog.py:55}}
May 27 15:08:14.501527 n-d-843621-1 devstack@placement-api.service[105105]: DEBUG placement.handlers.allocation [req-a74278cd-37d6-4121-8601-ab8b7a2bd843 req-dc5e1dc1-0e5e-48d7-92ee-e71a1bf3c3f5 service placement] Successfully wrote allocations [<placement.objects.allocation.Allocation object at 0x7faf9c0bcf70>, <placement.objects.allocation.Allocation object at 0x7faf9c1c5730>, <placement.objects.allocation.Allocation object at 0x7faf9c115340>] {{(pid=105105) _update_consumers_and_create_allocations /opt/stack/placement/placement/handlers/allocation.py:462}}
May 27 15:08:14.507820 n-d-843621-1 devstack@placement-api.service[105105]: INFO placement.requestlog [req-a74278cd-37d6-4121-8601-ab8b7a2bd843 req-dc5e1dc1-0e5e-48d7-92ee-e71a1bf3c3f5 service placement] 10.222.0.13 "PUT /placement/allocations/ed1c1b5f-8a41-4cd7-a3a7-5fc0b5ef77ec" status: 204 len: 0 microversion: 1.36
May 27 15:08:14.508800 n-d-843621-1 devstack@placement-api.service[105105]: [pid: 105105|app: 0|req: 284/566] 10.222.0.13 () {64 vars in 1433 bytes} [Fri May 27 15:08:14 2022] PUT /placement/allocations/ed1c1b5f-8a41-4cd7-a3a7-5fc0b5ef77ec => generated 0 bytes in 98 msecs (HTTP/1.1 204) 5 headers in 199 bytes (1 switches on core 0)
May 27 15:08:15.002610 n-d-843621-1 devstack@placement-api.service[105106]: DEBUG placement.requestlog [req-a74278cd-37d6-4121-8601-ab8b7a2bd843 req-f76779c7-4450-4946-b011-35303d3952ad None None] Starting request: 10.222.0.59 "GET /placement/allocations/ed1c1b5f-8a41-4cd7-a3a7-5fc0b5ef77ec" {{(pid=105106) __call__ /opt/stack/placement/placement/requestlog.py:55}}
May 27 15:08:15.030416 n-d-843621-1 devstack@placement-api.service[105106]: INFO placement.requestlog [req-a74278cd-37d6-4121-8601-ab8b7a2bd843 req-f76779c7-4450-4946-b011-35303d3952ad service placement] 10.222.0.59 "GET /placement/allocations/ed1c1b5f-8a41-4cd7-a3a7-5fc0b5ef77ec" status: 200 len: 259 microversion: 1.28
May 27 15:08:15.030994 n-d-843621-1 devstack@placement-api.service[105106]: [pid: 105106|app: 0|req: 283/567] 10.222.0.59 () {60 vars in 1377 bytes} [Fri May 27 15:08:15 2022] GET /placement/allocations/ed1c1b5f-8a41-4cd7-a3a7-5fc0b5ef77ec => generated 259 bytes in 29 msecs (HTTP/1.1 200) 8 headers in 296 bytes (1 switches on core 0)
May 27 15:08:24.501101 n-d-843621-1 devstack@placement-api.service[105105]: DEBUG dbcounter [-] [105105] Writing DB stats placement:SELECT=43,placement:INSERT=4,placement:DELETE=2,placement:UPDATE=2 {{(pid=105105) stat_writer /usr/local/lib/python3.8/dist-packages/dbcounter.py:114}}
May 27 15:08:25.023202 n-d-843621-1 devstack@placement-api.service[105106]: DEBUG dbcounter [-] [105106] Writing DB stats placement:SELECT=34,placement:DELETE=4,placement:UPDATE=2 {{(pid=105106) stat_writer /usr/local/lib/python3.8/dist-packages/dbcounter.py:114}}
May 27 15:08:38.905574 n-d-843621-1 devstack@placement-api.service[105105]: DEBUG placement.requestlog [req-2e102064-e4dc-480f-ab98-d58d25a8f76a req-8410e589-4b4d-4b5c-bd1d-dd6fbe4df858 None None] Starting request: 10.222.0.13 "GET /placement/allocation_candidates?limit=1000&resources=DISK_GB%3A1%2CMEMORY_MB%3A1024%2CVCPU%3A1&root_required=%21COMPUTE_STATUS_DISABLED" {{(pid=105105) __call__ /opt/stack/placement/placement/requestlog.py:55}}
May 27 15:08:38.970131 n-d-843621-1 devstack@placement-api.service[105106]: DEBUG placement.requestlog [req-3b4da8b4-f499-45fe-b5bc-ffa035e5c76f req-df36888d-51dc-4f33-a3bb-7db2fecb0de9 None None] Starting request: 10.222.0.59 "DELETE /placement/allocations/7a59f3b5-daec-44ac-886e-2112ff3c8675" {{(pid=105106) __call__ /opt/stack/placement/placement/requestlog.py:55}}
May 27 15:08:39.008112 n-d-843621-1 devstack@placement-api.service[105105]: DEBUG placement.objects.research_context [req-2e102064-e4dc-480f-ab98-d58d25a8f76a req-8410e589-4b4d-4b5c-bd1d-dd6fbe4df858 service placement] getting providers with 1 DISK_GB {{(pid=105105) __init__ /opt/stack/placement/placement/objects/research_context.py:136}}
May 27 15:08:39.042890 n-d-843621-1 devstack@placement-api.service[105105]: DEBUG placement.objects.research_context [req-2e102064-e4dc-480f-ab98-d58d25a8f76a req-8410e589-4b4d-4b5c-bd1d-dd6fbe4df858 service placement] getting providers with 1024 MEMORY_MB {{(pid=105105) __init__ /opt/stack/placement/placement/objects/research_context.py:136}}
May 27 15:08:39.055198 n-d-843621-1 devstack@placement-api.service[105105]: DEBUG placement.objects.research_context [req-2e102064-e4dc-480f-ab98-d58d25a8f76a req-8410e589-4b4d-4b5c-bd1d-dd6fbe4df858 service placement] getting providers with 1 VCPU {{(pid=105105) __init__ /opt/stack/placement/placement/objects/research_context.py:136}}
May 27 15:08:39.070679 n-d-843621-1 devstack@placement-api.service[105106]: DEBUG placement.handlers.allocation [req-3b4da8b4-f499-45fe-b5bc-ffa035e5c76f req-df36888d-51dc-4f33-a3bb-7db2fecb0de9 service placement] Successfully deleted allocations [<placement.objects.allocation.Allocation object at 0x7faf9c293f70>, <placement.objects.allocation.Allocation object at 0x7faf9c293910>, <placement.objects.allocation.Allocation object at 0x7faf9c09e8e0>] {{(pid=105106) delete_allocations /opt/stack/placement/placement/handlers/allocation.py:627}}
May 27 15:08:39.071667 n-d-843621-1 devstack@placement-api.service[105106]: INFO placement.requestlog [req-3b4da8b4-f499-45fe-b5bc-ffa035e5c76f req-df36888d-51dc-4f33-a3bb-7db2fecb0de9 service placement] 10.222.0.59 "DELETE /placement/allocations/7a59f3b5-daec-44ac-886e-2112ff3c8675" status: 204 len: 0 microversion: 1.0
May 27 15:08:39.072082 n-d-843621-1 devstack@placement-api.service[105105]: DEBUG placement.objects.research_context [req-2e102064-e4dc-480f-ab98-d58d25a8f76a req-8410e589-4b4d-4b5c-bd1d-dd6fbe4df858 service placement] found 2 providers with available 1 DISK_GB {{(pid=105105) get_provider_ids_matching /opt/stack/placement/placement/objects/research_context.py:563}}
May 27 15:08:39.072409 n-d-843621-1 devstack@placement-api.service[105105]: DEBUG placement.objects.research_context [req-2e102064-e4dc-480f-ab98-d58d25a8f76a req-8410e589-4b4d-4b5c-bd1d-dd6fbe4df858 service placement] found 2 providers with available 1024 MEMORY_MB {{(pid=105105) get_provider_ids_matching /opt/stack/placement/placement/objects/research_context.py:563}}
May 27 15:08:39.072707 n-d-843621-1 devstack@placement-api.service[105105]: DEBUG placement.objects.research_context [req-2e102064-e4dc-480f-ab98-d58d25a8f76a req-8410e589-4b4d-4b5c-bd1d-dd6fbe4df858 service placement] found 2 providers after filtering by previous result {{(pid=105105) get_provider_ids_matching /opt/stack/placement/placement/objects/research_context.py:594}}
May 27 15:08:39.072951 n-d-843621-1 devstack@placement-api.service[105105]: DEBUG placement.objects.research_context [req-2e102064-e4dc-480f-ab98-d58d25a8f76a req-8410e589-4b4d-4b5c-bd1d-dd6fbe4df858 service placement] found 2 providers with available 1 VCPU {{(pid=105105) get_provider_ids_matching /opt/stack/placement/placement/objects/research_context.py:563}}
May 27 15:08:39.073241 n-d-843621-1 devstack@placement-api.service[105105]: DEBUG placement.objects.research_context [req-2e102064-e4dc-480f-ab98-d58d25a8f76a req-8410e589-4b4d-4b5c-bd1d-dd6fbe4df858 service placement] found 2 providers after filtering by previous result {{(pid=105105) get_provider_ids_matching /opt/stack/placement/placement/objects/research_context.py:594}}
May 27 15:08:39.076428 n-d-843621-1 devstack@placement-api.service[105106]: [pid: 105106|app: 0|req: 284/568] 10.222.0.59 () {60 vars in 1355 bytes} [Fri May 27 15:08:38 2022] DELETE /placement/allocations/7a59f3b5-daec-44ac-886e-2112ff3c8675 => generated 0 bytes in 107 msecs (HTTP/1.1 204) 5 headers in 198 bytes (1 switches on core 0)
May 27 15:08:39.139778 n-d-843621-1 devstack@placement-api.service[105105]: DEBUG placement.objects.allocation_candidate [req-2e102064-e4dc-480f-ab98-d58d25a8f76a req-8410e589-4b4d-4b5c-bd1d-dd6fbe4df858 service placement] RequestGroup(use_same_provider=False, resources={DISK_GB:1, MEMORY_MB:1024, VCPU:1}, traits=(), aggregates=[]) (suffix '') returned 2 matches {{(pid=105105) _get_by_requests /opt/stack/placement/placement/objects/allocation_candidate.py:156}}
May 27 15:08:39.140158 n-d-843621-1 devstack@placement-api.service[105105]: DEBUG placement.objects.allocation_candidate [req-2e102064-e4dc-480f-ab98-d58d25a8f76a req-8410e589-4b4d-4b5c-bd1d-dd6fbe4df858 service placement] Merging candidates yields 2 allocation requests and 2 provider summaries {{(pid=105105) _merge_candidates /opt/stack/placement/placement/objects/allocation_candidate.py:809}}
May 27 15:08:39.144579 n-d-843621-1 devstack@placement-api.service[105105]: INFO placement.requestlog [req-2e102064-e4dc-480f-ab98-d58d25a8f76a req-8410e589-4b4d-4b5c-bd1d-dd6fbe4df858 service placement] 10.222.0.13 "GET /placement/allocation_candidates?limit=1000&resources=DISK_GB%3A1%2CMEMORY_MB%3A1024%2CVCPU%3A1&root_required=%21COMPUTE_STATUS_DISABLED" status: 200 len: 1309 microversion: 1.36
May 27 15:08:39.146671 n-d-843621-1 devstack@placement-api.service[105105]: [pid: 105105|app: 0|req: 285/569] 10.222.0.13 () {60 vars in 1506 bytes} [Fri May 27 15:08:38 2022] GET /placement/allocation_candidates?limit=1000&resources=DISK_GB%3A1%2CMEMORY_MB%3A1024%2CVCPU%3A1&root_required=%21COMPUTE_STATUS_DISABLED => generated 1309 bytes in 241 msecs (HTTP/1.1 200) 8 headers in 297 bytes (1 switches on core 0)
May 27 15:08:39.294824 n-d-843621-1 devstack@placement-api.service[105106]: DEBUG placement.requestlog [req-2e102064-e4dc-480f-ab98-d58d25a8f76a req-4ced5bdb-7fc7-4236-9974-6b2e7d11d0bd None None] Starting request: 10.222.0.13 "GET /placement/allocations/3996f065-a4c2-40b5-9189-8fe1334f1d18" {{(pid=105106) __call__ /opt/stack/placement/placement/requestlog.py:55}}
May 27 15:08:39.318150 n-d-843621-1 devstack@placement-api.service[105106]: INFO placement.requestlog [req-2e102064-e4dc-480f-ab98-d58d25a8f76a req-4ced5bdb-7fc7-4236-9974-6b2e7d11d0bd service placement] 10.222.0.13 "GET /placement/allocations/3996f065-a4c2-40b5-9189-8fe1334f1d18" status: 200 len: 19 microversion: 1.28
May 27 15:08:39.318908 n-d-843621-1 devstack@placement-api.service[105106]: [pid: 105106|app: 0|req: 285/570] 10.222.0.13 () {60 vars in 1380 bytes} [Fri May 27 15:08:39 2022] GET /placement/allocations/3996f065-a4c2-40b5-9189-8fe1334f1d18 => generated 19 bytes in 24 msecs (HTTP/1.1 200) 8 headers in 295 bytes (1 switches on core 0)
May 27 15:08:39.326600 n-d-843621-1 devstack@placement-api.service[105105]: DEBUG placement.requestlog [req-2e102064-e4dc-480f-ab98-d58d25a8f76a req-4cd74e25-e2bf-4f7d-96fe-329710ddb9e7 None None] Starting request: 10.222.0.13 "PUT /placement/allocations/3996f065-a4c2-40b5-9189-8fe1334f1d18" {{(pid=105105) __call__ /opt/stack/placement/placement/requestlog.py:55}}
May 27 15:08:39.445336 n-d-843621-1 devstack@placement-api.service[105105]: DEBUG placement.handlers.allocation [req-2e102064-e4dc-480f-ab98-d58d25a8f76a req-4cd74e25-e2bf-4f7d-96fe-329710ddb9e7 service placement] Successfully wrote allocations [<placement.objects.allocation.Allocation object at 0x7faf9c0f0a60>, <placement.objects.allocation.Allocation object at 0x7faf9c0f0c40>, <placement.objects.allocation.Allocation object at 0x7faf9c0f0670>] {{(pid=105105) _update_consumers_and_create_allocations /opt/stack/placement/placement/handlers/allocation.py:462}}
May 27 15:08:39.455384 n-d-843621-1 devstack@placement-api.service[105105]: INFO placement.requestlog [req-2e102064-e4dc-480f-ab98-d58d25a8f76a req-4cd74e25-e2bf-4f7d-96fe-329710ddb9e7 service placement] 10.222.0.13 "PUT /placement/allocations/3996f065-a4c2-40b5-9189-8fe1334f1d18" status: 204 len: 0 microversion: 1.36
May 27 15:08:39.456434 n-d-843621-1 devstack@placement-api.service[105105]: [pid: 105105|app: 0|req: 286/571] 10.222.0.13 () {64 vars in 1433 bytes} [Fri May 27 15:08:39 2022] PUT /placement/allocations/3996f065-a4c2-40b5-9189-8fe1334f1d18 => generated 0 bytes in 130 msecs (HTTP/1.1 204) 5 headers in 199 bytes (1 switches on core 0)
May 27 15:08:40.298243 n-d-843621-1 devstack@placement-api.service[105106]: DEBUG placement.requestlog [req-2e102064-e4dc-480f-ab98-d58d25a8f76a req-843417fd-474d-4dbe-9044-99d48c75ef99 None None] Starting request: 10.222.0.59 "GET /placement/allocations/3996f065-a4c2-40b5-9189-8fe1334f1d18" {{(pid=105106) __call__ /opt/stack/placement/placement/requestlog.py:55}}
May 27 15:08:40.368076 n-d-843621-1 devstack@placement-api.service[105106]: INFO placement.requestlog [req-2e102064-e4dc-480f-ab98-d58d25a8f76a req-843417fd-474d-4dbe-9044-99d48c75ef99 service placement] 10.222.0.59 "GET /placement/allocations/3996f065-a4c2-40b5-9189-8fe1334f1d18" status: 200 len: 259 microversion: 1.28
May 27 15:08:40.375505 n-d-843621-1 devstack@placement-api.service[105106]: [pid: 105106|app: 0|req: 286/572] 10.222.0.59 () {60 vars in 1377 bytes} [Fri May 27 15:08:40 2022] GET /placement/allocations/3996f065-a4c2-40b5-9189-8fe1334f1d18 => generated 259 bytes in 78 msecs (HTTP/1.1 200) 8 headers in 296 bytes (1 switches on core 0)
May 27 15:08:43.072873 n-d-843621-1 devstack@placement-api.service[105105]: DEBUG placement.requestlog [req-da0a70ac-f0a0-4c36-8a52-de0c1eccd41f req-99432398-e332-4bd7-87f4-ddc8eb4a99c2 None None] Starting request: 10.222.0.33 "DELETE /placement/allocations/1852d307-f34e-4a53-942f-145d41dc5c24" {{(pid=105105) __call__ /opt/stack/placement/placement/requestlog.py:55}}
May 27 15:08:43.149536 n-d-843621-1 devstack@placement-api.service[105105]: DEBUG placement.handlers.allocation [req-da0a70ac-f0a0-4c36-8a52-de0c1eccd41f req-99432398-e332-4bd7-87f4-ddc8eb4a99c2 service placement] Successfully deleted allocations [<placement.objects.allocation.Allocation object at 0x7faf9c1b0f70>, <placement.objects.allocation.Allocation object at 0x7faf9c1b4b80>, <placement.objects.allocation.Allocation object at 0x7faf9c1b48b0>] {{(pid=105105) delete_allocations /opt/stack/placement/placement/handlers/allocation.py:627}}
May 27 15:08:43.150141 n-d-843621-1 devstack@placement-api.service[105105]: INFO placement.requestlog [req-da0a70ac-f0a0-4c36-8a52-de0c1eccd41f req-99432398-e332-4bd7-87f4-ddc8eb4a99c2 service placement] 10.222.0.33 "DELETE /placement/allocations/1852d307-f34e-4a53-942f-145d41dc5c24" status: 204 len: 0 microversion: 1.0
May 27 15:08:43.150916 n-d-843621-1 devstack@placement-api.service[105105]: [pid: 105105|app: 0|req: 287/573] 10.222.0.33 () {60 vars in 1355 bytes} [Fri May 27 15:08:43 2022] DELETE /placement/allocations/1852d307-f34e-4a53-942f-145d41dc5c24 => generated 0 bytes in 78 msecs (HTTP/1.1 204) 5 headers in 198 bytes (1 switches on core 0)
May 27 15:08:50.360312 n-d-843621-1 devstack@placement-api.service[105106]: DEBUG dbcounter [-] [105106] Writing DB stats placement:SELECT=13,placement:DELETE=2 {{(pid=105106) stat_writer /usr/local/lib/python3.8/dist-packages/dbcounter.py:114}}
May 27 15:08:52.389060 n-d-843621-1 devstack@placement-api.service[105106]: DEBUG placement.requestlog [None req-06ef5925-6e66-4308-9fd2-f46623810740 None None] Starting request: 10.222.0.13 "GET /placement/" {{(pid=105106) __call__ /opt/stack/placement/placement/requestlog.py:55}}
May 27 15:08:52.400749 n-d-843621-1 devstack@placement-api.service[105106]: INFO placement.requestlog [None req-06ef5925-6e66-4308-9fd2-f46623810740 None None] 10.222.0.13 "GET /placement/" status: 200 len: 136 microversion: 1.0
May 27 15:08:52.401972 n-d-843621-1 devstack@placement-api.service[105106]: [pid: 105106|app: 0|req: 287/574] 10.222.0.13 () {54 vars in 907 bytes} [Fri May 27 15:08:52 2022] GET /placement => generated 136 bytes in 14 msecs (HTTP/1.1 200) 6 headers in 224 bytes (1 switches on core 0)
May 27 15:08:52.421004 n-d-843621-1 devstack@placement-api.service[105105]: DEBUG placement.requestlog [req-ab98f787-e406-437a-b816-5eddf3e12882 req-508852db-7821-435f-92a4-7d9db0f503e1 None None] Starting request: 10.222.0.13 "DELETE /placement/allocations/1852d307-f34e-4a53-942f-145d41dc5c24" {{(pid=105105) __call__ /opt/stack/placement/placement/requestlog.py:55}}
May 27 15:08:52.560477 n-d-843621-1 devstack@placement-api.service[105105]: DEBUG placement.wsgi_wrapper [req-ab98f787-e406-437a-b816-5eddf3e12882 req-508852db-7821-435f-92a4-7d9db0f503e1 service placement] Placement API returning an error response: No allocations for consumer '1852d307-f34e-4a53-942f-145d41dc5c24' {{(pid=105105) call_func /opt/stack/placement/placement/wsgi_wrapper.py:31}}
May 27 15:08:52.563103 n-d-843621-1 devstack@placement-api.service[105105]: INFO placement.requestlog [req-ab98f787-e406-437a-b816-5eddf3e12882 req-508852db-7821-435f-92a4-7d9db0f503e1 service placement] 10.222.0.13 "DELETE /placement/allocations/1852d307-f34e-4a53-942f-145d41dc5c24" status: 404 len: 228 microversion: 1.0
May 27 15:08:52.564257 n-d-843621-1 devstack@placement-api.service[105105]: [pid: 105105|app: 0|req: 288/575] 10.222.0.13 () {60 vars in 1349 bytes} [Fri May 27 15:08:52 2022] DELETE /placement/allocations/1852d307-f34e-4a53-942f-145d41dc5c24 => generated 228 bytes in 144 msecs (HTTP/1.1 404) 6 headers in 231 bytes (1 switches on core 0)
May 27 15:08:54.163128 n-d-843621-1 devstack@placement-api.service[105106]: DEBUG placement.requestlog [req-2cb04c57-c37a-4d97-ba0c-79ad7d1a5ddc req-0858a9b0-e44e-4553-8c30-7fc1bc0e21d7 None None] Starting request: 10.222.0.13 "GET /placement/allocation_candidates?limit=1000&resources=DISK_GB%3A1%2CMEMORY_MB%3A1024%2CVCPU%3A1&root_required=%21COMPUTE_STATUS_DISABLED" {{(pid=105106) __call__ /opt/stack/placement/placement/requestlog.py:55}}
May 27 15:08:54.254711 n-d-843621-1 devstack@placement-api.service[105106]: DEBUG placement.objects.research_context [req-2cb04c57-c37a-4d97-ba0c-79ad7d1a5ddc req-0858a9b0-e44e-4553-8c30-7fc1bc0e21d7 service placement] getting providers with 1 DISK_GB {{(pid=105106) __init__ /opt/stack/placement/placement/objects/research_context.py:136}}
May 27 15:08:54.265079 n-d-843621-1 devstack@placement-api.service[105106]: DEBUG placement.objects.research_context [req-2cb04c57-c37a-4d97-ba0c-79ad7d1a5ddc req-0858a9b0-e44e-4553-8c30-7fc1bc0e21d7 service placement] getting providers with 1024 MEMORY_MB {{(pid=105106) __init__ /opt/stack/placement/placement/objects/research_context.py:136}}
May 27 15:08:54.273992 n-d-843621-1 devstack@placement-api.service[105106]: DEBUG placement.objects.research_context [req-2cb04c57-c37a-4d97-ba0c-79ad7d1a5ddc req-0858a9b0-e44e-4553-8c30-7fc1bc0e21d7 service placement] getting providers with 1 VCPU {{(pid=105106) __init__ /opt/stack/placement/placement/objects/research_context.py:136}}
May 27 15:08:54.281352 n-d-843621-1 devstack@placement-api.service[105106]: DEBUG placement.objects.research_context [req-2cb04c57-c37a-4d97-ba0c-79ad7d1a5ddc req-0858a9b0-e44e-4553-8c30-7fc1bc0e21d7 service placement] found 2 providers with available 1 DISK_GB {{(pid=105106) get_provider_ids_matching /opt/stack/placement/placement/objects/research_context.py:563}}
May 27 15:08:54.281625 n-d-843621-1 devstack@placement-api.service[105106]: DEBUG placement.objects.research_context [req-2cb04c57-c37a-4d97-ba0c-79ad7d1a5ddc req-0858a9b0-e44e-4553-8c30-7fc1bc0e21d7 service placement] found 2 providers with available 1024 MEMORY_MB {{(pid=105106) get_provider_ids_matching /opt/stack/placement/placement/objects/research_context.py:563}}
May 27 15:08:54.281877 n-d-843621-1 devstack@placement-api.service[105106]: DEBUG placement.objects.research_context [req-2cb04c57-c37a-4d97-ba0c-79ad7d1a5ddc req-0858a9b0-e44e-4553-8c30-7fc1bc0e21d7 service placement] found 2 providers after filtering by previous result {{(pid=105106) get_provider_ids_matching /opt/stack/placement/placement/objects/research_context.py:594}}
May 27 15:08:54.282959 n-d-843621-1 devstack@placement-api.service[105106]: DEBUG placement.objects.research_context [req-2cb04c57-c37a-4d97-ba0c-79ad7d1a5ddc req-0858a9b0-e44e-4553-8c30-7fc1bc0e21d7 service placement] found 2 providers with available 1 VCPU {{(pid=105106) get_provider_ids_matching /opt/stack/placement/placement/objects/research_context.py:563}}
May 27 15:08:54.283226 n-d-843621-1 devstack@placement-api.service[105106]: DEBUG placement.objects.research_context [req-2cb04c57-c37a-4d97-ba0c-79ad7d1a5ddc req-0858a9b0-e44e-4553-8c30-7fc1bc0e21d7 service placement] found 2 providers after filtering by previous result {{(pid=105106) get_provider_ids_matching /opt/stack/placement/placement/objects/research_context.py:594}}
May 27 15:08:54.305269 n-d-843621-1 devstack@placement-api.service[105106]: DEBUG placement.objects.allocation_candidate [req-2cb04c57-c37a-4d97-ba0c-79ad7d1a5ddc req-0858a9b0-e44e-4553-8c30-7fc1bc0e21d7 service placement] RequestGroup(use_same_provider=False, resources={DISK_GB:1, MEMORY_MB:1024, VCPU:1}, traits=(), aggregates=[]) (suffix '') returned 2 matches {{(pid=105106) _get_by_requests /opt/stack/placement/placement/objects/allocation_candidate.py:156}}
May 27 15:08:54.305645 n-d-843621-1 devstack@placement-api.service[105106]: DEBUG placement.objects.allocation_candidate [req-2cb04c57-c37a-4d97-ba0c-79ad7d1a5ddc req-0858a9b0-e44e-4553-8c30-7fc1bc0e21d7 service placement] Merging candidates yields 2 allocation requests and 2 provider summaries {{(pid=105106) _merge_candidates /opt/stack/placement/placement/objects/allocation_candidate.py:809}}
May 27 15:08:54.310396 n-d-843621-1 devstack@placement-api.service[105106]: INFO placement.requestlog [req-2cb04c57-c37a-4d97-ba0c-79ad7d1a5ddc req-0858a9b0-e44e-4553-8c30-7fc1bc0e21d7 service placement] 10.222.0.13 "GET /placement/allocation_candidates?limit=1000&resources=DISK_GB%3A1%2CMEMORY_MB%3A1024%2CVCPU%3A1&root_required=%21COMPUTE_STATUS_DISABLED" status: 200 len: 1309 microversion: 1.36
May 27 15:08:54.311503 n-d-843621-1 devstack@placement-api.service[105106]: [pid: 105106|app: 0|req: 288/576] 10.222.0.13 () {60 vars in 1506 bytes} [Fri May 27 15:08:54 2022] GET /placement/allocation_candidates?limit=1000&resources=DISK_GB%3A1%2CMEMORY_MB%3A1024%2CVCPU%3A1&root_required=%21COMPUTE_STATUS_DISABLED => generated 1309 bytes in 149 msecs (HTTP/1.1 200) 8 headers in 297 bytes (1 switches on core 0)
May 27 15:08:54.408988 n-d-843621-1 devstack@placement-api.service[105105]: DEBUG placement.requestlog [req-2cb04c57-c37a-4d97-ba0c-79ad7d1a5ddc req-b482efec-1521-48cd-8dd1-a51c563c008e None None] Starting request: 10.222.0.13 "GET /placement/allocations/5f1bb984-1a95-44b2-b300-7a5986ca934a" {{(pid=105105) __call__ /opt/stack/placement/placement/requestlog.py:55}}
May 27 15:08:54.423448 n-d-843621-1 devstack@placement-api.service[105105]: INFO placement.requestlog [req-2cb04c57-c37a-4d97-ba0c-79ad7d1a5ddc req-b482efec-1521-48cd-8dd1-a51c563c008e service placement] 10.222.0.13 "GET /placement/allocations/5f1bb984-1a95-44b2-b300-7a5986ca934a" status: 200 len: 19 microversion: 1.28
May 27 15:08:54.423849 n-d-843621-1 devstack@placement-api.service[105105]: [pid: 105105|app: 0|req: 289/577] 10.222.0.13 () {60 vars in 1380 bytes} [Fri May 27 15:08:54 2022] GET /placement/allocations/5f1bb984-1a95-44b2-b300-7a5986ca934a => generated 19 bytes in 15 msecs (HTTP/1.1 200) 8 headers in 295 bytes (1 switches on core 0)
May 27 15:08:54.430534 n-d-843621-1 devstack@placement-api.service[105106]: DEBUG placement.requestlog [req-2cb04c57-c37a-4d97-ba0c-79ad7d1a5ddc req-cf7cc389-2c26-4997-82ed-5457e0d5ff24 None None] Starting request: 10.222.0.13 "PUT /placement/allocations/5f1bb984-1a95-44b2-b300-7a5986ca934a" {{(pid=105106) __call__ /opt/stack/placement/placement/requestlog.py:55}}
May 27 15:08:54.498674 n-d-843621-1 devstack@placement-api.service[105106]: DEBUG placement.handlers.allocation [req-2cb04c57-c37a-4d97-ba0c-79ad7d1a5ddc req-cf7cc389-2c26-4997-82ed-5457e0d5ff24 service placement] Successfully wrote allocations [<placement.objects.allocation.Allocation object at 0x7faf9c17de80>, <placement.objects.allocation.Allocation object at 0x7faf9c137490>, <placement.objects.allocation.Allocation object at 0x7faf9c137b50>] {{(pid=105106) _update_consumers_and_create_allocations /opt/stack/placement/placement/handlers/allocation.py:462}}
May 27 15:08:54.503386 n-d-843621-1 devstack@placement-api.service[105106]: INFO placement.requestlog [req-2cb04c57-c37a-4d97-ba0c-79ad7d1a5ddc req-cf7cc389-2c26-4997-82ed-5457e0d5ff24 service placement] 10.222.0.13 "PUT /placement/allocations/5f1bb984-1a95-44b2-b300-7a5986ca934a" status: 204 len: 0 microversion: 1.36
May 27 15:08:54.503904 n-d-843621-1 devstack@placement-api.service[105106]: [pid: 105106|app: 0|req: 289/578] 10.222.0.13 () {64 vars in 1433 bytes} [Fri May 27 15:08:54 2022] PUT /placement/allocations/5f1bb984-1a95-44b2-b300-7a5986ca934a => generated 0 bytes in 74 msecs (HTTP/1.1 204) 5 headers in 199 bytes (1 switches on core 0)
May 27 15:08:54.829557 n-d-843621-1 devstack@placement-api.service[105105]: DEBUG placement.requestlog [req-2cb04c57-c37a-4d97-ba0c-79ad7d1a5ddc req-4109f983-c41a-43f9-b341-50688c6370b8 None None] Starting request: 10.222.0.59 "GET /placement/allocations/5f1bb984-1a95-44b2-b300-7a5986ca934a" {{(pid=105105) __call__ /opt/stack/placement/placement/requestlog.py:55}}
May 27 15:08:54.845916 n-d-843621-1 devstack@placement-api.service[105105]: INFO placement.requestlog [req-2cb04c57-c37a-4d97-ba0c-79ad7d1a5ddc req-4109f983-c41a-43f9-b341-50688c6370b8 service placement] 10.222.0.59 "GET /placement/allocations/5f1bb984-1a95-44b2-b300-7a5986ca934a" status: 200 len: 259 microversion: 1.28
May 27 15:08:54.847894 n-d-843621-1 devstack@placement-api.service[105105]: [pid: 105105|app: 0|req: 290/579] 10.222.0.59 () {60 vars in 1377 bytes} [Fri May 27 15:08:54 2022] GET /placement/allocations/5f1bb984-1a95-44b2-b300-7a5986ca934a => generated 259 bytes in 19 msecs (HTTP/1.1 200) 8 headers in 296 bytes (1 switches on core 0)
May 27 15:08:56.805582 n-d-843621-1 devstack@placement-api.service[105106]: DEBUG placement.requestlog [req-8b0c6cbf-1365-44c0-9b21-14ff2be6e690 req-c28f3fe8-281b-4586-9570-944f4fb3788b None None] Starting request: 10.222.0.33 "DELETE /placement/allocations/d9604d14-4598-4d42-8bbf-8763103061a4" {{(pid=105106) __call__ /opt/stack/placement/placement/requestlog.py:55}}
May 27 15:08:56.849343 n-d-843621-1 devstack@placement-api.service[105106]: DEBUG placement.handlers.allocation [req-8b0c6cbf-1365-44c0-9b21-14ff2be6e690 req-c28f3fe8-281b-4586-9570-944f4fb3788b service placement] Successfully deleted allocations [<placement.objects.allocation.Allocation object at 0x7faf9c016640>, <placement.objects.allocation.Allocation object at 0x7faf9c016a30>, <placement.objects.allocation.Allocation object at 0x7faf9c0164f0>] {{(pid=105106) delete_allocations /opt/stack/placement/placement/handlers/allocation.py:627}}
May 27 15:08:56.850171 n-d-843621-1 devstack@placement-api.service[105106]: INFO placement.requestlog [req-8b0c6cbf-1365-44c0-9b21-14ff2be6e690 req-c28f3fe8-281b-4586-9570-944f4fb3788b service placement] 10.222.0.33 "DELETE /placement/allocations/d9604d14-4598-4d42-8bbf-8763103061a4" status: 204 len: 0 microversion: 1.0
May 27 15:08:56.851016 n-d-843621-1 devstack@placement-api.service[105106]: [pid: 105106|app: 0|req: 290/580] 10.222.0.33 () {60 vars in 1355 bytes} [Fri May 27 15:08:56 2022] DELETE /placement/allocations/d9604d14-4598-4d42-8bbf-8763103061a4 => generated 0 bytes in 46 msecs (HTTP/1.1 204) 5 headers in 198 bytes (1 switches on core 0)
May 27 15:09:00.815611 n-d-843621-1 devstack@placement-api.service[105105]: DEBUG placement.requestlog [req-7c910442-5041-4d3e-80a9-a6167863a95b req-02cff9d4-8723-41fc-91cb-a91463722e3a None None] Starting request: 10.222.0.59 "GET /placement/allocations/3996f065-a4c2-40b5-9189-8fe1334f1d18" {{(pid=105105) __call__ /opt/stack/placement/placement/requestlog.py:55}}
May 27 15:09:00.847787 n-d-843621-1 devstack@placement-api.service[105105]: INFO placement.requestlog [req-7c910442-5041-4d3e-80a9-a6167863a95b req-02cff9d4-8723-41fc-91cb-a91463722e3a service placement] 10.222.0.59 "GET /placement/allocations/3996f065-a4c2-40b5-9189-8fe1334f1d18" status: 200 len: 259 microversion: 1.28
May 27 15:09:00.850107 n-d-843621-1 devstack@placement-api.service[105105]: [pid: 105105|app: 0|req: 291/581] 10.222.0.59 () {60 vars in 1377 bytes} [Fri May 27 15:09:00 2022] GET /placement/allocations/3996f065-a4c2-40b5-9189-8fe1334f1d18 => generated 259 bytes in 35 msecs (HTTP/1.1 200) 8 headers in 296 bytes (1 switches on core 0)
May 27 15:09:06.843663 n-d-843621-1 devstack@placement-api.service[105106]: DEBUG dbcounter [-] [105106] Writing DB stats placement:SELECT=32,placement:INSERT=4,placement:DELETE=4,placement:UPDATE=2 {{(pid=105106) stat_writer /usr/local/lib/python3.8/dist-packages/dbcounter.py:114}}
May 27 15:09:09.389425 n-d-843621-1 devstack@placement-api.service[105106]: DEBUG placement.requestlog [req-477a7913-b777-410f-ab15-d111273570e5 req-4511af33-64f6-45f6-8be6-12b8f2267b21 None None] Starting request: 10.222.0.33 "GET /placement/resource_providers/94e5daa5-bc18-49a6-99b4-70665eb96361/allocations" {{(pid=105106) __call__ /opt/stack/placement/placement/requestlog.py:55}}
May 27 15:09:09.429977 n-d-843621-1 devstack@placement-api.service[105106]: INFO placement.requestlog [req-477a7913-b777-410f-ab15-d111273570e5 req-4511af33-64f6-45f6-8be6-12b8f2267b21 service placement] 10.222.0.33 "GET /placement/resource_providers/94e5daa5-bc18-49a6-99b4-70665eb96361/allocations" status: 200 len: 356 microversion: 1.0
May 27 15:09:09.430729 n-d-843621-1 devstack@placement-api.service[105106]: [pid: 105106|app: 0|req: 291/582] 10.222.0.33 () {58 vars in 1390 bytes} [Fri May 27 15:09:09 2022] GET /placement/resource_providers/94e5daa5-bc18-49a6-99b4-70665eb96361/allocations => generated 356 bytes in 41 msecs (HTTP/1.1 200) 6 headers in 224 bytes (2 switches on core 0)
May 27 15:09:10.840753 n-d-843621-1 devstack@placement-api.service[105105]: DEBUG dbcounter [-] [105105] Writing DB stats placement:SELECT=44,placement:INSERT=4,placement:DELETE=4,placement:UPDATE=2 {{(pid=105105) stat_writer /usr/local/lib/python3.8/dist-packages/dbcounter.py:114}}
May 27 15:09:13.137677 n-d-843621-1 devstack@placement-api.service[105105]: DEBUG placement.requestlog [req-f953ba64-0d49-4323-b153-dbd5b02a8e7a req-29c09aca-0bf8-4301-bb9b-1e7fa08e08f2 None None] Starting request: 10.222.0.59 "GET /placement/resource_providers/4168281e-d8f8-4a85-ade5-b378de326df3/allocations" {{(pid=105105) __call__ /opt/stack/placement/placement/requestlog.py:55}}
May 27 15:09:13.175999 n-d-843621-1 devstack@placement-api.service[105105]: INFO placement.requestlog [req-f953ba64-0d49-4323-b153-dbd5b02a8e7a req-29c09aca-0bf8-4301-bb9b-1e7fa08e08f2 service placement] 10.222.0.59 "GET /placement/resource_providers/4168281e-d8f8-4a85-ade5-b378de326df3/allocations" status: 200 len: 544 microversion: 1.0
May 27 15:09:13.178942 n-d-843621-1 devstack@placement-api.service[105105]: [pid: 105105|app: 0|req: 292/583] 10.222.0.59 () {58 vars in 1390 bytes} [Fri May 27 15:09:13 2022] GET /placement/resource_providers/4168281e-d8f8-4a85-ade5-b378de326df3/allocations => generated 544 bytes in 42 msecs (HTTP/1.1 200) 6 headers in 224 bytes (1 switches on core 0)
May 27 15:09:19.426672 n-d-843621-1 devstack@placement-api.service[105106]: DEBUG dbcounter [-] [105106] Writing DB stats placement:SELECT=6 {{(pid=105106) stat_writer /usr/local/lib/python3.8/dist-packages/dbcounter.py:114}}
May 27 15:09:23.167783 n-d-843621-1 devstack@placement-api.service[105105]: DEBUG dbcounter [-] [105105] Writing DB stats placement:SELECT=6 {{(pid=105105) stat_writer /usr/local/lib/python3.8/dist-packages/dbcounter.py:114}}
May 27 15:09:27.995050 n-d-843621-1 devstack@placement-api.service[105106]: DEBUG placement.requestlog [req-7bc1a89a-75e8-46ee-9c55-65061ed426d1 req-30fe2575-915e-43ec-90ff-ba72116578a0 None None] Starting request: 10.222.0.59 "DELETE /placement/allocations/257d655d-41a5-4a06-a70e-36c3b813d2ae" {{(pid=105106) __call__ /opt/stack/placement/placement/requestlog.py:55}}
May 27 15:09:28.061296 n-d-843621-1 devstack@placement-api.service[105106]: DEBUG placement.handlers.allocation [req-7bc1a89a-75e8-46ee-9c55-65061ed426d1 req-30fe2575-915e-43ec-90ff-ba72116578a0 service placement] Successfully deleted allocations [<placement.objects.allocation.Allocation object at 0x7faf9c186370>, <placement.objects.allocation.Allocation object at 0x7faf9c186220>] {{(pid=105106) delete_allocations /opt/stack/placement/placement/handlers/allocation.py:627}}
May 27 15:09:28.062551 n-d-843621-1 devstack@placement-api.service[105106]: INFO placement.requestlog [req-7bc1a89a-75e8-46ee-9c55-65061ed426d1 req-30fe2575-915e-43ec-90ff-ba72116578a0 service placement] 10.222.0.59 "DELETE /placement/allocations/257d655d-41a5-4a06-a70e-36c3b813d2ae" status: 204 len: 0 microversion: 1.0
May 27 15:09:28.063600 n-d-843621-1 devstack@placement-api.service[105106]: [pid: 105106|app: 0|req: 292/584] 10.222.0.59 () {60 vars in 1355 bytes} [Fri May 27 15:09:27 2022] DELETE /placement/allocations/257d655d-41a5-4a06-a70e-36c3b813d2ae => generated 0 bytes in 69 msecs (HTTP/1.1 204) 5 headers in 198 bytes (1 switches on core 0)
May 27 15:09:30.249015 n-d-843621-1 devstack@placement-api.service[105105]: DEBUG placement.requestlog [None req-81e8ada6-f286-418f-953c-115213c0ea10 None None] Starting request: 10.222.0.13 "GET /placement/" {{(pid=105105) __call__ /opt/stack/placement/placement/requestlog.py:55}}
May 27 15:09:30.250553 n-d-843621-1 devstack@placement-api.service[105105]: INFO placement.requestlog [None req-81e8ada6-f286-418f-953c-115213c0ea10 None None] 10.222.0.13 "GET /placement/" status: 200 len: 136 microversion: 1.0
May 27 15:09:30.251020 n-d-843621-1 devstack@placement-api.service[105105]: [pid: 105105|app: 0|req: 293/585] 10.222.0.13 () {54 vars in 916 bytes} [Fri May 27 15:09:30 2022] GET /placement => generated 136 bytes in 2 msecs (HTTP/1.1 200) 6 headers in 224 bytes (1 switches on core 0)
May 27 15:09:30.280735 n-d-843621-1 devstack@placement-api.service[105106]: DEBUG placement.requestlog [req-11ced194-0a66-4de3-82a5-fb26ae9d7b61 req-1bb1c3da-253f-486c-8c05-6761c0f205cc None None] Starting request: 10.222.0.13 "GET /placement/allocations/ed1c1b5f-8a41-4cd7-a3a7-5fc0b5ef77ec" {{(pid=105106) __call__ /opt/stack/placement/placement/requestlog.py:55}}
May 27 15:09:30.493826 n-d-843621-1 devstack@placement-api.service[105106]: INFO placement.requestlog [req-11ced194-0a66-4de3-82a5-fb26ae9d7b61 req-1bb1c3da-253f-486c-8c05-6761c0f205cc service placement] 10.222.0.13 "GET /placement/allocations/ed1c1b5f-8a41-4cd7-a3a7-5fc0b5ef77ec" status: 200 len: 259 microversion: 1.28
May 27 15:09:30.499235 n-d-843621-1 devstack@placement-api.service[105106]: [pid: 105106|app: 0|req: 293/586] 10.222.0.13 () {60 vars in 1380 bytes} [Fri May 27 15:09:30 2022] GET /placement/allocations/ed1c1b5f-8a41-4cd7-a3a7-5fc0b5ef77ec => generated 259 bytes in 219 msecs (HTTP/1.1 200) 8 headers in 296 bytes (1 switches on core 0)
May 27 15:09:30.506851 n-d-843621-1 devstack@placement-api.service[105105]: DEBUG placement.requestlog [req-11ced194-0a66-4de3-82a5-fb26ae9d7b61 req-7d0ded7e-c7c4-4c9a-b51b-9f94b4f938c2 None None] Starting request: 10.222.0.13 "GET /placement/allocations/ed1c1b5f-8a41-4cd7-a3a7-5fc0b5ef77ec" {{(pid=105105) __call__ /opt/stack/placement/placement/requestlog.py:55}}
May 27 15:09:30.543322 n-d-843621-1 devstack@placement-api.service[105105]: INFO placement.requestlog [req-11ced194-0a66-4de3-82a5-fb26ae9d7b61 req-7d0ded7e-c7c4-4c9a-b51b-9f94b4f938c2 service placement] 10.222.0.13 "GET /placement/allocations/ed1c1b5f-8a41-4cd7-a3a7-5fc0b5ef77ec" status: 200 len: 259 microversion: 1.28
May 27 15:09:30.545082 n-d-843621-1 devstack@placement-api.service[105105]: [pid: 105105|app: 0|req: 294/587] 10.222.0.13 () {60 vars in 1380 bytes} [Fri May 27 15:09:30 2022] GET /placement/allocations/ed1c1b5f-8a41-4cd7-a3a7-5fc0b5ef77ec => generated 259 bytes in 38 msecs (HTTP/1.1 200) 8 headers in 296 bytes (1 switches on core 0)
May 27 15:09:30.568151 n-d-843621-1 devstack@placement-api.service[105106]: DEBUG placement.requestlog [req-11ced194-0a66-4de3-82a5-fb26ae9d7b61 req-160415e2-08cc-41b4-9327-fb0b5c48c513 None None] Starting request: 10.222.0.13 "GET /placement/allocations/9a62350e-f273-4c55-bc2d-a2304799e3ae" {{(pid=105106) __call__ /opt/stack/placement/placement/requestlog.py:55}}
