May 27 05:34:32.698694 n-d-843565-1 devstack@placement-api.service[105490]: DEBUG placement.requestlog [req-7efe8db0-8b53-4082-807b-c6d721fc199f req-29b913a9-106d-40e8-8bb2-e5ec9c4d9e71 None None] Starting request: 10.222.0.48 "GET /placement/allocations/23dcf1b9-bf96-4eaf-bddf-5728725e997c" {{(pid=105490) __call__ /opt/stack/placement/placement/requestlog.py:55}}
May 27 05:34:32.710977 n-d-843565-1 devstack@placement-api.service[105490]: INFO placement.requestlog [req-7efe8db0-8b53-4082-807b-c6d721fc199f req-29b913a9-106d-40e8-8bb2-e5ec9c4d9e71 service placement] 10.222.0.48 "GET /placement/allocations/23dcf1b9-bf96-4eaf-bddf-5728725e997c" status: 200 len: 19 microversion: 1.28
May 27 05:34:32.714639 n-d-843565-1 devstack@placement-api.service[105490]: [pid: 105490|app: 0|req: 77/151] 10.222.0.48 () {60 vars in 1380 bytes} [Fri May 27 05:34:32 2022] GET /placement/allocations/23dcf1b9-bf96-4eaf-bddf-5728725e997c => generated 19 bytes in 16 msecs (HTTP/1.1 200) 8 headers in 295 bytes (1 switches on core 0)
May 27 05:34:32.717637 n-d-843565-1 devstack@placement-api.service[105491]: DEBUG placement.requestlog [req-7efe8db0-8b53-4082-807b-c6d721fc199f req-dde70eeb-b85f-4b20-bcd0-b34d3d8a990b None None] Starting request: 10.222.0.48 "PUT /placement/allocations/23dcf1b9-bf96-4eaf-bddf-5728725e997c" {{(pid=105491) __call__ /opt/stack/placement/placement/requestlog.py:55}}
May 27 05:34:32.804039 n-d-843565-1 devstack@placement-api.service[105490]: DEBUG placement.requestlog [req-8d5a8972-4542-47a6-ac08-ec8f604a73a2 req-76aa2d2d-45ee-4f39-bdb1-50681091f801 None None] Starting request: 10.222.0.42 "DELETE /placement/allocations/c9a64c81-e7cc-4c05-b2b8-a48fc0883603" {{(pid=105490) __call__ /opt/stack/placement/placement/requestlog.py:55}}
May 27 05:34:32.833172 n-d-843565-1 devstack@placement-api.service[105491]: DEBUG dbcounter [-] [105491] Writing DB stats placement:INSERT=11,placement:UPDATE=4,placement:SELECT=82,placement:DELETE=3 {{(pid=105491) stat_writer /usr/local/lib/python3.8/dist-packages/dbcounter.py:114}}
May 27 05:34:32.992019 n-d-843565-1 devstack@placement-api.service[105490]: DEBUG placement.handlers.allocation [req-8d5a8972-4542-47a6-ac08-ec8f604a73a2 req-76aa2d2d-45ee-4f39-bdb1-50681091f801 service placement] Successfully deleted allocations [, , ] {{(pid=105490) delete_allocations /opt/stack/placement/placement/handlers/allocation.py:627}}
May 27 05:34:32.992585 n-d-843565-1 devstack@placement-api.service[105490]: INFO placement.requestlog [req-8d5a8972-4542-47a6-ac08-ec8f604a73a2 req-76aa2d2d-45ee-4f39-bdb1-50681091f801 service placement] 10.222.0.42 "DELETE /placement/allocations/c9a64c81-e7cc-4c05-b2b8-a48fc0883603" status: 204 len: 0 microversion: 1.0
May 27 05:34:32.993189 n-d-843565-1 devstack@placement-api.service[105490]: [pid: 105490|app: 0|req: 78/152] 10.222.0.42 () {60 vars in 1355 bytes} [Fri May 27 05:34:32 2022] DELETE /placement/allocations/c9a64c81-e7cc-4c05-b2b8-a48fc0883603 => generated 0 bytes in 189 msecs (HTTP/1.1 204) 5 headers in 198 bytes (1 switches on core 0)
May 27 05:34:33.068972 n-d-843565-1 devstack@placement-api.service[105491]: DEBUG placement.handlers.allocation [req-7efe8db0-8b53-4082-807b-c6d721fc199f req-dde70eeb-b85f-4b20-bcd0-b34d3d8a990b service placement] Successfully wrote allocations [, , ] {{(pid=105491) _update_consumers_and_create_allocations /opt/stack/placement/placement/handlers/allocation.py:462}}
May 27 05:34:33.173699 n-d-843565-1 devstack@placement-api.service[105491]: INFO placement.requestlog [req-7efe8db0-8b53-4082-807b-c6d721fc199f req-dde70eeb-b85f-4b20-bcd0-b34d3d8a990b service placement] 10.222.0.48 "PUT /placement/allocations/23dcf1b9-bf96-4eaf-bddf-5728725e997c" status: 204 len: 0 microversion: 1.36
May 27 05:34:33.174349 n-d-843565-1 devstack@placement-api.service[105491]: [pid: 105491|app: 0|req: 75/153] 10.222.0.48 () {64 vars in 1433 bytes} [Fri May 27 05:34:32 2022] PUT /placement/allocations/23dcf1b9-bf96-4eaf-bddf-5728725e997c => generated 0 bytes in 457 msecs (HTTP/1.1 204) 5 headers in 199 bytes (1 switches on core 0)
May 27 05:34:34.897638 n-d-843565-1 devstack@placement-api.service[105490]: DEBUG placement.requestlog [req-88ad3e8d-a288-4959-8a0b-2e79c9978b18 req-11b69569-3986-46c4-a036-5781e28477b3 None None] Starting request: 10.222.0.48 "GET /placement/allocation_candidates?limit=1000&resources=DISK_GB%3A1%2CMEMORY_MB%3A1024%2CVCPU%3A1&root_required=%21COMPUTE_STATUS_DISABLED" {{(pid=105490) __call__ /opt/stack/placement/placement/requestlog.py:55}}
May 27 05:34:34.931773 n-d-843565-1 devstack@placement-api.service[105490]: DEBUG placement.objects.research_context [req-88ad3e8d-a288-4959-8a0b-2e79c9978b18 req-11b69569-3986-46c4-a036-5781e28477b3 service placement] getting providers with 1 DISK_GB {{(pid=105490) __init__ /opt/stack/placement/placement/objects/research_context.py:136}}
May 27 05:34:34.938876 n-d-843565-1 devstack@placement-api.service[105490]: DEBUG placement.objects.research_context [req-88ad3e8d-a288-4959-8a0b-2e79c9978b18 req-11b69569-3986-46c4-a036-5781e28477b3 service placement] getting providers with 1024 MEMORY_MB {{(pid=105490) __init__ /opt/stack/placement/placement/objects/research_context.py:136}}
May 27 05:34:34.944615 n-d-843565-1 devstack@placement-api.service[105490]: DEBUG placement.objects.research_context [req-88ad3e8d-a288-4959-8a0b-2e79c9978b18 req-11b69569-3986-46c4-a036-5781e28477b3 service placement] getting providers with 1 VCPU {{(pid=105490) __init__ /opt/stack/placement/placement/objects/research_context.py:136}}
May 27 05:34:34.954523 n-d-843565-1 devstack@placement-api.service[105490]: DEBUG placement.objects.research_context [req-88ad3e8d-a288-4959-8a0b-2e79c9978b18 req-11b69569-3986-46c4-a036-5781e28477b3 service placement] found 2 providers with available 1 DISK_GB {{(pid=105490) get_provider_ids_matching /opt/stack/placement/placement/objects/research_context.py:563}}
May 27 05:34:34.955317 n-d-843565-1 devstack@placement-api.service[105490]: DEBUG placement.objects.research_context [req-88ad3e8d-a288-4959-8a0b-2e79c9978b18 req-11b69569-3986-46c4-a036-5781e28477b3 service placement] found 2 providers with available 1024 MEMORY_MB {{(pid=105490) get_provider_ids_matching /opt/stack/placement/placement/objects/research_context.py:563}}
May 27 05:34:34.955833 n-d-843565-1 devstack@placement-api.service[105490]: DEBUG placement.objects.research_context [req-88ad3e8d-a288-4959-8a0b-2e79c9978b18 req-11b69569-3986-46c4-a036-5781e28477b3 service placement] found 2 providers after filtering by previous result {{(pid=105490) get_provider_ids_matching /opt/stack/placement/placement/objects/research_context.py:594}}
May 27 05:34:34.956327 n-d-843565-1 devstack@placement-api.service[105490]: DEBUG placement.objects.research_context [req-88ad3e8d-a288-4959-8a0b-2e79c9978b18 req-11b69569-3986-46c4-a036-5781e28477b3 service placement] found 2 providers with available 1 VCPU {{(pid=105490) get_provider_ids_matching /opt/stack/placement/placement/objects/research_context.py:563}}
May 27 05:34:34.956843 n-d-843565-1 devstack@placement-api.service[105490]: DEBUG placement.objects.research_context [req-88ad3e8d-a288-4959-8a0b-2e79c9978b18 req-11b69569-3986-46c4-a036-5781e28477b3 service placement] found 2 providers after filtering by previous result {{(pid=105490) get_provider_ids_matching /opt/stack/placement/placement/objects/research_context.py:594}}
May 27 05:34:34.969484 n-d-843565-1 devstack@placement-api.service[105490]: DEBUG placement.objects.allocation_candidate [req-88ad3e8d-a288-4959-8a0b-2e79c9978b18 req-11b69569-3986-46c4-a036-5781e28477b3 service placement] RequestGroup(use_same_provider=False, resources={DISK_GB:1, MEMORY_MB:1024, VCPU:1}, traits=(), aggregates=[]) (suffix '') returned 2 matches {{(pid=105490) _get_by_requests /opt/stack/placement/placement/objects/allocation_candidate.py:156}}
May 27 05:34:34.970082 n-d-843565-1 devstack@placement-api.service[105490]: DEBUG placement.objects.allocation_candidate [req-88ad3e8d-a288-4959-8a0b-2e79c9978b18 req-11b69569-3986-46c4-a036-5781e28477b3 service placement] Merging candidates yields 2 allocation requests and 2 provider summaries {{(pid=105490) _merge_candidates /opt/stack/placement/placement/objects/allocation_candidate.py:809}}
May 27 05:34:34.971846 n-d-843565-1 devstack@placement-api.service[105490]: INFO placement.requestlog [req-88ad3e8d-a288-4959-8a0b-2e79c9978b18 req-11b69569-3986-46c4-a036-5781e28477b3 service placement] 10.222.0.48 "GET /placement/allocation_candidates?limit=1000&resources=DISK_GB%3A1%2CMEMORY_MB%3A1024%2CVCPU%3A1&root_required=%21COMPUTE_STATUS_DISABLED" status: 200 len: 1309 microversion: 1.36
May 27 05:34:34.973287 n-d-843565-1 devstack@placement-api.service[105490]: [pid: 105490|app: 0|req: 79/154] 10.222.0.48 () {60 vars in 1506 bytes} [Fri May 27 05:34:34 2022] GET /placement/allocation_candidates?limit=1000&resources=DISK_GB%3A1%2CMEMORY_MB%3A1024%2CVCPU%3A1&root_required=%21COMPUTE_STATUS_DISABLED => generated 1309 bytes in 76 msecs (HTTP/1.1 200) 8 headers in 297 bytes (1 switches on core 0)
May 27 05:34:35.068357 n-d-843565-1 devstack@placement-api.service[105491]: DEBUG placement.requestlog [req-88ad3e8d-a288-4959-8a0b-2e79c9978b18 req-b0d6da69-3093-436f-9cab-6f3161c89298 None None] Starting request: 10.222.0.48 "GET /placement/allocations/03b413ff-297e-4ab4-bddf-8bd4280cddb5" {{(pid=105491) __call__ /opt/stack/placement/placement/requestlog.py:55}}
May 27 05:34:35.080038 n-d-843565-1 devstack@placement-api.service[105491]: INFO placement.requestlog [req-88ad3e8d-a288-4959-8a0b-2e79c9978b18 req-b0d6da69-3093-436f-9cab-6f3161c89298 service placement] 10.222.0.48 "GET /placement/allocations/03b413ff-297e-4ab4-bddf-8bd4280cddb5" status: 200 len: 19 microversion: 1.28
May 27 05:34:35.081638 n-d-843565-1 devstack@placement-api.service[105491]: [pid: 105491|app: 0|req: 76/155] 10.222.0.48 () {60 vars in 1380 bytes} [Fri May 27 05:34:35 2022] GET /placement/allocations/03b413ff-297e-4ab4-bddf-8bd4280cddb5 => generated 19 bytes in 14 msecs (HTTP/1.1 200) 8 headers in 295 bytes (1 switches on core 0)
May 27 05:34:35.088051 n-d-843565-1 devstack@placement-api.service[105490]: DEBUG placement.requestlog [req-88ad3e8d-a288-4959-8a0b-2e79c9978b18 req-4a64c9ab-f9e9-41cc-97a5-75bbf054415f None None] Starting request: 10.222.0.48 "PUT /placement/allocations/03b413ff-297e-4ab4-bddf-8bd4280cddb5" {{(pid=105490) __call__ /opt/stack/placement/placement/requestlog.py:55}}
May 27 05:34:35.246170 n-d-843565-1 devstack@placement-api.service[105490]: DEBUG dbcounter [-] [105490] Writing DB stats placement:INSERT=12,placement:UPDATE=6,placement:SELECT=74,placement:DELETE=8 {{(pid=105490) stat_writer /usr/local/lib/python3.8/dist-packages/dbcounter.py:114}}
May 27 05:34:35.251130 n-d-843565-1 devstack@placement-api.service[105490]: DEBUG placement.handlers.allocation [req-88ad3e8d-a288-4959-8a0b-2e79c9978b18 req-4a64c9ab-f9e9-41cc-97a5-75bbf054415f service placement] Successfully wrote allocations [, , ] {{(pid=105490) _update_consumers_and_create_allocations /opt/stack/placement/placement/handlers/allocation.py:462}}
May 27 05:34:35.299053 n-d-843565-1 devstack@placement-api.service[105491]: DEBUG placement.requestlog [req-7efe8db0-8b53-4082-807b-c6d721fc199f req-3bd6bde8-120c-4a86-b276-08657a3696be None None] Starting request: 10.222.0.42 "GET /placement/allocations/23dcf1b9-bf96-4eaf-bddf-5728725e997c" {{(pid=105491) __call__ /opt/stack/placement/placement/requestlog.py:55}}
May 27 05:34:35.330060 n-d-843565-1 devstack@placement-api.service[105491]: INFO placement.requestlog [req-7efe8db0-8b53-4082-807b-c6d721fc199f req-3bd6bde8-120c-4a86-b276-08657a3696be service placement] 10.222.0.42 "GET /placement/allocations/23dcf1b9-bf96-4eaf-bddf-5728725e997c" status: 200 len: 258 microversion: 1.28
May 27 05:34:35.330972 n-d-843565-1 devstack@placement-api.service[105491]: [pid: 105491|app: 0|req: 77/156] 10.222.0.42 () {60 vars in 1377 bytes} [Fri May 27 05:34:35 2022] GET /placement/allocations/23dcf1b9-bf96-4eaf-bddf-5728725e997c => generated 258 bytes in 32 msecs (HTTP/1.1 200) 8 headers in 296 bytes (2 switches on core 0)
May 27 05:34:35.375241 n-d-843565-1 devstack@placement-api.service[105490]: INFO placement.requestlog [req-88ad3e8d-a288-4959-8a0b-2e79c9978b18 req-4a64c9ab-f9e9-41cc-97a5-75bbf054415f service placement] 10.222.0.48 "PUT /placement/allocations/03b413ff-297e-4ab4-bddf-8bd4280cddb5" status: 204 len: 0 microversion: 1.36
May 27 05:34:35.375902 n-d-843565-1 devstack@placement-api.service[105490]: [pid: 105490|app: 0|req: 80/157] 10.222.0.48 () {64 vars in 1433 bytes} [Fri May 27 05:34:35 2022] PUT /placement/allocations/03b413ff-297e-4ab4-bddf-8bd4280cddb5 => generated 0 bytes in 288 msecs (HTTP/1.1 204) 5 headers in 199 bytes (1 switches on core 0)
May 27 05:34:38.354307 n-d-843565-1 devstack@placement-api.service[105491]: DEBUG placement.requestlog [req-88ad3e8d-a288-4959-8a0b-2e79c9978b18 req-3a920806-3abc-408c-9d53-378610bdf58c None None] Starting request: 10.222.0.42 "GET /placement/allocations/03b413ff-297e-4ab4-bddf-8bd4280cddb5" {{(pid=105491) __call__ /opt/stack/placement/placement/requestlog.py:55}}
May 27 05:34:38.358276 n-d-843565-1 devstack@placement-api.service[105490]: DEBUG placement.requestlog [req-122761c6-d978-48f9-b08b-14980ac64950 req-46a48365-122a-4e42-8a2a-5617b6be35a3 None None] Starting request: 10.222.0.48 "GET /placement/allocation_candidates?limit=1000&resources=DISK_GB%3A1%2CMEMORY_MB%3A1024%2CVCPU%3A1&root_required=%21COMPUTE_STATUS_DISABLED" {{(pid=105490) __call__ /opt/stack/placement/placement/requestlog.py:55}}
May 27 05:34:38.399334 n-d-843565-1 devstack@placement-api.service[105491]: INFO placement.requestlog [req-88ad3e8d-a288-4959-8a0b-2e79c9978b18 req-3a920806-3abc-408c-9d53-378610bdf58c service placement] 10.222.0.42 "GET /placement/allocations/03b413ff-297e-4ab4-bddf-8bd4280cddb5" status: 200 len: 259 microversion: 1.28
May 27 05:34:38.399901 n-d-843565-1 devstack@placement-api.service[105491]: [pid: 105491|app: 0|req: 78/158] 10.222.0.42 () {60 vars in 1377 bytes} [Fri May 27 05:34:38 2022] GET /placement/allocations/03b413ff-297e-4ab4-bddf-8bd4280cddb5 => generated 259 bytes in 50 msecs (HTTP/1.1 200) 8 headers in 296 bytes (1 switches on core 0)
May 27 05:34:38.419485 n-d-843565-1 devstack@placement-api.service[105490]: DEBUG placement.objects.research_context [req-122761c6-d978-48f9-b08b-14980ac64950 req-46a48365-122a-4e42-8a2a-5617b6be35a3 service placement] getting providers with 1 DISK_GB {{(pid=105490) __init__ /opt/stack/placement/placement/objects/research_context.py:136}}
May 27 05:34:38.425932 n-d-843565-1 devstack@placement-api.service[105490]: DEBUG placement.objects.research_context [req-122761c6-d978-48f9-b08b-14980ac64950 req-46a48365-122a-4e42-8a2a-5617b6be35a3 service placement] getting providers with 1024 MEMORY_MB {{(pid=105490) __init__ /opt/stack/placement/placement/objects/research_context.py:136}}
May 27 05:34:38.432683 n-d-843565-1 devstack@placement-api.service[105490]: DEBUG placement.objects.research_context [req-122761c6-d978-48f9-b08b-14980ac64950 req-46a48365-122a-4e42-8a2a-5617b6be35a3 service placement] getting providers with 1 VCPU {{(pid=105490) __init__ /opt/stack/placement/placement/objects/research_context.py:136}}
May 27 05:34:38.439956 n-d-843565-1 devstack@placement-api.service[105490]: DEBUG placement.objects.research_context [req-122761c6-d978-48f9-b08b-14980ac64950 req-46a48365-122a-4e42-8a2a-5617b6be35a3 service placement] found 2 providers with available 1 DISK_GB {{(pid=105490) get_provider_ids_matching /opt/stack/placement/placement/objects/research_context.py:563}}
May 27 05:34:38.440292 n-d-843565-1 devstack@placement-api.service[105490]: DEBUG placement.objects.research_context [req-122761c6-d978-48f9-b08b-14980ac64950 req-46a48365-122a-4e42-8a2a-5617b6be35a3 service placement] found 2 providers with available 1024 MEMORY_MB {{(pid=105490) get_provider_ids_matching /opt/stack/placement/placement/objects/research_context.py:563}}
May 27 05:34:38.440575 n-d-843565-1 devstack@placement-api.service[105490]: DEBUG placement.objects.research_context [req-122761c6-d978-48f9-b08b-14980ac64950 req-46a48365-122a-4e42-8a2a-5617b6be35a3 service placement] found 2 providers after filtering by previous result {{(pid=105490) get_provider_ids_matching /opt/stack/placement/placement/objects/research_context.py:594}}
May 27 05:34:38.440983 n-d-843565-1 devstack@placement-api.service[105490]: DEBUG placement.objects.research_context [req-122761c6-d978-48f9-b08b-14980ac64950 req-46a48365-122a-4e42-8a2a-5617b6be35a3 service placement] found 2 providers with available 1 VCPU {{(pid=105490) get_provider_ids_matching /opt/stack/placement/placement/objects/research_context.py:563}}
May 27 05:34:38.441452 n-d-843565-1 devstack@placement-api.service[105490]: DEBUG placement.objects.research_context [req-122761c6-d978-48f9-b08b-14980ac64950 req-46a48365-122a-4e42-8a2a-5617b6be35a3 service placement] found 2 providers after filtering by previous result {{(pid=105490) get_provider_ids_matching /opt/stack/placement/placement/objects/research_context.py:594}}
May 27 05:34:38.454676 n-d-843565-1 devstack@placement-api.service[105490]: DEBUG placement.objects.allocation_candidate [req-122761c6-d978-48f9-b08b-14980ac64950 req-46a48365-122a-4e42-8a2a-5617b6be35a3 service placement] RequestGroup(use_same_provider=False, resources={DISK_GB:1, MEMORY_MB:1024, VCPU:1}, traits=(), aggregates=[]) (suffix '') returned 2 matches {{(pid=105490) _get_by_requests /opt/stack/placement/placement/objects/allocation_candidate.py:156}}
May 27 05:34:38.455293 n-d-843565-1 devstack@placement-api.service[105490]: DEBUG placement.objects.allocation_candidate [req-122761c6-d978-48f9-b08b-14980ac64950 req-46a48365-122a-4e42-8a2a-5617b6be35a3 service placement] Merging candidates yields 2 allocation requests and 2 provider summaries {{(pid=105490) _merge_candidates /opt/stack/placement/placement/objects/allocation_candidate.py:809}}
May 27 05:34:38.458399 n-d-843565-1 devstack@placement-api.service[105490]: INFO placement.requestlog [req-122761c6-d978-48f9-b08b-14980ac64950 req-46a48365-122a-4e42-8a2a-5617b6be35a3 service placement] 10.222.0.48 "GET /placement/allocation_candidates?limit=1000&resources=DISK_GB%3A1%2CMEMORY_MB%3A1024%2CVCPU%3A1&root_required=%21COMPUTE_STATUS_DISABLED" status: 200 len: 1309 microversion: 1.36
May 27 05:34:38.459267 n-d-843565-1 devstack@placement-api.service[105490]: [pid: 105490|app: 0|req: 81/159] 10.222.0.48 () {60 vars in 1506 bytes} [Fri May 27 05:34:38 2022] GET /placement/allocation_candidates?limit=1000&resources=DISK_GB%3A1%2CMEMORY_MB%3A1024%2CVCPU%3A1&root_required=%21COMPUTE_STATUS_DISABLED => generated 1309 bytes in 101 msecs (HTTP/1.1 200) 8 headers in 297 bytes (1 switches on core 0)
May 27 05:34:38.569225 n-d-843565-1 devstack@placement-api.service[105491]: DEBUG placement.requestlog [req-122761c6-d978-48f9-b08b-14980ac64950 req-e1313aa5-bd08-4f57-aa63-980e6f8a3719 None None] Starting request: 10.222.0.48 "GET /placement/allocations/4d7f63a3-6a85-4a29-923e-ba66b8718a41" {{(pid=105491) __call__ /opt/stack/placement/placement/requestlog.py:55}}
May 27 05:34:38.591105 n-d-843565-1 devstack@placement-api.service[105491]: INFO placement.requestlog [req-122761c6-d978-48f9-b08b-14980ac64950 req-e1313aa5-bd08-4f57-aa63-980e6f8a3719 service placement] 10.222.0.48 "GET /placement/allocations/4d7f63a3-6a85-4a29-923e-ba66b8718a41" status: 200 len: 19 microversion: 1.28
May 27 05:34:38.591957 n-d-843565-1 devstack@placement-api.service[105491]: [pid: 105491|app: 0|req: 79/160] 10.222.0.48 () {60 vars in 1380 bytes} [Fri May 27 05:34:38 2022] GET /placement/allocations/4d7f63a3-6a85-4a29-923e-ba66b8718a41 => generated 19 bytes in 23 msecs (HTTP/1.1 200) 8 headers in 295 bytes (1 switches on core 0)
May 27 05:34:38.609998 n-d-843565-1 devstack@placement-api.service[105490]: DEBUG placement.requestlog [req-122761c6-d978-48f9-b08b-14980ac64950 req-82585587-1d1f-44f9-8a00-9d06153ee038 None None] Starting request: 10.222.0.48 "PUT /placement/allocations/4d7f63a3-6a85-4a29-923e-ba66b8718a41" {{(pid=105490) __call__ /opt/stack/placement/placement/requestlog.py:55}}
May 27 05:34:38.755259 n-d-843565-1 devstack@placement-api.service[105490]: DEBUG placement.handlers.allocation [req-122761c6-d978-48f9-b08b-14980ac64950 req-82585587-1d1f-44f9-8a00-9d06153ee038 service placement] Successfully wrote allocations [, , ] {{(pid=105490) _update_consumers_and_create_allocations /opt/stack/placement/placement/handlers/allocation.py:462}}
May 27 05:34:38.854995 n-d-843565-1 devstack@placement-api.service[105490]: INFO placement.requestlog [req-122761c6-d978-48f9-b08b-14980ac64950 req-82585587-1d1f-44f9-8a00-9d06153ee038 service placement] 10.222.0.48 "PUT /placement/allocations/4d7f63a3-6a85-4a29-923e-ba66b8718a41" status: 204 len: 0 microversion: 1.36
May 27 05:34:38.858837 n-d-843565-1 devstack@placement-api.service[105490]: [pid: 105490|app: 0|req: 82/161] 10.222.0.48 () {64 vars in 1433 bytes} [Fri May 27 05:34:38 2022] PUT /placement/allocations/4d7f63a3-6a85-4a29-923e-ba66b8718a41 => generated 0 bytes in 246 msecs (HTTP/1.1 204) 5 headers in 199 bytes (1 switches on core 0)
May 27 05:34:39.520298 n-d-843565-1 devstack@placement-api.service[105491]: DEBUG placement.requestlog [req-f1d2d1fe-91de-4540-b995-cc6265eabd34 req-07dae8ca-760e-475e-91a5-c665baa84c13 None None] Starting request: 10.222.0.48 "GET /placement/allocation_candidates?resources=DISK_GB%3A1%2CMEMORY_MB%3A1024%2CVCPU%3A1&root_required=%21COMPUTE_STATUS_DISABLED" {{(pid=105491) __call__ /opt/stack/placement/placement/requestlog.py:55}}
May 27 05:34:39.573106 n-d-843565-1 devstack@placement-api.service[105491]: DEBUG placement.objects.research_context [req-f1d2d1fe-91de-4540-b995-cc6265eabd34 req-07dae8ca-760e-475e-91a5-c665baa84c13 service placement] getting providers with 1 DISK_GB {{(pid=105491) __init__ /opt/stack/placement/placement/objects/research_context.py:136}}
May 27 05:34:39.582835 n-d-843565-1 devstack@placement-api.service[105491]: DEBUG placement.objects.research_context [req-f1d2d1fe-91de-4540-b995-cc6265eabd34 req-07dae8ca-760e-475e-91a5-c665baa84c13 service placement] getting providers with 1024 MEMORY_MB {{(pid=105491) __init__ /opt/stack/placement/placement/objects/research_context.py:136}}
May 27 05:34:39.595898 n-d-843565-1 devstack@placement-api.service[105491]: DEBUG placement.objects.research_context [req-f1d2d1fe-91de-4540-b995-cc6265eabd34 req-07dae8ca-760e-475e-91a5-c665baa84c13 service placement] getting providers with 1 VCPU {{(pid=105491) __init__ /opt/stack/placement/placement/objects/research_context.py:136}}
May 27 05:34:39.606998 n-d-843565-1 devstack@placement-api.service[105491]: DEBUG placement.objects.research_context [req-f1d2d1fe-91de-4540-b995-cc6265eabd34 req-07dae8ca-760e-475e-91a5-c665baa84c13 service placement] found 2 providers with available 1 DISK_GB {{(pid=105491) get_provider_ids_matching /opt/stack/placement/placement/objects/research_context.py:563}}
May 27 05:34:39.607499 n-d-843565-1 devstack@placement-api.service[105491]: DEBUG placement.objects.research_context [req-f1d2d1fe-91de-4540-b995-cc6265eabd34 req-07dae8ca-760e-475e-91a5-c665baa84c13 service placement] found 2 providers with available 1024 MEMORY_MB {{(pid=105491) get_provider_ids_matching /opt/stack/placement/placement/objects/research_context.py:563}}
May 27 05:34:39.608156 n-d-843565-1 devstack@placement-api.service[105491]: DEBUG placement.objects.research_context [req-f1d2d1fe-91de-4540-b995-cc6265eabd34 req-07dae8ca-760e-475e-91a5-c665baa84c13 service placement] found 2 providers after filtering by previous result {{(pid=105491) get_provider_ids_matching /opt/stack/placement/placement/objects/research_context.py:594}}
May 27 05:34:39.608873 n-d-843565-1 devstack@placement-api.service[105491]: DEBUG placement.objects.research_context [req-f1d2d1fe-91de-4540-b995-cc6265eabd34 req-07dae8ca-760e-475e-91a5-c665baa84c13 service placement] found 2 providers with available 1 VCPU {{(pid=105491) get_provider_ids_matching /opt/stack/placement/placement/objects/research_context.py:563}}
May 27 05:34:39.619947 n-d-843565-1 devstack@placement-api.service[105491]: DEBUG placement.objects.research_context [req-f1d2d1fe-91de-4540-b995-cc6265eabd34 req-07dae8ca-760e-475e-91a5-c665baa84c13 service placement] found 2 providers after filtering by previous result {{(pid=105491) get_provider_ids_matching /opt/stack/placement/placement/objects/research_context.py:594}}
May 27 05:34:39.634217 n-d-843565-1 devstack@placement-api.service[105491]: DEBUG placement.objects.allocation_candidate [req-f1d2d1fe-91de-4540-b995-cc6265eabd34 req-07dae8ca-760e-475e-91a5-c665baa84c13 service placement] RequestGroup(use_same_provider=False, resources={DISK_GB:1, MEMORY_MB:1024, VCPU:1}, traits=(), aggregates=[]) (suffix '') returned 2 matches {{(pid=105491) _get_by_requests /opt/stack/placement/placement/objects/allocation_candidate.py:156}}
May 27 05:34:39.634743 n-d-843565-1 devstack@placement-api.service[105491]: DEBUG placement.objects.allocation_candidate [req-f1d2d1fe-91de-4540-b995-cc6265eabd34 req-07dae8ca-760e-475e-91a5-c665baa84c13 service placement] Merging candidates yields 2 allocation requests and 2 provider summaries {{(pid=105491) _merge_candidates /opt/stack/placement/placement/objects/allocation_candidate.py:809}}
May 27 05:34:39.636815 n-d-843565-1 devstack@placement-api.service[105491]: INFO placement.requestlog [req-f1d2d1fe-91de-4540-b995-cc6265eabd34 req-07dae8ca-760e-475e-91a5-c665baa84c13 service placement] 10.222.0.48 "GET /placement/allocation_candidates?resources=DISK_GB%3A1%2CMEMORY_MB%3A1024%2CVCPU%3A1&root_required=%21COMPUTE_STATUS_DISABLED" status: 200 len: 1309 microversion: 1.36
May 27 05:34:39.650938 n-d-843565-1 devstack@placement-api.service[105491]: [pid: 105491|app: 0|req: 80/162] 10.222.0.48 () {60 vars in 1484 bytes} [Fri May 27 05:34:39 2022] GET /placement/allocation_candidates?resources=DISK_GB%3A1%2CMEMORY_MB%3A1024%2CVCPU%3A1&root_required=%21COMPUTE_STATUS_DISABLED => generated 1309 bytes in 123 msecs (HTTP/1.1 200) 8 headers in 297 bytes (1 switches on core 0)
May 27 05:34:39.715594 n-d-843565-1 devstack@placement-api.service[105490]: DEBUG placement.requestlog [req-f1d2d1fe-91de-4540-b995-cc6265eabd34 req-70baeb40-a2e2-44cf-baee-39008dd5b24d None None] Starting request: 10.222.0.48 "GET /placement/allocations/d91206b1-b378-4208-9745-dc0fa1948a84" {{(pid=105490) __call__ /opt/stack/placement/placement/requestlog.py:55}}
May 27 05:34:39.730350 n-d-843565-1 devstack@placement-api.service[105490]: INFO placement.requestlog [req-f1d2d1fe-91de-4540-b995-cc6265eabd34 req-70baeb40-a2e2-44cf-baee-39008dd5b24d service placement] 10.222.0.48 "GET /placement/allocations/d91206b1-b378-4208-9745-dc0fa1948a84" status: 200 len: 19 microversion: 1.28
May 27 05:34:39.730916 n-d-843565-1 devstack@placement-api.service[105490]: [pid: 105490|app: 0|req: 83/163] 10.222.0.48 () {60 vars in 1380 bytes} [Fri May 27 05:34:39 2022] GET /placement/allocations/d91206b1-b378-4208-9745-dc0fa1948a84 => generated 19 bytes in 16 msecs (HTTP/1.1 200) 8 headers in 295 bytes (1 switches on core 0)
May 27 05:34:39.737548 n-d-843565-1 devstack@placement-api.service[105491]: DEBUG placement.requestlog [req-f1d2d1fe-91de-4540-b995-cc6265eabd34 req-e442218e-e878-4d7a-88dc-757c9bf741a9 None None] Starting request: 10.222.0.48 "PUT /placement/allocations/d91206b1-b378-4208-9745-dc0fa1948a84" {{(pid=105491) __call__ /opt/stack/placement/placement/requestlog.py:55}}
May 27 05:34:39.866461 n-d-843565-1 devstack@placement-api.service[105491]: DEBUG placement.handlers.allocation [req-f1d2d1fe-91de-4540-b995-cc6265eabd34 req-e442218e-e878-4d7a-88dc-757c9bf741a9 service placement] Successfully wrote allocations [, , ] {{(pid=105491) _update_consumers_and_create_allocations /opt/stack/placement/placement/handlers/allocation.py:462}}
May 27 05:34:39.958499 n-d-843565-1 devstack@placement-api.service[105491]: INFO placement.requestlog [req-f1d2d1fe-91de-4540-b995-cc6265eabd34 req-e442218e-e878-4d7a-88dc-757c9bf741a9 service placement] 10.222.0.48 "PUT /placement/allocations/d91206b1-b378-4208-9745-dc0fa1948a84" status: 204 len: 0 microversion: 1.36
May 27 05:34:39.959010 n-d-843565-1 devstack@placement-api.service[105491]: [pid: 105491|app: 0|req: 81/164] 10.222.0.48 () {64 vars in 1433 bytes} [Fri May 27 05:34:39 2022] PUT /placement/allocations/d91206b1-b378-4208-9745-dc0fa1948a84 => generated 0 bytes in 222 msecs (HTTP/1.1 204) 5 headers in 199 bytes (1 switches on core 0)
May 27 05:34:39.976762 n-d-843565-1 devstack@placement-api.service[105490]: DEBUG placement.requestlog [req-f1d2d1fe-91de-4540-b995-cc6265eabd34 req-047dedd1-38aa-4ba1-8427-ddfd2dad10b3 None None] Starting request: 10.222.0.48 "GET /placement/allocations/fe19b92c-9443-4be9-9388-53d472d3de48" {{(pid=105490) __call__ /opt/stack/placement/placement/requestlog.py:55}}
May 27 05:34:39.989781 n-d-843565-1 devstack@placement-api.service[105490]: INFO placement.requestlog [req-f1d2d1fe-91de-4540-b995-cc6265eabd34 req-047dedd1-38aa-4ba1-8427-ddfd2dad10b3 service placement] 10.222.0.48 "GET /placement/allocations/fe19b92c-9443-4be9-9388-53d472d3de48" status: 200 len: 19 microversion: 1.28
May 27 05:34:39.990695 n-d-843565-1 devstack@placement-api.service[105490]: [pid: 105490|app: 0|req: 84/165] 10.222.0.48 () {60 vars in 1380 bytes} [Fri May 27 05:34:39 2022] GET /placement/allocations/fe19b92c-9443-4be9-9388-53d472d3de48 => generated 19 bytes in 15 msecs (HTTP/1.1 200) 8 headers in 295 bytes (1 switches on core 0)
May 27 05:34:39.997532 n-d-843565-1 devstack@placement-api.service[105491]: DEBUG placement.requestlog [req-f1d2d1fe-91de-4540-b995-cc6265eabd34 req-c76cc074-ab78-4027-81a5-3b6c2c46ac63 None None] Starting request: 10.222.0.48 "PUT /placement/allocations/fe19b92c-9443-4be9-9388-53d472d3de48" {{(pid=105491) __call__ /opt/stack/placement/placement/requestlog.py:55}}
May 27 05:34:40.110478 n-d-843565-1 devstack@placement-api.service[105491]: DEBUG placement.handlers.allocation [req-f1d2d1fe-91de-4540-b995-cc6265eabd34 req-c76cc074-ab78-4027-81a5-3b6c2c46ac63 service placement] Successfully wrote allocations [, , ] {{(pid=105491) _update_consumers_and_create_allocations /opt/stack/placement/placement/handlers/allocation.py:462}}
May 27 05:34:40.231784 n-d-843565-1 devstack@placement-api.service[105491]: INFO placement.requestlog [req-f1d2d1fe-91de-4540-b995-cc6265eabd34 req-c76cc074-ab78-4027-81a5-3b6c2c46ac63 service placement] 10.222.0.48 "PUT /placement/allocations/fe19b92c-9443-4be9-9388-53d472d3de48" status: 204 len: 0 microversion: 1.36
May 27 05:34:40.232194 n-d-843565-1 devstack@placement-api.service[105491]: [pid: 105491|app: 0|req: 82/166] 10.222.0.48 () {64 vars in 1433 bytes} [Fri May 27 05:34:39 2022] PUT /placement/allocations/fe19b92c-9443-4be9-9388-53d472d3de48 => generated 0 bytes in 235 msecs (HTTP/1.1 204) 5 headers in 199 bytes (1 switches on core 0)
May 27 05:34:40.387238 n-d-843565-1 devstack@placement-api.service[105490]: DEBUG placement.requestlog [None req-f33b33f5-aaf6-4d63-a086-7aa5883227cd None None] Starting request: 10.222.0.48 "GET /placement/" {{(pid=105490) __call__ /opt/stack/placement/placement/requestlog.py:55}}
May 27 05:34:40.388297 n-d-843565-1 devstack@placement-api.service[105490]: INFO placement.requestlog [None req-f33b33f5-aaf6-4d63-a086-7aa5883227cd None None] 10.222.0.48 "GET /placement/" status: 200 len: 136 microversion: 1.0
May 27 05:34:40.388719 n-d-843565-1 devstack@placement-api.service[105490]: [pid: 105490|app: 0|req: 85/167] 10.222.0.48 () {54 vars in 907 bytes} [Fri May 27 05:34:40 2022] GET /placement => generated 136 bytes in 2 msecs (HTTP/1.1 200) 6 headers in 224 bytes (1 switches on core 0)
May 27 05:34:40.399444 n-d-843565-1 devstack@placement-api.service[105491]: DEBUG placement.requestlog [req-a16f3e73-26fe-494e-aa59-a7ea856f952f req-e038648a-5959-4caa-822b-4390da9f6473 None None] Starting request: 10.222.0.48 "GET /placement/resource_providers/cb387b4c-a3f7-4156-987b-8d1571d9055b/traits" {{(pid=105491) __call__ /opt/stack/placement/placement/requestlog.py:55}}
May 27 05:34:40.487101 n-d-843565-1 devstack@placement-api.service[105491]: INFO placement.requestlog [req-a16f3e73-26fe-494e-aa59-a7ea856f952f req-e038648a-5959-4caa-822b-4390da9f6473 service placement] 10.222.0.48 "GET /placement/resource_providers/cb387b4c-a3f7-4156-987b-8d1571d9055b/traits" status: 200 len: 212 microversion: 1.6
May 27 05:34:40.488519 n-d-843565-1 devstack@placement-api.service[105491]: [pid: 105491|app: 0|req: 83/168] 10.222.0.48 () {60 vars in 1412 bytes} [Fri May 27 05:34:40 2022] GET /placement/resource_providers/cb387b4c-a3f7-4156-987b-8d1571d9055b/traits => generated 212 bytes in 89 msecs (HTTP/1.1 200) 6 headers in 224 bytes (1 switches on core 0)
May 27 05:34:41.237969 n-d-843565-1 devstack@placement-api.service[105490]: DEBUG placement.requestlog [None req-c5d61263-c491-4738-b2ef-3005647a47b8 None None] Starting request: 10.222.0.48 "GET /placement/" {{(pid=105490) __call__ /opt/stack/placement/placement/requestlog.py:55}}
May 27 05:34:41.242382 n-d-843565-1 devstack@placement-api.service[105490]: INFO placement.requestlog [None req-c5d61263-c491-4738-b2ef-3005647a47b8 None None] 10.222.0.48 "GET /placement/" status: 200 len: 136 microversion: 1.0
May 27 05:34:41.242382 n-d-843565-1 devstack@placement-api.service[105490]: [pid: 105490|app: 0|req: 86/169] 10.222.0.48 () {54 vars in 916 bytes} [Fri May 27 05:34:41 2022] GET /placement => generated 136 bytes in 2 msecs (HTTP/1.1 200) 6 headers in 224 bytes (1 switches on core 0)
May 27 05:34:41.249067 n-d-843565-1 devstack@placement-api.service[105491]: DEBUG placement.requestlog [req-a16f3e73-26fe-494e-aa59-a7ea856f952f req-ff993db6-ba18-42b3-a3b1-0a5556d8821d None None] Starting request: 10.222.0.48 "GET /placement/allocations/e365f318-1db8-4a94-96d2-293b895264ef" {{(pid=105491) __call__ /opt/stack/placement/placement/requestlog.py:55}}
May 27 05:34:41.313873 n-d-843565-1 devstack@placement-api.service[105491]: INFO placement.requestlog [req-a16f3e73-26fe-494e-aa59-a7ea856f952f req-ff993db6-ba18-42b3-a3b1-0a5556d8821d service placement] 10.222.0.48 "GET /placement/allocations/e365f318-1db8-4a94-96d2-293b895264ef" status: 200 len: 259 microversion: 1.28
May 27 05:34:41.314211 n-d-843565-1 devstack@placement-api.service[105491]: [pid: 105491|app: 0|req: 84/170] 10.222.0.48 () {60 vars in 1380 bytes} [Fri May 27 05:34:41 2022] GET /placement/allocations/e365f318-1db8-4a94-96d2-293b895264ef => generated 259 bytes in 66 msecs (HTTP/1.1 200) 8 headers in 296 bytes (1 switches on core 0)
May 27 05:34:41.320629 n-d-843565-1 devstack@placement-api.service[105490]: DEBUG placement.requestlog [req-a16f3e73-26fe-494e-aa59-a7ea856f952f req-c30554fd-7de9-40e9-81ba-4fcac7b9a656 None None] Starting request: 10.222.0.48 "GET /placement/allocations/e365f318-1db8-4a94-96d2-293b895264ef" {{(pid=105490) __call__ /opt/stack/placement/placement/requestlog.py:55}}
May 27 05:34:41.335959 n-d-843565-1 devstack@placement-api.service[105490]: INFO placement.requestlog [req-a16f3e73-26fe-494e-aa59-a7ea856f952f req-c30554fd-7de9-40e9-81ba-4fcac7b9a656 service placement] 10.222.0.48 "GET /placement/allocations/e365f318-1db8-4a94-96d2-293b895264ef" status: 200 len: 259 microversion: 1.28
May 27 05:34:41.336277 n-d-843565-1 devstack@placement-api.service[105490]: [pid: 105490|app: 0|req: 87/171] 10.222.0.48 () {60 vars in 1380 bytes} [Fri May 27 05:34:41 2022] GET /placement/allocations/e365f318-1db8-4a94-96d2-293b895264ef => generated 259 bytes in 16 msecs (HTTP/1.1 200) 8 headers in 296 bytes (1 switches on core 0)
May 27 05:34:41.341544 n-d-843565-1 devstack@placement-api.service[105491]: DEBUG placement.requestlog [req-a16f3e73-26fe-494e-aa59-a7ea856f952f req-74799f23-edf5-4147-8ae0-eb321d62b0cf None None] Starting request: 10.222.0.48 "GET /placement/allocations/7e484ff6-35d1-4db1-893c-65a789a4a9d7" {{(pid=105491) __call__ /opt/stack/placement/placement/requestlog.py:55}}
May 27 05:34:41.352886 n-d-843565-1 devstack@placement-api.service[105491]: INFO placement.requestlog [req-a16f3e73-26fe-494e-aa59-a7ea856f952f req-74799f23-edf5-4147-8ae0-eb321d62b0cf service placement] 10.222.0.48 "GET /placement/allocations/7e484ff6-35d1-4db1-893c-65a789a4a9d7" status: 200 len: 19 microversion: 1.28
May 27 05:34:41.353209 n-d-843565-1 devstack@placement-api.service[105491]: [pid: 105491|app: 0|req: 85/172] 10.222.0.48 () {60 vars in 1380 bytes} [Fri May 27 05:34:41 2022] GET /placement/allocations/7e484ff6-35d1-4db1-893c-65a789a4a9d7 => generated 19 bytes in 12 msecs (HTTP/1.1 200) 8 headers in 295 bytes (1 switches on core 0)
May 27 05:34:41.358662 n-d-843565-1 devstack@placement-api.service[105490]: DEBUG placement.requestlog [req-a16f3e73-26fe-494e-aa59-a7ea856f952f req-7f16f610-2042-45d7-a65c-4a57340fbbbd None None] Starting request: 10.222.0.48 "POST /placement/allocations" {{(pid=105490) __call__ /opt/stack/placement/placement/requestlog.py:55}}
May 27 05:34:41.492924 n-d-843565-1 devstack@placement-api.service[105490]: DEBUG placement.handlers.allocation [req-a16f3e73-26fe-494e-aa59-a7ea856f952f req-7f16f610-2042-45d7-a65c-4a57340fbbbd service placement] Successfully wrote allocations [, , , , , ] {{(pid=105490) _update_consumers_and_create_allocations /opt/stack/placement/placement/handlers/allocation.py:572}}
May 27 05:34:41.567749 n-d-843565-1 devstack@placement-api.service[105490]: INFO placement.requestlog [req-a16f3e73-26fe-494e-aa59-a7ea856f952f req-7f16f610-2042-45d7-a65c-4a57340fbbbd service placement] 10.222.0.48 "POST /placement/allocations" status: 204 len: 0 microversion: 1.28
May 27 05:34:41.568154 n-d-843565-1 devstack@placement-api.service[105490]: [pid: 105490|app: 0|req: 88/173] 10.222.0.48 () {64 vars in 1323 bytes} [Fri May 27 05:34:41 2022] POST /placement/allocations => generated 0 bytes in 210 msecs (HTTP/1.1 204) 5 headers in 199 bytes (2 switches on core 0)
May 27 05:34:41.768017 n-d-843565-1 devstack@placement-api.service[105491]: DEBUG placement.requestlog [req-a16f3e73-26fe-494e-aa59-a7ea856f952f req-b801b006-afd3-416e-aadc-aee616618657 None None] Starting request: 10.222.0.48 "GET /placement/allocation_candidates?limit=1000&resources=DISK_GB%3A1%2CMEMORY_MB%3A1024%2CVCPU%3A1&root_required=%21COMPUTE_STATUS_DISABLED" {{(pid=105491) __call__ /opt/stack/placement/placement/requestlog.py:55}}
May 27 05:34:41.797787 n-d-843565-1 devstack@placement-api.service[105491]: DEBUG dbcounter [-] [105491] Writing DB stats placement:SELECT=76,placement:INSERT=12,placement:DELETE=6,placement:UPDATE=6 {{(pid=105491) stat_writer /usr/local/lib/python3.8/dist-packages/dbcounter.py:114}}
May 27 05:34:41.799647 n-d-843565-1 devstack@placement-api.service[105491]: DEBUG placement.objects.research_context [req-a16f3e73-26fe-494e-aa59-a7ea856f952f req-b801b006-afd3-416e-aadc-aee616618657 service placement] getting providers with 1 DISK_GB {{(pid=105491) __init__ /opt/stack/placement/placement/objects/research_context.py:136}}
May 27 05:34:41.805271 n-d-843565-1 devstack@placement-api.service[105491]: DEBUG placement.objects.research_context [req-a16f3e73-26fe-494e-aa59-a7ea856f952f req-b801b006-afd3-416e-aadc-aee616618657 service placement] getting providers with 1024 MEMORY_MB {{(pid=105491) __init__ /opt/stack/placement/placement/objects/research_context.py:136}}
May 27 05:34:41.810228 n-d-843565-1 devstack@placement-api.service[105491]: DEBUG placement.objects.research_context [req-a16f3e73-26fe-494e-aa59-a7ea856f952f req-b801b006-afd3-416e-aadc-aee616618657 service placement] getting providers with 1 VCPU {{(pid=105491) __init__ /opt/stack/placement/placement/objects/research_context.py:136}}
May 27 05:34:41.815496 n-d-843565-1 devstack@placement-api.service[105491]: DEBUG placement.objects.research_context [req-a16f3e73-26fe-494e-aa59-a7ea856f952f req-b801b006-afd3-416e-aadc-aee616618657 service placement] found 2 providers with available 1 DISK_GB {{(pid=105491) get_provider_ids_matching /opt/stack/placement/placement/objects/research_context.py:563}}
May 27 05:34:41.816279 n-d-843565-1 devstack@placement-api.service[105491]: DEBUG placement.objects.research_context [req-a16f3e73-26fe-494e-aa59-a7ea856f952f req-b801b006-afd3-416e-aadc-aee616618657 service placement] found 2 providers with available 1024 MEMORY_MB {{(pid=105491) get_provider_ids_matching /opt/stack/placement/placement/objects/research_context.py:563}}
May 27 05:34:41.816548 n-d-843565-1 devstack@placement-api.service[105491]: DEBUG placement.objects.research_context [req-a16f3e73-26fe-494e-aa59-a7ea856f952f req-b801b006-afd3-416e-aadc-aee616618657 service placement] found 2 providers after filtering by previous result {{(pid=105491) get_provider_ids_matching /opt/stack/placement/placement/objects/research_context.py:594}}
May 27 05:34:41.816835 n-d-843565-1 devstack@placement-api.service[105491]: DEBUG placement.objects.research_context [req-a16f3e73-26fe-494e-aa59-a7ea856f952f req-b801b006-afd3-416e-aadc-aee616618657 service placement] found 2 providers with available 1 VCPU {{(pid=105491) get_provider_ids_matching /opt/stack/placement/placement/objects/research_context.py:563}}
May 27 05:34:41.817097 n-d-843565-1 devstack@placement-api.service[105491]: DEBUG placement.objects.research_context [req-a16f3e73-26fe-494e-aa59-a7ea856f952f req-b801b006-afd3-416e-aadc-aee616618657 service placement] found 2 providers after filtering by previous result {{(pid=105491) get_provider_ids_matching /opt/stack/placement/placement/objects/research_context.py:594}}
May 27 05:34:41.827301 n-d-843565-1 devstack@placement-api.service[105491]: DEBUG placement.objects.allocation_candidate [req-a16f3e73-26fe-494e-aa59-a7ea856f952f req-b801b006-afd3-416e-aadc-aee616618657 service placement] RequestGroup(use_same_provider=False, resources={DISK_GB:1, MEMORY_MB:1024, VCPU:1}, traits=(), aggregates=[]) (suffix '') returned 2 matches {{(pid=105491) _get_by_requests /opt/stack/placement/placement/objects/allocation_candidate.py:156}}
May 27 05:34:41.827672 n-d-843565-1 devstack@placement-api.service[105491]: DEBUG placement.objects.allocation_candidate [req-a16f3e73-26fe-494e-aa59-a7ea856f952f req-b801b006-afd3-416e-aadc-aee616618657 service placement] Merging candidates yields 2 allocation requests and 2 provider summaries {{(pid=105491) _merge_candidates /opt/stack/placement/placement/objects/allocation_candidate.py:809}}
May 27 05:34:41.829182 n-d-843565-1 devstack@placement-api.service[105491]: INFO placement.requestlog [req-a16f3e73-26fe-494e-aa59-a7ea856f952f req-b801b006-afd3-416e-aadc-aee616618657 service placement] 10.222.0.48 "GET /placement/allocation_candidates?limit=1000&resources=DISK_GB%3A1%2CMEMORY_MB%3A1024%2CVCPU%3A1&root_required=%21COMPUTE_STATUS_DISABLED" status: 200 len: 1309 microversion: 1.36
May 27 05:34:41.829607 n-d-843565-1 devstack@placement-api.service[105491]: [pid: 105491|app: 0|req: 86/174] 10.222.0.48 () {60 vars in 1506 bytes} [Fri May 27 05:34:41 2022] GET /placement/allocation_candidates?limit=1000&resources=DISK_GB%3A1%2CMEMORY_MB%3A1024%2CVCPU%3A1&root_required=%21COMPUTE_STATUS_DISABLED => generated 1309 bytes in 62 msecs (HTTP/1.1 200) 8 headers in 297 bytes (1 switches on core 0)
May 27 05:34:41.874304 n-d-843565-1 devstack@placement-api.service[105490]: DEBUG placement.requestlog [req-a16f3e73-26fe-494e-aa59-a7ea856f952f req-a8390357-8097-46dc-a1ed-7712747ef8a1 None None] Starting request: 10.222.0.48 "GET /placement/allocations/e365f318-1db8-4a94-96d2-293b895264ef" {{(pid=105490) __call__ /opt/stack/placement/placement/requestlog.py:55}}
May 27 05:34:41.885396 n-d-843565-1 devstack@placement-api.service[105490]: INFO placement.requestlog [req-a16f3e73-26fe-494e-aa59-a7ea856f952f req-a8390357-8097-46dc-a1ed-7712747ef8a1 service placement] 10.222.0.48 "GET /placement/allocations/e365f318-1db8-4a94-96d2-293b895264ef" status: 200 len: 19 microversion: 1.28
May 27 05:34:41.887933 n-d-843565-1 devstack@placement-api.service[105490]: [pid: 105490|app: 0|req: 89/175] 10.222.0.48 () {60 vars in 1380 bytes} [Fri May 27 05:34:41 2022] GET /placement/allocations/e365f318-1db8-4a94-96d2-293b895264ef => generated 19 bytes in 12 msecs (HTTP/1.1 200) 8 headers in 295 bytes (1 switches on core 0)
May 27 05:34:41.891429 n-d-843565-1 devstack@placement-api.service[105491]: DEBUG placement.requestlog [req-a16f3e73-26fe-494e-aa59-a7ea856f952f req-452ed457-143b-4205-918d-8c9a1e04566f None None] Starting request: 10.222.0.48 "PUT /placement/allocations/e365f318-1db8-4a94-96d2-293b895264ef" {{(pid=105491) __call__ /opt/stack/placement/placement/requestlog.py:55}}
May 27 05:34:41.990773 n-d-843565-1 devstack@placement-api.service[105491]: DEBUG placement.handlers.allocation [req-a16f3e73-26fe-494e-aa59-a7ea856f952f req-452ed457-143b-4205-918d-8c9a1e04566f service placement] Successfully wrote allocations [, , ] {{(pid=105491) _update_consumers_and_create_allocations /opt/stack/placement/placement/handlers/allocation.py:462}}
May 27 05:34:42.060827 n-d-843565-1 devstack@placement-api.service[105491]: INFO placement.requestlog [req-a16f3e73-26fe-494e-aa59-a7ea856f952f req-452ed457-143b-4205-918d-8c9a1e04566f service placement] 10.222.0.48 "PUT /placement/allocations/e365f318-1db8-4a94-96d2-293b895264ef" status: 204 len: 0 microversion: 1.36
May 27 05:34:42.061170 n-d-843565-1 devstack@placement-api.service[105491]: [pid: 105491|app: 0|req: 87/176] 10.222.0.48 () {64 vars in 1433 bytes} [Fri May 27 05:34:41 2022] PUT /placement/allocations/e365f318-1db8-4a94-96d2-293b895264ef => generated 0 bytes in 170 msecs (HTTP/1.1 204) 5 headers in 199 bytes (2 switches on core 0)
May 27 05:34:42.760847 n-d-843565-1 devstack@placement-api.service[105490]: DEBUG placement.requestlog [req-f1d2d1fe-91de-4540-b995-cc6265eabd34 req-ecf1b0c1-c221-4d3e-9747-33efa82add36 None None] Starting request: 10.222.0.42 "GET /placement/allocations/d91206b1-b378-4208-9745-dc0fa1948a84" {{(pid=105490) __call__ /opt/stack/placement/placement/requestlog.py:55}}
May 27 05:34:42.762268 n-d-843565-1 devstack@placement-api.service[105491]: DEBUG placement.requestlog [req-f1d2d1fe-91de-4540-b995-cc6265eabd34 req-10ae82c3-3ecc-42c3-819b-f1b9728a06b4 None None] Starting request: 10.222.0.42 "GET /placement/allocations/fe19b92c-9443-4be9-9388-53d472d3de48" {{(pid=105491) __call__ /opt/stack/placement/placement/requestlog.py:55}}
May 27 05:34:42.796883 n-d-843565-1 devstack@placement-api.service[105490]: INFO placement.requestlog [req-f1d2d1fe-91de-4540-b995-cc6265eabd34 req-ecf1b0c1-c221-4d3e-9747-33efa82add36 service placement] 10.222.0.42 "GET /placement/allocations/d91206b1-b378-4208-9745-dc0fa1948a84" status: 200 len: 259 microversion: 1.28
May 27 05:34:42.798397 n-d-843565-1 devstack@placement-api.service[105491]: INFO placement.requestlog [req-f1d2d1fe-91de-4540-b995-cc6265eabd34 req-10ae82c3-3ecc-42c3-819b-f1b9728a06b4 service placement] 10.222.0.42 "GET /placement/allocations/fe19b92c-9443-4be9-9388-53d472d3de48" status: 200 len: 259 microversion: 1.28
May 27 05:34:42.798882 n-d-843565-1 devstack@placement-api.service[105491]: [pid: 105491|app: 0|req: 88/177] 10.222.0.42 () {60 vars in 1377 bytes} [Fri May 27 05:34:42 2022] GET /placement/allocations/fe19b92c-9443-4be9-9388-53d472d3de48 => generated 259 bytes in 37 msecs (HTTP/1.1 200) 8 headers in 296 bytes (1 switches on core 0)
May 27 05:34:42.799179 n-d-843565-1 devstack@placement-api.service[105490]: [pid: 105490|app: 0|req: 90/178] 10.222.0.42 () {60 vars in 1377 bytes} [Fri May 27 05:34:42 2022] GET /placement/allocations/d91206b1-b378-4208-9745-dc0fa1948a84 => generated 259 bytes in 39 msecs (HTTP/1.1 200) 8 headers in 296 bytes (1 switches on core 0)
May 27 05:34:42.931084 n-d-843565-1 devstack@placement-api.service[105491]: DEBUG placement.requestlog [req-e7d5aa67-e283-4621-8569-08ef3a5789be req-645d73d0-493d-4528-922e-5d8392979dae None None] Starting request: 10.222.0.47 "GET /placement/resource_providers/cb387b4c-a3f7-4156-987b-8d1571d9055b/allocations" {{(pid=105491) __call__ /opt/stack/placement/placement/requestlog.py:55}}
May 27 05:34:42.953938 n-d-843565-1 devstack@placement-api.service[105491]: INFO placement.requestlog [req-e7d5aa67-e283-4621-8569-08ef3a5789be req-645d73d0-493d-4528-922e-5d8392979dae service placement] 10.222.0.47 "GET /placement/resource_providers/cb387b4c-a3f7-4156-987b-8d1571d9055b/allocations" status: 200 len: 558 microversion: 1.0
May 27 05:34:42.954437 n-d-843565-1 devstack@placement-api.service[105491]: [pid: 105491|app: 0|req: 89/179] 10.222.0.47 () {58 vars in 1390 bytes} [Fri May 27 05:34:42 2022] GET /placement/resource_providers/cb387b4c-a3f7-4156-987b-8d1571d9055b/allocations => generated 558 bytes in 24 msecs (HTTP/1.1 200) 6 headers in 224 bytes (2 switches on core 0)
May 27 05:34:43.050954 n-d-843565-1 devstack@placement-api.service[105490]: DEBUG placement.requestlog [req-122761c6-d978-48f9-b08b-14980ac64950 req-36749b51-3e40-4f11-9f74-f8161d3baaa5 None None] Starting request: 10.222.0.42 "GET /placement/allocations/4d7f63a3-6a85-4a29-923e-ba66b8718a41" {{(pid=105490) __call__ /opt/stack/placement/placement/requestlog.py:55}}
May 27 05:34:43.067110 n-d-843565-1 devstack@placement-api.service[105490]: INFO placement.requestlog [req-122761c6-d978-48f9-b08b-14980ac64950 req-36749b51-3e40-4f11-9f74-f8161d3baaa5 service placement] 10.222.0.42 "GET /placement/allocations/4d7f63a3-6a85-4a29-923e-ba66b8718a41" status: 200 len: 259 microversion: 1.28
May 27 05:34:43.067706 n-d-843565-1 devstack@placement-api.service[105490]: [pid: 105490|app: 0|req: 91/180] 10.222.0.42 () {60 vars in 1377 bytes} [Fri May 27 05:34:43 2022] GET /placement/allocations/4d7f63a3-6a85-4a29-923e-ba66b8718a41 => generated 259 bytes in 17 msecs (HTTP/1.1 200) 8 headers in 296 bytes (1 switches on core 0)
