May 27 05:36:04.693259 n-d-843565-1 devstack@placement-api.service[105490]: [pid: 105490|app: 0|req: 135/268] 10.222.0.48 () {64 vars in 1433 bytes} [Fri May 27 05:36:04 2022] PUT /placement/allocations/107c2999-c8f2-4059-8d5a-f332b690496f => generated 0 bytes in 251 msecs (HTTP/1.1 204) 5 headers in 199 bytes (2 switches on core 0)
May 27 05:36:04.789137 n-d-843565-1 devstack@placement-api.service[105491]: DEBUG placement.requestlog [req-be6cd3ad-8a38-4f98-b61c-c9835306cc6e req-92d3ab74-76bb-406f-9237-f108baaea189 None None] Starting request: 10.222.0.48 "GET /placement/allocations/158b3100-4764-4fe0-bb01-7755db545aee" {{(pid=105491) __call__ /opt/stack/placement/placement/requestlog.py:55}}
May 27 05:36:04.802962 n-d-843565-1 devstack@placement-api.service[105491]: INFO placement.requestlog [req-be6cd3ad-8a38-4f98-b61c-c9835306cc6e req-92d3ab74-76bb-406f-9237-f108baaea189 service placement] 10.222.0.48 "GET /placement/allocations/158b3100-4764-4fe0-bb01-7755db545aee" status: 200 len: 19 microversion: 1.28
May 27 05:36:04.804137 n-d-843565-1 devstack@placement-api.service[105491]: [pid: 105491|app: 0|req: 134/269] 10.222.0.48 () {60 vars in 1380 bytes} [Fri May 27 05:36:04 2022] GET /placement/allocations/158b3100-4764-4fe0-bb01-7755db545aee => generated 19 bytes in 16 msecs (HTTP/1.1 200) 8 headers in 295 bytes (1 switches on core 0)
May 27 05:36:04.812390 n-d-843565-1 devstack@placement-api.service[105490]: DEBUG placement.requestlog [req-be6cd3ad-8a38-4f98-b61c-c9835306cc6e req-fcb303e1-7bb5-45d1-8635-4630e234d6d3 None None] Starting request: 10.222.0.48 "PUT /placement/allocations/158b3100-4764-4fe0-bb01-7755db545aee" {{(pid=105490) __call__ /opt/stack/placement/placement/requestlog.py:55}}
May 27 05:36:05.038332 n-d-843565-1 devstack@placement-api.service[105490]: DEBUG placement.handlers.allocation [req-be6cd3ad-8a38-4f98-b61c-c9835306cc6e req-fcb303e1-7bb5-45d1-8635-4630e234d6d3 service placement] Successfully wrote allocations [, , ] {{(pid=105490) _update_consumers_and_create_allocations /opt/stack/placement/placement/handlers/allocation.py:462}}
May 27 05:36:05.134284 n-d-843565-1 devstack@placement-api.service[105490]: INFO placement.requestlog [req-be6cd3ad-8a38-4f98-b61c-c9835306cc6e req-fcb303e1-7bb5-45d1-8635-4630e234d6d3 service placement] 10.222.0.48 "PUT /placement/allocations/158b3100-4764-4fe0-bb01-7755db545aee" status: 204 len: 0 microversion: 1.36
May 27 05:36:05.134761 n-d-843565-1 devstack@placement-api.service[105490]: [pid: 105490|app: 0|req: 136/270] 10.222.0.48 () {64 vars in 1433 bytes} [Fri May 27 05:36:04 2022] PUT /placement/allocations/158b3100-4764-4fe0-bb01-7755db545aee => generated 0 bytes in 323 msecs (HTTP/1.1 204) 5 headers in 199 bytes (1 switches on core 0)
May 27 05:36:05.826987 n-d-843565-1 devstack@placement-api.service[105491]: DEBUG placement.requestlog [req-a45eab7f-6e5f-4f9f-8346-0831f0140b45 req-38dae9ec-7b4d-4009-8941-af48b5894377 None None] Starting request: 10.222.0.47 "GET /placement/allocations/107c2999-c8f2-4059-8d5a-f332b690496f" {{(pid=105491) __call__ /opt/stack/placement/placement/requestlog.py:55}}
May 27 05:36:05.860412 n-d-843565-1 devstack@placement-api.service[105491]: INFO placement.requestlog [req-a45eab7f-6e5f-4f9f-8346-0831f0140b45 req-38dae9ec-7b4d-4009-8941-af48b5894377 service placement] 10.222.0.47 "GET /placement/allocations/107c2999-c8f2-4059-8d5a-f332b690496f" status: 200 len: 259 microversion: 1.28
May 27 05:36:05.860821 n-d-843565-1 devstack@placement-api.service[105491]: [pid: 105491|app: 0|req: 135/271] 10.222.0.47 () {60 vars in 1377 bytes} [Fri May 27 05:36:05 2022] GET /placement/allocations/107c2999-c8f2-4059-8d5a-f332b690496f => generated 259 bytes in 34 msecs (HTTP/1.1 200) 8 headers in 296 bytes (1 switches on core 0)
May 27 05:36:06.182828 n-d-843565-1 devstack@placement-api.service[105490]: DEBUG placement.requestlog [req-be6cd3ad-8a38-4f98-b61c-c9835306cc6e req-9e757fe5-6172-415a-8cb1-1c8111ff96c7 None None] Starting request: 10.222.0.42 "GET /placement/allocations/158b3100-4764-4fe0-bb01-7755db545aee" {{(pid=105490) __call__ /opt/stack/placement/placement/requestlog.py:55}}
May 27 05:36:06.206480 n-d-843565-1 devstack@placement-api.service[105490]: INFO placement.requestlog [req-be6cd3ad-8a38-4f98-b61c-c9835306cc6e req-9e757fe5-6172-415a-8cb1-1c8111ff96c7 service placement] 10.222.0.42 "GET /placement/allocations/158b3100-4764-4fe0-bb01-7755db545aee" status: 200 len: 259 microversion: 1.28
May 27 05:36:06.207006 n-d-843565-1 devstack@placement-api.service[105490]: [pid: 105490|app: 0|req: 137/272] 10.222.0.42 () {60 vars in 1377 bytes} [Fri May 27 05:36:06 2022] GET /placement/allocations/158b3100-4764-4fe0-bb01-7755db545aee => generated 259 bytes in 24 msecs (HTTP/1.1 200) 8 headers in 296 bytes (1 switches on core 0)
May 27 05:36:14.819954 n-d-843565-1 devstack@placement-api.service[105491]: DEBUG placement.requestlog [None req-89f1af05-aab9-4ba7-ab93-e4b1055d035c None None] Starting request: 10.222.0.48 "GET /placement/resource_providers/c5de7c48-8387-4958-bfa4-6882f5e12b86/aggregates" {{(pid=105491) __call__ /opt/stack/placement/placement/requestlog.py:55}}
May 27 05:36:14.833923 n-d-843565-1 devstack@placement-api.service[105491]: INFO placement.requestlog [None req-89f1af05-aab9-4ba7-ab93-e4b1055d035c service placement] 10.222.0.48 "GET /placement/resource_providers/c5de7c48-8387-4958-bfa4-6882f5e12b86/aggregates" status: 404 len: 235 microversion: 1.1
May 27 05:36:14.834909 n-d-843565-1 devstack@placement-api.service[105491]: [pid: 105491|app: 0|req: 136/273] 10.222.0.48 () {58 vars in 1362 bytes} [Fri May 27 05:36:14 2022] GET /placement/resource_providers/c5de7c48-8387-4958-bfa4-6882f5e12b86/aggregates => generated 235 bytes in 15 msecs (HTTP/1.1 404) 5 headers in 202 bytes (1 switches on core 0)
May 27 05:36:14.840085 n-d-843565-1 devstack@placement-api.service[105490]: DEBUG placement.requestlog [None req-852f9bea-2b30-4ae0-a4b0-e9847cf50c4c None None] Starting request: 10.222.0.48 "DELETE /placement/resource_providers/c5de7c48-8387-4958-bfa4-6882f5e12b86" {{(pid=105490) __call__ /opt/stack/placement/placement/requestlog.py:55}}
May 27 05:36:14.852149 n-d-843565-1 devstack@placement-api.service[105490]: DEBUG placement.wsgi_wrapper [None req-852f9bea-2b30-4ae0-a4b0-e9847cf50c4c service placement] Placement API returning an error response: No resource provider with uuid c5de7c48-8387-4958-bfa4-6882f5e12b86 found for delete {{(pid=105490) call_func /opt/stack/placement/placement/wsgi_wrapper.py:31}}
May 27 05:36:14.852149 n-d-843565-1 devstack@placement-api.service[105490]: INFO placement.requestlog [None req-852f9bea-2b30-4ae0-a4b0-e9847cf50c4c service placement] 10.222.0.48 "DELETE /placement/resource_providers/c5de7c48-8387-4958-bfa4-6882f5e12b86" status: 404 len: 246 microversion: 1.1
May 27 05:36:14.852149 n-d-843565-1 devstack@placement-api.service[105490]: [pid: 105490|app: 0|req: 138/274] 10.222.0.48 () {60 vars in 1351 bytes} [Fri May 27 05:36:14 2022] DELETE /placement/resource_providers/c5de7c48-8387-4958-bfa4-6882f5e12b86 => generated 246 bytes in 12 msecs (HTTP/1.1 404) 6 headers in 231 bytes (1 switches on core 0)
May 27 05:36:15.192419 n-d-843565-1 devstack@placement-api.service[105491]: DEBUG placement.requestlog [req-33810b4f-dede-494c-b7d7-4036097db624 req-fc8ae1a1-4b01-4829-a806-f159febe5d95 None None] Starting request: 10.222.0.48 "GET /placement/allocation_candidates?limit=1000&resources=DISK_GB%3A1%2CMEMORY_MB%3A1024%2CVCPU%3A1&root_required=%21COMPUTE_STATUS_DISABLED" {{(pid=105491) __call__ /opt/stack/placement/placement/requestlog.py:55}}
May 27 05:36:15.250949 n-d-843565-1 devstack@placement-api.service[105491]: DEBUG placement.objects.research_context [req-33810b4f-dede-494c-b7d7-4036097db624 req-fc8ae1a1-4b01-4829-a806-f159febe5d95 service placement] getting providers with 1 DISK_GB {{(pid=105491) __init__ /opt/stack/placement/placement/objects/research_context.py:136}}
May 27 05:36:15.270323 n-d-843565-1 devstack@placement-api.service[105491]: DEBUG placement.objects.research_context [req-33810b4f-dede-494c-b7d7-4036097db624 req-fc8ae1a1-4b01-4829-a806-f159febe5d95 service placement] getting providers with 1024 MEMORY_MB {{(pid=105491) __init__ /opt/stack/placement/placement/objects/research_context.py:136}}
May 27 05:36:15.278049 n-d-843565-1 devstack@placement-api.service[105491]: DEBUG placement.objects.research_context [req-33810b4f-dede-494c-b7d7-4036097db624 req-fc8ae1a1-4b01-4829-a806-f159febe5d95 service placement] getting providers with 1 VCPU {{(pid=105491) __init__ /opt/stack/placement/placement/objects/research_context.py:136}}
May 27 05:36:15.291072 n-d-843565-1 devstack@placement-api.service[105491]: DEBUG placement.objects.research_context [req-33810b4f-dede-494c-b7d7-4036097db624 req-fc8ae1a1-4b01-4829-a806-f159febe5d95 service placement] found 2 providers with available 1 DISK_GB {{(pid=105491) get_provider_ids_matching /opt/stack/placement/placement/objects/research_context.py:563}}
May 27 05:36:15.291453 n-d-843565-1 devstack@placement-api.service[105491]: DEBUG placement.objects.research_context [req-33810b4f-dede-494c-b7d7-4036097db624 req-fc8ae1a1-4b01-4829-a806-f159febe5d95 service placement] found 2 providers with available 1024 MEMORY_MB {{(pid=105491) get_provider_ids_matching /opt/stack/placement/placement/objects/research_context.py:563}}
May 27 05:36:15.291834 n-d-843565-1 devstack@placement-api.service[105491]: DEBUG placement.objects.research_context [req-33810b4f-dede-494c-b7d7-4036097db624 req-fc8ae1a1-4b01-4829-a806-f159febe5d95 service placement] found 2 providers after filtering by previous result {{(pid=105491) get_provider_ids_matching /opt/stack/placement/placement/objects/research_context.py:594}}
May 27 05:36:15.292166 n-d-843565-1 devstack@placement-api.service[105491]: DEBUG placement.objects.research_context [req-33810b4f-dede-494c-b7d7-4036097db624 req-fc8ae1a1-4b01-4829-a806-f159febe5d95 service placement] found 2 providers with available 1 VCPU {{(pid=105491) get_provider_ids_matching /opt/stack/placement/placement/objects/research_context.py:563}}
May 27 05:36:15.292503 n-d-843565-1 devstack@placement-api.service[105491]: DEBUG placement.objects.research_context [req-33810b4f-dede-494c-b7d7-4036097db624 req-fc8ae1a1-4b01-4829-a806-f159febe5d95 service placement] found 2 providers after filtering by previous result {{(pid=105491) get_provider_ids_matching /opt/stack/placement/placement/objects/research_context.py:594}}
May 27 05:36:15.314866 n-d-843565-1 devstack@placement-api.service[105491]: DEBUG placement.objects.allocation_candidate [req-33810b4f-dede-494c-b7d7-4036097db624 req-fc8ae1a1-4b01-4829-a806-f159febe5d95 service placement] RequestGroup(use_same_provider=False, resources={DISK_GB:1, MEMORY_MB:1024, VCPU:1}, traits=(), aggregates=[]) (suffix '') returned 2 matches {{(pid=105491) _get_by_requests /opt/stack/placement/placement/objects/allocation_candidate.py:156}}
May 27 05:36:15.315514 n-d-843565-1 devstack@placement-api.service[105491]: DEBUG placement.objects.allocation_candidate [req-33810b4f-dede-494c-b7d7-4036097db624 req-fc8ae1a1-4b01-4829-a806-f159febe5d95 service placement] Merging candidates yields 2 allocation requests and 2 provider summaries {{(pid=105491) _merge_candidates /opt/stack/placement/placement/objects/allocation_candidate.py:809}}
May 27 05:36:15.320689 n-d-843565-1 devstack@placement-api.service[105491]: INFO placement.requestlog [req-33810b4f-dede-494c-b7d7-4036097db624 req-fc8ae1a1-4b01-4829-a806-f159febe5d95 service placement] 10.222.0.48 "GET /placement/allocation_candidates?limit=1000&resources=DISK_GB%3A1%2CMEMORY_MB%3A1024%2CVCPU%3A1&root_required=%21COMPUTE_STATUS_DISABLED" status: 200 len: 1312 microversion: 1.36
May 27 05:36:15.321635 n-d-843565-1 devstack@placement-api.service[105491]: [pid: 105491|app: 0|req: 137/275] 10.222.0.48 () {60 vars in 1506 bytes} [Fri May 27 05:36:15 2022] GET /placement/allocation_candidates?limit=1000&resources=DISK_GB%3A1%2CMEMORY_MB%3A1024%2CVCPU%3A1&root_required=%21COMPUTE_STATUS_DISABLED => generated 1312 bytes in 129 msecs (HTTP/1.1 200) 8 headers in 297 bytes (1 switches on core 0)
May 27 05:36:15.401281 n-d-843565-1 devstack@placement-api.service[105490]: DEBUG placement.requestlog [req-33810b4f-dede-494c-b7d7-4036097db624 req-cba62260-fff5-475c-a941-61e176b356f3 None None] Starting request: 10.222.0.48 "GET /placement/allocations/2ebf053f-e165-4b1a-a2e7-3dfc6557b5b1" {{(pid=105490) __call__ /opt/stack/placement/placement/requestlog.py:55}}
May 27 05:36:15.420988 n-d-843565-1 devstack@placement-api.service[105490]: INFO placement.requestlog [req-33810b4f-dede-494c-b7d7-4036097db624 req-cba62260-fff5-475c-a941-61e176b356f3 service placement] 10.222.0.48 "GET /placement/allocations/2ebf053f-e165-4b1a-a2e7-3dfc6557b5b1" status: 200 len: 19 microversion: 1.28
May 27 05:36:15.433393 n-d-843565-1 devstack@placement-api.service[105490]: [pid: 105490|app: 0|req: 139/276] 10.222.0.48 () {60 vars in 1380 bytes} [Fri May 27 05:36:15 2022] GET /placement/allocations/2ebf053f-e165-4b1a-a2e7-3dfc6557b5b1 => generated 19 bytes in 25 msecs (HTTP/1.1 200) 8 headers in 295 bytes (1 switches on core 0)
May 27 05:36:15.433509 n-d-843565-1 devstack@placement-api.service[105491]: DEBUG placement.requestlog [req-33810b4f-dede-494c-b7d7-4036097db624 req-fe4d3a6d-b178-4b1e-b905-00f5b8fe9a7a None None] Starting request: 10.222.0.48 "PUT /placement/allocations/2ebf053f-e165-4b1a-a2e7-3dfc6557b5b1" {{(pid=105491) __call__ /opt/stack/placement/placement/requestlog.py:55}}
May 27 05:36:15.606869 n-d-843565-1 devstack@placement-api.service[105491]: DEBUG dbcounter [-] [105491] Writing DB stats placement:SELECT=86,placement:INSERT=6,placement:DELETE=6,placement:UPDATE=2 {{(pid=105491) stat_writer /usr/local/lib/python3.8/dist-packages/dbcounter.py:114}}
May 27 05:36:15.696695 n-d-843565-1 devstack@placement-api.service[105491]: DEBUG placement.handlers.allocation [req-33810b4f-dede-494c-b7d7-4036097db624 req-fe4d3a6d-b178-4b1e-b905-00f5b8fe9a7a service placement] Successfully wrote allocations [, , ] {{(pid=105491) _update_consumers_and_create_allocations /opt/stack/placement/placement/handlers/allocation.py:462}}
May 27 05:36:15.783256 n-d-843565-1 devstack@placement-api.service[105491]: INFO placement.requestlog [req-33810b4f-dede-494c-b7d7-4036097db624 req-fe4d3a6d-b178-4b1e-b905-00f5b8fe9a7a service placement] 10.222.0.48 "PUT /placement/allocations/2ebf053f-e165-4b1a-a2e7-3dfc6557b5b1" status: 204 len: 0 microversion: 1.36
May 27 05:36:15.784105 n-d-843565-1 devstack@placement-api.service[105491]: [pid: 105491|app: 0|req: 138/277] 10.222.0.48 () {64 vars in 1433 bytes} [Fri May 27 05:36:15 2022] PUT /placement/allocations/2ebf053f-e165-4b1a-a2e7-3dfc6557b5b1 => generated 0 bytes in 353 msecs (HTTP/1.1 204) 5 headers in 199 bytes (1 switches on core 0)
May 27 05:36:18.075726 n-d-843565-1 devstack@placement-api.service[105490]: DEBUG placement.requestlog [req-33810b4f-dede-494c-b7d7-4036097db624 req-e79194d8-26f4-437f-bae2-d933acaf2532 None None] Starting request: 10.222.0.47 "GET /placement/allocations/2ebf053f-e165-4b1a-a2e7-3dfc6557b5b1" {{(pid=105490) __call__ /opt/stack/placement/placement/requestlog.py:55}}
May 27 05:36:18.098316 n-d-843565-1 devstack@placement-api.service[105490]: INFO placement.requestlog [req-33810b4f-dede-494c-b7d7-4036097db624 req-e79194d8-26f4-437f-bae2-d933acaf2532 service placement] 10.222.0.47 "GET /placement/allocations/2ebf053f-e165-4b1a-a2e7-3dfc6557b5b1" status: 200 len: 259 microversion: 1.28
May 27 05:36:18.099400 n-d-843565-1 devstack@placement-api.service[105490]: [pid: 105490|app: 0|req: 140/278] 10.222.0.47 () {60 vars in 1377 bytes} [Fri May 27 05:36:18 2022] GET /placement/allocations/2ebf053f-e165-4b1a-a2e7-3dfc6557b5b1 => generated 259 bytes in 24 msecs (HTTP/1.1 200) 8 headers in 296 bytes (1 switches on core 0)
May 27 05:36:20.935714 n-d-843565-1 devstack@placement-api.service[105491]: DEBUG placement.requestlog [req-88ccf3e6-7bdf-42a2-ac30-81669accd2cb req-e8db026b-a610-4424-8293-59fc60f8754e None None] Starting request: 10.222.0.47 "DELETE /placement/allocations/733e3265-4bda-4dcb-81e1-8095fc5e3030" {{(pid=105491) __call__ /opt/stack/placement/placement/requestlog.py:55}}
May 27 05:36:21.160978 n-d-843565-1 devstack@placement-api.service[105491]: DEBUG placement.handlers.allocation [req-88ccf3e6-7bdf-42a2-ac30-81669accd2cb req-e8db026b-a610-4424-8293-59fc60f8754e service placement] Successfully deleted allocations [, , ] {{(pid=105491) delete_allocations /opt/stack/placement/placement/handlers/allocation.py:627}}
May 27 05:36:21.162677 n-d-843565-1 devstack@placement-api.service[105491]: INFO placement.requestlog [req-88ccf3e6-7bdf-42a2-ac30-81669accd2cb req-e8db026b-a610-4424-8293-59fc60f8754e service placement] 10.222.0.47 "DELETE /placement/allocations/733e3265-4bda-4dcb-81e1-8095fc5e3030" status: 204 len: 0 microversion: 1.0
May 27 05:36:21.163260 n-d-843565-1 devstack@placement-api.service[105491]: [pid: 105491|app: 0|req: 139/279] 10.222.0.47 () {60 vars in 1355 bytes} [Fri May 27 05:36:20 2022] DELETE /placement/allocations/733e3265-4bda-4dcb-81e1-8095fc5e3030 => generated 0 bytes in 228 msecs (HTTP/1.1 204) 5 headers in 198 bytes (1 switches on core 0)
May 27 05:36:21.896772 n-d-843565-1 devstack@placement-api.service[105490]: DEBUG placement.requestlog [None req-94397a86-7b99-4a7d-8dcb-0419d5360714 None None] Starting request: 10.222.0.48 "GET /placement/resource_providers/be3bae1a-69f8-49bf-aec0-d72aa8ce1b3a/aggregates" {{(pid=105490) __call__ /opt/stack/placement/placement/requestlog.py:55}}
May 27 05:36:21.912365 n-d-843565-1 devstack@placement-api.service[105490]: INFO placement.requestlog [None req-94397a86-7b99-4a7d-8dcb-0419d5360714 service placement] 10.222.0.48 "GET /placement/resource_providers/be3bae1a-69f8-49bf-aec0-d72aa8ce1b3a/aggregates" status: 404 len: 235 microversion: 1.1
May 27 05:36:21.913371 n-d-843565-1 devstack@placement-api.service[105490]: [pid: 105490|app: 0|req: 141/280] 10.222.0.48 () {58 vars in 1362 bytes} [Fri May 27 05:36:21 2022] GET /placement/resource_providers/be3bae1a-69f8-49bf-aec0-d72aa8ce1b3a/aggregates => generated 235 bytes in 17 msecs (HTTP/1.1 404) 5 headers in 202 bytes (1 switches on core 0)
May 27 05:36:21.937832 n-d-843565-1 devstack@placement-api.service[105491]: DEBUG placement.requestlog [None req-6e3d154b-72b0-4008-80dc-166472c6c501 None None] Starting request: 10.222.0.48 "DELETE /placement/resource_providers/be3bae1a-69f8-49bf-aec0-d72aa8ce1b3a" {{(pid=105491) __call__ /opt/stack/placement/placement/requestlog.py:55}}
May 27 05:36:21.951766 n-d-843565-1 devstack@placement-api.service[105491]: DEBUG placement.wsgi_wrapper [None req-6e3d154b-72b0-4008-80dc-166472c6c501 service placement] Placement API returning an error response: No resource provider with uuid be3bae1a-69f8-49bf-aec0-d72aa8ce1b3a found for delete {{(pid=105491) call_func /opt/stack/placement/placement/wsgi_wrapper.py:31}}
May 27 05:36:21.953051 n-d-843565-1 devstack@placement-api.service[105491]: INFO placement.requestlog [None req-6e3d154b-72b0-4008-80dc-166472c6c501 service placement] 10.222.0.48 "DELETE /placement/resource_providers/be3bae1a-69f8-49bf-aec0-d72aa8ce1b3a" status: 404 len: 246 microversion: 1.1
May 27 05:36:21.953430 n-d-843565-1 devstack@placement-api.service[105491]: [pid: 105491|app: 0|req: 140/281] 10.222.0.48 () {60 vars in 1351 bytes} [Fri May 27 05:36:21 2022] DELETE /placement/resource_providers/be3bae1a-69f8-49bf-aec0-d72aa8ce1b3a => generated 246 bytes in 16 msecs (HTTP/1.1 404) 6 headers in 231 bytes (1 switches on core 0)
May 27 05:36:23.146861 n-d-843565-1 devstack@placement-api.service[105490]: DEBUG placement.requestlog [req-f3b0a869-4f1f-491a-af71-ae9ce9708cab req-091779c2-5dfe-49a1-a36d-14fd25f28b2a None None] Starting request: 10.222.0.47 "DELETE /placement/allocations/57506e29-b077-43c9-89ec-102f32d90161" {{(pid=105490) __call__ /opt/stack/placement/placement/requestlog.py:55}}
May 27 05:36:23.442055 n-d-843565-1 devstack@placement-api.service[105490]: DEBUG placement.handlers.allocation [req-f3b0a869-4f1f-491a-af71-ae9ce9708cab req-091779c2-5dfe-49a1-a36d-14fd25f28b2a service placement] Successfully deleted allocations [, , ] {{(pid=105490) delete_allocations /opt/stack/placement/placement/handlers/allocation.py:627}}
May 27 05:36:23.442842 n-d-843565-1 devstack@placement-api.service[105490]: INFO placement.requestlog [req-f3b0a869-4f1f-491a-af71-ae9ce9708cab req-091779c2-5dfe-49a1-a36d-14fd25f28b2a service placement] 10.222.0.47 "DELETE /placement/allocations/57506e29-b077-43c9-89ec-102f32d90161" status: 204 len: 0 microversion: 1.0
May 27 05:36:23.443578 n-d-843565-1 devstack@placement-api.service[105490]: [pid: 105490|app: 0|req: 142/282] 10.222.0.47 () {60 vars in 1355 bytes} [Fri May 27 05:36:23 2022] DELETE /placement/allocations/57506e29-b077-43c9-89ec-102f32d90161 => generated 0 bytes in 297 msecs (HTTP/1.1 204) 5 headers in 198 bytes (1 switches on core 0)
May 27 05:36:23.596066 n-d-843565-1 devstack@placement-api.service[105491]: DEBUG placement.requestlog [req-ec2ca737-e3d7-4e21-a89e-0e0e21d3f799 req-1f018067-33fa-4d2f-80a3-eade8c8f81c1 None None] Starting request: 10.222.0.48 "GET /placement/allocation_candidates?limit=1000&resources=DISK_GB%3A1%2CMEMORY_MB%3A1024%2CVCPU%3A1&root_required=%21COMPUTE_STATUS_DISABLED" {{(pid=105491) __call__ /opt/stack/placement/placement/requestlog.py:55}}
May 27 05:36:23.658257 n-d-843565-1 devstack@placement-api.service[105491]: DEBUG placement.objects.research_context [req-ec2ca737-e3d7-4e21-a89e-0e0e21d3f799 req-1f018067-33fa-4d2f-80a3-eade8c8f81c1 service placement] getting providers with 1 DISK_GB {{(pid=105491) __init__ /opt/stack/placement/placement/objects/research_context.py:136}}
May 27 05:36:23.671838 n-d-843565-1 devstack@placement-api.service[105491]: DEBUG placement.objects.research_context [req-ec2ca737-e3d7-4e21-a89e-0e0e21d3f799 req-1f018067-33fa-4d2f-80a3-eade8c8f81c1 service placement] getting providers with 1024 MEMORY_MB {{(pid=105491) __init__ /opt/stack/placement/placement/objects/research_context.py:136}}
May 27 05:36:23.679095 n-d-843565-1 devstack@placement-api.service[105491]: DEBUG placement.objects.research_context [req-ec2ca737-e3d7-4e21-a89e-0e0e21d3f799 req-1f018067-33fa-4d2f-80a3-eade8c8f81c1 service placement] getting providers with 1 VCPU {{(pid=105491) __init__ /opt/stack/placement/placement/objects/research_context.py:136}}
May 27 05:36:23.689605 n-d-843565-1 devstack@placement-api.service[105491]: DEBUG placement.objects.research_context [req-ec2ca737-e3d7-4e21-a89e-0e0e21d3f799 req-1f018067-33fa-4d2f-80a3-eade8c8f81c1 service placement] found 2 providers with available 1 DISK_GB {{(pid=105491) get_provider_ids_matching /opt/stack/placement/placement/objects/research_context.py:563}}
May 27 05:36:23.690863 n-d-843565-1 devstack@placement-api.service[105491]: DEBUG placement.objects.research_context [req-ec2ca737-e3d7-4e21-a89e-0e0e21d3f799 req-1f018067-33fa-4d2f-80a3-eade8c8f81c1 service placement] found 2 providers with available 1024 MEMORY_MB {{(pid=105491) get_provider_ids_matching /opt/stack/placement/placement/objects/research_context.py:563}}
May 27 05:36:23.691918 n-d-843565-1 devstack@placement-api.service[105491]: DEBUG placement.objects.research_context [req-ec2ca737-e3d7-4e21-a89e-0e0e21d3f799 req-1f018067-33fa-4d2f-80a3-eade8c8f81c1 service placement] found 2 providers after filtering by previous result {{(pid=105491) get_provider_ids_matching /opt/stack/placement/placement/objects/research_context.py:594}}
May 27 05:36:23.692439 n-d-843565-1 devstack@placement-api.service[105491]: DEBUG placement.objects.research_context [req-ec2ca737-e3d7-4e21-a89e-0e0e21d3f799 req-1f018067-33fa-4d2f-80a3-eade8c8f81c1 service placement] found 2 providers with available 1 VCPU {{(pid=105491) get_provider_ids_matching /opt/stack/placement/placement/objects/research_context.py:563}}
May 27 05:36:23.692962 n-d-843565-1 devstack@placement-api.service[105491]: DEBUG placement.objects.research_context [req-ec2ca737-e3d7-4e21-a89e-0e0e21d3f799 req-1f018067-33fa-4d2f-80a3-eade8c8f81c1 service placement] found 2 providers after filtering by previous result {{(pid=105491) get_provider_ids_matching /opt/stack/placement/placement/objects/research_context.py:594}}
May 27 05:36:23.715612 n-d-843565-1 devstack@placement-api.service[105491]: DEBUG placement.objects.allocation_candidate [req-ec2ca737-e3d7-4e21-a89e-0e0e21d3f799 req-1f018067-33fa-4d2f-80a3-eade8c8f81c1 service placement] RequestGroup(use_same_provider=False, resources={DISK_GB:1, MEMORY_MB:1024, VCPU:1}, traits=(), aggregates=[]) (suffix '') returned 2 matches {{(pid=105491) _get_by_requests /opt/stack/placement/placement/objects/allocation_candidate.py:156}}
May 27 05:36:23.716940 n-d-843565-1 devstack@placement-api.service[105491]: DEBUG placement.objects.allocation_candidate [req-ec2ca737-e3d7-4e21-a89e-0e0e21d3f799 req-1f018067-33fa-4d2f-80a3-eade8c8f81c1 service placement] Merging candidates yields 2 allocation requests and 2 provider summaries {{(pid=105491) _merge_candidates /opt/stack/placement/placement/objects/allocation_candidate.py:809}}
May 27 05:36:23.719381 n-d-843565-1 devstack@placement-api.service[105491]: INFO placement.requestlog [req-ec2ca737-e3d7-4e21-a89e-0e0e21d3f799 req-1f018067-33fa-4d2f-80a3-eade8c8f81c1 service placement] 10.222.0.48 "GET /placement/allocation_candidates?limit=1000&resources=DISK_GB%3A1%2CMEMORY_MB%3A1024%2CVCPU%3A1&root_required=%21COMPUTE_STATUS_DISABLED" status: 200 len: 1312 microversion: 1.36
May 27 05:36:23.723080 n-d-843565-1 devstack@placement-api.service[105491]: [pid: 105491|app: 0|req: 141/283] 10.222.0.48 () {60 vars in 1506 bytes} [Fri May 27 05:36:23 2022] GET /placement/allocation_candidates?limit=1000&resources=DISK_GB%3A1%2CMEMORY_MB%3A1024%2CVCPU%3A1&root_required=%21COMPUTE_STATUS_DISABLED => generated 1312 bytes in 128 msecs (HTTP/1.1 200) 8 headers in 297 bytes (2 switches on core 0)
May 27 05:36:23.809957 n-d-843565-1 devstack@placement-api.service[105490]: DEBUG placement.requestlog [req-ec2ca737-e3d7-4e21-a89e-0e0e21d3f799 req-90da0066-6534-4918-9b9c-4b4008e66546 None None] Starting request: 10.222.0.48 "GET /placement/allocations/5d57f57a-f6d2-49d6-b954-81e99ca1aed8" {{(pid=105490) __call__ /opt/stack/placement/placement/requestlog.py:55}}
May 27 05:36:23.824638 n-d-843565-1 devstack@placement-api.service[105490]: INFO placement.requestlog [req-ec2ca737-e3d7-4e21-a89e-0e0e21d3f799 req-90da0066-6534-4918-9b9c-4b4008e66546 service placement] 10.222.0.48 "GET /placement/allocations/5d57f57a-f6d2-49d6-b954-81e99ca1aed8" status: 200 len: 19 microversion: 1.28
May 27 05:36:23.825351 n-d-843565-1 devstack@placement-api.service[105490]: [pid: 105490|app: 0|req: 143/284] 10.222.0.48 () {60 vars in 1380 bytes} [Fri May 27 05:36:23 2022] GET /placement/allocations/5d57f57a-f6d2-49d6-b954-81e99ca1aed8 => generated 19 bytes in 15 msecs (HTTP/1.1 200) 8 headers in 295 bytes (1 switches on core 0)
May 27 05:36:23.831869 n-d-843565-1 devstack@placement-api.service[105491]: DEBUG placement.requestlog [req-ec2ca737-e3d7-4e21-a89e-0e0e21d3f799 req-893b53cf-60e7-4bf0-9488-e71aad70ebb2 None None] Starting request: 10.222.0.48 "PUT /placement/allocations/5d57f57a-f6d2-49d6-b954-81e99ca1aed8" {{(pid=105491) __call__ /opt/stack/placement/placement/requestlog.py:55}}
May 27 05:36:24.070360 n-d-843565-1 devstack@placement-api.service[105491]: DEBUG placement.handlers.allocation [req-ec2ca737-e3d7-4e21-a89e-0e0e21d3f799 req-893b53cf-60e7-4bf0-9488-e71aad70ebb2 service placement] Successfully wrote allocations [, , ] {{(pid=105491) _update_consumers_and_create_allocations /opt/stack/placement/placement/handlers/allocation.py:462}}
May 27 05:36:24.173731 n-d-843565-1 devstack@placement-api.service[105491]: INFO placement.requestlog [req-ec2ca737-e3d7-4e21-a89e-0e0e21d3f799 req-893b53cf-60e7-4bf0-9488-e71aad70ebb2 service placement] 10.222.0.48 "PUT /placement/allocations/5d57f57a-f6d2-49d6-b954-81e99ca1aed8" status: 204 len: 0 microversion: 1.36
May 27 05:36:24.174425 n-d-843565-1 devstack@placement-api.service[105491]: [pid: 105491|app: 0|req: 142/285] 10.222.0.48 () {64 vars in 1433 bytes} [Fri May 27 05:36:23 2022] PUT /placement/allocations/5d57f57a-f6d2-49d6-b954-81e99ca1aed8 => generated 0 bytes in 343 msecs (HTTP/1.1 204) 5 headers in 199 bytes (1 switches on core 0)
May 27 05:36:25.519835 n-d-843565-1 devstack@placement-api.service[105490]: DEBUG placement.requestlog [req-534e8bc4-6c8e-4cca-816d-d29df6daf102 req-c2d88df7-7d0a-41ef-b4ff-9f8904a483ac None None] Starting request: 10.222.0.48 "GET /placement/allocation_candidates?resources=DISK_GB%3A1%2CMEMORY_MB%3A1024%2CVCPU%3A1&root_required=%21COMPUTE_STATUS_DISABLED" {{(pid=105490) __call__ /opt/stack/placement/placement/requestlog.py:55}}
May 27 05:36:25.584949 n-d-843565-1 devstack@placement-api.service[105490]: DEBUG placement.objects.research_context [req-534e8bc4-6c8e-4cca-816d-d29df6daf102 req-c2d88df7-7d0a-41ef-b4ff-9f8904a483ac service placement] getting providers with 1 DISK_GB {{(pid=105490) __init__ /opt/stack/placement/placement/objects/research_context.py:136}}
May 27 05:36:25.591045 n-d-843565-1 devstack@placement-api.service[105490]: DEBUG placement.objects.research_context [req-534e8bc4-6c8e-4cca-816d-d29df6daf102 req-c2d88df7-7d0a-41ef-b4ff-9f8904a483ac service placement] getting providers with 1024 MEMORY_MB {{(pid=105490) __init__ /opt/stack/placement/placement/objects/research_context.py:136}}
May 27 05:36:25.597863 n-d-843565-1 devstack@placement-api.service[105490]: DEBUG placement.objects.research_context [req-534e8bc4-6c8e-4cca-816d-d29df6daf102 req-c2d88df7-7d0a-41ef-b4ff-9f8904a483ac service placement] getting providers with 1 VCPU {{(pid=105490) __init__ /opt/stack/placement/placement/objects/research_context.py:136}}
May 27 05:36:25.605691 n-d-843565-1 devstack@placement-api.service[105490]: DEBUG placement.objects.research_context [req-534e8bc4-6c8e-4cca-816d-d29df6daf102 req-c2d88df7-7d0a-41ef-b4ff-9f8904a483ac service placement] found 2 providers with available 1 DISK_GB {{(pid=105490) get_provider_ids_matching /opt/stack/placement/placement/objects/research_context.py:563}}
May 27 05:36:25.606305 n-d-843565-1 devstack@placement-api.service[105490]: DEBUG placement.objects.research_context [req-534e8bc4-6c8e-4cca-816d-d29df6daf102 req-c2d88df7-7d0a-41ef-b4ff-9f8904a483ac service placement] found 2 providers with available 1024 MEMORY_MB {{(pid=105490) get_provider_ids_matching /opt/stack/placement/placement/objects/research_context.py:563}}
May 27 05:36:25.606879 n-d-843565-1 devstack@placement-api.service[105490]: DEBUG placement.objects.research_context [req-534e8bc4-6c8e-4cca-816d-d29df6daf102 req-c2d88df7-7d0a-41ef-b4ff-9f8904a483ac service placement] found 2 providers after filtering by previous result {{(pid=105490) get_provider_ids_matching /opt/stack/placement/placement/objects/research_context.py:594}}
May 27 05:36:25.607741 n-d-843565-1 devstack@placement-api.service[105490]: DEBUG placement.objects.research_context [req-534e8bc4-6c8e-4cca-816d-d29df6daf102 req-c2d88df7-7d0a-41ef-b4ff-9f8904a483ac service placement] found 2 providers with available 1 VCPU {{(pid=105490) get_provider_ids_matching /opt/stack/placement/placement/objects/research_context.py:563}}
May 27 05:36:25.608663 n-d-843565-1 devstack@placement-api.service[105490]: DEBUG placement.objects.research_context [req-534e8bc4-6c8e-4cca-816d-d29df6daf102 req-c2d88df7-7d0a-41ef-b4ff-9f8904a483ac service placement] found 2 providers after filtering by previous result {{(pid=105490) get_provider_ids_matching /opt/stack/placement/placement/objects/research_context.py:594}}
May 27 05:36:25.623210 n-d-843565-1 devstack@placement-api.service[105490]: DEBUG placement.objects.allocation_candidate [req-534e8bc4-6c8e-4cca-816d-d29df6daf102 req-c2d88df7-7d0a-41ef-b4ff-9f8904a483ac service placement] RequestGroup(use_same_provider=False, resources={DISK_GB:1, MEMORY_MB:1024, VCPU:1}, traits=(), aggregates=[]) (suffix '') returned 2 matches {{(pid=105490) _get_by_requests /opt/stack/placement/placement/objects/allocation_candidate.py:156}}
May 27 05:36:25.623921 n-d-843565-1 devstack@placement-api.service[105490]: DEBUG placement.objects.allocation_candidate [req-534e8bc4-6c8e-4cca-816d-d29df6daf102 req-c2d88df7-7d0a-41ef-b4ff-9f8904a483ac service placement] Merging candidates yields 2 allocation requests and 2 provider summaries {{(pid=105490) _merge_candidates /opt/stack/placement/placement/objects/allocation_candidate.py:809}}
May 27 05:36:25.626147 n-d-843565-1 devstack@placement-api.service[105490]: INFO placement.requestlog [req-534e8bc4-6c8e-4cca-816d-d29df6daf102 req-c2d88df7-7d0a-41ef-b4ff-9f8904a483ac service placement] 10.222.0.48 "GET /placement/allocation_candidates?resources=DISK_GB%3A1%2CMEMORY_MB%3A1024%2CVCPU%3A1&root_required=%21COMPUTE_STATUS_DISABLED" status: 200 len: 1312 microversion: 1.36
May 27 05:36:25.634786 n-d-843565-1 devstack@placement-api.service[105490]: [pid: 105490|app: 0|req: 144/286] 10.222.0.48 () {60 vars in 1484 bytes} [Fri May 27 05:36:25 2022] GET /placement/allocation_candidates?resources=DISK_GB%3A1%2CMEMORY_MB%3A1024%2CVCPU%3A1&root_required=%21COMPUTE_STATUS_DISABLED => generated 1312 bytes in 108 msecs (HTTP/1.1 200) 8 headers in 297 bytes (1 switches on core 0)
May 27 05:36:25.707057 n-d-843565-1 devstack@placement-api.service[105491]: DEBUG placement.requestlog [req-534e8bc4-6c8e-4cca-816d-d29df6daf102 req-197a42d3-2d73-4e13-bf6b-e81f0bb445cf None None] Starting request: 10.222.0.48 "GET /placement/allocations/2f6b2fce-13b1-4029-a1fe-680cdebaf126" {{(pid=105491) __call__ /opt/stack/placement/placement/requestlog.py:55}}
May 27 05:36:25.721894 n-d-843565-1 devstack@placement-api.service[105491]: INFO placement.requestlog [req-534e8bc4-6c8e-4cca-816d-d29df6daf102 req-197a42d3-2d73-4e13-bf6b-e81f0bb445cf service placement] 10.222.0.48 "GET /placement/allocations/2f6b2fce-13b1-4029-a1fe-680cdebaf126" status: 200 len: 19 microversion: 1.28
May 27 05:36:25.726466 n-d-843565-1 devstack@placement-api.service[105491]: [pid: 105491|app: 0|req: 143/287] 10.222.0.48 () {60 vars in 1380 bytes} [Fri May 27 05:36:25 2022] GET /placement/allocations/2f6b2fce-13b1-4029-a1fe-680cdebaf126 => generated 19 bytes in 20 msecs (HTTP/1.1 200) 8 headers in 295 bytes (1 switches on core 0)
May 27 05:36:25.729827 n-d-843565-1 devstack@placement-api.service[105490]: DEBUG placement.requestlog [req-534e8bc4-6c8e-4cca-816d-d29df6daf102 req-909b04b1-af41-4e4d-bcb1-fbb1b67f56db None None] Starting request: 10.222.0.48 "PUT /placement/allocations/2f6b2fce-13b1-4029-a1fe-680cdebaf126" {{(pid=105490) __call__ /opt/stack/placement/placement/requestlog.py:55}}
May 27 05:36:25.899375 n-d-843565-1 devstack@placement-api.service[105490]: DEBUG placement.handlers.allocation [req-534e8bc4-6c8e-4cca-816d-d29df6daf102 req-909b04b1-af41-4e4d-bcb1-fbb1b67f56db service placement] Successfully wrote allocations [, , ] {{(pid=105490) _update_consumers_and_create_allocations /opt/stack/placement/placement/handlers/allocation.py:462}}
May 27 05:36:25.978965 n-d-843565-1 devstack@placement-api.service[105490]: INFO placement.requestlog [req-534e8bc4-6c8e-4cca-816d-d29df6daf102 req-909b04b1-af41-4e4d-bcb1-fbb1b67f56db service placement] 10.222.0.48 "PUT /placement/allocations/2f6b2fce-13b1-4029-a1fe-680cdebaf126" status: 204 len: 0 microversion: 1.36
May 27 05:36:25.981572 n-d-843565-1 devstack@placement-api.service[105490]: [pid: 105490|app: 0|req: 145/288] 10.222.0.48 () {64 vars in 1433 bytes} [Fri May 27 05:36:25 2022] PUT /placement/allocations/2f6b2fce-13b1-4029-a1fe-680cdebaf126 => generated 0 bytes in 250 msecs (HTTP/1.1 204) 5 headers in 199 bytes (1 switches on core 0)
May 27 05:36:26.849079 n-d-843565-1 devstack@placement-api.service[105491]: DEBUG placement.requestlog [req-ec2ca737-e3d7-4e21-a89e-0e0e21d3f799 req-6e7aa41a-1049-4371-a691-d07a04b28208 None None] Starting request: 10.222.0.47 "GET /placement/allocations/5d57f57a-f6d2-49d6-b954-81e99ca1aed8" {{(pid=105491) __call__ /opt/stack/placement/placement/requestlog.py:55}}
May 27 05:36:26.885405 n-d-843565-1 devstack@placement-api.service[105491]: INFO placement.requestlog [req-ec2ca737-e3d7-4e21-a89e-0e0e21d3f799 req-6e7aa41a-1049-4371-a691-d07a04b28208 service placement] 10.222.0.47 "GET /placement/allocations/5d57f57a-f6d2-49d6-b954-81e99ca1aed8" status: 200 len: 259 microversion: 1.28
May 27 05:36:26.888853 n-d-843565-1 devstack@placement-api.service[105491]: [pid: 105491|app: 0|req: 144/289] 10.222.0.47 () {60 vars in 1377 bytes} [Fri May 27 05:36:26 2022] GET /placement/allocations/5d57f57a-f6d2-49d6-b954-81e99ca1aed8 => generated 259 bytes in 40 msecs (HTTP/1.1 200) 8 headers in 296 bytes (2 switches on core 0)
May 27 05:36:28.122422 n-d-843565-1 devstack@placement-api.service[105490]: DEBUG placement.requestlog [req-534e8bc4-6c8e-4cca-816d-d29df6daf102 req-3ea603bb-cdca-4a62-971a-b6affbb6e9df None None] Starting request: 10.222.0.47 "GET /placement/allocations/2f6b2fce-13b1-4029-a1fe-680cdebaf126" {{(pid=105490) __call__ /opt/stack/placement/placement/requestlog.py:55}}
May 27 05:36:28.144034 n-d-843565-1 devstack@placement-api.service[105490]: INFO placement.requestlog [req-534e8bc4-6c8e-4cca-816d-d29df6daf102 req-3ea603bb-cdca-4a62-971a-b6affbb6e9df service placement] 10.222.0.47 "GET /placement/allocations/2f6b2fce-13b1-4029-a1fe-680cdebaf126" status: 200 len: 259 microversion: 1.28
May 27 05:36:28.145123 n-d-843565-1 devstack@placement-api.service[105490]: [pid: 105490|app: 0|req: 146/290] 10.222.0.47 () {60 vars in 1377 bytes} [Fri May 27 05:36:28 2022] GET /placement/allocations/2f6b2fce-13b1-4029-a1fe-680cdebaf126 => generated 259 bytes in 23 msecs (HTTP/1.1 200) 8 headers in 296 bytes (1 switches on core 0)
May 27 05:36:28.709390 n-d-843565-1 devstack@placement-api.service[105491]: DEBUG placement.requestlog [req-ade8e33e-62e2-40d0-ad89-e5cc3a0ac156 req-ea0f5eab-7b8d-4164-93be-d2c40c3e55e5 None None] Starting request: 10.222.0.48 "GET /placement/allocation_candidates?limit=1000&resources=DISK_GB%3A1%2CMEMORY_MB%3A1024%2CVCPU%3A1&root_required=%21COMPUTE_STATUS_DISABLED" {{(pid=105491) __call__ /opt/stack/placement/placement/requestlog.py:55}}
May 27 05:36:28.796094 n-d-843565-1 devstack@placement-api.service[105491]: DEBUG placement.objects.research_context [req-ade8e33e-62e2-40d0-ad89-e5cc3a0ac156 req-ea0f5eab-7b8d-4164-93be-d2c40c3e55e5 service placement] getting providers with 1 DISK_GB {{(pid=105491) __init__ /opt/stack/placement/placement/objects/research_context.py:136}}
May 27 05:36:28.802791 n-d-843565-1 devstack@placement-api.service[105491]: DEBUG placement.objects.research_context [req-ade8e33e-62e2-40d0-ad89-e5cc3a0ac156 req-ea0f5eab-7b8d-4164-93be-d2c40c3e55e5 service placement] getting providers with 1024 MEMORY_MB {{(pid=105491) __init__ /opt/stack/placement/placement/objects/research_context.py:136}}
May 27 05:36:28.811721 n-d-843565-1 devstack@placement-api.service[105491]: DEBUG placement.objects.research_context [req-ade8e33e-62e2-40d0-ad89-e5cc3a0ac156 req-ea0f5eab-7b8d-4164-93be-d2c40c3e55e5 service placement] getting providers with 1 VCPU {{(pid=105491) __init__ /opt/stack/placement/placement/objects/research_context.py:136}}
May 27 05:36:28.823313 n-d-843565-1 devstack@placement-api.service[105491]: DEBUG placement.objects.research_context [req-ade8e33e-62e2-40d0-ad89-e5cc3a0ac156 req-ea0f5eab-7b8d-4164-93be-d2c40c3e55e5 service placement] found 2 providers with available 1 DISK_GB {{(pid=105491) get_provider_ids_matching /opt/stack/placement/placement/objects/research_context.py:563}}
May 27 05:36:28.824055 n-d-843565-1 devstack@placement-api.service[105490]: DEBUG placement.requestlog [req-8c0607de-1450-4533-ab56-e3ad433ca29e req-9bde176d-f5c1-423b-91d8-667f01ca21ae None None] Starting request: 10.222.0.47 "GET /placement/allocations/e46730ca-003b-4fb5-9ba5-8e188239097d" {{(pid=105490) __call__ /opt/stack/placement/placement/requestlog.py:55}}
May 27 05:36:28.824367 n-d-843565-1 devstack@placement-api.service[105491]: DEBUG placement.objects.research_context [req-ade8e33e-62e2-40d0-ad89-e5cc3a0ac156 req-ea0f5eab-7b8d-4164-93be-d2c40c3e55e5 service placement] found 2 providers with available 1024 MEMORY_MB {{(pid=105491) get_provider_ids_matching /opt/stack/placement/placement/objects/research_context.py:563}}
May 27 05:36:28.824688 n-d-843565-1 devstack@placement-api.service[105491]: DEBUG placement.objects.research_context [req-ade8e33e-62e2-40d0-ad89-e5cc3a0ac156 req-ea0f5eab-7b8d-4164-93be-d2c40c3e55e5 service placement] found 2 providers after filtering by previous result {{(pid=105491) get_provider_ids_matching /opt/stack/placement/placement/objects/research_context.py:594}}
May 27 05:36:28.830738 n-d-843565-1 devstack@placement-api.service[105491]: DEBUG placement.objects.research_context [req-ade8e33e-62e2-40d0-ad89-e5cc3a0ac156 req-ea0f5eab-7b8d-4164-93be-d2c40c3e55e5 service placement] found 2 providers with available 1 VCPU {{(pid=105491) get_provider_ids_matching /opt/stack/placement/placement/objects/research_context.py:563}}
May 27 05:36:28.830738 n-d-843565-1 devstack@placement-api.service[105491]: DEBUG placement.objects.research_context [req-ade8e33e-62e2-40d0-ad89-e5cc3a0ac156 req-ea0f5eab-7b8d-4164-93be-d2c40c3e55e5 service placement] found 2 providers after filtering by previous result {{(pid=105491) get_provider_ids_matching /opt/stack/placement/placement/objects/research_context.py:594}}
May 27 05:36:28.853812 n-d-843565-1 devstack@placement-api.service[105491]: DEBUG placement.objects.allocation_candidate [req-ade8e33e-62e2-40d0-ad89-e5cc3a0ac156 req-ea0f5eab-7b8d-4164-93be-d2c40c3e55e5 service placement] RequestGroup(use_same_provider=False, resources={DISK_GB:1, MEMORY_MB:1024, VCPU:1}, traits=(), aggregates=[]) (suffix '') returned 2 matches {{(pid=105491) _get_by_requests /opt/stack/placement/placement/objects/allocation_candidate.py:156}}
May 27 05:36:28.858726 n-d-843565-1 devstack@placement-api.service[105491]: DEBUG placement.objects.allocation_candidate [req-ade8e33e-62e2-40d0-ad89-e5cc3a0ac156 req-ea0f5eab-7b8d-4164-93be-d2c40c3e55e5 service placement] Merging candidates yields 2 allocation requests and 2 provider summaries {{(pid=105491) _merge_candidates /opt/stack/placement/placement/objects/allocation_candidate.py:809}}
May 27 05:36:28.860804 n-d-843565-1 devstack@placement-api.service[105491]: INFO placement.requestlog [req-ade8e33e-62e2-40d0-ad89-e5cc3a0ac156 req-ea0f5eab-7b8d-4164-93be-d2c40c3e55e5 service placement] 10.222.0.48 "GET /placement/allocation_candidates?limit=1000&resources=DISK_GB%3A1%2CMEMORY_MB%3A1024%2CVCPU%3A1&root_required=%21COMPUTE_STATUS_DISABLED" status: 200 len: 1312 microversion: 1.36
May 27 05:36:28.862254 n-d-843565-1 devstack@placement-api.service[105491]: [pid: 105491|app: 0|req: 145/291] 10.222.0.48 () {60 vars in 1506 bytes} [Fri May 27 05:36:28 2022] GET /placement/allocation_candidates?limit=1000&resources=DISK_GB%3A1%2CMEMORY_MB%3A1024%2CVCPU%3A1&root_required=%21COMPUTE_STATUS_DISABLED => generated 1312 bytes in 152 msecs (HTTP/1.1 200) 8 headers in 297 bytes (1 switches on core 0)
May 27 05:36:28.900384 n-d-843565-1 devstack@placement-api.service[105490]: INFO placement.requestlog [req-8c0607de-1450-4533-ab56-e3ad433ca29e req-9bde176d-f5c1-423b-91d8-667f01ca21ae service placement] 10.222.0.47 "GET /placement/allocations/e46730ca-003b-4fb5-9ba5-8e188239097d" status: 200 len: 258 microversion: 1.28
May 27 05:36:28.900895 n-d-843565-1 devstack@placement-api.service[105490]: [pid: 105490|app: 0|req: 147/292] 10.222.0.47 () {60 vars in 1377 bytes} [Fri May 27 05:36:28 2022] GET /placement/allocations/e46730ca-003b-4fb5-9ba5-8e188239097d => generated 258 bytes in 77 msecs (HTTP/1.1 200) 8 headers in 296 bytes (2 switches on core 0)
May 27 05:36:29.002288 n-d-843565-1 devstack@placement-api.service[105491]: DEBUG placement.requestlog [req-ade8e33e-62e2-40d0-ad89-e5cc3a0ac156 req-529ac9dc-b663-4ba9-9be3-8d5c8be50160 None None] Starting request: 10.222.0.48 "GET /placement/allocations/8d19011d-6ef3-45e6-be2c-5e8a7d91dfe3" {{(pid=105491) __call__ /opt/stack/placement/placement/requestlog.py:55}}
May 27 05:36:29.018083 n-d-843565-1 devstack@placement-api.service[105491]: INFO placement.requestlog [req-ade8e33e-62e2-40d0-ad89-e5cc3a0ac156 req-529ac9dc-b663-4ba9-9be3-8d5c8be50160 service placement] 10.222.0.48 "GET /placement/allocations/8d19011d-6ef3-45e6-be2c-5e8a7d91dfe3" status: 200 len: 19 microversion: 1.28
May 27 05:36:29.018477 n-d-843565-1 devstack@placement-api.service[105491]: [pid: 105491|app: 0|req: 146/293] 10.222.0.48 () {60 vars in 1380 bytes} [Fri May 27 05:36:29 2022] GET /placement/allocations/8d19011d-6ef3-45e6-be2c-5e8a7d91dfe3 => generated 19 bytes in 16 msecs (HTTP/1.1 200) 8 headers in 295 bytes (1 switches on core 0)
May 27 05:36:29.037016 n-d-843565-1 devstack@placement-api.service[105490]: DEBUG placement.requestlog [req-ade8e33e-62e2-40d0-ad89-e5cc3a0ac156 req-a89cd7c3-d5d3-43a9-aa10-8735b6360e34 None None] Starting request: 10.222.0.48 "PUT /placement/allocations/8d19011d-6ef3-45e6-be2c-5e8a7d91dfe3" {{(pid=105490) __call__ /opt/stack/placement/placement/requestlog.py:55}}
May 27 05:36:29.078936 n-d-843565-1 devstack@placement-api.service[105490]: DEBUG dbcounter [-] [105490] Writing DB stats placement:SELECT=75,placement:INSERT=12,placement:UPDATE=6,placement:DELETE=7 {{(pid=105490) stat_writer /usr/local/lib/python3.8/dist-packages/dbcounter.py:114}}
May 27 05:36:29.453434 n-d-843565-1 devstack@placement-api.service[105490]: DEBUG placement.handlers.allocation [req-ade8e33e-62e2-40d0-ad89-e5cc3a0ac156 req-a89cd7c3-d5d3-43a9-aa10-8735b6360e34 service placement] Successfully wrote allocations [, , ] {{(pid=105490) _update_consumers_and_create_allocations /opt/stack/placement/placement/handlers/allocation.py:462}}
May 27 05:36:29.540279 n-d-843565-1 devstack@placement-api.service[105490]: INFO placement.requestlog [req-ade8e33e-62e2-40d0-ad89-e5cc3a0ac156 req-a89cd7c3-d5d3-43a9-aa10-8735b6360e34 service placement] 10.222.0.48 "PUT /placement/allocations/8d19011d-6ef3-45e6-be2c-5e8a7d91dfe3" status: 204 len: 0 microversion: 1.36
May 27 05:36:29.541309 n-d-843565-1 devstack@placement-api.service[105490]: [pid: 105490|app: 0|req: 148/294] 10.222.0.48 () {64 vars in 1433 bytes} [Fri May 27 05:36:29 2022] PUT /placement/allocations/8d19011d-6ef3-45e6-be2c-5e8a7d91dfe3 => generated 0 bytes in 505 msecs (HTTP/1.1 204) 5 headers in 199 bytes (2 switches on core 0)
May 27 05:36:30.786360 n-d-843565-1 devstack@placement-api.service[105491]: DEBUG placement.requestlog [req-ade8e33e-62e2-40d0-ad89-e5cc3a0ac156 req-2d9d15a7-e020-4069-831a-fef9bbd366aa None None] Starting request: 10.222.0.42 "GET /placement/allocations/8d19011d-6ef3-45e6-be2c-5e8a7d91dfe3" {{(pid=105491) __call__ /opt/stack/placement/placement/requestlog.py:55}}
May 27 05:36:30.838483 n-d-843565-1 devstack@placement-api.service[105491]: INFO placement.requestlog [req-ade8e33e-62e2-40d0-ad89-e5cc3a0ac156 req-2d9d15a7-e020-4069-831a-fef9bbd366aa service placement] 10.222.0.42 "GET /placement/allocations/8d19011d-6ef3-45e6-be2c-5e8a7d91dfe3" status: 200 len: 259 microversion: 1.28
May 27 05:36:30.838483 n-d-843565-1 devstack@placement-api.service[105491]: [pid: 105491|app: 0|req: 147/295] 10.222.0.42 () {60 vars in 1377 bytes} [Fri May 27 05:36:30 2022] GET /placement/allocations/8d19011d-6ef3-45e6-be2c-5e8a7d91dfe3 => generated 259 bytes in 52 msecs (HTTP/1.1 200) 8 headers in 296 bytes (1 switches on core 0)
May 27 05:36:31.173600 n-d-843565-1 devstack@placement-api.service[105490]: DEBUG placement.requestlog [req-9d2b0b2e-4fe7-4351-be6f-9c3f5d3b7a92 req-25c6c168-3b7f-44de-9dde-aeda0cd993b7 None None] Starting request: 10.222.0.47 "DELETE /placement/allocations/107c2999-c8f2-4059-8d5a-f332b690496f" {{(pid=105490) __call__ /opt/stack/placement/placement/requestlog.py:55}}
May 27 05:36:31.418737 n-d-843565-1 devstack@placement-api.service[105490]: DEBUG placement.handlers.allocation [req-9d2b0b2e-4fe7-4351-be6f-9c3f5d3b7a92 req-25c6c168-3b7f-44de-9dde-aeda0cd993b7 service placement] Successfully deleted allocations [, , ] {{(pid=105490) delete_allocations /opt/stack/placement/placement/handlers/allocation.py:627}}
May 27 05:36:31.419243 n-d-843565-1 devstack@placement-api.service[105490]: INFO placement.requestlog [req-9d2b0b2e-4fe7-4351-be6f-9c3f5d3b7a92 req-25c6c168-3b7f-44de-9dde-aeda0cd993b7 service placement] 10.222.0.47 "DELETE /placement/allocations/107c2999-c8f2-4059-8d5a-f332b690496f" status: 204 len: 0 microversion: 1.0
May 27 05:36:31.419635 n-d-843565-1 devstack@placement-api.service[105490]: [pid: 105490|app: 0|req: 149/296] 10.222.0.47 () {60 vars in 1355 bytes} [Fri May 27 05:36:31 2022] DELETE /placement/allocations/107c2999-c8f2-4059-8d5a-f332b690496f => generated 0 bytes in 246 msecs (HTTP/1.1 204) 5 headers in 198 bytes (2 switches on core 0)
May 27 05:36:34.629371 n-d-843565-1 devstack@placement-api.service[105491]: DEBUG placement.requestlog [req-eb0f0ae8-6d42-4a43-8993-dd40ee470d42 req-76d1b119-90a5-4150-8442-56c7e9c79d21 None None] Starting request: 10.222.0.48 "GET /placement/allocation_candidates?limit=1000&resources=DISK_GB%3A1%2CMEMORY_MB%3A1024%2CVCPU%3A1&root_required=%21COMPUTE_STATUS_DISABLED" {{(pid=105491) __call__ /opt/stack/placement/placement/requestlog.py:55}}
May 27 05:36:34.699892 n-d-843565-1 devstack@placement-api.service[105491]: DEBUG placement.objects.research_context [req-eb0f0ae8-6d42-4a43-8993-dd40ee470d42 req-76d1b119-90a5-4150-8442-56c7e9c79d21 service placement] getting providers with 1 DISK_GB {{(pid=105491) __init__ /opt/stack/placement/placement/objects/research_context.py:136}}
