May 26 13:12:16.146015 n-d-843443-1 devstack@placement-api.service[105294]: DEBUG placement.objects.research_context [req-0e71e8f7-bd08-45b8-9227-97282ff53796 req-a4256cc0-1201-4b71-9ab8-7851d5e564ff service placement] found 2 providers with available 1 VCPU {{(pid=105294) get_provider_ids_matching /opt/stack/placement/placement/objects/research_context.py:563}}
May 26 13:12:16.146289 n-d-843443-1 devstack@placement-api.service[105294]: DEBUG placement.objects.research_context [req-0e71e8f7-bd08-45b8-9227-97282ff53796 req-a4256cc0-1201-4b71-9ab8-7851d5e564ff service placement] found 2 providers after filtering by previous result {{(pid=105294) get_provider_ids_matching /opt/stack/placement/placement/objects/research_context.py:594}}
May 26 13:12:16.159070 n-d-843443-1 devstack@placement-api.service[105294]: DEBUG placement.objects.allocation_candidate [req-0e71e8f7-bd08-45b8-9227-97282ff53796 req-a4256cc0-1201-4b71-9ab8-7851d5e564ff service placement] RequestGroup(use_same_provider=False, resources={MEMORY_MB:1024, VCPU:1}, traits=(), aggregates=[]) (suffix '') returned 2 matches {{(pid=105294) _get_by_requests /opt/stack/placement/placement/objects/allocation_candidate.py:156}}
May 26 13:12:16.159766 n-d-843443-1 devstack@placement-api.service[105294]: DEBUG placement.objects.allocation_candidate [req-0e71e8f7-bd08-45b8-9227-97282ff53796 req-a4256cc0-1201-4b71-9ab8-7851d5e564ff service placement] Merging candidates yields 2 allocation requests and 2 provider summaries {{(pid=105294) _merge_candidates /opt/stack/placement/placement/objects/allocation_candidate.py:809}}
May 26 13:12:16.161572 n-d-843443-1 devstack@placement-api.service[105294]: INFO placement.requestlog [req-0e71e8f7-bd08-45b8-9227-97282ff53796 req-a4256cc0-1201-4b71-9ab8-7851d5e564ff service placement] 10.222.0.53 "GET /placement/allocation_candidates?limit=1000&resources=MEMORY_MB%3A1024%2CVCPU%3A1&root_required=%21COMPUTE_STATUS_DISABLED" status: 200 len: 1281 microversion: 1.36
May 26 13:12:16.162350 n-d-843443-1 devstack@placement-api.service[105294]: [pid: 105294|app: 0|req: 110/221] 10.222.0.53 () {60 vars in 1478 bytes} [Thu May 26 13:12:16 2022] GET /placement/allocation_candidates?limit=1000&resources=MEMORY_MB%3A1024%2CVCPU%3A1&root_required=%21COMPUTE_STATUS_DISABLED => generated 1281 bytes in 67 msecs (HTTP/1.1 200) 8 headers in 297 bytes (1 switches on core 0)
May 26 13:12:16.248194 n-d-843443-1 devstack@placement-api.service[105295]: DEBUG placement.requestlog [req-0e71e8f7-bd08-45b8-9227-97282ff53796 req-09111c35-f0b7-4b63-a075-789ecd46e618 None None] Starting request: 10.222.0.53 "GET /placement/allocations/56f8028a-7691-468a-a527-32cf768c7500" {{(pid=105295) __call__ /opt/stack/placement/placement/requestlog.py:55}}
May 26 13:12:16.262667 n-d-843443-1 devstack@placement-api.service[105295]: INFO placement.requestlog [req-0e71e8f7-bd08-45b8-9227-97282ff53796 req-09111c35-f0b7-4b63-a075-789ecd46e618 service placement] 10.222.0.53 "GET /placement/allocations/56f8028a-7691-468a-a527-32cf768c7500" status: 200 len: 19 microversion: 1.28
May 26 13:12:16.266768 n-d-843443-1 devstack@placement-api.service[105295]: [pid: 105295|app: 0|req: 112/222] 10.222.0.53 () {60 vars in 1380 bytes} [Thu May 26 13:12:16 2022] GET /placement/allocations/56f8028a-7691-468a-a527-32cf768c7500 => generated 19 bytes in 19 msecs (HTTP/1.1 200) 8 headers in 295 bytes (1 switches on core 0)
May 26 13:12:16.270458 n-d-843443-1 devstack@placement-api.service[105294]: DEBUG placement.requestlog [req-0e71e8f7-bd08-45b8-9227-97282ff53796 req-5eab10e7-71ad-4e00-9a62-cb3e1897b4be None None] Starting request: 10.222.0.53 "PUT /placement/allocations/56f8028a-7691-468a-a527-32cf768c7500" {{(pid=105294) __call__ /opt/stack/placement/placement/requestlog.py:55}}
May 26 13:12:16.396033 n-d-843443-1 devstack@placement-api.service[105294]: DEBUG placement.handlers.allocation [req-0e71e8f7-bd08-45b8-9227-97282ff53796 req-5eab10e7-71ad-4e00-9a62-cb3e1897b4be service placement] Successfully wrote allocations [, ] {{(pid=105294) _update_consumers_and_create_allocations /opt/stack/placement/placement/handlers/allocation.py:462}}
May 26 13:12:16.400370 n-d-843443-1 devstack@placement-api.service[105294]: INFO placement.requestlog [req-0e71e8f7-bd08-45b8-9227-97282ff53796 req-5eab10e7-71ad-4e00-9a62-cb3e1897b4be service placement] 10.222.0.53 "PUT /placement/allocations/56f8028a-7691-468a-a527-32cf768c7500" status: 204 len: 0 microversion: 1.36
May 26 13:12:16.400846 n-d-843443-1 devstack@placement-api.service[105294]: [pid: 105294|app: 0|req: 111/223] 10.222.0.53 () {64 vars in 1433 bytes} [Thu May 26 13:12:16 2022] PUT /placement/allocations/56f8028a-7691-468a-a527-32cf768c7500 => generated 0 bytes in 131 msecs (HTTP/1.1 204) 5 headers in 199 bytes (1 switches on core 0)
May 26 13:12:16.634590 n-d-843443-1 devstack@placement-api.service[105295]: DEBUG placement.requestlog [req-3ba20a1f-15b1-40a1-a861-6d326b468cc0 req-5a121386-0ae9-43a5-8ddf-e5fb19b12cc7 None None] Starting request: 10.222.0.32 "GET /placement/allocations/7d4d7097-957e-4298-a082-ec5082030f7d" {{(pid=105295) __call__ /opt/stack/placement/placement/requestlog.py:55}}
May 26 13:12:16.656572 n-d-843443-1 devstack@placement-api.service[105295]: DEBUG dbcounter [-] [105295] Writing DB stats placement:SELECT=84,placement:DELETE=6,placement:UPDATE=4,placement:INSERT=6 {{(pid=105295) stat_writer /usr/local/lib/python3.8/dist-packages/dbcounter.py:114}}
May 26 13:12:16.665491 n-d-843443-1 devstack@placement-api.service[105295]: INFO placement.requestlog [req-3ba20a1f-15b1-40a1-a861-6d326b468cc0 req-5a121386-0ae9-43a5-8ddf-e5fb19b12cc7 service placement] 10.222.0.32 "GET /placement/allocations/7d4d7097-957e-4298-a082-ec5082030f7d" status: 200 len: 259 microversion: 1.28
May 26 13:12:16.666646 n-d-843443-1 devstack@placement-api.service[105295]: [pid: 105295|app: 0|req: 113/224] 10.222.0.32 () {60 vars in 1377 bytes} [Thu May 26 13:12:16 2022] GET /placement/allocations/7d4d7097-957e-4298-a082-ec5082030f7d => generated 259 bytes in 32 msecs (HTTP/1.1 200) 8 headers in 296 bytes (1 switches on core 0)
May 26 13:12:16.863253 n-d-843443-1 devstack@placement-api.service[105294]: DEBUG placement.requestlog [req-0e71e8f7-bd08-45b8-9227-97282ff53796 req-3082d8d3-748e-4a08-9580-8c67f2937c7b None None] Starting request: 10.222.0.69 "GET /placement/allocations/56f8028a-7691-468a-a527-32cf768c7500" {{(pid=105294) __call__ /opt/stack/placement/placement/requestlog.py:55}}
May 26 13:12:16.891144 n-d-843443-1 devstack@placement-api.service[105294]: INFO placement.requestlog [req-0e71e8f7-bd08-45b8-9227-97282ff53796 req-3082d8d3-748e-4a08-9580-8c67f2937c7b service placement] 10.222.0.69 "GET /placement/allocations/56f8028a-7691-468a-a527-32cf768c7500" status: 200 len: 245 microversion: 1.28
May 26 13:12:16.892937 n-d-843443-1 devstack@placement-api.service[105294]: [pid: 105294|app: 0|req: 112/225] 10.222.0.69 () {60 vars in 1377 bytes} [Thu May 26 13:12:16 2022] GET /placement/allocations/56f8028a-7691-468a-a527-32cf768c7500 => generated 245 bytes in 31 msecs (HTTP/1.1 200) 8 headers in 296 bytes (1 switches on core 0)
May 26 13:12:16.987742 n-d-843443-1 devstack@placement-api.service[105295]: DEBUG placement.requestlog [None req-fac2e21f-6ec1-4d68-85fe-4255e2f5c58a None None] Starting request: 10.222.0.53 "GET /placement/" {{(pid=105295) __call__ /opt/stack/placement/placement/requestlog.py:55}}
May 26 13:12:16.988695 n-d-843443-1 devstack@placement-api.service[105295]: INFO placement.requestlog [None req-fac2e21f-6ec1-4d68-85fe-4255e2f5c58a None None] 10.222.0.53 "GET /placement/" status: 200 len: 136 microversion: 1.0
May 26 13:12:16.989115 n-d-843443-1 devstack@placement-api.service[105295]: [pid: 105295|app: 0|req: 114/226] 10.222.0.53 () {54 vars in 916 bytes} [Thu May 26 13:12:16 2022] GET /placement => generated 136 bytes in 2 msecs (HTTP/1.1 200) 6 headers in 224 bytes (1 switches on core 0)
May 26 13:12:16.998920 n-d-843443-1 devstack@placement-api.service[105294]: DEBUG placement.requestlog [req-709ddb2a-b371-4126-8d99-b3035cb9311e req-6d56d716-bea0-43ac-a476-56ac59bf6e89 None None] Starting request: 10.222.0.53 "GET /placement/allocations/b5c9a862-854d-4823-b38c-d8c0ada26073" {{(pid=105294) __call__ /opt/stack/placement/placement/requestlog.py:55}}
May 26 13:12:17.083616 n-d-843443-1 devstack@placement-api.service[105294]: INFO placement.requestlog [req-709ddb2a-b371-4126-8d99-b3035cb9311e req-6d56d716-bea0-43ac-a476-56ac59bf6e89 service placement] 10.222.0.53 "GET /placement/allocations/b5c9a862-854d-4823-b38c-d8c0ada26073" status: 200 len: 259 microversion: 1.28
May 26 13:12:17.083988 n-d-843443-1 devstack@placement-api.service[105294]: [pid: 105294|app: 0|req: 113/227] 10.222.0.53 () {60 vars in 1380 bytes} [Thu May 26 13:12:16 2022] GET /placement/allocations/b5c9a862-854d-4823-b38c-d8c0ada26073 => generated 259 bytes in 85 msecs (HTTP/1.1 200) 8 headers in 296 bytes (1 switches on core 0)
May 26 13:12:17.091251 n-d-843443-1 devstack@placement-api.service[105295]: DEBUG placement.requestlog [req-709ddb2a-b371-4126-8d99-b3035cb9311e req-7e72993b-9219-48c5-bda8-48dcdf6ab6f2 None None] Starting request: 10.222.0.53 "GET /placement/allocations/b5c9a862-854d-4823-b38c-d8c0ada26073" {{(pid=105295) __call__ /opt/stack/placement/placement/requestlog.py:55}}
May 26 13:12:17.107558 n-d-843443-1 devstack@placement-api.service[105295]: INFO placement.requestlog [req-709ddb2a-b371-4126-8d99-b3035cb9311e req-7e72993b-9219-48c5-bda8-48dcdf6ab6f2 service placement] 10.222.0.53 "GET /placement/allocations/b5c9a862-854d-4823-b38c-d8c0ada26073" status: 200 len: 259 microversion: 1.28
May 26 13:12:17.108039 n-d-843443-1 devstack@placement-api.service[105295]: [pid: 105295|app: 0|req: 115/228] 10.222.0.53 () {60 vars in 1380 bytes} [Thu May 26 13:12:17 2022] GET /placement/allocations/b5c9a862-854d-4823-b38c-d8c0ada26073 => generated 259 bytes in 17 msecs (HTTP/1.1 200) 8 headers in 296 bytes (2 switches on core 0)
May 26 13:12:17.114997 n-d-843443-1 devstack@placement-api.service[105294]: DEBUG placement.requestlog [req-709ddb2a-b371-4126-8d99-b3035cb9311e req-29c88ecd-0721-435f-b394-39713f161aab None None] Starting request: 10.222.0.53 "GET /placement/allocations/8b143cfc-e87b-4098-9f5e-889660be2580" {{(pid=105294) __call__ /opt/stack/placement/placement/requestlog.py:55}}
May 26 13:12:17.128621 n-d-843443-1 devstack@placement-api.service[105294]: INFO placement.requestlog [req-709ddb2a-b371-4126-8d99-b3035cb9311e req-29c88ecd-0721-435f-b394-39713f161aab service placement] 10.222.0.53 "GET /placement/allocations/8b143cfc-e87b-4098-9f5e-889660be2580" status: 200 len: 19 microversion: 1.28
May 26 13:12:17.129054 n-d-843443-1 devstack@placement-api.service[105294]: [pid: 105294|app: 0|req: 114/229] 10.222.0.53 () {60 vars in 1380 bytes} [Thu May 26 13:12:17 2022] GET /placement/allocations/8b143cfc-e87b-4098-9f5e-889660be2580 => generated 19 bytes in 15 msecs (HTTP/1.1 200) 8 headers in 295 bytes (1 switches on core 0)
May 26 13:12:17.135612 n-d-843443-1 devstack@placement-api.service[105295]: DEBUG placement.requestlog [req-709ddb2a-b371-4126-8d99-b3035cb9311e req-53fc3ecf-d4dd-4f4c-b985-c36658fbe231 None None] Starting request: 10.222.0.53 "POST /placement/allocations" {{(pid=105295) __call__ /opt/stack/placement/placement/requestlog.py:55}}
May 26 13:12:17.252402 n-d-843443-1 devstack@placement-api.service[105295]: DEBUG placement.handlers.allocation [req-709ddb2a-b371-4126-8d99-b3035cb9311e req-53fc3ecf-d4dd-4f4c-b985-c36658fbe231 service placement] Successfully wrote allocations [, , , , , ] {{(pid=105295) _update_consumers_and_create_allocations /opt/stack/placement/placement/handlers/allocation.py:572}}
May 26 13:12:17.256776 n-d-843443-1 devstack@placement-api.service[105295]: INFO placement.requestlog [req-709ddb2a-b371-4126-8d99-b3035cb9311e req-53fc3ecf-d4dd-4f4c-b985-c36658fbe231 service placement] 10.222.0.53 "POST /placement/allocations" status: 204 len: 0 microversion: 1.28
May 26 13:12:17.257302 n-d-843443-1 devstack@placement-api.service[105295]: [pid: 105295|app: 0|req: 116/230] 10.222.0.53 () {64 vars in 1323 bytes} [Thu May 26 13:12:17 2022] POST /placement/allocations => generated 0 bytes in 122 msecs (HTTP/1.1 204) 5 headers in 199 bytes (1 switches on core 0)
May 26 13:12:17.306914 n-d-843443-1 devstack@placement-api.service[105294]: DEBUG placement.requestlog [req-709ddb2a-b371-4126-8d99-b3035cb9311e req-afec7a2d-ad72-48e6-ad15-a1a5ec7acc81 None None] Starting request: 10.222.0.53 "GET /placement/allocations/b5c9a862-854d-4823-b38c-d8c0ada26073" {{(pid=105294) __call__ /opt/stack/placement/placement/requestlog.py:55}}
May 26 13:12:17.319015 n-d-843443-1 devstack@placement-api.service[105294]: INFO placement.requestlog [req-709ddb2a-b371-4126-8d99-b3035cb9311e req-afec7a2d-ad72-48e6-ad15-a1a5ec7acc81 service placement] 10.222.0.53 "GET /placement/allocations/b5c9a862-854d-4823-b38c-d8c0ada26073" status: 200 len: 19 microversion: 1.28
May 26 13:12:17.319736 n-d-843443-1 devstack@placement-api.service[105294]: [pid: 105294|app: 0|req: 115/231] 10.222.0.53 () {60 vars in 1380 bytes} [Thu May 26 13:12:17 2022] GET /placement/allocations/b5c9a862-854d-4823-b38c-d8c0ada26073 => generated 19 bytes in 13 msecs (HTTP/1.1 200) 8 headers in 295 bytes (1 switches on core 0)
May 26 13:12:17.332082 n-d-843443-1 devstack@placement-api.service[105295]: DEBUG placement.requestlog [req-709ddb2a-b371-4126-8d99-b3035cb9311e req-0d5a9114-d3f5-4eaf-a5cc-72f3b2b5affc None None] Starting request: 10.222.0.53 "PUT /placement/allocations/b5c9a862-854d-4823-b38c-d8c0ada26073" {{(pid=105295) __call__ /opt/stack/placement/placement/requestlog.py:55}}
May 26 13:12:17.414565 n-d-843443-1 devstack@placement-api.service[105295]: DEBUG placement.handlers.allocation [req-709ddb2a-b371-4126-8d99-b3035cb9311e req-0d5a9114-d3f5-4eaf-a5cc-72f3b2b5affc service placement] Successfully wrote allocations [, , ] {{(pid=105295) _update_consumers_and_create_allocations /opt/stack/placement/placement/handlers/allocation.py:462}}
May 26 13:12:17.422317 n-d-843443-1 devstack@placement-api.service[105295]: INFO placement.requestlog [req-709ddb2a-b371-4126-8d99-b3035cb9311e req-0d5a9114-d3f5-4eaf-a5cc-72f3b2b5affc service placement] 10.222.0.53 "PUT /placement/allocations/b5c9a862-854d-4823-b38c-d8c0ada26073" status: 204 len: 0 microversion: 1.28
May 26 13:12:17.423156 n-d-843443-1 devstack@placement-api.service[105295]: [pid: 105295|app: 0|req: 117/232] 10.222.0.53 () {64 vars in 1433 bytes} [Thu May 26 13:12:17 2022] PUT /placement/allocations/b5c9a862-854d-4823-b38c-d8c0ada26073 => generated 0 bytes in 93 msecs (HTTP/1.1 204) 5 headers in 199 bytes (1 switches on core 0)
May 26 13:12:17.739386 n-d-843443-1 devstack@placement-api.service[105294]: DEBUG placement.requestlog [req-709ddb2a-b371-4126-8d99-b3035cb9311e req-e2454520-0dec-42de-8577-cf8271757f07 None None] Starting request: 10.222.0.32 "GET /placement/allocations/b5c9a862-854d-4823-b38c-d8c0ada26073" {{(pid=105294) __call__ /opt/stack/placement/placement/requestlog.py:55}}
May 26 13:12:17.764344 n-d-843443-1 devstack@placement-api.service[105294]: INFO placement.requestlog [req-709ddb2a-b371-4126-8d99-b3035cb9311e req-e2454520-0dec-42de-8577-cf8271757f07 service placement] 10.222.0.32 "GET /placement/allocations/b5c9a862-854d-4823-b38c-d8c0ada26073" status: 200 len: 259 microversion: 1.28
May 26 13:12:17.764970 n-d-843443-1 devstack@placement-api.service[105294]: [pid: 105294|app: 0|req: 116/233] 10.222.0.32 () {60 vars in 1377 bytes} [Thu May 26 13:12:17 2022] GET /placement/allocations/b5c9a862-854d-4823-b38c-d8c0ada26073 => generated 259 bytes in 26 msecs (HTTP/1.1 200) 8 headers in 296 bytes (2 switches on core 0)
May 26 13:12:20.856165 n-d-843443-1 devstack@placement-api.service[105295]: DEBUG placement.requestlog [req-b28c3360-7367-4061-bbff-3209b0f4151c req-8e861bd5-a0ba-4cfc-a19e-8fa7035a18bb None None] Starting request: 10.222.0.53 "GET /placement/allocation_candidates?limit=1000&resources=DISK_GB%3A1%2CMEMORY_MB%3A1024%2CVCPU%3A1&root_required=%21COMPUTE_STATUS_DISABLED" {{(pid=105295) __call__ /opt/stack/placement/placement/requestlog.py:55}}
May 26 13:12:20.895017 n-d-843443-1 devstack@placement-api.service[105295]: DEBUG placement.objects.research_context [req-b28c3360-7367-4061-bbff-3209b0f4151c req-8e861bd5-a0ba-4cfc-a19e-8fa7035a18bb service placement] getting providers with 1 DISK_GB {{(pid=105295) __init__ /opt/stack/placement/placement/objects/research_context.py:136}}
May 26 13:12:20.906469 n-d-843443-1 devstack@placement-api.service[105295]: DEBUG placement.objects.research_context [req-b28c3360-7367-4061-bbff-3209b0f4151c req-8e861bd5-a0ba-4cfc-a19e-8fa7035a18bb service placement] getting providers with 1024 MEMORY_MB {{(pid=105295) __init__ /opt/stack/placement/placement/objects/research_context.py:136}}
May 26 13:12:20.913724 n-d-843443-1 devstack@placement-api.service[105295]: DEBUG placement.objects.research_context [req-b28c3360-7367-4061-bbff-3209b0f4151c req-8e861bd5-a0ba-4cfc-a19e-8fa7035a18bb service placement] getting providers with 1 VCPU {{(pid=105295) __init__ /opt/stack/placement/placement/objects/research_context.py:136}}
May 26 13:12:20.920376 n-d-843443-1 devstack@placement-api.service[105295]: DEBUG placement.objects.research_context [req-b28c3360-7367-4061-bbff-3209b0f4151c req-8e861bd5-a0ba-4cfc-a19e-8fa7035a18bb service placement] found 2 providers with available 1 DISK_GB {{(pid=105295) get_provider_ids_matching /opt/stack/placement/placement/objects/research_context.py:563}}
May 26 13:12:20.920865 n-d-843443-1 devstack@placement-api.service[105295]: DEBUG placement.objects.research_context [req-b28c3360-7367-4061-bbff-3209b0f4151c req-8e861bd5-a0ba-4cfc-a19e-8fa7035a18bb service placement] found 2 providers with available 1024 MEMORY_MB {{(pid=105295) get_provider_ids_matching /opt/stack/placement/placement/objects/research_context.py:563}}
May 26 13:12:20.921294 n-d-843443-1 devstack@placement-api.service[105295]: DEBUG placement.objects.research_context [req-b28c3360-7367-4061-bbff-3209b0f4151c req-8e861bd5-a0ba-4cfc-a19e-8fa7035a18bb service placement] found 2 providers after filtering by previous result {{(pid=105295) get_provider_ids_matching /opt/stack/placement/placement/objects/research_context.py:594}}
May 26 13:12:20.921705 n-d-843443-1 devstack@placement-api.service[105295]: DEBUG placement.objects.research_context [req-b28c3360-7367-4061-bbff-3209b0f4151c req-8e861bd5-a0ba-4cfc-a19e-8fa7035a18bb service placement] found 2 providers with available 1 VCPU {{(pid=105295) get_provider_ids_matching /opt/stack/placement/placement/objects/research_context.py:563}}
May 26 13:12:20.922137 n-d-843443-1 devstack@placement-api.service[105295]: DEBUG placement.objects.research_context [req-b28c3360-7367-4061-bbff-3209b0f4151c req-8e861bd5-a0ba-4cfc-a19e-8fa7035a18bb service placement] found 2 providers after filtering by previous result {{(pid=105295) get_provider_ids_matching /opt/stack/placement/placement/objects/research_context.py:594}}
May 26 13:12:20.938842 n-d-843443-1 devstack@placement-api.service[105295]: DEBUG placement.objects.allocation_candidate [req-b28c3360-7367-4061-bbff-3209b0f4151c req-8e861bd5-a0ba-4cfc-a19e-8fa7035a18bb service placement] RequestGroup(use_same_provider=False, resources={DISK_GB:1, MEMORY_MB:1024, VCPU:1}, traits=(), aggregates=[]) (suffix '') returned 2 matches {{(pid=105295) _get_by_requests /opt/stack/placement/placement/objects/allocation_candidate.py:156}}
May 26 13:12:20.939603 n-d-843443-1 devstack@placement-api.service[105295]: DEBUG placement.objects.allocation_candidate [req-b28c3360-7367-4061-bbff-3209b0f4151c req-8e861bd5-a0ba-4cfc-a19e-8fa7035a18bb service placement] Merging candidates yields 2 allocation requests and 2 provider summaries {{(pid=105295) _merge_candidates /opt/stack/placement/placement/objects/allocation_candidate.py:809}}
May 26 13:12:20.941386 n-d-843443-1 devstack@placement-api.service[105295]: INFO placement.requestlog [req-b28c3360-7367-4061-bbff-3209b0f4151c req-8e861bd5-a0ba-4cfc-a19e-8fa7035a18bb service placement] 10.222.0.53 "GET /placement/allocation_candidates?limit=1000&resources=DISK_GB%3A1%2CMEMORY_MB%3A1024%2CVCPU%3A1&root_required=%21COMPUTE_STATUS_DISABLED" status: 200 len: 1309 microversion: 1.36
May 26 13:12:20.946701 n-d-843443-1 devstack@placement-api.service[105295]: [pid: 105295|app: 0|req: 118/234] 10.222.0.53 () {60 vars in 1506 bytes} [Thu May 26 13:12:20 2022] GET /placement/allocation_candidates?limit=1000&resources=DISK_GB%3A1%2CMEMORY_MB%3A1024%2CVCPU%3A1&root_required=%21COMPUTE_STATUS_DISABLED => generated 1309 bytes in 91 msecs (HTTP/1.1 200) 8 headers in 297 bytes (1 switches on core 0)
May 26 13:12:21.047169 n-d-843443-1 devstack@placement-api.service[105294]: DEBUG placement.requestlog [req-b28c3360-7367-4061-bbff-3209b0f4151c req-8f178d78-2e43-434f-94dc-a0b8b1215fec None None] Starting request: 10.222.0.53 "GET /placement/allocations/b9c0a855-1e62-428c-af9b-494c4bbc1fe5" {{(pid=105294) __call__ /opt/stack/placement/placement/requestlog.py:55}}
May 26 13:12:21.056257 n-d-843443-1 devstack@placement-api.service[105294]: DEBUG dbcounter [-] [105294] Writing DB stats placement:SELECT=81,placement:INSERT=9,placement:DELETE=6,placement:UPDATE=4 {{(pid=105294) stat_writer /usr/local/lib/python3.8/dist-packages/dbcounter.py:114}}
May 26 13:12:21.063161 n-d-843443-1 devstack@placement-api.service[105294]: INFO placement.requestlog [req-b28c3360-7367-4061-bbff-3209b0f4151c req-8f178d78-2e43-434f-94dc-a0b8b1215fec service placement] 10.222.0.53 "GET /placement/allocations/b9c0a855-1e62-428c-af9b-494c4bbc1fe5" status: 200 len: 19 microversion: 1.28
May 26 13:12:21.069086 n-d-843443-1 devstack@placement-api.service[105294]: [pid: 105294|app: 0|req: 117/235] 10.222.0.53 () {60 vars in 1380 bytes} [Thu May 26 13:12:21 2022] GET /placement/allocations/b9c0a855-1e62-428c-af9b-494c4bbc1fe5 => generated 19 bytes in 22 msecs (HTTP/1.1 200) 8 headers in 295 bytes (1 switches on core 0)
May 26 13:12:21.075416 n-d-843443-1 devstack@placement-api.service[105295]: DEBUG placement.requestlog [req-b28c3360-7367-4061-bbff-3209b0f4151c req-6653d0bc-6fe9-4610-b84e-0d87ccbd80a5 None None] Starting request: 10.222.0.53 "PUT /placement/allocations/b9c0a855-1e62-428c-af9b-494c4bbc1fe5" {{(pid=105295) __call__ /opt/stack/placement/placement/requestlog.py:55}}
May 26 13:12:21.175087 n-d-843443-1 devstack@placement-api.service[105295]: DEBUG placement.handlers.allocation [req-b28c3360-7367-4061-bbff-3209b0f4151c req-6653d0bc-6fe9-4610-b84e-0d87ccbd80a5 service placement] Successfully wrote allocations [, , ] {{(pid=105295) _update_consumers_and_create_allocations /opt/stack/placement/placement/handlers/allocation.py:462}}
May 26 13:12:21.180685 n-d-843443-1 devstack@placement-api.service[105295]: INFO placement.requestlog [req-b28c3360-7367-4061-bbff-3209b0f4151c req-6653d0bc-6fe9-4610-b84e-0d87ccbd80a5 service placement] 10.222.0.53 "PUT /placement/allocations/b9c0a855-1e62-428c-af9b-494c4bbc1fe5" status: 204 len: 0 microversion: 1.36
May 26 13:12:21.181094 n-d-843443-1 devstack@placement-api.service[105295]: [pid: 105295|app: 0|req: 119/236] 10.222.0.53 () {64 vars in 1433 bytes} [Thu May 26 13:12:21 2022] PUT /placement/allocations/b9c0a855-1e62-428c-af9b-494c4bbc1fe5 => generated 0 bytes in 106 msecs (HTTP/1.1 204) 5 headers in 199 bytes (2 switches on core 0)
May 26 13:12:21.719041 n-d-843443-1 devstack@placement-api.service[105294]: DEBUG placement.requestlog [req-b28c3360-7367-4061-bbff-3209b0f4151c req-743e56e7-f2af-44d1-a918-d007f0e38fac None None] Starting request: 10.222.0.32 "GET /placement/allocations/b9c0a855-1e62-428c-af9b-494c4bbc1fe5" {{(pid=105294) __call__ /opt/stack/placement/placement/requestlog.py:55}}
May 26 13:12:21.740719 n-d-843443-1 devstack@placement-api.service[105294]: INFO placement.requestlog [req-b28c3360-7367-4061-bbff-3209b0f4151c req-743e56e7-f2af-44d1-a918-d007f0e38fac service placement] 10.222.0.32 "GET /placement/allocations/b9c0a855-1e62-428c-af9b-494c4bbc1fe5" status: 200 len: 259 microversion: 1.28
May 26 13:12:21.741955 n-d-843443-1 devstack@placement-api.service[105294]: [pid: 105294|app: 0|req: 118/237] 10.222.0.32 () {60 vars in 1377 bytes} [Thu May 26 13:12:21 2022] GET /placement/allocations/b9c0a855-1e62-428c-af9b-494c4bbc1fe5 => generated 259 bytes in 23 msecs (HTTP/1.1 200) 8 headers in 296 bytes (1 switches on core 0)
May 26 13:12:24.983383 n-d-843443-1 devstack@placement-api.service[105295]: DEBUG placement.requestlog [None req-8250d2ab-6490-4ce1-be7d-81da8dd13a2a None None] Starting request: 10.222.0.53 "GET /placement/resource_providers/d4dcdb2c-ef77-49a5-a241-7d2e5b9d35df/aggregates" {{(pid=105295) __call__ /opt/stack/placement/placement/requestlog.py:55}}
May 26 13:12:25.001884 n-d-843443-1 devstack@placement-api.service[105295]: INFO placement.requestlog [None req-8250d2ab-6490-4ce1-be7d-81da8dd13a2a service placement] 10.222.0.53 "GET /placement/resource_providers/d4dcdb2c-ef77-49a5-a241-7d2e5b9d35df/aggregates" status: 404 len: 235 microversion: 1.1
May 26 13:12:25.004023 n-d-843443-1 devstack@placement-api.service[105295]: [pid: 105295|app: 0|req: 120/238] 10.222.0.53 () {58 vars in 1362 bytes} [Thu May 26 13:12:24 2022] GET /placement/resource_providers/d4dcdb2c-ef77-49a5-a241-7d2e5b9d35df/aggregates => generated 235 bytes in 21 msecs (HTTP/1.1 404) 5 headers in 202 bytes (1 switches on core 0)
May 26 13:12:25.052124 n-d-843443-1 devstack@placement-api.service[105294]: DEBUG placement.requestlog [None req-42b444ea-53b0-499c-86b7-58fdb600d102 None None] Starting request: 10.222.0.53 "DELETE /placement/resource_providers/d4dcdb2c-ef77-49a5-a241-7d2e5b9d35df" {{(pid=105294) __call__ /opt/stack/placement/placement/requestlog.py:55}}
May 26 13:12:25.071568 n-d-843443-1 devstack@placement-api.service[105294]: DEBUG placement.wsgi_wrapper [None req-42b444ea-53b0-499c-86b7-58fdb600d102 service placement] Placement API returning an error response: No resource provider with uuid d4dcdb2c-ef77-49a5-a241-7d2e5b9d35df found for delete {{(pid=105294) call_func /opt/stack/placement/placement/wsgi_wrapper.py:31}}
May 26 13:12:25.072342 n-d-843443-1 devstack@placement-api.service[105294]: INFO placement.requestlog [None req-42b444ea-53b0-499c-86b7-58fdb600d102 service placement] 10.222.0.53 "DELETE /placement/resource_providers/d4dcdb2c-ef77-49a5-a241-7d2e5b9d35df" status: 404 len: 246 microversion: 1.1
May 26 13:12:25.073323 n-d-843443-1 devstack@placement-api.service[105294]: [pid: 105294|app: 0|req: 119/239] 10.222.0.53 () {60 vars in 1351 bytes} [Thu May 26 13:12:25 2022] DELETE /placement/resource_providers/d4dcdb2c-ef77-49a5-a241-7d2e5b9d35df => generated 246 bytes in 21 msecs (HTTP/1.1 404) 6 headers in 231 bytes (1 switches on core 0)
May 26 13:12:27.981852 n-d-843443-1 devstack@placement-api.service[105295]: DEBUG placement.requestlog [req-97db40e0-ffad-4a8d-ae2c-0eb5113c551b req-58547844-c692-4967-8236-2b48fb937ac5 None None] Starting request: 10.222.0.32 "GET /placement/resource_providers/1a75096b-d9bf-431d-841e-0c11a5b0ea28/allocations" {{(pid=105295) __call__ /opt/stack/placement/placement/requestlog.py:55}}
May 26 13:12:28.024290 n-d-843443-1 devstack@placement-api.service[105295]: INFO placement.requestlog [req-97db40e0-ffad-4a8d-ae2c-0eb5113c551b req-58547844-c692-4967-8236-2b48fb937ac5 service placement] 10.222.0.32 "GET /placement/resource_providers/1a75096b-d9bf-431d-841e-0c11a5b0ea28/allocations" status: 200 len: 861 microversion: 1.0
May 26 13:12:28.025280 n-d-843443-1 devstack@placement-api.service[105295]: [pid: 105295|app: 0|req: 121/240] 10.222.0.32 () {58 vars in 1390 bytes} [Thu May 26 13:12:27 2022] GET /placement/resource_providers/1a75096b-d9bf-431d-841e-0c11a5b0ea28/allocations => generated 861 bytes in 44 msecs (HTTP/1.1 200) 6 headers in 224 bytes (1 switches on core 0)
May 26 13:12:30.099413 n-d-843443-1 devstack@placement-api.service[105294]: DEBUG placement.requestlog [req-8219eea1-6172-41c4-a6bb-ac3d67a57d51 req-6b462dca-408a-4364-83d0-1fff653b582e None None] Starting request: 10.222.0.69 "GET /placement/resource_providers/ea32f8c5-22d6-4936-97e9-b33e12e11e6c/allocations" {{(pid=105294) __call__ /opt/stack/placement/placement/requestlog.py:55}}
May 26 13:12:30.139437 n-d-843443-1 devstack@placement-api.service[105294]: INFO placement.requestlog [req-8219eea1-6172-41c4-a6bb-ac3d67a57d51 req-6b462dca-408a-4364-83d0-1fff653b582e service placement] 10.222.0.69 "GET /placement/resource_providers/ea32f8c5-22d6-4936-97e9-b33e12e11e6c/allocations" status: 200 len: 645 microversion: 1.0
May 26 13:12:30.140201 n-d-843443-1 devstack@placement-api.service[105294]: [pid: 105294|app: 0|req: 120/241] 10.222.0.69 () {58 vars in 1390 bytes} [Thu May 26 13:12:30 2022] GET /placement/resource_providers/ea32f8c5-22d6-4936-97e9-b33e12e11e6c/allocations => generated 645 bytes in 41 msecs (HTTP/1.1 200) 6 headers in 224 bytes (1 switches on core 0)
May 26 13:12:33.300814 n-d-843443-1 devstack@placement-api.service[105295]: DEBUG placement.requestlog [req-ddbfa521-f778-4a20-85e9-0afae5093f06 req-a32495a7-4724-4a0d-90a1-a34cc7d99e05 None None] Starting request: 10.222.0.69 "DELETE /placement/allocations/fdfba979-b1a0-47d6-bb4f-118c3890c004" {{(pid=105295) __call__ /opt/stack/placement/placement/requestlog.py:55}}
May 26 13:12:33.308710 n-d-843443-1 devstack@placement-api.service[105295]: DEBUG dbcounter [-] [105295] Writing DB stats placement:SELECT=74,placement:INSERT=12,placement:DELETE=7,placement:UPDATE=7 {{(pid=105295) stat_writer /usr/local/lib/python3.8/dist-packages/dbcounter.py:114}}
May 26 13:12:33.364740 n-d-843443-1 devstack@placement-api.service[105295]: DEBUG placement.handlers.allocation [req-ddbfa521-f778-4a20-85e9-0afae5093f06 req-a32495a7-4724-4a0d-90a1-a34cc7d99e05 service placement] Successfully deleted allocations [, , ] {{(pid=105295) delete_allocations /opt/stack/placement/placement/handlers/allocation.py:627}}
May 26 13:12:33.365594 n-d-843443-1 devstack@placement-api.service[105295]: INFO placement.requestlog [req-ddbfa521-f778-4a20-85e9-0afae5093f06 req-a32495a7-4724-4a0d-90a1-a34cc7d99e05 service placement] 10.222.0.69 "DELETE /placement/allocations/fdfba979-b1a0-47d6-bb4f-118c3890c004" status: 204 len: 0 microversion: 1.0
May 26 13:12:33.366599 n-d-843443-1 devstack@placement-api.service[105295]: [pid: 105295|app: 0|req: 122/242] 10.222.0.69 () {60 vars in 1355 bytes} [Thu May 26 13:12:33 2022] DELETE /placement/allocations/fdfba979-b1a0-47d6-bb4f-118c3890c004 => generated 0 bytes in 66 msecs (HTTP/1.1 204) 5 headers in 198 bytes (1 switches on core 0)
May 26 13:12:35.947340 n-d-843443-1 devstack@placement-api.service[105294]: DEBUG placement.requestlog [req-709ddb2a-b371-4126-8d99-b3035cb9311e req-bf9df890-800b-41d6-b682-e6b5cca29be2 None None] Starting request: 10.222.0.69 "GET /placement/resource_providers/ea32f8c5-22d6-4936-97e9-b33e12e11e6c/allocations" {{(pid=105294) __call__ /opt/stack/placement/placement/requestlog.py:55}}
May 26 13:12:35.989501 n-d-843443-1 devstack@placement-api.service[105294]: INFO placement.requestlog [req-709ddb2a-b371-4126-8d99-b3035cb9311e req-bf9df890-800b-41d6-b682-e6b5cca29be2 service placement] 10.222.0.69 "GET /placement/resource_providers/ea32f8c5-22d6-4936-97e9-b33e12e11e6c/allocations" status: 200 len: 544 microversion: 1.0
May 26 13:12:35.990180 n-d-843443-1 devstack@placement-api.service[105294]: [pid: 105294|app: 0|req: 121/243] 10.222.0.69 () {58 vars in 1390 bytes} [Thu May 26 13:12:35 2022] GET /placement/resource_providers/ea32f8c5-22d6-4936-97e9-b33e12e11e6c/allocations => generated 544 bytes in 43 msecs (HTTP/1.1 200) 6 headers in 224 bytes (1 switches on core 0)
May 26 13:12:36.344244 n-d-843443-1 devstack@placement-api.service[105295]: DEBUG placement.requestlog [req-709ddb2a-b371-4126-8d99-b3035cb9311e req-8ff86314-0fd0-4e18-9ab2-0e1caf37a9d7 None None] Starting request: 10.222.0.69 "GET /placement/allocations/8b143cfc-e87b-4098-9f5e-889660be2580" {{(pid=105295) __call__ /opt/stack/placement/placement/requestlog.py:55}}
May 26 13:12:36.365883 n-d-843443-1 devstack@placement-api.service[105295]: INFO placement.requestlog [req-709ddb2a-b371-4126-8d99-b3035cb9311e req-8ff86314-0fd0-4e18-9ab2-0e1caf37a9d7 service placement] 10.222.0.69 "GET /placement/allocations/8b143cfc-e87b-4098-9f5e-889660be2580" status: 200 len: 259 microversion: 1.28
May 26 13:12:36.369698 n-d-843443-1 devstack@placement-api.service[105295]: [pid: 105295|app: 0|req: 123/244] 10.222.0.69 () {60 vars in 1377 bytes} [Thu May 26 13:12:36 2022] GET /placement/allocations/8b143cfc-e87b-4098-9f5e-889660be2580 => generated 259 bytes in 26 msecs (HTTP/1.1 200) 8 headers in 296 bytes (1 switches on core 0)
May 26 13:12:36.377079 n-d-843443-1 devstack@placement-api.service[105294]: DEBUG placement.requestlog [req-709ddb2a-b371-4126-8d99-b3035cb9311e req-7561b4b3-6322-4e24-86f8-89f0894f1d36 None None] Starting request: 10.222.0.69 "PUT /placement/allocations/8b143cfc-e87b-4098-9f5e-889660be2580" {{(pid=105294) __call__ /opt/stack/placement/placement/requestlog.py:55}}
May 26 13:12:36.458330 n-d-843443-1 devstack@placement-api.service[105294]: DEBUG placement.handlers.allocation [req-709ddb2a-b371-4126-8d99-b3035cb9311e req-7561b4b3-6322-4e24-86f8-89f0894f1d36 service placement] Successfully wrote allocations [, , ] {{(pid=105294) _update_consumers_and_create_allocations /opt/stack/placement/placement/handlers/allocation.py:462}}
May 26 13:12:36.464633 n-d-843443-1 devstack@placement-api.service[105294]: INFO placement.requestlog [req-709ddb2a-b371-4126-8d99-b3035cb9311e req-7561b4b3-6322-4e24-86f8-89f0894f1d36 service placement] 10.222.0.69 "PUT /placement/allocations/8b143cfc-e87b-4098-9f5e-889660be2580" status: 204 len: 0 microversion: 1.28
May 26 13:12:36.465761 n-d-843443-1 devstack@placement-api.service[105294]: [pid: 105294|app: 0|req: 122/245] 10.222.0.69 () {64 vars in 1430 bytes} [Thu May 26 13:12:36 2022] PUT /placement/allocations/8b143cfc-e87b-4098-9f5e-889660be2580 => generated 0 bytes in 89 msecs (HTTP/1.1 204) 5 headers in 199 bytes (2 switches on core 0)
May 26 13:12:36.597278 n-d-843443-1 devstack@placement-api.service[105295]: DEBUG placement.requestlog [req-ab4927a7-314d-4b0a-8243-cef01bfc4c6d req-d6a85190-a83e-4359-be02-6ed0c6ba20cf None None] Starting request: 10.222.0.53 "GET /placement/allocation_candidates?limit=1000&resources=DISK_GB%3A1%2CMEMORY_MB%3A1024%2CVCPU%3A1&root_required=%21COMPUTE_STATUS_DISABLED" {{(pid=105295) __call__ /opt/stack/placement/placement/requestlog.py:55}}
May 26 13:12:36.682305 n-d-843443-1 devstack@placement-api.service[105295]: DEBUG placement.objects.research_context [req-ab4927a7-314d-4b0a-8243-cef01bfc4c6d req-d6a85190-a83e-4359-be02-6ed0c6ba20cf service placement] getting providers with 1 DISK_GB {{(pid=105295) __init__ /opt/stack/placement/placement/objects/research_context.py:136}}
May 26 13:12:36.695735 n-d-843443-1 devstack@placement-api.service[105295]: DEBUG placement.objects.research_context [req-ab4927a7-314d-4b0a-8243-cef01bfc4c6d req-d6a85190-a83e-4359-be02-6ed0c6ba20cf service placement] getting providers with 1024 MEMORY_MB {{(pid=105295) __init__ /opt/stack/placement/placement/objects/research_context.py:136}}
May 26 13:12:36.706298 n-d-843443-1 devstack@placement-api.service[105295]: DEBUG placement.objects.research_context [req-ab4927a7-314d-4b0a-8243-cef01bfc4c6d req-d6a85190-a83e-4359-be02-6ed0c6ba20cf service placement] getting providers with 1 VCPU {{(pid=105295) __init__ /opt/stack/placement/placement/objects/research_context.py:136}}
May 26 13:12:36.721295 n-d-843443-1 devstack@placement-api.service[105295]: DEBUG placement.objects.research_context [req-ab4927a7-314d-4b0a-8243-cef01bfc4c6d req-d6a85190-a83e-4359-be02-6ed0c6ba20cf service placement] found 2 providers with available 1 DISK_GB {{(pid=105295) get_provider_ids_matching /opt/stack/placement/placement/objects/research_context.py:563}}
May 26 13:12:36.721579 n-d-843443-1 devstack@placement-api.service[105295]: DEBUG placement.objects.research_context [req-ab4927a7-314d-4b0a-8243-cef01bfc4c6d req-d6a85190-a83e-4359-be02-6ed0c6ba20cf service placement] found 2 providers with available 1024 MEMORY_MB {{(pid=105295) get_provider_ids_matching /opt/stack/placement/placement/objects/research_context.py:563}}
May 26 13:12:36.721824 n-d-843443-1 devstack@placement-api.service[105295]: DEBUG placement.objects.research_context [req-ab4927a7-314d-4b0a-8243-cef01bfc4c6d req-d6a85190-a83e-4359-be02-6ed0c6ba20cf service placement] found 2 providers after filtering by previous result {{(pid=105295) get_provider_ids_matching /opt/stack/placement/placement/objects/research_context.py:594}}
May 26 13:12:36.722324 n-d-843443-1 devstack@placement-api.service[105295]: DEBUG placement.objects.research_context [req-ab4927a7-314d-4b0a-8243-cef01bfc4c6d req-d6a85190-a83e-4359-be02-6ed0c6ba20cf service placement] found 2 providers with available 1 VCPU {{(pid=105295) get_provider_ids_matching /opt/stack/placement/placement/objects/research_context.py:563}}
May 26 13:12:36.722778 n-d-843443-1 devstack@placement-api.service[105295]: DEBUG placement.objects.research_context [req-ab4927a7-314d-4b0a-8243-cef01bfc4c6d req-d6a85190-a83e-4359-be02-6ed0c6ba20cf service placement] found 2 providers after filtering by previous result {{(pid=105295) get_provider_ids_matching /opt/stack/placement/placement/objects/research_context.py:594}}
May 26 13:12:36.746761 n-d-843443-1 devstack@placement-api.service[105295]: DEBUG placement.objects.allocation_candidate [req-ab4927a7-314d-4b0a-8243-cef01bfc4c6d req-d6a85190-a83e-4359-be02-6ed0c6ba20cf service placement] RequestGroup(use_same_provider=False, resources={DISK_GB:1, MEMORY_MB:1024, VCPU:1}, traits=(), aggregates=[]) (suffix '') returned 2 matches {{(pid=105295) _get_by_requests /opt/stack/placement/placement/objects/allocation_candidate.py:156}}
May 26 13:12:36.747405 n-d-843443-1 devstack@placement-api.service[105295]: DEBUG placement.objects.allocation_candidate [req-ab4927a7-314d-4b0a-8243-cef01bfc4c6d req-d6a85190-a83e-4359-be02-6ed0c6ba20cf service placement] Merging candidates yields 2 allocation requests and 2 provider summaries {{(pid=105295) _merge_candidates /opt/stack/placement/placement/objects/allocation_candidate.py:809}}
May 26 13:12:36.749220 n-d-843443-1 devstack@placement-api.service[105295]: INFO placement.requestlog [req-ab4927a7-314d-4b0a-8243-cef01bfc4c6d req-d6a85190-a83e-4359-be02-6ed0c6ba20cf service placement] 10.222.0.53 "GET /placement/allocation_candidates?limit=1000&resources=DISK_GB%3A1%2CMEMORY_MB%3A1024%2CVCPU%3A1&root_required=%21COMPUTE_STATUS_DISABLED" status: 200 len: 1309 microversion: 1.36
May 26 13:12:36.750067 n-d-843443-1 devstack@placement-api.service[105295]: [pid: 105295|app: 0|req: 124/246] 10.222.0.53 () {60 vars in 1506 bytes} [Thu May 26 13:12:36 2022] GET /placement/allocation_candidates?limit=1000&resources=DISK_GB%3A1%2CMEMORY_MB%3A1024%2CVCPU%3A1&root_required=%21COMPUTE_STATUS_DISABLED => generated 1309 bytes in 153 msecs (HTTP/1.1 200) 8 headers in 297 bytes (1 switches on core 0)
May 26 13:12:36.886627 n-d-843443-1 devstack@placement-api.service[105294]: DEBUG placement.requestlog [req-ab4927a7-314d-4b0a-8243-cef01bfc4c6d req-39732b80-5e76-4938-a0fc-d1d9c60a1be6 None None] Starting request: 10.222.0.53 "GET /placement/allocations/7d9970df-5486-4e2d-8b81-628b49d38e6d" {{(pid=105294) __call__ /opt/stack/placement/placement/requestlog.py:55}}
May 26 13:12:36.899752 n-d-843443-1 devstack@placement-api.service[105294]: INFO placement.requestlog [req-ab4927a7-314d-4b0a-8243-cef01bfc4c6d req-39732b80-5e76-4938-a0fc-d1d9c60a1be6 service placement] 10.222.0.53 "GET /placement/allocations/7d9970df-5486-4e2d-8b81-628b49d38e6d" status: 200 len: 19 microversion: 1.28
May 26 13:12:36.900147 n-d-843443-1 devstack@placement-api.service[105294]: [pid: 105294|app: 0|req: 123/247] 10.222.0.53 () {60 vars in 1380 bytes} [Thu May 26 13:12:36 2022] GET /placement/allocations/7d9970df-5486-4e2d-8b81-628b49d38e6d => generated 19 bytes in 14 msecs (HTTP/1.1 200) 8 headers in 295 bytes (1 switches on core 0)
May 26 13:12:36.908695 n-d-843443-1 devstack@placement-api.service[105295]: DEBUG placement.requestlog [req-ab4927a7-314d-4b0a-8243-cef01bfc4c6d req-9b255c5b-8a38-49d6-9e8c-120c57d59e0b None None] Starting request: 10.222.0.53 "PUT /placement/allocations/7d9970df-5486-4e2d-8b81-628b49d38e6d" {{(pid=105295) __call__ /opt/stack/placement/placement/requestlog.py:55}}
May 26 13:12:37.017188 n-d-843443-1 devstack@placement-api.service[105295]: DEBUG placement.handlers.allocation [req-ab4927a7-314d-4b0a-8243-cef01bfc4c6d req-9b255c5b-8a38-49d6-9e8c-120c57d59e0b service placement] Successfully wrote allocations [, , ] {{(pid=105295) _update_consumers_and_create_allocations /opt/stack/placement/placement/handlers/allocation.py:462}}
May 26 13:12:37.024733 n-d-843443-1 devstack@placement-api.service[105295]: INFO placement.requestlog [req-ab4927a7-314d-4b0a-8243-cef01bfc4c6d req-9b255c5b-8a38-49d6-9e8c-120c57d59e0b service placement] 10.222.0.53 "PUT /placement/allocations/7d9970df-5486-4e2d-8b81-628b49d38e6d" status: 204 len: 0 microversion: 1.36
May 26 13:12:37.025334 n-d-843443-1 devstack@placement-api.service[105295]: [pid: 105295|app: 0|req: 125/248] 10.222.0.53 () {64 vars in 1433 bytes} [Thu May 26 13:12:36 2022] PUT /placement/allocations/7d9970df-5486-4e2d-8b81-628b49d38e6d => generated 0 bytes in 117 msecs (HTTP/1.1 204) 5 headers in 199 bytes (1 switches on core 0)
May 26 13:12:37.567895 n-d-843443-1 devstack@placement-api.service[105294]: DEBUG placement.requestlog [req-ab4927a7-314d-4b0a-8243-cef01bfc4c6d req-21b8eefc-5eca-4895-8584-5cffd64082ff None None] Starting request: 10.222.0.69 "GET /placement/allocations/7d9970df-5486-4e2d-8b81-628b49d38e6d" {{(pid=105294) __call__ /opt/stack/placement/placement/requestlog.py:55}}
May 26 13:12:37.586974 n-d-843443-1 devstack@placement-api.service[105294]: INFO placement.requestlog [req-ab4927a7-314d-4b0a-8243-cef01bfc4c6d req-21b8eefc-5eca-4895-8584-5cffd64082ff service placement] 10.222.0.69 "GET /placement/allocations/7d9970df-5486-4e2d-8b81-628b49d38e6d" status: 200 len: 259 microversion: 1.28
May 26 13:12:37.590736 n-d-843443-1 devstack@placement-api.service[105294]: [pid: 105294|app: 0|req: 124/249] 10.222.0.69 () {60 vars in 1377 bytes} [Thu May 26 13:12:37 2022] GET /placement/allocations/7d9970df-5486-4e2d-8b81-628b49d38e6d => generated 259 bytes in 23 msecs (HTTP/1.1 200) 8 headers in 296 bytes (1 switches on core 0)
May 26 13:12:39.767244 n-d-843443-1 devstack@placement-api.service[105295]: DEBUG placement.requestlog [req-0c2fb07f-a702-4934-a1f6-d1c2ae225d95 req-b31f6f25-35e8-4d35-8c49-4bb28178766d None None] Starting request: 10.222.0.53 "GET /placement/allocation_candidates?limit=1000&resources=DISK_GB%3A1%2CMEMORY_MB%3A1024%2CVCPU%3A1&root_required=%21COMPUTE_STATUS_DISABLED" {{(pid=105295) __call__ /opt/stack/placement/placement/requestlog.py:55}}
May 26 13:12:39.822590 n-d-843443-1 devstack@placement-api.service[105295]: DEBUG placement.objects.research_context [req-0c2fb07f-a702-4934-a1f6-d1c2ae225d95 req-b31f6f25-35e8-4d35-8c49-4bb28178766d service placement] getting providers with 1 DISK_GB {{(pid=105295) __init__ /opt/stack/placement/placement/objects/research_context.py:136}}
May 26 13:12:39.840929 n-d-843443-1 devstack@placement-api.service[105295]: DEBUG placement.objects.research_context [req-0c2fb07f-a702-4934-a1f6-d1c2ae225d95 req-b31f6f25-35e8-4d35-8c49-4bb28178766d service placement] getting providers with 1024 MEMORY_MB {{(pid=105295) __init__ /opt/stack/placement/placement/objects/research_context.py:136}}
May 26 13:12:39.851283 n-d-843443-1 devstack@placement-api.service[105295]: DEBUG placement.objects.research_context [req-0c2fb07f-a702-4934-a1f6-d1c2ae225d95 req-b31f6f25-35e8-4d35-8c49-4bb28178766d service placement] getting providers with 1 VCPU {{(pid=105295) __init__ /opt/stack/placement/placement/objects/research_context.py:136}}
May 26 13:12:39.863532 n-d-843443-1 devstack@placement-api.service[105295]: DEBUG placement.objects.research_context [req-0c2fb07f-a702-4934-a1f6-d1c2ae225d95 req-b31f6f25-35e8-4d35-8c49-4bb28178766d service placement] found 2 providers with available 1 DISK_GB {{(pid=105295) get_provider_ids_matching /opt/stack/placement/placement/objects/research_context.py:563}}
May 26 13:12:39.864943 n-d-843443-1 devstack@placement-api.service[105295]: DEBUG placement.objects.research_context [req-0c2fb07f-a702-4934-a1f6-d1c2ae225d95 req-b31f6f25-35e8-4d35-8c49-4bb28178766d service placement] found 2 providers with available 1024 MEMORY_MB {{(pid=105295) get_provider_ids_matching /opt/stack/placement/placement/objects/research_context.py:563}}
May 26 13:12:39.865242 n-d-843443-1 devstack@placement-api.service[105295]: DEBUG placement.objects.research_context [req-0c2fb07f-a702-4934-a1f6-d1c2ae225d95 req-b31f6f25-35e8-4d35-8c49-4bb28178766d service placement] found 2 providers after filtering by previous result {{(pid=105295) get_provider_ids_matching /opt/stack/placement/placement/objects/research_context.py:594}}
May 26 13:12:39.865500 n-d-843443-1 devstack@placement-api.service[105295]: DEBUG placement.objects.research_context [req-0c2fb07f-a702-4934-a1f6-d1c2ae225d95 req-b31f6f25-35e8-4d35-8c49-4bb28178766d service placement] found 2 providers with available 1 VCPU {{(pid=105295) get_provider_ids_matching /opt/stack/placement/placement/objects/research_context.py:563}}
May 26 13:12:39.865763 n-d-843443-1 devstack@placement-api.service[105295]: DEBUG placement.objects.research_context [req-0c2fb07f-a702-4934-a1f6-d1c2ae225d95 req-b31f6f25-35e8-4d35-8c49-4bb28178766d service placement] found 2 providers after filtering by previous result {{(pid=105295) get_provider_ids_matching /opt/stack/placement/placement/objects/research_context.py:594}}
May 26 13:12:39.893465 n-d-843443-1 devstack@placement-api.service[105295]: DEBUG placement.objects.allocation_candidate [req-0c2fb07f-a702-4934-a1f6-d1c2ae225d95 req-b31f6f25-35e8-4d35-8c49-4bb28178766d service placement] RequestGroup(use_same_provider=False, resources={DISK_GB:1, MEMORY_MB:1024, VCPU:1}, traits=(), aggregates=[]) (suffix '') returned 2 matches {{(pid=105295) _get_by_requests /opt/stack/placement/placement/objects/allocation_candidate.py:156}}
May 26 13:12:39.893868 n-d-843443-1 devstack@placement-api.service[105295]: DEBUG placement.objects.allocation_candidate [req-0c2fb07f-a702-4934-a1f6-d1c2ae225d95 req-b31f6f25-35e8-4d35-8c49-4bb28178766d service placement] Merging candidates yields 2 allocation requests and 2 provider summaries {{(pid=105295) _merge_candidates /opt/stack/placement/placement/objects/allocation_candidate.py:809}}
May 26 13:12:39.898460 n-d-843443-1 devstack@placement-api.service[105295]: INFO placement.requestlog [req-0c2fb07f-a702-4934-a1f6-d1c2ae225d95 req-b31f6f25-35e8-4d35-8c49-4bb28178766d service placement] 10.222.0.53 "GET /placement/allocation_candidates?limit=1000&resources=DISK_GB%3A1%2CMEMORY_MB%3A1024%2CVCPU%3A1&root_required=%21COMPUTE_STATUS_DISABLED" status: 200 len: 1309 microversion: 1.36
May 26 13:12:39.899119 n-d-843443-1 devstack@placement-api.service[105295]: [pid: 105295|app: 0|req: 126/250] 10.222.0.53 () {60 vars in 1506 bytes} [Thu May 26 13:12:39 2022] GET /placement/allocation_candidates?limit=1000&resources=DISK_GB%3A1%2CMEMORY_MB%3A1024%2CVCPU%3A1&root_required=%21COMPUTE_STATUS_DISABLED => generated 1309 bytes in 132 msecs (HTTP/1.1 200) 8 headers in 297 bytes (1 switches on core 0)
May 26 13:12:40.012331 n-d-843443-1 devstack@placement-api.service[105294]: DEBUG placement.requestlog [req-0c2fb07f-a702-4934-a1f6-d1c2ae225d95 req-a14015ec-b4db-4221-9397-07b4cc99eaf2 None None] Starting request: 10.222.0.53 "GET /placement/allocations/f590a47b-25ad-41e9-a500-aa9e6a2471ea" {{(pid=105294) __call__ /opt/stack/placement/placement/requestlog.py:55}}
May 26 13:12:40.024898 n-d-843443-1 devstack@placement-api.service[105294]: INFO placement.requestlog [req-0c2fb07f-a702-4934-a1f6-d1c2ae225d95 req-a14015ec-b4db-4221-9397-07b4cc99eaf2 service placement] 10.222.0.53 "GET /placement/allocations/f590a47b-25ad-41e9-a500-aa9e6a2471ea" status: 200 len: 19 microversion: 1.28
May 26 13:12:40.031533 n-d-843443-1 devstack@placement-api.service[105294]: [pid: 105294|app: 0|req: 125/251] 10.222.0.53 () {60 vars in 1380 bytes} [Thu May 26 13:12:40 2022] GET /placement/allocations/f590a47b-25ad-41e9-a500-aa9e6a2471ea => generated 19 bytes in 19 msecs (HTTP/1.1 200) 8 headers in 295 bytes (1 switches on core 0)
May 26 13:12:40.034850 n-d-843443-1 devstack@placement-api.service[105295]: DEBUG placement.requestlog [req-0c2fb07f-a702-4934-a1f6-d1c2ae225d95 req-866f87db-bef5-444d-853b-28b7b3417edf None None] Starting request: 10.222.0.53 "PUT /placement/allocations/f590a47b-25ad-41e9-a500-aa9e6a2471ea" {{(pid=105295) __call__ /opt/stack/placement/placement/requestlog.py:55}}
May 26 13:12:40.152059 n-d-843443-1 devstack@placement-api.service[105295]: DEBUG placement.handlers.allocation [req-0c2fb07f-a702-4934-a1f6-d1c2ae225d95 req-866f87db-bef5-444d-853b-28b7b3417edf service placement] Successfully wrote allocations [, , ] {{(pid=105295) _update_consumers_and_create_allocations /opt/stack/placement/placement/handlers/allocation.py:462}}
May 26 13:12:40.162575 n-d-843443-1 devstack@placement-api.service[105295]: INFO placement.requestlog [req-0c2fb07f-a702-4934-a1f6-d1c2ae225d95 req-866f87db-bef5-444d-853b-28b7b3417edf service placement] 10.222.0.53 "PUT /placement/allocations/f590a47b-25ad-41e9-a500-aa9e6a2471ea" status: 204 len: 0 microversion: 1.36
