May 25 20:01:16.713333 n-d-843338-1 devstack@placement-api.service[88804]: DEBUG placement.requestlog [req-982eb988-845d-4fa0-93e9-a6417d128a48 req-cb935839-b5a8-4083-b6fd-f454ab4f61f8 None None] Starting request: 10.222.0.15 "PUT /placement/allocations/d121aa20-b4a8-46b4-ab18-9efdbe9d5369" {{(pid=88804) __call__ /opt/stack/placement/placement/requestlog.py:55}}
May 25 20:01:16.864298 n-d-843338-1 devstack@placement-api.service[88804]: DEBUG placement.handlers.allocation [req-982eb988-845d-4fa0-93e9-a6417d128a48 req-cb935839-b5a8-4083-b6fd-f454ab4f61f8 service placement] Successfully wrote allocations [, , ] {{(pid=88804) _create_allocations /opt/stack/placement/placement/handlers/allocation.py:435}}
May 25 20:01:16.864815 n-d-843338-1 devstack@placement-api.service[88804]: INFO placement.requestlog [req-982eb988-845d-4fa0-93e9-a6417d128a48 req-cb935839-b5a8-4083-b6fd-f454ab4f61f8 service placement] 10.222.0.15 "PUT /placement/allocations/d121aa20-b4a8-46b4-ab18-9efdbe9d5369" status: 204 len: 0 microversion: 1.35
May 25 20:01:16.865063 n-d-843338-1 devstack@placement-api.service[88804]: [pid: 88804|app: 0|req: 243/479] 10.222.0.15 () {64 vars in 1433 bytes} [Wed May 25 20:01:16 2022] PUT /placement/allocations/d121aa20-b4a8-46b4-ab18-9efdbe9d5369 => generated 0 bytes in 152 msecs (HTTP/1.1 204) 5 headers in 199 bytes (1 switches on core 0)
May 25 20:01:17.778044 n-d-843338-1 devstack@placement-api.service[88805]: DEBUG placement.requestlog [req-982eb988-845d-4fa0-93e9-a6417d128a48 req-c7b8a139-1065-4113-9600-b7cd4372d630 None None] Starting request: 10.222.0.72 "GET /placement/allocations/d121aa20-b4a8-46b4-ab18-9efdbe9d5369" {{(pid=88805) __call__ /opt/stack/placement/placement/requestlog.py:55}}
May 25 20:01:17.807953 n-d-843338-1 devstack@placement-api.service[88805]: INFO placement.requestlog [req-982eb988-845d-4fa0-93e9-a6417d128a48 req-c7b8a139-1065-4113-9600-b7cd4372d630 service placement] 10.222.0.72 "GET /placement/allocations/d121aa20-b4a8-46b4-ab18-9efdbe9d5369" status: 200 len: 259 microversion: 1.28
May 25 20:01:17.811835 n-d-843338-1 devstack@placement-api.service[88805]: [pid: 88805|app: 0|req: 237/480] 10.222.0.72 () {60 vars in 1377 bytes} [Wed May 25 20:01:17 2022] GET /placement/allocations/d121aa20-b4a8-46b4-ab18-9efdbe9d5369 => generated 259 bytes in 34 msecs (HTTP/1.1 200) 8 headers in 296 bytes (1 switches on core 0)
May 25 20:01:25.161439 n-d-843338-1 devstack@placement-api.service[88804]: DEBUG placement.requestlog [req-1e5a28ac-d52c-4e17-a445-245e459d87f1 req-9043d6d9-a0a8-48c5-9a08-98f24d8afa84 None None] Starting request: 10.222.0.32 "GET /placement/resource_providers?in_tree=5589e46f-04c9-4b61-87d4-8120c82c0dc6" {{(pid=88804) __call__ /opt/stack/placement/placement/requestlog.py:55}}
May 25 20:01:25.573459 n-d-843338-1 devstack@placement-api.service[88804]: INFO placement.requestlog [req-1e5a28ac-d52c-4e17-a445-245e459d87f1 req-9043d6d9-a0a8-48c5-9a08-98f24d8afa84 service placement] 10.222.0.32 "GET /placement/resource_providers?in_tree=5589e46f-04c9-4b61-87d4-8120c82c0dc6" status: 200 len: 863 microversion: 1.14
May 25 20:01:25.574159 n-d-843338-1 devstack@placement-api.service[88804]: [pid: 88804|app: 0|req: 244/481] 10.222.0.32 () {60 vars in 1376 bytes} [Wed May 25 20:01:25 2022] GET /placement/resource_providers?in_tree=5589e46f-04c9-4b61-87d4-8120c82c0dc6 => generated 863 bytes in 413 msecs (HTTP/1.1 200) 6 headers in 225 bytes (1 switches on core 0)
May 25 20:01:25.582291 n-d-843338-1 devstack@placement-api.service[88805]: DEBUG placement.requestlog [req-1e5a28ac-d52c-4e17-a445-245e459d87f1 req-8b7ba670-54e1-42a4-8c17-1a113220913c None None] Starting request: 10.222.0.32 "GET /placement/resource_providers/5589e46f-04c9-4b61-87d4-8120c82c0dc6/inventories" {{(pid=88805) __call__ /opt/stack/placement/placement/requestlog.py:55}}
May 25 20:01:25.640111 n-d-843338-1 devstack@placement-api.service[88805]: INFO placement.requestlog [req-1e5a28ac-d52c-4e17-a445-245e459d87f1 req-8b7ba670-54e1-42a4-8c17-1a113220913c service placement] 10.222.0.32 "GET /placement/resource_providers/5589e46f-04c9-4b61-87d4-8120c82c0dc6/inventories" status: 200 len: 398 microversion: 1.0
May 25 20:01:25.643494 n-d-843338-1 devstack@placement-api.service[88805]: [pid: 88805|app: 0|req: 238/482] 10.222.0.32 () {58 vars in 1390 bytes} [Wed May 25 20:01:25 2022] GET /placement/resource_providers/5589e46f-04c9-4b61-87d4-8120c82c0dc6/inventories => generated 398 bytes in 61 msecs (HTTP/1.1 200) 6 headers in 224 bytes (1 switches on core 0)
May 25 20:01:25.653707 n-d-843338-1 devstack@placement-api.service[88804]: DEBUG placement.requestlog [req-1e5a28ac-d52c-4e17-a445-245e459d87f1 req-f87c89d1-e593-4f99-a6d0-730e8cc669a7 None None] Starting request: 10.222.0.32 "GET /placement/resource_providers/5589e46f-04c9-4b61-87d4-8120c82c0dc6/aggregates" {{(pid=88804) __call__ /opt/stack/placement/placement/requestlog.py:55}}
May 25 20:01:25.683272 n-d-843338-1 devstack@placement-api.service[88804]: INFO placement.requestlog [req-1e5a28ac-d52c-4e17-a445-245e459d87f1 req-f87c89d1-e593-4f99-a6d0-730e8cc669a7 service placement] 10.222.0.32 "GET /placement/resource_providers/5589e46f-04c9-4b61-87d4-8120c82c0dc6/aggregates" status: 200 len: 54 microversion: 1.19
May 25 20:01:25.686013 n-d-843338-1 devstack@placement-api.service[88804]: [pid: 88804|app: 0|req: 245/483] 10.222.0.32 () {60 vars in 1431 bytes} [Wed May 25 20:01:25 2022] GET /placement/resource_providers/5589e46f-04c9-4b61-87d4-8120c82c0dc6/aggregates => generated 54 bytes in 33 msecs (HTTP/1.1 200) 8 headers in 295 bytes (1 switches on core 0)
May 25 20:01:25.694540 n-d-843338-1 devstack@placement-api.service[88805]: DEBUG placement.requestlog [req-1e5a28ac-d52c-4e17-a445-245e459d87f1 req-6a2816ce-3d55-4971-9109-98e94974114b None None] Starting request: 10.222.0.32 "GET /placement/resource_providers/5589e46f-04c9-4b61-87d4-8120c82c0dc6/traits" {{(pid=88805) __call__ /opt/stack/placement/placement/requestlog.py:55}}
May 25 20:01:25.747028 n-d-843338-1 devstack@placement-api.service[88805]: INFO placement.requestlog [req-1e5a28ac-d52c-4e17-a445-245e459d87f1 req-6a2816ce-3d55-4971-9109-98e94974114b service placement] 10.222.0.32 "GET /placement/resource_providers/5589e46f-04c9-4b61-87d4-8120c82c0dc6/traits" status: 200 len: 212 microversion: 1.6
May 25 20:01:25.747446 n-d-843338-1 devstack@placement-api.service[88805]: [pid: 88805|app: 0|req: 239/484] 10.222.0.32 () {60 vars in 1418 bytes} [Wed May 25 20:01:25 2022] GET /placement/resource_providers/5589e46f-04c9-4b61-87d4-8120c82c0dc6/traits => generated 212 bytes in 54 msecs (HTTP/1.1 200) 6 headers in 224 bytes (1 switches on core 0)
May 25 20:01:26.111150 n-d-843338-1 devstack@placement-api.service[88804]: DEBUG placement.requestlog [req-1e5a28ac-d52c-4e17-a445-245e459d87f1 req-49c211b1-a1e1-4b8f-973a-420c978b6034 None None] Starting request: 10.222.0.32 "GET /placement/allocations/acd5c999-c020-4fd4-bc7c-eb2deb721867" {{(pid=88804) __call__ /opt/stack/placement/placement/requestlog.py:55}}
May 25 20:01:26.139464 n-d-843338-1 devstack@placement-api.service[88804]: INFO placement.requestlog [req-1e5a28ac-d52c-4e17-a445-245e459d87f1 req-49c211b1-a1e1-4b8f-973a-420c978b6034 service placement] 10.222.0.32 "GET /placement/allocations/acd5c999-c020-4fd4-bc7c-eb2deb721867" status: 200 len: 259 microversion: 1.28
May 25 20:01:26.140103 n-d-843338-1 devstack@placement-api.service[88804]: [pid: 88804|app: 0|req: 246/485] 10.222.0.32 () {60 vars in 1377 bytes} [Wed May 25 20:01:26 2022] GET /placement/allocations/acd5c999-c020-4fd4-bc7c-eb2deb721867 => generated 259 bytes in 30 msecs (HTTP/1.1 200) 8 headers in 296 bytes (1 switches on core 0)
May 25 20:01:26.147960 n-d-843338-1 devstack@placement-api.service[88805]: DEBUG placement.requestlog [req-1e5a28ac-d52c-4e17-a445-245e459d87f1 req-b9f566b7-3699-4ebb-b163-dd6cc4ea5df4 None None] Starting request: 10.222.0.32 "PUT /placement/allocations/acd5c999-c020-4fd4-bc7c-eb2deb721867" {{(pid=88805) __call__ /opt/stack/placement/placement/requestlog.py:55}}
May 25 20:01:26.259894 n-d-843338-1 devstack@placement-api.service[88805]: DEBUG placement.handlers.allocation [req-1e5a28ac-d52c-4e17-a445-245e459d87f1 req-b9f566b7-3699-4ebb-b163-dd6cc4ea5df4 service placement] Successfully wrote allocations [, , ] {{(pid=88805) _create_allocations /opt/stack/placement/placement/handlers/allocation.py:435}}
May 25 20:01:26.261340 n-d-843338-1 devstack@placement-api.service[88805]: INFO placement.requestlog [req-1e5a28ac-d52c-4e17-a445-245e459d87f1 req-b9f566b7-3699-4ebb-b163-dd6cc4ea5df4 service placement] 10.222.0.32 "PUT /placement/allocations/acd5c999-c020-4fd4-bc7c-eb2deb721867" status: 204 len: 0 microversion: 1.28
May 25 20:01:26.261821 n-d-843338-1 devstack@placement-api.service[88805]: [pid: 88805|app: 0|req: 240/486] 10.222.0.32 () {64 vars in 1430 bytes} [Wed May 25 20:01:26 2022] PUT /placement/allocations/acd5c999-c020-4fd4-bc7c-eb2deb721867 => generated 0 bytes in 114 msecs (HTTP/1.1 204) 5 headers in 199 bytes (1 switches on core 0)
May 25 20:01:32.648623 n-d-843338-1 devstack@placement-api.service[88804]: DEBUG placement.requestlog [req-0a88084e-e633-4b42-8ba3-511bb23998d5 req-b134404b-e7b3-4786-92d8-996506e43d03 None None] Starting request: 10.222.0.72 "GET /placement/allocations/d121aa20-b4a8-46b4-ab18-9efdbe9d5369" {{(pid=88804) __call__ /opt/stack/placement/placement/requestlog.py:55}}
May 25 20:01:32.678017 n-d-843338-1 devstack@placement-api.service[88804]: INFO placement.requestlog [req-0a88084e-e633-4b42-8ba3-511bb23998d5 req-b134404b-e7b3-4786-92d8-996506e43d03 service placement] 10.222.0.72 "GET /placement/allocations/d121aa20-b4a8-46b4-ab18-9efdbe9d5369" status: 200 len: 259 microversion: 1.28
May 25 20:01:32.679894 n-d-843338-1 devstack@placement-api.service[88804]: [pid: 88804|app: 0|req: 247/487] 10.222.0.72 () {60 vars in 1377 bytes} [Wed May 25 20:01:32 2022] GET /placement/allocations/d121aa20-b4a8-46b4-ab18-9efdbe9d5369 => generated 259 bytes in 31 msecs (HTTP/1.1 200) 8 headers in 296 bytes (1 switches on core 0)
May 25 20:01:35.831879 n-d-843338-1 devstack@placement-api.service[88805]: DEBUG placement.requestlog [None req-24b1a671-8fa8-4e65-b54f-f0aa5fe8002e None None] Starting request: 10.222.0.15 "GET /placement/resource_providers/2ad5b842-fd3f-4b0c-852b-1b66772b4316/aggregates" {{(pid=88805) __call__ /opt/stack/placement/placement/requestlog.py:55}}
May 25 20:01:35.844785 n-d-843338-1 devstack@placement-api.service[88805]: INFO placement.requestlog [None req-24b1a671-8fa8-4e65-b54f-f0aa5fe8002e service placement] 10.222.0.15 "GET /placement/resource_providers/2ad5b842-fd3f-4b0c-852b-1b66772b4316/aggregates" status: 404 len: 235 microversion: 1.1
May 25 20:01:35.846284 n-d-843338-1 devstack@placement-api.service[88805]: [pid: 88805|app: 0|req: 241/488] 10.222.0.15 () {58 vars in 1362 bytes} [Wed May 25 20:01:35 2022] GET /placement/resource_providers/2ad5b842-fd3f-4b0c-852b-1b66772b4316/aggregates => generated 235 bytes in 15 msecs (HTTP/1.1 404) 5 headers in 202 bytes (1 switches on core 0)
May 25 20:01:35.998095 n-d-843338-1 devstack@placement-api.service[88804]: DEBUG placement.requestlog [None req-10aa30ab-3f1e-4df6-b41f-5a1251e935ff None None] Starting request: 10.222.0.15 "DELETE /placement/resource_providers/2ad5b842-fd3f-4b0c-852b-1b66772b4316" {{(pid=88804) __call__ /opt/stack/placement/placement/requestlog.py:55}}
May 25 20:01:36.022936 n-d-843338-1 devstack@placement-api.service[88804]: DEBUG placement.wsgi_wrapper [None req-10aa30ab-3f1e-4df6-b41f-5a1251e935ff service placement] Placement API returning an error response: No resource provider with uuid 2ad5b842-fd3f-4b0c-852b-1b66772b4316 found for delete {{(pid=88804) call_func /opt/stack/placement/placement/wsgi_wrapper.py:31}}
May 25 20:01:36.023741 n-d-843338-1 devstack@placement-api.service[88804]: INFO placement.requestlog [None req-10aa30ab-3f1e-4df6-b41f-5a1251e935ff service placement] 10.222.0.15 "DELETE /placement/resource_providers/2ad5b842-fd3f-4b0c-852b-1b66772b4316" status: 404 len: 246 microversion: 1.1
May 25 20:01:36.024396 n-d-843338-1 devstack@placement-api.service[88804]: [pid: 88804|app: 0|req: 248/489] 10.222.0.15 () {60 vars in 1351 bytes} [Wed May 25 20:01:35 2022] DELETE /placement/resource_providers/2ad5b842-fd3f-4b0c-852b-1b66772b4316 => generated 246 bytes in 26 msecs (HTTP/1.1 404) 6 headers in 231 bytes (1 switches on core 0)
May 25 20:01:36.268873 n-d-843338-1 devstack@placement-api.service[88805]: DEBUG placement.requestlog [req-19c4c33d-4454-4825-9fb2-66b45c01bee3 req-82664916-0ac8-421b-b499-14361cf29698 None None] Starting request: 10.222.0.15 "GET /placement/allocation_candidates?limit=1000&resources=MEMORY_MB%3A1024%2CVCPU%3A1&root_required=%21COMPUTE_STATUS_DISABLED" {{(pid=88805) __call__ /opt/stack/placement/placement/requestlog.py:55}}
May 25 20:01:36.318551 n-d-843338-1 devstack@placement-api.service[88805]: DEBUG placement.objects.research_context [req-19c4c33d-4454-4825-9fb2-66b45c01bee3 req-82664916-0ac8-421b-b499-14361cf29698 service placement] getting providers with 1024 MEMORY_MB {{(pid=88805) __init__ /opt/stack/placement/placement/objects/research_context.py:126}}
May 25 20:01:36.332666 n-d-843338-1 devstack@placement-api.service[88805]: DEBUG placement.objects.research_context [req-19c4c33d-4454-4825-9fb2-66b45c01bee3 req-82664916-0ac8-421b-b499-14361cf29698 service placement] getting providers with 1 VCPU {{(pid=88805) __init__ /opt/stack/placement/placement/objects/research_context.py:126}}
May 25 20:01:36.347280 n-d-843338-1 devstack@placement-api.service[88805]: DEBUG placement.objects.research_context [req-19c4c33d-4454-4825-9fb2-66b45c01bee3 req-82664916-0ac8-421b-b499-14361cf29698 service placement] found 2 providers with available 1024 MEMORY_MB {{(pid=88805) get_provider_ids_matching /opt/stack/placement/placement/objects/research_context.py:549}}
May 25 20:01:36.347872 n-d-843338-1 devstack@placement-api.service[88805]: DEBUG placement.objects.research_context [req-19c4c33d-4454-4825-9fb2-66b45c01bee3 req-82664916-0ac8-421b-b499-14361cf29698 service placement] found 2 providers with available 1 VCPU {{(pid=88805) get_provider_ids_matching /opt/stack/placement/placement/objects/research_context.py:549}}
May 25 20:01:36.360177 n-d-843338-1 devstack@placement-api.service[88805]: DEBUG placement.objects.research_context [req-19c4c33d-4454-4825-9fb2-66b45c01bee3 req-82664916-0ac8-421b-b499-14361cf29698 service placement] found 2 providers after filtering by previous result {{(pid=88805) get_provider_ids_matching /opt/stack/placement/placement/objects/research_context.py:580}}
May 25 20:01:36.376590 n-d-843338-1 devstack@placement-api.service[88805]: DEBUG placement.objects.allocation_candidate [req-19c4c33d-4454-4825-9fb2-66b45c01bee3 req-82664916-0ac8-421b-b499-14361cf29698 service placement] RequestGroup(use_same_provider=False, resources={MEMORY_MB:1024, VCPU:1}, traits=[], aggregates=[]) (suffix '') returned 2 matches {{(pid=88805) _get_by_requests /opt/stack/placement/placement/objects/allocation_candidate.py:145}}
May 25 20:01:36.387963 n-d-843338-1 devstack@placement-api.service[88805]: DEBUG placement.objects.allocation_candidate [req-19c4c33d-4454-4825-9fb2-66b45c01bee3 req-82664916-0ac8-421b-b499-14361cf29698 service placement] Merging candidates yields 2 allocation requests and 2 provider summaries {{(pid=88805) _merge_candidates /opt/stack/placement/placement/objects/allocation_candidate.py:783}}
May 25 20:01:36.389938 n-d-843338-1 devstack@placement-api.service[88805]: INFO placement.requestlog [req-19c4c33d-4454-4825-9fb2-66b45c01bee3 req-82664916-0ac8-421b-b499-14361cf29698 service placement] 10.222.0.15 "GET /placement/allocation_candidates?limit=1000&resources=MEMORY_MB%3A1024%2CVCPU%3A1&root_required=%21COMPUTE_STATUS_DISABLED" status: 200 len: 1281 microversion: 1.35
May 25 20:01:36.390741 n-d-843338-1 devstack@placement-api.service[88805]: [pid: 88805|app: 0|req: 242/490] 10.222.0.15 () {60 vars in 1478 bytes} [Wed May 25 20:01:36 2022] GET /placement/allocation_candidates?limit=1000&resources=MEMORY_MB%3A1024%2CVCPU%3A1&root_required=%21COMPUTE_STATUS_DISABLED => generated 1281 bytes in 122 msecs (HTTP/1.1 200) 8 headers in 297 bytes (1 switches on core 0)
May 25 20:01:36.490768 n-d-843338-1 devstack@placement-api.service[88804]: DEBUG placement.requestlog [req-19c4c33d-4454-4825-9fb2-66b45c01bee3 req-f0636528-7290-414d-82aa-b0bf45602ce5 None None] Starting request: 10.222.0.15 "GET /placement/allocations/d39405d6-4174-4a73-8acb-cebc23dfb4f7" {{(pid=88804) __call__ /opt/stack/placement/placement/requestlog.py:55}}
May 25 20:01:36.510785 n-d-843338-1 devstack@placement-api.service[88804]: INFO placement.requestlog [req-19c4c33d-4454-4825-9fb2-66b45c01bee3 req-f0636528-7290-414d-82aa-b0bf45602ce5 service placement] 10.222.0.15 "GET /placement/allocations/d39405d6-4174-4a73-8acb-cebc23dfb4f7" status: 200 len: 19 microversion: 1.28
May 25 20:01:36.515841 n-d-843338-1 devstack@placement-api.service[88804]: [pid: 88804|app: 0|req: 249/491] 10.222.0.15 () {60 vars in 1380 bytes} [Wed May 25 20:01:36 2022] GET /placement/allocations/d39405d6-4174-4a73-8acb-cebc23dfb4f7 => generated 19 bytes in 25 msecs (HTTP/1.1 200) 8 headers in 295 bytes (1 switches on core 0)
May 25 20:01:36.517907 n-d-843338-1 devstack@placement-api.service[88805]: DEBUG placement.requestlog [req-19c4c33d-4454-4825-9fb2-66b45c01bee3 req-58261a99-a519-458d-b387-50d5b313c91d None None] Starting request: 10.222.0.15 "PUT /placement/allocations/d39405d6-4174-4a73-8acb-cebc23dfb4f7" {{(pid=88805) __call__ /opt/stack/placement/placement/requestlog.py:55}}
May 25 20:01:36.644207 n-d-843338-1 devstack@placement-api.service[88805]: DEBUG placement.handlers.allocation [req-19c4c33d-4454-4825-9fb2-66b45c01bee3 req-58261a99-a519-458d-b387-50d5b313c91d service placement] Successfully wrote allocations [, ] {{(pid=88805) _create_allocations /opt/stack/placement/placement/handlers/allocation.py:435}}
May 25 20:01:36.644863 n-d-843338-1 devstack@placement-api.service[88805]: INFO placement.requestlog [req-19c4c33d-4454-4825-9fb2-66b45c01bee3 req-58261a99-a519-458d-b387-50d5b313c91d service placement] 10.222.0.15 "PUT /placement/allocations/d39405d6-4174-4a73-8acb-cebc23dfb4f7" status: 204 len: 0 microversion: 1.35
May 25 20:01:36.665788 n-d-843338-1 devstack@placement-api.service[88805]: [pid: 88805|app: 0|req: 243/492] 10.222.0.15 () {64 vars in 1433 bytes} [Wed May 25 20:01:36 2022] PUT /placement/allocations/d39405d6-4174-4a73-8acb-cebc23dfb4f7 => generated 0 bytes in 128 msecs (HTTP/1.1 204) 5 headers in 199 bytes (1 switches on core 0)
May 25 20:01:37.212033 n-d-843338-1 devstack@placement-api.service[88804]: DEBUG placement.requestlog [req-0ba20a28-8b9a-4fd0-ab1b-43891915dd77 req-72666336-02f8-4c05-a30b-b2ee7cb63138 None None] Starting request: 10.222.0.15 "GET /placement/allocation_candidates?limit=1000&resources=MEMORY_MB%3A1024%2CVCPU%3A1&root_required=%21COMPUTE_STATUS_DISABLED" {{(pid=88804) __call__ /opt/stack/placement/placement/requestlog.py:55}}
May 25 20:01:37.290312 n-d-843338-1 devstack@placement-api.service[88804]: DEBUG placement.objects.research_context [req-0ba20a28-8b9a-4fd0-ab1b-43891915dd77 req-72666336-02f8-4c05-a30b-b2ee7cb63138 service placement] getting providers with 1024 MEMORY_MB {{(pid=88804) __init__ /opt/stack/placement/placement/objects/research_context.py:126}}
May 25 20:01:37.329673 n-d-843338-1 devstack@placement-api.service[88804]: DEBUG placement.objects.research_context [req-0ba20a28-8b9a-4fd0-ab1b-43891915dd77 req-72666336-02f8-4c05-a30b-b2ee7cb63138 service placement] getting providers with 1 VCPU {{(pid=88804) __init__ /opt/stack/placement/placement/objects/research_context.py:126}}
May 25 20:01:37.354913 n-d-843338-1 devstack@placement-api.service[88804]: DEBUG placement.objects.research_context [req-0ba20a28-8b9a-4fd0-ab1b-43891915dd77 req-72666336-02f8-4c05-a30b-b2ee7cb63138 service placement] found 2 providers with available 1024 MEMORY_MB {{(pid=88804) get_provider_ids_matching /opt/stack/placement/placement/objects/research_context.py:549}}
May 25 20:01:37.355193 n-d-843338-1 devstack@placement-api.service[88804]: DEBUG placement.objects.research_context [req-0ba20a28-8b9a-4fd0-ab1b-43891915dd77 req-72666336-02f8-4c05-a30b-b2ee7cb63138 service placement] found 2 providers with available 1 VCPU {{(pid=88804) get_provider_ids_matching /opt/stack/placement/placement/objects/research_context.py:549}}
May 25 20:01:37.361382 n-d-843338-1 devstack@placement-api.service[88804]: DEBUG placement.objects.research_context [req-0ba20a28-8b9a-4fd0-ab1b-43891915dd77 req-72666336-02f8-4c05-a30b-b2ee7cb63138 service placement] found 2 providers after filtering by previous result {{(pid=88804) get_provider_ids_matching /opt/stack/placement/placement/objects/research_context.py:580}}
May 25 20:01:37.408705 n-d-843338-1 devstack@placement-api.service[88804]: DEBUG placement.objects.allocation_candidate [req-0ba20a28-8b9a-4fd0-ab1b-43891915dd77 req-72666336-02f8-4c05-a30b-b2ee7cb63138 service placement] RequestGroup(use_same_provider=False, resources={MEMORY_MB:1024, VCPU:1}, traits=[], aggregates=[]) (suffix '') returned 2 matches {{(pid=88804) _get_by_requests /opt/stack/placement/placement/objects/allocation_candidate.py:145}}
May 25 20:01:37.421645 n-d-843338-1 devstack@placement-api.service[88804]: DEBUG placement.objects.allocation_candidate [req-0ba20a28-8b9a-4fd0-ab1b-43891915dd77 req-72666336-02f8-4c05-a30b-b2ee7cb63138 service placement] Merging candidates yields 2 allocation requests and 2 provider summaries {{(pid=88804) _merge_candidates /opt/stack/placement/placement/objects/allocation_candidate.py:783}}
May 25 20:01:37.425115 n-d-843338-1 devstack@placement-api.service[88804]: INFO placement.requestlog [req-0ba20a28-8b9a-4fd0-ab1b-43891915dd77 req-72666336-02f8-4c05-a30b-b2ee7cb63138 service placement] 10.222.0.15 "GET /placement/allocation_candidates?limit=1000&resources=MEMORY_MB%3A1024%2CVCPU%3A1&root_required=%21COMPUTE_STATUS_DISABLED" status: 200 len: 1281 microversion: 1.35
May 25 20:01:37.430490 n-d-843338-1 devstack@placement-api.service[88804]: [pid: 88804|app: 0|req: 250/493] 10.222.0.15 () {60 vars in 1478 bytes} [Wed May 25 20:01:37 2022] GET /placement/allocation_candidates?limit=1000&resources=MEMORY_MB%3A1024%2CVCPU%3A1&root_required=%21COMPUTE_STATUS_DISABLED => generated 1281 bytes in 219 msecs (HTTP/1.1 200) 8 headers in 297 bytes (1 switches on core 0)
May 25 20:01:37.582285 n-d-843338-1 devstack@placement-api.service[88805]: DEBUG placement.requestlog [req-0ba20a28-8b9a-4fd0-ab1b-43891915dd77 req-a98363ef-9a58-481d-b740-a1e9d1c7adf3 None None] Starting request: 10.222.0.15 "GET /placement/allocations/7a3798b8-fa18-4b22-b80c-ced3e679da94" {{(pid=88805) __call__ /opt/stack/placement/placement/requestlog.py:55}}
May 25 20:01:37.610074 n-d-843338-1 devstack@placement-api.service[88805]: INFO placement.requestlog [req-0ba20a28-8b9a-4fd0-ab1b-43891915dd77 req-a98363ef-9a58-481d-b740-a1e9d1c7adf3 service placement] 10.222.0.15 "GET /placement/allocations/7a3798b8-fa18-4b22-b80c-ced3e679da94" status: 200 len: 19 microversion: 1.28
May 25 20:01:37.612653 n-d-843338-1 devstack@placement-api.service[88805]: [pid: 88805|app: 0|req: 244/494] 10.222.0.15 () {60 vars in 1380 bytes} [Wed May 25 20:01:37 2022] GET /placement/allocations/7a3798b8-fa18-4b22-b80c-ced3e679da94 => generated 19 bytes in 30 msecs (HTTP/1.1 200) 8 headers in 295 bytes (1 switches on core 0)
May 25 20:01:37.618299 n-d-843338-1 devstack@placement-api.service[88804]: DEBUG placement.requestlog [req-0ba20a28-8b9a-4fd0-ab1b-43891915dd77 req-876ecf88-5b1c-428e-bb0d-6f80b896c3c5 None None] Starting request: 10.222.0.15 "PUT /placement/allocations/7a3798b8-fa18-4b22-b80c-ced3e679da94" {{(pid=88804) __call__ /opt/stack/placement/placement/requestlog.py:55}}
May 25 20:01:37.632996 n-d-843338-1 devstack@placement-api.service[88805]: DEBUG placement.requestlog [req-19c4c33d-4454-4825-9fb2-66b45c01bee3 req-271cd017-0324-4c04-a565-7c89ee2181a0 None None] Starting request: 10.222.0.32 "GET /placement/allocations/d39405d6-4174-4a73-8acb-cebc23dfb4f7" {{(pid=88805) __call__ /opt/stack/placement/placement/requestlog.py:55}}
May 25 20:01:37.694134 n-d-843338-1 devstack@placement-api.service[88805]: INFO placement.requestlog [req-19c4c33d-4454-4825-9fb2-66b45c01bee3 req-271cd017-0324-4c04-a565-7c89ee2181a0 service placement] 10.222.0.32 "GET /placement/allocations/d39405d6-4174-4a73-8acb-cebc23dfb4f7" status: 200 len: 245 microversion: 1.28
May 25 20:01:37.694390 n-d-843338-1 devstack@placement-api.service[88805]: [pid: 88805|app: 0|req: 245/495] 10.222.0.32 () {60 vars in 1377 bytes} [Wed May 25 20:01:37 2022] GET /placement/allocations/d39405d6-4174-4a73-8acb-cebc23dfb4f7 => generated 245 bytes in 62 msecs (HTTP/1.1 200) 8 headers in 296 bytes (1 switches on core 0)
May 25 20:01:37.805957 n-d-843338-1 devstack@placement-api.service[88804]: DEBUG placement.handlers.allocation [req-0ba20a28-8b9a-4fd0-ab1b-43891915dd77 req-876ecf88-5b1c-428e-bb0d-6f80b896c3c5 service placement] Successfully wrote allocations [, ] {{(pid=88804) _create_allocations /opt/stack/placement/placement/handlers/allocation.py:435}}
May 25 20:01:37.806650 n-d-843338-1 devstack@placement-api.service[88804]: INFO placement.requestlog [req-0ba20a28-8b9a-4fd0-ab1b-43891915dd77 req-876ecf88-5b1c-428e-bb0d-6f80b896c3c5 service placement] 10.222.0.15 "PUT /placement/allocations/7a3798b8-fa18-4b22-b80c-ced3e679da94" status: 204 len: 0 microversion: 1.35
May 25 20:01:37.807062 n-d-843338-1 devstack@placement-api.service[88804]: [pid: 88804|app: 0|req: 251/496] 10.222.0.15 () {64 vars in 1433 bytes} [Wed May 25 20:01:37 2022] PUT /placement/allocations/7a3798b8-fa18-4b22-b80c-ced3e679da94 => generated 0 bytes in 189 msecs (HTTP/1.1 204) 5 headers in 199 bytes (1 switches on core 0)
May 25 20:01:38.658884 n-d-843338-1 devstack@placement-api.service[88805]: DEBUG placement.requestlog [req-0ba20a28-8b9a-4fd0-ab1b-43891915dd77 req-b6230981-d123-41a8-bb93-349f8de0387d None None] Starting request: 10.222.0.32 "GET /placement/allocations/7a3798b8-fa18-4b22-b80c-ced3e679da94" {{(pid=88805) __call__ /opt/stack/placement/placement/requestlog.py:55}}
May 25 20:01:38.697961 n-d-843338-1 devstack@placement-api.service[88805]: INFO placement.requestlog [req-0ba20a28-8b9a-4fd0-ab1b-43891915dd77 req-b6230981-d123-41a8-bb93-349f8de0387d service placement] 10.222.0.32 "GET /placement/allocations/7a3798b8-fa18-4b22-b80c-ced3e679da94" status: 200 len: 245 microversion: 1.28
May 25 20:01:38.699043 n-d-843338-1 devstack@placement-api.service[88805]: [pid: 88805|app: 0|req: 246/497] 10.222.0.32 () {60 vars in 1377 bytes} [Wed May 25 20:01:38 2022] GET /placement/allocations/7a3798b8-fa18-4b22-b80c-ced3e679da94 => generated 245 bytes in 40 msecs (HTTP/1.1 200) 8 headers in 296 bytes (2 switches on core 0)
May 25 20:01:40.968577 n-d-843338-1 devstack@placement-api.service[88804]: DEBUG placement.requestlog [None req-cf7c90dc-6a92-4e23-9a78-7e18b7c691b7 None None] Starting request: 10.222.0.15 "GET /placement/resource_providers/233ec679-87dc-41f9-9215-05683b23f212/aggregates" {{(pid=88804) __call__ /opt/stack/placement/placement/requestlog.py:55}}
May 25 20:01:40.991659 n-d-843338-1 devstack@placement-api.service[88804]: INFO placement.requestlog [None req-cf7c90dc-6a92-4e23-9a78-7e18b7c691b7 service placement] 10.222.0.15 "GET /placement/resource_providers/233ec679-87dc-41f9-9215-05683b23f212/aggregates" status: 404 len: 235 microversion: 1.1
May 25 20:01:40.992664 n-d-843338-1 devstack@placement-api.service[88804]: [pid: 88804|app: 0|req: 252/498] 10.222.0.15 () {58 vars in 1362 bytes} [Wed May 25 20:01:40 2022] GET /placement/resource_providers/233ec679-87dc-41f9-9215-05683b23f212/aggregates => generated 235 bytes in 25 msecs (HTTP/1.1 404) 5 headers in 202 bytes (1 switches on core 0)
May 25 20:01:41.262238 n-d-843338-1 devstack@placement-api.service[88805]: DEBUG placement.requestlog [None req-ad3af6b2-ac8e-48c3-ac7d-710ad2fa1304 None None] Starting request: 10.222.0.15 "DELETE /placement/resource_providers/233ec679-87dc-41f9-9215-05683b23f212" {{(pid=88805) __call__ /opt/stack/placement/placement/requestlog.py:55}}
May 25 20:01:41.273769 n-d-843338-1 devstack@placement-api.service[88805]: DEBUG placement.wsgi_wrapper [None req-ad3af6b2-ac8e-48c3-ac7d-710ad2fa1304 service placement] Placement API returning an error response: No resource provider with uuid 233ec679-87dc-41f9-9215-05683b23f212 found for delete {{(pid=88805) call_func /opt/stack/placement/placement/wsgi_wrapper.py:31}}
May 25 20:01:41.274523 n-d-843338-1 devstack@placement-api.service[88805]: INFO placement.requestlog [None req-ad3af6b2-ac8e-48c3-ac7d-710ad2fa1304 service placement] 10.222.0.15 "DELETE /placement/resource_providers/233ec679-87dc-41f9-9215-05683b23f212" status: 404 len: 246 microversion: 1.1
May 25 20:01:41.274902 n-d-843338-1 devstack@placement-api.service[88805]: [pid: 88805|app: 0|req: 247/499] 10.222.0.15 () {60 vars in 1351 bytes} [Wed May 25 20:01:41 2022] DELETE /placement/resource_providers/233ec679-87dc-41f9-9215-05683b23f212 => generated 246 bytes in 13 msecs (HTTP/1.1 404) 6 headers in 231 bytes (1 switches on core 0)
May 25 20:01:43.977926 n-d-843338-1 devstack@placement-api.service[88804]: DEBUG placement.requestlog [req-d414ed8a-217a-43bc-894c-265ccc81f842 req-ea59df35-aae1-4557-9c5e-9ae478852021 None None] Starting request: 10.222.0.15 "GET /placement/allocation_candidates?resources=DISK_GB%3A1%2CMEMORY_MB%3A1024%2CVCPU%3A1&root_required=%21COMPUTE_STATUS_DISABLED" {{(pid=88804) __call__ /opt/stack/placement/placement/requestlog.py:55}}
May 25 20:01:43.989783 n-d-843338-1 devstack@placement-api.service[88805]: DEBUG placement.requestlog [req-b514804f-2926-4c31-b1a1-147eea057eb4 req-57ac2aa5-b30b-4844-be50-48ffc54ebdb6 None None] Starting request: 10.222.0.15 "GET /placement/allocation_candidates?limit=1000&resources=DISK_GB%3A1%2CMEMORY_MB%3A1024%2CVCPU%3A1&root_required=%21COMPUTE_STATUS_DISABLED" {{(pid=88805) __call__ /opt/stack/placement/placement/requestlog.py:55}}
May 25 20:01:44.188924 n-d-843338-1 devstack@placement-api.service[88804]: DEBUG placement.objects.research_context [req-d414ed8a-217a-43bc-894c-265ccc81f842 req-ea59df35-aae1-4557-9c5e-9ae478852021 service placement] getting providers with 1 DISK_GB {{(pid=88804) __init__ /opt/stack/placement/placement/objects/research_context.py:126}}
May 25 20:01:44.205259 n-d-843338-1 devstack@placement-api.service[88804]: DEBUG placement.objects.research_context [req-d414ed8a-217a-43bc-894c-265ccc81f842 req-ea59df35-aae1-4557-9c5e-9ae478852021 service placement] getting providers with 1024 MEMORY_MB {{(pid=88804) __init__ /opt/stack/placement/placement/objects/research_context.py:126}}
May 25 20:01:44.214169 n-d-843338-1 devstack@placement-api.service[88804]: DEBUG placement.objects.research_context [req-d414ed8a-217a-43bc-894c-265ccc81f842 req-ea59df35-aae1-4557-9c5e-9ae478852021 service placement] getting providers with 1 VCPU {{(pid=88804) __init__ /opt/stack/placement/placement/objects/research_context.py:126}}
May 25 20:01:44.222470 n-d-843338-1 devstack@placement-api.service[88804]: DEBUG placement.objects.research_context [req-d414ed8a-217a-43bc-894c-265ccc81f842 req-ea59df35-aae1-4557-9c5e-9ae478852021 service placement] found 2 providers with available 1 DISK_GB {{(pid=88804) get_provider_ids_matching /opt/stack/placement/placement/objects/research_context.py:549}}
May 25 20:01:44.222743 n-d-843338-1 devstack@placement-api.service[88804]: DEBUG placement.objects.research_context [req-d414ed8a-217a-43bc-894c-265ccc81f842 req-ea59df35-aae1-4557-9c5e-9ae478852021 service placement] found 2 providers with available 1024 MEMORY_MB {{(pid=88804) get_provider_ids_matching /opt/stack/placement/placement/objects/research_context.py:549}}
May 25 20:01:44.223018 n-d-843338-1 devstack@placement-api.service[88804]: DEBUG placement.objects.research_context [req-d414ed8a-217a-43bc-894c-265ccc81f842 req-ea59df35-aae1-4557-9c5e-9ae478852021 service placement] found 2 providers after filtering by previous result {{(pid=88804) get_provider_ids_matching /opt/stack/placement/placement/objects/research_context.py:580}}
May 25 20:01:44.223298 n-d-843338-1 devstack@placement-api.service[88804]: DEBUG placement.objects.research_context [req-d414ed8a-217a-43bc-894c-265ccc81f842 req-ea59df35-aae1-4557-9c5e-9ae478852021 service placement] found 2 providers with available 1 VCPU {{(pid=88804) get_provider_ids_matching /opt/stack/placement/placement/objects/research_context.py:549}}
May 25 20:01:44.223516 n-d-843338-1 devstack@placement-api.service[88804]: DEBUG placement.objects.research_context [req-d414ed8a-217a-43bc-894c-265ccc81f842 req-ea59df35-aae1-4557-9c5e-9ae478852021 service placement] found 2 providers after filtering by previous result {{(pid=88804) get_provider_ids_matching /opt/stack/placement/placement/objects/research_context.py:580}}
May 25 20:01:44.238365 n-d-843338-1 devstack@placement-api.service[88804]: DEBUG placement.objects.allocation_candidate [req-d414ed8a-217a-43bc-894c-265ccc81f842 req-ea59df35-aae1-4557-9c5e-9ae478852021 service placement] RequestGroup(use_same_provider=False, resources={DISK_GB:1, MEMORY_MB:1024, VCPU:1}, traits=[], aggregates=[]) (suffix '') returned 2 matches {{(pid=88804) _get_by_requests /opt/stack/placement/placement/objects/allocation_candidate.py:145}}
May 25 20:01:44.239181 n-d-843338-1 devstack@placement-api.service[88804]: DEBUG placement.objects.allocation_candidate [req-d414ed8a-217a-43bc-894c-265ccc81f842 req-ea59df35-aae1-4557-9c5e-9ae478852021 service placement] Merging candidates yields 2 allocation requests and 2 provider summaries {{(pid=88804) _merge_candidates /opt/stack/placement/placement/objects/allocation_candidate.py:783}}
May 25 20:01:44.241936 n-d-843338-1 devstack@placement-api.service[88804]: INFO placement.requestlog [req-d414ed8a-217a-43bc-894c-265ccc81f842 req-ea59df35-aae1-4557-9c5e-9ae478852021 service placement] 10.222.0.15 "GET /placement/allocation_candidates?resources=DISK_GB%3A1%2CMEMORY_MB%3A1024%2CVCPU%3A1&root_required=%21COMPUTE_STATUS_DISABLED" status: 200 len: 1309 microversion: 1.35
May 25 20:01:44.242333 n-d-843338-1 devstack@placement-api.service[88804]: [pid: 88804|app: 0|req: 253/500] 10.222.0.15 () {60 vars in 1484 bytes} [Wed May 25 20:01:43 2022] GET /placement/allocation_candidates?resources=DISK_GB%3A1%2CMEMORY_MB%3A1024%2CVCPU%3A1&root_required=%21COMPUTE_STATUS_DISABLED => generated 1309 bytes in 265 msecs (HTTP/1.1 200) 8 headers in 297 bytes (1 switches on core 0)
May 25 20:01:44.263930 n-d-843338-1 devstack@placement-api.service[88805]: DEBUG placement.objects.research_context [req-b514804f-2926-4c31-b1a1-147eea057eb4 req-57ac2aa5-b30b-4844-be50-48ffc54ebdb6 service placement] getting providers with 1 DISK_GB {{(pid=88805) __init__ /opt/stack/placement/placement/objects/research_context.py:126}}
May 25 20:01:44.272001 n-d-843338-1 devstack@placement-api.service[88805]: DEBUG placement.objects.research_context [req-b514804f-2926-4c31-b1a1-147eea057eb4 req-57ac2aa5-b30b-4844-be50-48ffc54ebdb6 service placement] getting providers with 1024 MEMORY_MB {{(pid=88805) __init__ /opt/stack/placement/placement/objects/research_context.py:126}}
May 25 20:01:44.284543 n-d-843338-1 devstack@placement-api.service[88805]: DEBUG placement.objects.research_context [req-b514804f-2926-4c31-b1a1-147eea057eb4 req-57ac2aa5-b30b-4844-be50-48ffc54ebdb6 service placement] getting providers with 1 VCPU {{(pid=88805) __init__ /opt/stack/placement/placement/objects/research_context.py:126}}
May 25 20:01:44.303336 n-d-843338-1 devstack@placement-api.service[88805]: DEBUG placement.objects.research_context [req-b514804f-2926-4c31-b1a1-147eea057eb4 req-57ac2aa5-b30b-4844-be50-48ffc54ebdb6 service placement] found 2 providers with available 1 DISK_GB {{(pid=88805) get_provider_ids_matching /opt/stack/placement/placement/objects/research_context.py:549}}
May 25 20:01:44.303786 n-d-843338-1 devstack@placement-api.service[88805]: DEBUG placement.objects.research_context [req-b514804f-2926-4c31-b1a1-147eea057eb4 req-57ac2aa5-b30b-4844-be50-48ffc54ebdb6 service placement] found 2 providers with available 1024 MEMORY_MB {{(pid=88805) get_provider_ids_matching /opt/stack/placement/placement/objects/research_context.py:549}}
May 25 20:01:44.304195 n-d-843338-1 devstack@placement-api.service[88805]: DEBUG placement.objects.research_context [req-b514804f-2926-4c31-b1a1-147eea057eb4 req-57ac2aa5-b30b-4844-be50-48ffc54ebdb6 service placement] found 2 providers after filtering by previous result {{(pid=88805) get_provider_ids_matching /opt/stack/placement/placement/objects/research_context.py:580}}
May 25 20:01:44.304583 n-d-843338-1 devstack@placement-api.service[88805]: DEBUG placement.objects.research_context [req-b514804f-2926-4c31-b1a1-147eea057eb4 req-57ac2aa5-b30b-4844-be50-48ffc54ebdb6 service placement] found 2 providers with available 1 VCPU {{(pid=88805) get_provider_ids_matching /opt/stack/placement/placement/objects/research_context.py:549}}
May 25 20:01:44.304977 n-d-843338-1 devstack@placement-api.service[88805]: DEBUG placement.objects.research_context [req-b514804f-2926-4c31-b1a1-147eea057eb4 req-57ac2aa5-b30b-4844-be50-48ffc54ebdb6 service placement] found 2 providers after filtering by previous result {{(pid=88805) get_provider_ids_matching /opt/stack/placement/placement/objects/research_context.py:580}}
May 25 20:01:44.309914 n-d-843338-1 devstack@placement-api.service[88804]: DEBUG placement.requestlog [req-d414ed8a-217a-43bc-894c-265ccc81f842 req-d873d403-caba-42fe-9989-2ff1123ba09a None None] Starting request: 10.222.0.15 "GET /placement/allocations/d29e29ed-d3e3-4b25-81aa-d9d012600f7d" {{(pid=88804) __call__ /opt/stack/placement/placement/requestlog.py:55}}
May 25 20:01:44.338664 n-d-843338-1 devstack@placement-api.service[88805]: DEBUG placement.objects.allocation_candidate [req-b514804f-2926-4c31-b1a1-147eea057eb4 req-57ac2aa5-b30b-4844-be50-48ffc54ebdb6 service placement] RequestGroup(use_same_provider=False, resources={DISK_GB:1, MEMORY_MB:1024, VCPU:1}, traits=[], aggregates=[]) (suffix '') returned 2 matches {{(pid=88805) _get_by_requests /opt/stack/placement/placement/objects/allocation_candidate.py:145}}
May 25 20:01:44.339242 n-d-843338-1 devstack@placement-api.service[88805]: DEBUG placement.objects.allocation_candidate [req-b514804f-2926-4c31-b1a1-147eea057eb4 req-57ac2aa5-b30b-4844-be50-48ffc54ebdb6 service placement] Merging candidates yields 2 allocation requests and 2 provider summaries {{(pid=88805) _merge_candidates /opt/stack/placement/placement/objects/allocation_candidate.py:783}}
May 25 20:01:44.346103 n-d-843338-1 devstack@placement-api.service[88805]: INFO placement.requestlog [req-b514804f-2926-4c31-b1a1-147eea057eb4 req-57ac2aa5-b30b-4844-be50-48ffc54ebdb6 service placement] 10.222.0.15 "GET /placement/allocation_candidates?limit=1000&resources=DISK_GB%3A1%2CMEMORY_MB%3A1024%2CVCPU%3A1&root_required=%21COMPUTE_STATUS_DISABLED" status: 200 len: 1309 microversion: 1.35
May 25 20:01:44.346879 n-d-843338-1 devstack@placement-api.service[88805]: [pid: 88805|app: 0|req: 248/501] 10.222.0.15 () {60 vars in 1506 bytes} [Wed May 25 20:01:43 2022] GET /placement/allocation_candidates?limit=1000&resources=DISK_GB%3A1%2CMEMORY_MB%3A1024%2CVCPU%3A1&root_required=%21COMPUTE_STATUS_DISABLED => generated 1309 bytes in 357 msecs (HTTP/1.1 200) 8 headers in 297 bytes (2 switches on core 0)
May 25 20:01:44.454620 n-d-843338-1 devstack@placement-api.service[88804]: INFO placement.requestlog [req-d414ed8a-217a-43bc-894c-265ccc81f842 req-d873d403-caba-42fe-9989-2ff1123ba09a service placement] 10.222.0.15 "GET /placement/allocations/d29e29ed-d3e3-4b25-81aa-d9d012600f7d" status: 200 len: 19 microversion: 1.28
May 25 20:01:44.455312 n-d-843338-1 devstack@placement-api.service[88804]: [pid: 88804|app: 0|req: 254/502] 10.222.0.15 () {60 vars in 1380 bytes} [Wed May 25 20:01:44 2022] GET /placement/allocations/d29e29ed-d3e3-4b25-81aa-d9d012600f7d => generated 19 bytes in 146 msecs (HTTP/1.1 200) 8 headers in 295 bytes (2 switches on core 0)
May 25 20:01:44.462244 n-d-843338-1 devstack@placement-api.service[88805]: DEBUG placement.requestlog [req-d414ed8a-217a-43bc-894c-265ccc81f842 req-44104bf0-eaaf-480f-a31e-1c144f5b5932 None None] Starting request: 10.222.0.15 "PUT /placement/allocations/d29e29ed-d3e3-4b25-81aa-d9d012600f7d" {{(pid=88805) __call__ /opt/stack/placement/placement/requestlog.py:55}}
May 25 20:01:44.479149 n-d-843338-1 devstack@placement-api.service[88804]: DEBUG placement.requestlog [req-b514804f-2926-4c31-b1a1-147eea057eb4 req-b6deaecc-10b7-4ab1-8ce8-8b7023d86e1c None None] Starting request: 10.222.0.15 "GET /placement/allocations/49cfb4ad-6363-47de-b500-781719ba14f0" {{(pid=88804) __call__ /opt/stack/placement/placement/requestlog.py:55}}
May 25 20:01:44.492065 n-d-843338-1 devstack@placement-api.service[88804]: INFO placement.requestlog [req-b514804f-2926-4c31-b1a1-147eea057eb4 req-b6deaecc-10b7-4ab1-8ce8-8b7023d86e1c service placement] 10.222.0.15 "GET /placement/allocations/49cfb4ad-6363-47de-b500-781719ba14f0" status: 200 len: 19 microversion: 1.28
May 25 20:01:44.497282 n-d-843338-1 devstack@placement-api.service[88804]: [pid: 88804|app: 0|req: 255/503] 10.222.0.15 () {60 vars in 1380 bytes} [Wed May 25 20:01:44 2022] GET /placement/allocations/49cfb4ad-6363-47de-b500-781719ba14f0 => generated 19 bytes in 18 msecs (HTTP/1.1 200) 8 headers in 295 bytes (2 switches on core 0)
May 25 20:01:44.499864 n-d-843338-1 devstack@placement-api.service[88804]: DEBUG placement.requestlog [req-b514804f-2926-4c31-b1a1-147eea057eb4 req-ae0bb7ed-8212-40c3-8ca3-85e0cadf0c61 None None] Starting request: 10.222.0.15 "PUT /placement/allocations/49cfb4ad-6363-47de-b500-781719ba14f0" {{(pid=88804) __call__ /opt/stack/placement/placement/requestlog.py:55}}
May 25 20:01:44.565616 n-d-843338-1 devstack@placement-api.service[88805]: DEBUG placement.handlers.allocation [req-d414ed8a-217a-43bc-894c-265ccc81f842 req-44104bf0-eaaf-480f-a31e-1c144f5b5932 service placement] Successfully wrote allocations [, , ] {{(pid=88805) _create_allocations /opt/stack/placement/placement/handlers/allocation.py:435}}
May 25 20:01:44.566399 n-d-843338-1 devstack@placement-api.service[88805]: INFO placement.requestlog [req-d414ed8a-217a-43bc-894c-265ccc81f842 req-44104bf0-eaaf-480f-a31e-1c144f5b5932 service placement] 10.222.0.15 "PUT /placement/allocations/d29e29ed-d3e3-4b25-81aa-d9d012600f7d" status: 204 len: 0 microversion: 1.35
May 25 20:01:44.593310 n-d-843338-1 devstack@placement-api.service[88805]: [pid: 88805|app: 0|req: 249/504] 10.222.0.15 () {64 vars in 1433 bytes} [Wed May 25 20:01:44 2022] PUT /placement/allocations/d29e29ed-d3e3-4b25-81aa-d9d012600f7d => generated 0 bytes in 105 msecs (HTTP/1.1 204) 5 headers in 199 bytes (2 switches on core 0)
May 25 20:01:44.632779 n-d-843338-1 devstack@placement-api.service[88804]: DEBUG placement.handlers.allocation [req-b514804f-2926-4c31-b1a1-147eea057eb4 req-ae0bb7ed-8212-40c3-8ca3-85e0cadf0c61 service placement] Successfully wrote allocations [, , ] {{(pid=88804) _create_allocations /opt/stack/placement/placement/handlers/allocation.py:435}}
May 25 20:01:44.633684 n-d-843338-1 devstack@placement-api.service[88804]: INFO placement.requestlog [req-b514804f-2926-4c31-b1a1-147eea057eb4 req-ae0bb7ed-8212-40c3-8ca3-85e0cadf0c61 service placement] 10.222.0.15 "PUT /placement/allocations/49cfb4ad-6363-47de-b500-781719ba14f0" status: 204 len: 0 microversion: 1.35
May 25 20:01:44.634178 n-d-843338-1 devstack@placement-api.service[88804]: [pid: 88804|app: 0|req: 256/505] 10.222.0.15 () {64 vars in 1433 bytes} [Wed May 25 20:01:44 2022] PUT /placement/allocations/49cfb4ad-6363-47de-b500-781719ba14f0 => generated 0 bytes in 135 msecs (HTTP/1.1 204) 5 headers in 199 bytes (1 switches on core 0)
May 25 20:01:45.341468 n-d-843338-1 devstack@placement-api.service[88805]: DEBUG placement.requestlog [req-d414ed8a-217a-43bc-894c-265ccc81f842 req-c79472ab-fe17-4958-9328-0ed9a5ef0758 None None] Starting request: 10.222.0.32 "GET /placement/allocations/d29e29ed-d3e3-4b25-81aa-d9d012600f7d" {{(pid=88805) __call__ /opt/stack/placement/placement/requestlog.py:55}}
May 25 20:01:45.356859 n-d-843338-1 devstack@placement-api.service[88804]: DEBUG placement.requestlog [req-b514804f-2926-4c31-b1a1-147eea057eb4 req-ae7ad058-a857-4342-aa28-10136d99a587 None None] Starting request: 10.222.0.72 "GET /placement/allocations/49cfb4ad-6363-47de-b500-781719ba14f0" {{(pid=88804) __call__ /opt/stack/placement/placement/requestlog.py:55}}
May 25 20:01:45.381726 n-d-843338-1 devstack@placement-api.service[88804]: INFO placement.requestlog [req-b514804f-2926-4c31-b1a1-147eea057eb4 req-ae7ad058-a857-4342-aa28-10136d99a587 service placement] 10.222.0.72 "GET /placement/allocations/49cfb4ad-6363-47de-b500-781719ba14f0" status: 200 len: 259 microversion: 1.28
May 25 20:01:45.383101 n-d-843338-1 devstack@placement-api.service[88804]: [pid: 88804|app: 0|req: 257/506] 10.222.0.72 () {60 vars in 1377 bytes} [Wed May 25 20:01:45 2022] GET /placement/allocations/49cfb4ad-6363-47de-b500-781719ba14f0 => generated 259 bytes in 26 msecs (HTTP/1.1 200) 8 headers in 296 bytes (2 switches on core 0)
May 25 20:01:45.384452 n-d-843338-1 devstack@placement-api.service[88805]: INFO placement.requestlog [req-d414ed8a-217a-43bc-894c-265ccc81f842 req-c79472ab-fe17-4958-9328-0ed9a5ef0758 service placement] 10.222.0.32 "GET /placement/allocations/d29e29ed-d3e3-4b25-81aa-d9d012600f7d" status: 200 len: 259 microversion: 1.28
May 25 20:01:45.384935 n-d-843338-1 devstack@placement-api.service[88805]: [pid: 88805|app: 0|req: 250/507] 10.222.0.32 () {60 vars in 1377 bytes} [Wed May 25 20:01:45 2022] GET /placement/allocations/d29e29ed-d3e3-4b25-81aa-d9d012600f7d => generated 259 bytes in 44 msecs (HTTP/1.1 200) 8 headers in 296 bytes (2 switches on core 0)
May 25 20:01:48.109267 n-d-843338-1 devstack@placement-api.service[88804]: DEBUG placement.requestlog [req-d7586a20-181b-40f3-a893-784f7137aec1 req-188ebe27-8944-4c44-b760-87782d521b82 None None] Starting request: 10.222.0.72 "GET /placement/allocations/a4f9f19b-7648-4854-8eeb-205d0f76c35b" {{(pid=88804) __call__ /opt/stack/placement/placement/requestlog.py:55}}
May 25 20:01:48.127271 n-d-843338-1 devstack@placement-api.service[88804]: INFO placement.requestlog [req-d7586a20-181b-40f3-a893-784f7137aec1 req-188ebe27-8944-4c44-b760-87782d521b82 service placement] 10.222.0.72 "GET /placement/allocations/a4f9f19b-7648-4854-8eeb-205d0f76c35b" status: 200 len: 259 microversion: 1.28
May 25 20:01:48.128129 n-d-843338-1 devstack@placement-api.service[88804]: [pid: 88804|app: 0|req: 258/508] 10.222.0.72 () {60 vars in 1377 bytes} [Wed May 25 20:01:48 2022] GET /placement/allocations/a4f9f19b-7648-4854-8eeb-205d0f76c35b => generated 259 bytes in 19 msecs (HTTP/1.1 200) 8 headers in 296 bytes (1 switches on core 0)
May 25 20:01:48.134930 n-d-843338-1 devstack@placement-api.service[88805]: DEBUG placement.requestlog [req-d7586a20-181b-40f3-a893-784f7137aec1 req-740bf035-30f3-40ab-b658-c5b9891f5f7f None None] Starting request: 10.222.0.72 "PUT /placement/allocations/a4f9f19b-7648-4854-8eeb-205d0f76c35b" {{(pid=88805) __call__ /opt/stack/placement/placement/requestlog.py:55}}
May 25 20:01:48.188906 n-d-843338-1 devstack@placement-api.service[88805]: DEBUG placement.handlers.allocation [req-d7586a20-181b-40f3-a893-784f7137aec1 req-740bf035-30f3-40ab-b658-c5b9891f5f7f service placement] Successfully wrote allocations [, , ] {{(pid=88805) _create_allocations /opt/stack/placement/placement/handlers/allocation.py:435}}
May 25 20:01:48.189431 n-d-843338-1 devstack@placement-api.service[88805]: INFO placement.requestlog [req-d7586a20-181b-40f3-a893-784f7137aec1 req-740bf035-30f3-40ab-b658-c5b9891f5f7f service placement] 10.222.0.72 "PUT /placement/allocations/a4f9f19b-7648-4854-8eeb-205d0f76c35b" status: 204 len: 0 microversion: 1.28
May 25 20:01:48.189691 n-d-843338-1 devstack@placement-api.service[88805]: [pid: 88805|app: 0|req: 251/509] 10.222.0.72 () {64 vars in 1430 bytes} [Wed May 25 20:01:48 2022] PUT /placement/allocations/a4f9f19b-7648-4854-8eeb-205d0f76c35b => generated 0 bytes in 55 msecs (HTTP/1.1 204) 5 headers in 199 bytes (2 switches on core 0)
May 25 20:01:50.494088 n-d-843338-1 devstack@placement-api.service[88804]: DEBUG placement.requestlog [req-ffdfaa41-9c14-4225-a145-ec149629a6a5 req-80ccff25-fdba-451f-9195-fba0e28053e4 None None] Starting request: 10.222.0.32 "GET /placement/allocations/6f4b88b0-2c34-410a-af75-7f0e9a9c17b4" {{(pid=88804) __call__ /opt/stack/placement/placement/requestlog.py:55}}
May 25 20:01:50.508435 n-d-843338-1 devstack@placement-api.service[88804]: INFO placement.requestlog [req-ffdfaa41-9c14-4225-a145-ec149629a6a5 req-80ccff25-fdba-451f-9195-fba0e28053e4 service placement] 10.222.0.32 "GET /placement/allocations/6f4b88b0-2c34-410a-af75-7f0e9a9c17b4" status: 200 len: 259 microversion: 1.28
May 25 20:01:50.509553 n-d-843338-1 devstack@placement-api.service[88804]: [pid: 88804|app: 0|req: 259/510] 10.222.0.32 () {60 vars in 1377 bytes} [Wed May 25 20:01:50 2022] GET /placement/allocations/6f4b88b0-2c34-410a-af75-7f0e9a9c17b4 => generated 259 bytes in 16 msecs (HTTP/1.1 200) 8 headers in 296 bytes (1 switches on core 0)
May 25 20:01:50.517235 n-d-843338-1 devstack@placement-api.service[88805]: DEBUG placement.requestlog [req-ffdfaa41-9c14-4225-a145-ec149629a6a5 req-6e8c09ac-0fb1-49ee-8750-c08cc97686b6 None None] Starting request: 10.222.0.32 "PUT /placement/allocations/6f4b88b0-2c34-410a-af75-7f0e9a9c17b4" {{(pid=88805) __call__ /opt/stack/placement/placement/requestlog.py:55}}
