May 25 21:38:33.288701 n-d-843337-1 devstack@placement-api.service[104288]: [pid: 104288|app: 0|req: 658/1312] 10.222.0.64 () {58 vars in 1390 bytes} [Wed May 25 21:38:33 2022] GET /placement/resource_providers/8d12736c-52d6-42ac-b7ef-6be0df7baccf/allocations => generated 55 bytes in 15 msecs (HTTP/1.1 200) 6 headers in 223 bytes (1 switches on core 0)
May 25 21:38:41.484165 n-d-843337-1 devstack@placement-api.service[104289]: DEBUG placement.requestlog [req-23784f92-309b-45a6-9a47-6a8d93e6d81b req-52e52c84-63b3-42b0-954b-05b87f003767 None None] Starting request: 10.222.0.67 "GET /placement/resource_providers/cb8d069b-f2c8-40cc-a451-64bd99805b7b/allocations" {{(pid=104289) __call__ /opt/stack/placement/placement/requestlog.py:55}}
May 25 21:38:41.557776 n-d-843337-1 devstack@placement-api.service[104289]: INFO placement.requestlog [req-23784f92-309b-45a6-9a47-6a8d93e6d81b req-52e52c84-63b3-42b0-954b-05b87f003767 service placement] 10.222.0.67 "GET /placement/resource_providers/cb8d069b-f2c8-40cc-a451-64bd99805b7b/allocations" status: 200 len: 154 microversion: 1.0
May 25 21:38:41.558681 n-d-843337-1 devstack@placement-api.service[104289]: [pid: 104289|app: 0|req: 655/1313] 10.222.0.67 () {58 vars in 1390 bytes} [Wed May 25 21:38:41 2022] GET /placement/resource_providers/cb8d069b-f2c8-40cc-a451-64bd99805b7b/allocations => generated 154 bytes in 75 msecs (HTTP/1.1 200) 6 headers in 224 bytes (2 switches on core 0)
May 25 21:39:33.176360 n-d-843337-1 devstack@placement-api.service[104288]: DEBUG placement.requestlog [req-85993b82-4ac1-4e47-a59b-46cce8803774 req-ddb0ffda-7dc4-4812-ae60-972703c220a3 None None] Starting request: 10.222.0.64 "GET /placement/resource_providers/8d12736c-52d6-42ac-b7ef-6be0df7baccf/allocations" {{(pid=104288) __call__ /opt/stack/placement/placement/requestlog.py:55}}
May 25 21:39:33.236346 n-d-843337-1 devstack@placement-api.service[104288]: INFO placement.requestlog [req-85993b82-4ac1-4e47-a59b-46cce8803774 req-ddb0ffda-7dc4-4812-ae60-972703c220a3 service placement] 10.222.0.64 "GET /placement/resource_providers/8d12736c-52d6-42ac-b7ef-6be0df7baccf/allocations" status: 200 len: 55 microversion: 1.0
May 25 21:39:33.236543 n-d-843337-1 devstack@placement-api.service[104288]: [pid: 104288|app: 0|req: 659/1314] 10.222.0.64 () {58 vars in 1390 bytes} [Wed May 25 21:39:33 2022] GET /placement/resource_providers/8d12736c-52d6-42ac-b7ef-6be0df7baccf/allocations => generated 55 bytes in 60 msecs (HTTP/1.1 200) 6 headers in 223 bytes (1 switches on core 0)
May 25 21:39:41.466358 n-d-843337-1 devstack@placement-api.service[104289]: DEBUG placement.requestlog [req-0c6354a9-aa66-4c27-ba91-a6a2971d6aa8 req-aa0f6e83-ead1-4d2f-a48b-483206b32615 None None] Starting request: 10.222.0.67 "GET /placement/resource_providers/cb8d069b-f2c8-40cc-a451-64bd99805b7b/allocations" {{(pid=104289) __call__ /opt/stack/placement/placement/requestlog.py:55}}
May 25 21:39:41.484303 n-d-843337-1 devstack@placement-api.service[104289]: INFO placement.requestlog [req-0c6354a9-aa66-4c27-ba91-a6a2971d6aa8 req-aa0f6e83-ead1-4d2f-a48b-483206b32615 service placement] 10.222.0.67 "GET /placement/resource_providers/cb8d069b-f2c8-40cc-a451-64bd99805b7b/allocations" status: 200 len: 154 microversion: 1.0
May 25 21:39:41.484499 n-d-843337-1 devstack@placement-api.service[104289]: [pid: 104289|app: 0|req: 656/1315] 10.222.0.67 () {58 vars in 1390 bytes} [Wed May 25 21:39:41 2022] GET /placement/resource_providers/cb8d069b-f2c8-40cc-a451-64bd99805b7b/allocations => generated 154 bytes in 18 msecs (HTTP/1.1 200) 6 headers in 224 bytes (1 switches on core 0)
May 25 21:40:35.222055 n-d-843337-1 devstack@placement-api.service[104288]: DEBUG placement.requestlog [req-ced9f68d-8245-4ed3-a43e-b716620c9e39 req-01139e05-669c-4d50-a2d8-cf968777a0ee None None] Starting request: 10.222.0.64 "GET /placement/resource_providers/8d12736c-52d6-42ac-b7ef-6be0df7baccf/allocations" {{(pid=104288) __call__ /opt/stack/placement/placement/requestlog.py:55}}
May 25 21:40:35.237680 n-d-843337-1 devstack@placement-api.service[104288]: INFO placement.requestlog [req-ced9f68d-8245-4ed3-a43e-b716620c9e39 req-01139e05-669c-4d50-a2d8-cf968777a0ee service placement] 10.222.0.64 "GET /placement/resource_providers/8d12736c-52d6-42ac-b7ef-6be0df7baccf/allocations" status: 200 len: 55 microversion: 1.0
May 25 21:40:35.237881 n-d-843337-1 devstack@placement-api.service[104288]: [pid: 104288|app: 0|req: 660/1316] 10.222.0.64 () {58 vars in 1390 bytes} [Wed May 25 21:40:35 2022] GET /placement/resource_providers/8d12736c-52d6-42ac-b7ef-6be0df7baccf/allocations => generated 55 bytes in 16 msecs (HTTP/1.1 200) 6 headers in 223 bytes (2 switches on core 0)
May 25 21:40:43.479058 n-d-843337-1 devstack@placement-api.service[104289]: DEBUG placement.requestlog [req-1477a80e-ba57-4063-9f6c-c843bddf5304 req-4cb8731b-feac-4cb0-9422-4865b6beda3b None None] Starting request: 10.222.0.67 "GET /placement/resource_providers/cb8d069b-f2c8-40cc-a451-64bd99805b7b/allocations" {{(pid=104289) __call__ /opt/stack/placement/placement/requestlog.py:55}}
May 25 21:40:43.498145 n-d-843337-1 devstack@placement-api.service[104289]: INFO placement.requestlog [req-1477a80e-ba57-4063-9f6c-c843bddf5304 req-4cb8731b-feac-4cb0-9422-4865b6beda3b service placement] 10.222.0.67 "GET /placement/resource_providers/cb8d069b-f2c8-40cc-a451-64bd99805b7b/allocations" status: 200 len: 154 microversion: 1.0
May 25 21:40:43.498476 n-d-843337-1 devstack@placement-api.service[104289]: [pid: 104289|app: 0|req: 657/1317] 10.222.0.67 () {58 vars in 1390 bytes} [Wed May 25 21:40:43 2022] GET /placement/resource_providers/cb8d069b-f2c8-40cc-a451-64bd99805b7b/allocations => generated 154 bytes in 20 msecs (HTTP/1.1 200) 6 headers in 224 bytes (1 switches on core 0)
May 25 21:41:36.236143 n-d-843337-1 devstack@placement-api.service[104288]: DEBUG placement.requestlog [req-721fce0f-01f8-413d-bd8d-dff752fbb669 req-99ff1ea7-7a87-4465-bc40-c72dd438641a None None] Starting request: 10.222.0.64 "GET /placement/resource_providers/8d12736c-52d6-42ac-b7ef-6be0df7baccf/allocations" {{(pid=104288) __call__ /opt/stack/placement/placement/requestlog.py:55}}
May 25 21:41:36.252342 n-d-843337-1 devstack@placement-api.service[104288]: INFO placement.requestlog [req-721fce0f-01f8-413d-bd8d-dff752fbb669 req-99ff1ea7-7a87-4465-bc40-c72dd438641a service placement] 10.222.0.64 "GET /placement/resource_providers/8d12736c-52d6-42ac-b7ef-6be0df7baccf/allocations" status: 200 len: 55 microversion: 1.0
May 25 21:41:36.252721 n-d-843337-1 devstack@placement-api.service[104288]: [pid: 104288|app: 0|req: 661/1318] 10.222.0.64 () {58 vars in 1390 bytes} [Wed May 25 21:41:36 2022] GET /placement/resource_providers/8d12736c-52d6-42ac-b7ef-6be0df7baccf/allocations => generated 55 bytes in 17 msecs (HTTP/1.1 200) 6 headers in 223 bytes (2 switches on core 0)
May 25 21:41:36.272421 n-d-843337-1 devstack@placement-api.service[104289]: DEBUG placement.requestlog [req-721fce0f-01f8-413d-bd8d-dff752fbb669 req-a1d6fd8a-cc7f-4f81-a49f-344c66b4b666 None None] Starting request: 10.222.0.64 "GET /placement/resource_providers?in_tree=8d12736c-52d6-42ac-b7ef-6be0df7baccf" {{(pid=104289) __call__ /opt/stack/placement/placement/requestlog.py:55}}
May 25 21:41:36.289361 n-d-843337-1 devstack@placement-api.service[104289]: INFO placement.requestlog [req-721fce0f-01f8-413d-bd8d-dff752fbb669 req-a1d6fd8a-cc7f-4f81-a49f-344c66b4b666 service placement] 10.222.0.64 "GET /placement/resource_providers?in_tree=8d12736c-52d6-42ac-b7ef-6be0df7baccf" status: 200 len: 863 microversion: 1.14
May 25 21:41:36.289568 n-d-843337-1 devstack@placement-api.service[104289]: [pid: 104289|app: 0|req: 658/1319] 10.222.0.64 () {60 vars in 1376 bytes} [Wed May 25 21:41:36 2022] GET /placement/resource_providers?in_tree=8d12736c-52d6-42ac-b7ef-6be0df7baccf => generated 863 bytes in 17 msecs (HTTP/1.1 200) 6 headers in 225 bytes (2 switches on core 0)
May 25 21:41:36.330621 n-d-843337-1 devstack@placement-api.service[104288]: DEBUG placement.requestlog [req-721fce0f-01f8-413d-bd8d-dff752fbb669 req-e4f8071b-00bd-4f8a-9d92-3362d205c5a8 None None] Starting request: 10.222.0.64 "GET /placement/resource_providers/8d12736c-52d6-42ac-b7ef-6be0df7baccf/inventories" {{(pid=104288) __call__ /opt/stack/placement/placement/requestlog.py:55}}
May 25 21:41:36.347346 n-d-843337-1 devstack@placement-api.service[104288]: INFO placement.requestlog [req-721fce0f-01f8-413d-bd8d-dff752fbb669 req-e4f8071b-00bd-4f8a-9d92-3362d205c5a8 service placement] 10.222.0.64 "GET /placement/resource_providers/8d12736c-52d6-42ac-b7ef-6be0df7baccf/inventories" status: 200 len: 398 microversion: 1.0
May 25 21:41:36.347544 n-d-843337-1 devstack@placement-api.service[104288]: [pid: 104288|app: 0|req: 662/1320] 10.222.0.64 () {58 vars in 1390 bytes} [Wed May 25 21:41:36 2022] GET /placement/resource_providers/8d12736c-52d6-42ac-b7ef-6be0df7baccf/inventories => generated 398 bytes in 17 msecs (HTTP/1.1 200) 6 headers in 224 bytes (1 switches on core 0)
May 25 21:41:36.376603 n-d-843337-1 devstack@placement-api.service[104289]: DEBUG placement.requestlog [req-721fce0f-01f8-413d-bd8d-dff752fbb669 req-ce5abe9c-257f-4d5a-9b45-fcda6a260874 None None] Starting request: 10.222.0.64 "GET /placement/resource_providers/8d12736c-52d6-42ac-b7ef-6be0df7baccf/aggregates" {{(pid=104289) __call__ /opt/stack/placement/placement/requestlog.py:55}}
May 25 21:41:36.388642 n-d-843337-1 devstack@placement-api.service[104289]: INFO placement.requestlog [req-721fce0f-01f8-413d-bd8d-dff752fbb669 req-ce5abe9c-257f-4d5a-9b45-fcda6a260874 service placement] 10.222.0.64 "GET /placement/resource_providers/8d12736c-52d6-42ac-b7ef-6be0df7baccf/aggregates" status: 200 len: 54 microversion: 1.19
May 25 21:41:36.388841 n-d-843337-1 devstack@placement-api.service[104289]: [pid: 104289|app: 0|req: 659/1321] 10.222.0.64 () {60 vars in 1431 bytes} [Wed May 25 21:41:36 2022] GET /placement/resource_providers/8d12736c-52d6-42ac-b7ef-6be0df7baccf/aggregates => generated 54 bytes in 12 msecs (HTTP/1.1 200) 8 headers in 295 bytes (2 switches on core 0)
May 25 21:41:36.407637 n-d-843337-1 devstack@placement-api.service[104288]: DEBUG placement.requestlog [req-721fce0f-01f8-413d-bd8d-dff752fbb669 req-ea064bd2-aa99-4597-8259-9ede69396893 None None] Starting request: 10.222.0.64 "GET /placement/resource_providers/8d12736c-52d6-42ac-b7ef-6be0df7baccf/traits" {{(pid=104288) __call__ /opt/stack/placement/placement/requestlog.py:55}}
May 25 21:41:36.433719 n-d-843337-1 devstack@placement-api.service[104288]: INFO placement.requestlog [req-721fce0f-01f8-413d-bd8d-dff752fbb669 req-ea064bd2-aa99-4597-8259-9ede69396893 service placement] 10.222.0.64 "GET /placement/resource_providers/8d12736c-52d6-42ac-b7ef-6be0df7baccf/traits" status: 200 len: 212 microversion: 1.6
May 25 21:41:36.434055 n-d-843337-1 devstack@placement-api.service[104288]: [pid: 104288|app: 0|req: 663/1322] 10.222.0.64 () {60 vars in 1418 bytes} [Wed May 25 21:41:36 2022] GET /placement/resource_providers/8d12736c-52d6-42ac-b7ef-6be0df7baccf/traits => generated 212 bytes in 27 msecs (HTTP/1.1 200) 6 headers in 224 bytes (2 switches on core 0)
May 25 21:41:45.497843 n-d-843337-1 devstack@placement-api.service[104289]: DEBUG placement.requestlog [req-726bf40f-8b26-490a-90b2-5700687fa853 req-b787082d-79d5-44f3-9829-c5dd8fead8ba None None] Starting request: 10.222.0.67 "GET /placement/resource_providers/cb8d069b-f2c8-40cc-a451-64bd99805b7b/allocations" {{(pid=104289) __call__ /opt/stack/placement/placement/requestlog.py:55}}
May 25 21:41:45.516729 n-d-843337-1 devstack@placement-api.service[104289]: INFO placement.requestlog [req-726bf40f-8b26-490a-90b2-5700687fa853 req-b787082d-79d5-44f3-9829-c5dd8fead8ba service placement] 10.222.0.67 "GET /placement/resource_providers/cb8d069b-f2c8-40cc-a451-64bd99805b7b/allocations" status: 200 len: 154 microversion: 1.0
May 25 21:41:45.516930 n-d-843337-1 devstack@placement-api.service[104289]: [pid: 104289|app: 0|req: 660/1323] 10.222.0.67 () {58 vars in 1390 bytes} [Wed May 25 21:41:45 2022] GET /placement/resource_providers/cb8d069b-f2c8-40cc-a451-64bd99805b7b/allocations => generated 154 bytes in 19 msecs (HTTP/1.1 200) 6 headers in 224 bytes (1 switches on core 0)
May 25 21:42:37.234277 n-d-843337-1 devstack@placement-api.service[104288]: DEBUG placement.requestlog [req-38bb2695-6400-4f2e-bafb-d932c09eb751 req-449cfaf3-e6b5-4529-b5b1-4795dd16f905 None None] Starting request: 10.222.0.64 "GET /placement/resource_providers/8d12736c-52d6-42ac-b7ef-6be0df7baccf/allocations" {{(pid=104288) __call__ /opt/stack/placement/placement/requestlog.py:55}}
May 25 21:42:37.250262 n-d-843337-1 devstack@placement-api.service[104288]: INFO placement.requestlog [req-38bb2695-6400-4f2e-bafb-d932c09eb751 req-449cfaf3-e6b5-4529-b5b1-4795dd16f905 service placement] 10.222.0.64 "GET /placement/resource_providers/8d12736c-52d6-42ac-b7ef-6be0df7baccf/allocations" status: 200 len: 55 microversion: 1.0
May 25 21:42:37.250464 n-d-843337-1 devstack@placement-api.service[104288]: [pid: 104288|app: 0|req: 664/1324] 10.222.0.64 () {58 vars in 1390 bytes} [Wed May 25 21:42:37 2022] GET /placement/resource_providers/8d12736c-52d6-42ac-b7ef-6be0df7baccf/allocations => generated 55 bytes in 16 msecs (HTTP/1.1 200) 6 headers in 223 bytes (2 switches on core 0)
May 25 21:42:45.416653 n-d-843337-1 devstack@placement-api.service[104289]: DEBUG placement.requestlog [req-aa4fa75f-8261-4ed3-a43e-b79c0e3aa52d req-f28adac6-c6ee-4d18-bc7b-e513566750c0 None None] Starting request: 10.222.0.67 "GET /placement/resource_providers/cb8d069b-f2c8-40cc-a451-64bd99805b7b/allocations" {{(pid=104289) __call__ /opt/stack/placement/placement/requestlog.py:55}}
May 25 21:42:45.435444 n-d-843337-1 devstack@placement-api.service[104289]: INFO placement.requestlog [req-aa4fa75f-8261-4ed3-a43e-b79c0e3aa52d req-f28adac6-c6ee-4d18-bc7b-e513566750c0 service placement] 10.222.0.67 "GET /placement/resource_providers/cb8d069b-f2c8-40cc-a451-64bd99805b7b/allocations" status: 200 len: 154 microversion: 1.0
May 25 21:42:45.435648 n-d-843337-1 devstack@placement-api.service[104289]: [pid: 104289|app: 0|req: 661/1325] 10.222.0.67 () {58 vars in 1390 bytes} [Wed May 25 21:42:45 2022] GET /placement/resource_providers/cb8d069b-f2c8-40cc-a451-64bd99805b7b/allocations => generated 154 bytes in 19 msecs (HTTP/1.1 200) 6 headers in 224 bytes (2 switches on core 0)
May 25 21:42:45.447575 n-d-843337-1 devstack@placement-api.service[104288]: DEBUG placement.requestlog [req-aa4fa75f-8261-4ed3-a43e-b79c0e3aa52d req-fcfb8438-6f73-4394-8003-8a85e38c1237 None None] Starting request: 10.222.0.67 "GET /placement/resource_providers?in_tree=cb8d069b-f2c8-40cc-a451-64bd99805b7b" {{(pid=104288) __call__ /opt/stack/placement/placement/requestlog.py:55}}
May 25 21:42:45.461649 n-d-843337-1 devstack@placement-api.service[104288]: INFO placement.requestlog [req-aa4fa75f-8261-4ed3-a43e-b79c0e3aa52d req-fcfb8438-6f73-4394-8003-8a85e38c1237 service placement] 10.222.0.67 "GET /placement/resource_providers?in_tree=cb8d069b-f2c8-40cc-a451-64bd99805b7b" status: 200 len: 863 microversion: 1.14
May 25 21:42:45.461854 n-d-843337-1 devstack@placement-api.service[104288]: [pid: 104288|app: 0|req: 665/1326] 10.222.0.67 () {60 vars in 1376 bytes} [Wed May 25 21:42:45 2022] GET /placement/resource_providers?in_tree=cb8d069b-f2c8-40cc-a451-64bd99805b7b => generated 863 bytes in 14 msecs (HTTP/1.1 200) 6 headers in 225 bytes (2 switches on core 0)
May 25 21:42:45.490114 n-d-843337-1 devstack@placement-api.service[104289]: DEBUG placement.requestlog [req-aa4fa75f-8261-4ed3-a43e-b79c0e3aa52d req-a8c46c8e-41ab-4e33-81a4-018ef6e877a7 None None] Starting request: 10.222.0.67 "GET /placement/resource_providers/cb8d069b-f2c8-40cc-a451-64bd99805b7b/inventories" {{(pid=104289) __call__ /opt/stack/placement/placement/requestlog.py:55}}
May 25 21:42:45.507508 n-d-843337-1 devstack@placement-api.service[104289]: INFO placement.requestlog [req-aa4fa75f-8261-4ed3-a43e-b79c0e3aa52d req-a8c46c8e-41ab-4e33-81a4-018ef6e877a7 service placement] 10.222.0.67 "GET /placement/resource_providers/cb8d069b-f2c8-40cc-a451-64bd99805b7b/inventories" status: 200 len: 398 microversion: 1.0
May 25 21:42:45.507708 n-d-843337-1 devstack@placement-api.service[104289]: [pid: 104289|app: 0|req: 662/1327] 10.222.0.67 () {58 vars in 1390 bytes} [Wed May 25 21:42:45 2022] GET /placement/resource_providers/cb8d069b-f2c8-40cc-a451-64bd99805b7b/inventories => generated 398 bytes in 18 msecs (HTTP/1.1 200) 6 headers in 224 bytes (1 switches on core 0)
May 25 21:42:45.536824 n-d-843337-1 devstack@placement-api.service[104288]: DEBUG placement.requestlog [req-aa4fa75f-8261-4ed3-a43e-b79c0e3aa52d req-21e03582-8106-4ff3-9111-79cbc14b4ba3 None None] Starting request: 10.222.0.67 "GET /placement/resource_providers/cb8d069b-f2c8-40cc-a451-64bd99805b7b/aggregates" {{(pid=104288) __call__ /opt/stack/placement/placement/requestlog.py:55}}
May 25 21:42:45.550839 n-d-843337-1 devstack@placement-api.service[104288]: INFO placement.requestlog [req-aa4fa75f-8261-4ed3-a43e-b79c0e3aa52d req-21e03582-8106-4ff3-9111-79cbc14b4ba3 service placement] 10.222.0.67 "GET /placement/resource_providers/cb8d069b-f2c8-40cc-a451-64bd99805b7b/aggregates" status: 200 len: 54 microversion: 1.19
May 25 21:42:45.551038 n-d-843337-1 devstack@placement-api.service[104288]: [pid: 104288|app: 0|req: 666/1328] 10.222.0.67 () {60 vars in 1431 bytes} [Wed May 25 21:42:45 2022] GET /placement/resource_providers/cb8d069b-f2c8-40cc-a451-64bd99805b7b/aggregates => generated 54 bytes in 14 msecs (HTTP/1.1 200) 8 headers in 295 bytes (2 switches on core 0)
May 25 21:42:45.559713 n-d-843337-1 devstack@placement-api.service[104289]: DEBUG placement.requestlog [req-aa4fa75f-8261-4ed3-a43e-b79c0e3aa52d req-2c2c8d28-1c5c-4105-853e-cfd4a032f83c None None] Starting request: 10.222.0.67 "GET /placement/resource_providers/cb8d069b-f2c8-40cc-a451-64bd99805b7b/traits" {{(pid=104289) __call__ /opt/stack/placement/placement/requestlog.py:55}}
May 25 21:42:45.585233 n-d-843337-1 devstack@placement-api.service[104289]: INFO placement.requestlog [req-aa4fa75f-8261-4ed3-a43e-b79c0e3aa52d req-2c2c8d28-1c5c-4105-853e-cfd4a032f83c service placement] 10.222.0.67 "GET /placement/resource_providers/cb8d069b-f2c8-40cc-a451-64bd99805b7b/traits" status: 200 len: 212 microversion: 1.6
May 25 21:42:45.585423 n-d-843337-1 devstack@placement-api.service[104289]: [pid: 104289|app: 0|req: 663/1329] 10.222.0.67 () {60 vars in 1418 bytes} [Wed May 25 21:42:45 2022] GET /placement/resource_providers/cb8d069b-f2c8-40cc-a451-64bd99805b7b/traits => generated 212 bytes in 26 msecs (HTTP/1.1 200) 6 headers in 224 bytes (1 switches on core 0)
May 25 21:43:39.241705 n-d-843337-1 devstack@placement-api.service[104288]: DEBUG placement.requestlog [req-18fb0054-8d82-46d8-af11-5cf012f9b919 req-aadc738b-3fac-4c4f-9524-294ee63b1f1d None None] Starting request: 10.222.0.64 "GET /placement/resource_providers/8d12736c-52d6-42ac-b7ef-6be0df7baccf/allocations" {{(pid=104288) __call__ /opt/stack/placement/placement/requestlog.py:55}}
May 25 21:43:39.256418 n-d-843337-1 devstack@placement-api.service[104288]: INFO placement.requestlog [req-18fb0054-8d82-46d8-af11-5cf012f9b919 req-aadc738b-3fac-4c4f-9524-294ee63b1f1d service placement] 10.222.0.64 "GET /placement/resource_providers/8d12736c-52d6-42ac-b7ef-6be0df7baccf/allocations" status: 200 len: 55 microversion: 1.0
May 25 21:43:39.256619 n-d-843337-1 devstack@placement-api.service[104288]: [pid: 104288|app: 0|req: 667/1330] 10.222.0.64 () {58 vars in 1390 bytes} [Wed May 25 21:43:39 2022] GET /placement/resource_providers/8d12736c-52d6-42ac-b7ef-6be0df7baccf/allocations => generated 55 bytes in 15 msecs (HTTP/1.1 200) 6 headers in 223 bytes (1 switches on core 0)
May 25 21:43:46.503573 n-d-843337-1 devstack@placement-api.service[104289]: DEBUG placement.requestlog [req-d4314cbe-4d61-421e-9063-da2539d491e0 req-f77be214-b0fd-4703-8d23-e12c6583c24c None None] Starting request: 10.222.0.67 "GET /placement/resource_providers/cb8d069b-f2c8-40cc-a451-64bd99805b7b/allocations" {{(pid=104289) __call__ /opt/stack/placement/placement/requestlog.py:55}}
May 25 21:43:46.659723 n-d-843337-1 devstack@placement-api.service[104289]: INFO placement.requestlog [req-d4314cbe-4d61-421e-9063-da2539d491e0 req-f77be214-b0fd-4703-8d23-e12c6583c24c service placement] 10.222.0.67 "GET /placement/resource_providers/cb8d069b-f2c8-40cc-a451-64bd99805b7b/allocations" status: 200 len: 154 microversion: 1.0
May 25 21:43:46.660071 n-d-843337-1 devstack@placement-api.service[104289]: [pid: 104289|app: 0|req: 664/1331] 10.222.0.67 () {58 vars in 1390 bytes} [Wed May 25 21:43:46 2022] GET /placement/resource_providers/cb8d069b-f2c8-40cc-a451-64bd99805b7b/allocations => generated 154 bytes in 157 msecs (HTTP/1.1 200) 6 headers in 224 bytes (1 switches on core 0)
May 25 21:44:41.212721 n-d-843337-1 devstack@placement-api.service[104288]: DEBUG placement.requestlog [req-40bc60ef-7a11-4a17-bd8f-43c8b9f4d888 req-1e745396-fddb-4194-8df5-695ab8680384 None None] Starting request: 10.222.0.64 "GET /placement/resource_providers/8d12736c-52d6-42ac-b7ef-6be0df7baccf/allocations" {{(pid=104288) __call__ /opt/stack/placement/placement/requestlog.py:55}}
May 25 21:44:41.312018 n-d-843337-1 devstack@placement-api.service[104288]: INFO placement.requestlog [req-40bc60ef-7a11-4a17-bd8f-43c8b9f4d888 req-1e745396-fddb-4194-8df5-695ab8680384 service placement] 10.222.0.64 "GET /placement/resource_providers/8d12736c-52d6-42ac-b7ef-6be0df7baccf/allocations" status: 200 len: 55 microversion: 1.0
May 25 21:44:41.312379 n-d-843337-1 devstack@placement-api.service[104288]: [pid: 104288|app: 0|req: 668/1332] 10.222.0.64 () {58 vars in 1390 bytes} [Wed May 25 21:44:41 2022] GET /placement/resource_providers/8d12736c-52d6-42ac-b7ef-6be0df7baccf/allocations => generated 55 bytes in 100 msecs (HTTP/1.1 200) 6 headers in 223 bytes (2 switches on core 0)
May 25 21:44:48.464010 n-d-843337-1 devstack@placement-api.service[104289]: DEBUG placement.requestlog [req-69bf6840-68e6-45d2-9678-95d56fcaebfa req-a845be43-ed31-4d08-bbd7-e90265506c12 None None] Starting request: 10.222.0.67 "GET /placement/resource_providers/cb8d069b-f2c8-40cc-a451-64bd99805b7b/allocations" {{(pid=104289) __call__ /opt/stack/placement/placement/requestlog.py:55}}
May 25 21:44:48.482507 n-d-843337-1 devstack@placement-api.service[104289]: INFO placement.requestlog [req-69bf6840-68e6-45d2-9678-95d56fcaebfa req-a845be43-ed31-4d08-bbd7-e90265506c12 service placement] 10.222.0.67 "GET /placement/resource_providers/cb8d069b-f2c8-40cc-a451-64bd99805b7b/allocations" status: 200 len: 154 microversion: 1.0
May 25 21:44:48.482829 n-d-843337-1 devstack@placement-api.service[104289]: [pid: 104289|app: 0|req: 665/1333] 10.222.0.67 () {58 vars in 1390 bytes} [Wed May 25 21:44:48 2022] GET /placement/resource_providers/cb8d069b-f2c8-40cc-a451-64bd99805b7b/allocations => generated 154 bytes in 20 msecs (HTTP/1.1 200) 6 headers in 224 bytes (1 switches on core 0)
May 25 21:45:41.217239 n-d-843337-1 devstack@placement-api.service[104288]: DEBUG placement.requestlog [req-ebf4969f-7eb9-4258-9fbb-f6995ce6fc51 req-46f96aa3-c558-4e5a-8fa7-e8c9644b93a8 None None] Starting request: 10.222.0.64 "GET /placement/resource_providers/8d12736c-52d6-42ac-b7ef-6be0df7baccf/allocations" {{(pid=104288) __call__ /opt/stack/placement/placement/requestlog.py:55}}
May 25 21:45:41.232499 n-d-843337-1 devstack@placement-api.service[104288]: INFO placement.requestlog [req-ebf4969f-7eb9-4258-9fbb-f6995ce6fc51 req-46f96aa3-c558-4e5a-8fa7-e8c9644b93a8 service placement] 10.222.0.64 "GET /placement/resource_providers/8d12736c-52d6-42ac-b7ef-6be0df7baccf/allocations" status: 200 len: 55 microversion: 1.0
May 25 21:45:41.232712 n-d-843337-1 devstack@placement-api.service[104288]: [pid: 104288|app: 0|req: 669/1334] 10.222.0.64 () {58 vars in 1390 bytes} [Wed May 25 21:45:41 2022] GET /placement/resource_providers/8d12736c-52d6-42ac-b7ef-6be0df7baccf/allocations => generated 55 bytes in 16 msecs (HTTP/1.1 200) 6 headers in 223 bytes (2 switches on core 0)
May 25 21:45:50.480960 n-d-843337-1 devstack@placement-api.service[104289]: DEBUG placement.requestlog [req-11278b69-a4d5-4293-bec0-65fb27f3d7fb req-2f851ede-34c3-4eaa-a676-6aca466a2934 None None] Starting request: 10.222.0.67 "GET /placement/resource_providers/cb8d069b-f2c8-40cc-a451-64bd99805b7b/allocations" {{(pid=104289) __call__ /opt/stack/placement/placement/requestlog.py:55}}
May 25 21:45:50.501364 n-d-843337-1 devstack@placement-api.service[104289]: INFO placement.requestlog [req-11278b69-a4d5-4293-bec0-65fb27f3d7fb req-2f851ede-34c3-4eaa-a676-6aca466a2934 service placement] 10.222.0.67 "GET /placement/resource_providers/cb8d069b-f2c8-40cc-a451-64bd99805b7b/allocations" status: 200 len: 154 microversion: 1.0
May 25 21:45:50.501605 n-d-843337-1 devstack@placement-api.service[104289]: [pid: 104289|app: 0|req: 666/1335] 10.222.0.67 () {58 vars in 1390 bytes} [Wed May 25 21:45:50 2022] GET /placement/resource_providers/cb8d069b-f2c8-40cc-a451-64bd99805b7b/allocations => generated 154 bytes in 21 msecs (HTTP/1.1 200) 6 headers in 224 bytes (2 switches on core 0)
May 25 21:46:42.224323 n-d-843337-1 devstack@placement-api.service[104288]: DEBUG placement.requestlog [req-b2a824f4-5407-4a17-bad2-f0de0d28ccd0 req-2d5a9d5d-cf32-42a0-8d57-bb90eedd79d7 None None] Starting request: 10.222.0.64 "GET /placement/resource_providers/8d12736c-52d6-42ac-b7ef-6be0df7baccf/allocations" {{(pid=104288) __call__ /opt/stack/placement/placement/requestlog.py:55}}
May 25 21:46:42.241425 n-d-843337-1 devstack@placement-api.service[104288]: INFO placement.requestlog [req-b2a824f4-5407-4a17-bad2-f0de0d28ccd0 req-2d5a9d5d-cf32-42a0-8d57-bb90eedd79d7 service placement] 10.222.0.64 "GET /placement/resource_providers/8d12736c-52d6-42ac-b7ef-6be0df7baccf/allocations" status: 200 len: 55 microversion: 1.0
May 25 21:46:42.241643 n-d-843337-1 devstack@placement-api.service[104288]: [pid: 104288|app: 0|req: 670/1336] 10.222.0.64 () {58 vars in 1390 bytes} [Wed May 25 21:46:42 2022] GET /placement/resource_providers/8d12736c-52d6-42ac-b7ef-6be0df7baccf/allocations => generated 55 bytes in 18 msecs (HTTP/1.1 200) 6 headers in 223 bytes (2 switches on core 0)
May 25 21:46:42.271306 n-d-843337-1 devstack@placement-api.service[104289]: DEBUG placement.requestlog [req-b2a824f4-5407-4a17-bad2-f0de0d28ccd0 req-809a8d9e-73b4-4e80-8f98-f13cdce802d3 None None] Starting request: 10.222.0.64 "GET /placement/resource_providers?in_tree=8d12736c-52d6-42ac-b7ef-6be0df7baccf" {{(pid=104289) __call__ /opt/stack/placement/placement/requestlog.py:55}}
May 25 21:46:42.286086 n-d-843337-1 devstack@placement-api.service[104289]: INFO placement.requestlog [req-b2a824f4-5407-4a17-bad2-f0de0d28ccd0 req-809a8d9e-73b4-4e80-8f98-f13cdce802d3 service placement] 10.222.0.64 "GET /placement/resource_providers?in_tree=8d12736c-52d6-42ac-b7ef-6be0df7baccf" status: 200 len: 863 microversion: 1.14
May 25 21:46:42.286321 n-d-843337-1 devstack@placement-api.service[104289]: [pid: 104289|app: 0|req: 667/1337] 10.222.0.64 () {60 vars in 1376 bytes} [Wed May 25 21:46:42 2022] GET /placement/resource_providers?in_tree=8d12736c-52d6-42ac-b7ef-6be0df7baccf => generated 863 bytes in 15 msecs (HTTP/1.1 200) 6 headers in 225 bytes (1 switches on core 0)
May 25 21:46:42.303479 n-d-843337-1 devstack@placement-api.service[104288]: DEBUG placement.requestlog [req-b2a824f4-5407-4a17-bad2-f0de0d28ccd0 req-2d73894b-d679-48a7-954b-1f24ec5827d1 None None] Starting request: 10.222.0.64 "GET /placement/resource_providers/8d12736c-52d6-42ac-b7ef-6be0df7baccf/inventories" {{(pid=104288) __call__ /opt/stack/placement/placement/requestlog.py:55}}
May 25 21:46:42.321789 n-d-843337-1 devstack@placement-api.service[104288]: INFO placement.requestlog [req-b2a824f4-5407-4a17-bad2-f0de0d28ccd0 req-2d73894b-d679-48a7-954b-1f24ec5827d1 service placement] 10.222.0.64 "GET /placement/resource_providers/8d12736c-52d6-42ac-b7ef-6be0df7baccf/inventories" status: 200 len: 398 microversion: 1.0
May 25 21:46:42.322156 n-d-843337-1 devstack@placement-api.service[104288]: [pid: 104288|app: 0|req: 671/1338] 10.222.0.64 () {58 vars in 1390 bytes} [Wed May 25 21:46:42 2022] GET /placement/resource_providers/8d12736c-52d6-42ac-b7ef-6be0df7baccf/inventories => generated 398 bytes in 19 msecs (HTTP/1.1 200) 6 headers in 224 bytes (1 switches on core 0)
May 25 21:46:42.334573 n-d-843337-1 devstack@placement-api.service[104289]: DEBUG placement.requestlog [req-b2a824f4-5407-4a17-bad2-f0de0d28ccd0 req-0d248f74-d410-441b-a958-52cd601b55e8 None None] Starting request: 10.222.0.64 "GET /placement/resource_providers/8d12736c-52d6-42ac-b7ef-6be0df7baccf/aggregates" {{(pid=104289) __call__ /opt/stack/placement/placement/requestlog.py:55}}
May 25 21:46:42.347080 n-d-843337-1 devstack@placement-api.service[104289]: INFO placement.requestlog [req-b2a824f4-5407-4a17-bad2-f0de0d28ccd0 req-0d248f74-d410-441b-a958-52cd601b55e8 service placement] 10.222.0.64 "GET /placement/resource_providers/8d12736c-52d6-42ac-b7ef-6be0df7baccf/aggregates" status: 200 len: 54 microversion: 1.19
May 25 21:46:42.347310 n-d-843337-1 devstack@placement-api.service[104289]: [pid: 104289|app: 0|req: 668/1339] 10.222.0.64 () {60 vars in 1431 bytes} [Wed May 25 21:46:42 2022] GET /placement/resource_providers/8d12736c-52d6-42ac-b7ef-6be0df7baccf/aggregates => generated 54 bytes in 13 msecs (HTTP/1.1 200) 8 headers in 295 bytes (1 switches on core 0)
May 25 21:46:42.364824 n-d-843337-1 devstack@placement-api.service[104288]: DEBUG placement.requestlog [req-b2a824f4-5407-4a17-bad2-f0de0d28ccd0 req-b5a54822-53de-479f-b503-4f6aa88233cb None None] Starting request: 10.222.0.64 "GET /placement/resource_providers/8d12736c-52d6-42ac-b7ef-6be0df7baccf/traits" {{(pid=104288) __call__ /opt/stack/placement/placement/requestlog.py:55}}
May 25 21:46:42.391086 n-d-843337-1 devstack@placement-api.service[104288]: INFO placement.requestlog [req-b2a824f4-5407-4a17-bad2-f0de0d28ccd0 req-b5a54822-53de-479f-b503-4f6aa88233cb service placement] 10.222.0.64 "GET /placement/resource_providers/8d12736c-52d6-42ac-b7ef-6be0df7baccf/traits" status: 200 len: 212 microversion: 1.6
May 25 21:46:42.391296 n-d-843337-1 devstack@placement-api.service[104288]: [pid: 104288|app: 0|req: 672/1340] 10.222.0.64 () {60 vars in 1418 bytes} [Wed May 25 21:46:42 2022] GET /placement/resource_providers/8d12736c-52d6-42ac-b7ef-6be0df7baccf/traits => generated 212 bytes in 27 msecs (HTTP/1.1 200) 6 headers in 224 bytes (1 switches on core 0)
May 25 21:46:51.465501 n-d-843337-1 devstack@placement-api.service[104289]: DEBUG placement.requestlog [req-1b0bcfad-b8a0-4e3c-8b2a-18afd15e51c2 req-945f03ca-4cd8-455f-a234-beb306743339 None None] Starting request: 10.222.0.67 "GET /placement/resource_providers/cb8d069b-f2c8-40cc-a451-64bd99805b7b/allocations" {{(pid=104289) __call__ /opt/stack/placement/placement/requestlog.py:55}}
May 25 21:46:51.485914 n-d-843337-1 devstack@placement-api.service[104289]: INFO placement.requestlog [req-1b0bcfad-b8a0-4e3c-8b2a-18afd15e51c2 req-945f03ca-4cd8-455f-a234-beb306743339 service placement] 10.222.0.67 "GET /placement/resource_providers/cb8d069b-f2c8-40cc-a451-64bd99805b7b/allocations" status: 200 len: 154 microversion: 1.0
May 25 21:46:51.486185 n-d-843337-1 devstack@placement-api.service[104289]: [pid: 104289|app: 0|req: 669/1341] 10.222.0.67 () {58 vars in 1390 bytes} [Wed May 25 21:46:51 2022] GET /placement/resource_providers/cb8d069b-f2c8-40cc-a451-64bd99805b7b/allocations => generated 154 bytes in 21 msecs (HTTP/1.1 200) 6 headers in 224 bytes (1 switches on core 0)
May 25 21:47:43.257962 n-d-843337-1 devstack@placement-api.service[104288]: DEBUG placement.requestlog [req-6ad28dcc-371d-4acd-9da2-6786c079043a req-e932ea9d-9862-402f-8f0f-a147ff010864 None None] Starting request: 10.222.0.64 "GET /placement/resource_providers/8d12736c-52d6-42ac-b7ef-6be0df7baccf/allocations" {{(pid=104288) __call__ /opt/stack/placement/placement/requestlog.py:55}}
May 25 21:47:43.273862 n-d-843337-1 devstack@placement-api.service[104288]: INFO placement.requestlog [req-6ad28dcc-371d-4acd-9da2-6786c079043a req-e932ea9d-9862-402f-8f0f-a147ff010864 service placement] 10.222.0.64 "GET /placement/resource_providers/8d12736c-52d6-42ac-b7ef-6be0df7baccf/allocations" status: 200 len: 55 microversion: 1.0
May 25 21:47:43.274081 n-d-843337-1 devstack@placement-api.service[104288]: [pid: 104288|app: 0|req: 673/1342] 10.222.0.64 () {58 vars in 1390 bytes} [Wed May 25 21:47:43 2022] GET /placement/resource_providers/8d12736c-52d6-42ac-b7ef-6be0df7baccf/allocations => generated 55 bytes in 16 msecs (HTTP/1.1 200) 6 headers in 223 bytes (2 switches on core 0)
May 25 21:47:53.475643 n-d-843337-1 devstack@placement-api.service[104289]: DEBUG placement.requestlog [req-7951bbf1-0d3b-4e65-a704-b304fba8f66f req-827bd33d-3617-4402-b17d-316fd9971c5c None None] Starting request: 10.222.0.67 "GET /placement/resource_providers/cb8d069b-f2c8-40cc-a451-64bd99805b7b/allocations" {{(pid=104289) __call__ /opt/stack/placement/placement/requestlog.py:55}}
May 25 21:47:53.495501 n-d-843337-1 devstack@placement-api.service[104289]: INFO placement.requestlog [req-7951bbf1-0d3b-4e65-a704-b304fba8f66f req-827bd33d-3617-4402-b17d-316fd9971c5c service placement] 10.222.0.67 "GET /placement/resource_providers/cb8d069b-f2c8-40cc-a451-64bd99805b7b/allocations" status: 200 len: 154 microversion: 1.0
May 25 21:47:53.495738 n-d-843337-1 devstack@placement-api.service[104289]: [pid: 104289|app: 0|req: 670/1343] 10.222.0.67 () {58 vars in 1390 bytes} [Wed May 25 21:47:53 2022] GET /placement/resource_providers/cb8d069b-f2c8-40cc-a451-64bd99805b7b/allocations => generated 154 bytes in 20 msecs (HTTP/1.1 200) 6 headers in 224 bytes (1 switches on core 0)
May 25 21:47:53.507352 n-d-843337-1 devstack@placement-api.service[104288]: DEBUG placement.requestlog [req-7951bbf1-0d3b-4e65-a704-b304fba8f66f req-827be13f-84d3-49ae-b606-1f14871796d2 None None] Starting request: 10.222.0.67 "GET /placement/resource_providers?in_tree=cb8d069b-f2c8-40cc-a451-64bd99805b7b" {{(pid=104288) __call__ /opt/stack/placement/placement/requestlog.py:55}}
May 25 21:47:53.523428 n-d-843337-1 devstack@placement-api.service[104288]: INFO placement.requestlog [req-7951bbf1-0d3b-4e65-a704-b304fba8f66f req-827be13f-84d3-49ae-b606-1f14871796d2 service placement] 10.222.0.67 "GET /placement/resource_providers?in_tree=cb8d069b-f2c8-40cc-a451-64bd99805b7b" status: 200 len: 863 microversion: 1.14
May 25 21:47:53.523670 n-d-843337-1 devstack@placement-api.service[104288]: [pid: 104288|app: 0|req: 674/1344] 10.222.0.67 () {60 vars in 1376 bytes} [Wed May 25 21:47:53 2022] GET /placement/resource_providers?in_tree=cb8d069b-f2c8-40cc-a451-64bd99805b7b => generated 863 bytes in 17 msecs (HTTP/1.1 200) 6 headers in 225 bytes (1 switches on core 0)
May 25 21:47:53.535491 n-d-843337-1 devstack@placement-api.service[104289]: DEBUG placement.requestlog [req-7951bbf1-0d3b-4e65-a704-b304fba8f66f req-7a6b29ea-e2c1-4627-b21d-3947c9527cd0 None None] Starting request: 10.222.0.67 "GET /placement/resource_providers/cb8d069b-f2c8-40cc-a451-64bd99805b7b/inventories" {{(pid=104289) __call__ /opt/stack/placement/placement/requestlog.py:55}}
May 25 21:47:53.553123 n-d-843337-1 devstack@placement-api.service[104289]: INFO placement.requestlog [req-7951bbf1-0d3b-4e65-a704-b304fba8f66f req-7a6b29ea-e2c1-4627-b21d-3947c9527cd0 service placement] 10.222.0.67 "GET /placement/resource_providers/cb8d069b-f2c8-40cc-a451-64bd99805b7b/inventories" status: 200 len: 398 microversion: 1.0
May 25 21:47:53.553376 n-d-843337-1 devstack@placement-api.service[104289]: [pid: 104289|app: 0|req: 671/1345] 10.222.0.67 () {58 vars in 1390 bytes} [Wed May 25 21:47:53 2022] GET /placement/resource_providers/cb8d069b-f2c8-40cc-a451-64bd99805b7b/inventories => generated 398 bytes in 18 msecs (HTTP/1.1 200) 6 headers in 224 bytes (1 switches on core 0)
May 25 21:47:53.561564 n-d-843337-1 devstack@placement-api.service[104288]: DEBUG placement.requestlog [req-7951bbf1-0d3b-4e65-a704-b304fba8f66f req-39a522b8-8b87-48b2-bb58-c024eab70003 None None] Starting request: 10.222.0.67 "GET /placement/resource_providers/cb8d069b-f2c8-40cc-a451-64bd99805b7b/aggregates" {{(pid=104288) __call__ /opt/stack/placement/placement/requestlog.py:55}}
May 25 21:47:53.573975 n-d-843337-1 devstack@placement-api.service[104288]: INFO placement.requestlog [req-7951bbf1-0d3b-4e65-a704-b304fba8f66f req-39a522b8-8b87-48b2-bb58-c024eab70003 service placement] 10.222.0.67 "GET /placement/resource_providers/cb8d069b-f2c8-40cc-a451-64bd99805b7b/aggregates" status: 200 len: 54 microversion: 1.19
May 25 21:47:53.574311 n-d-843337-1 devstack@placement-api.service[104288]: [pid: 104288|app: 0|req: 675/1346] 10.222.0.67 () {60 vars in 1431 bytes} [Wed May 25 21:47:53 2022] GET /placement/resource_providers/cb8d069b-f2c8-40cc-a451-64bd99805b7b/aggregates => generated 54 bytes in 13 msecs (HTTP/1.1 200) 8 headers in 295 bytes (1 switches on core 0)
May 25 21:47:53.581837 n-d-843337-1 devstack@placement-api.service[104289]: DEBUG placement.requestlog [req-7951bbf1-0d3b-4e65-a704-b304fba8f66f req-3749d5f7-ee77-4520-80ba-61bc5918b4c1 None None] Starting request: 10.222.0.67 "GET /placement/resource_providers/cb8d069b-f2c8-40cc-a451-64bd99805b7b/traits" {{(pid=104289) __call__ /opt/stack/placement/placement/requestlog.py:55}}
May 25 21:47:53.608252 n-d-843337-1 devstack@placement-api.service[104289]: INFO placement.requestlog [req-7951bbf1-0d3b-4e65-a704-b304fba8f66f req-3749d5f7-ee77-4520-80ba-61bc5918b4c1 service placement] 10.222.0.67 "GET /placement/resource_providers/cb8d069b-f2c8-40cc-a451-64bd99805b7b/traits" status: 200 len: 212 microversion: 1.6
May 25 21:47:53.608461 n-d-843337-1 devstack@placement-api.service[104289]: [pid: 104289|app: 0|req: 672/1347] 10.222.0.67 () {60 vars in 1418 bytes} [Wed May 25 21:47:53 2022] GET /placement/resource_providers/cb8d069b-f2c8-40cc-a451-64bd99805b7b/traits => generated 212 bytes in 27 msecs (HTTP/1.1 200) 6 headers in 224 bytes (1 switches on core 0)
May 25 21:48:45.214966 n-d-843337-1 devstack@placement-api.service[104288]: DEBUG placement.requestlog [req-99df2745-b102-4a50-bbd0-6c07e944473b req-d2567851-6500-423f-8ea9-14eb4b941b06 None None] Starting request: 10.222.0.64 "GET /placement/resource_providers/8d12736c-52d6-42ac-b7ef-6be0df7baccf/allocations" {{(pid=104288) __call__ /opt/stack/placement/placement/requestlog.py:55}}
May 25 21:48:45.230251 n-d-843337-1 devstack@placement-api.service[104288]: INFO placement.requestlog [req-99df2745-b102-4a50-bbd0-6c07e944473b req-d2567851-6500-423f-8ea9-14eb4b941b06 service placement] 10.222.0.64 "GET /placement/resource_providers/8d12736c-52d6-42ac-b7ef-6be0df7baccf/allocations" status: 200 len: 55 microversion: 1.0
May 25 21:48:45.230476 n-d-843337-1 devstack@placement-api.service[104288]: [pid: 104288|app: 0|req: 676/1348] 10.222.0.64 () {58 vars in 1390 bytes} [Wed May 25 21:48:45 2022] GET /placement/resource_providers/8d12736c-52d6-42ac-b7ef-6be0df7baccf/allocations => generated 55 bytes in 16 msecs (HTTP/1.1 200) 6 headers in 223 bytes (2 switches on core 0)
May 25 21:48:54.439849 n-d-843337-1 devstack@placement-api.service[104289]: DEBUG placement.requestlog [req-97c52c61-8505-43f6-b920-8c862ff8592b req-cce233ea-f46f-46d0-99da-188ccb0bd97c None None] Starting request: 10.222.0.67 "GET /placement/resource_providers/cb8d069b-f2c8-40cc-a451-64bd99805b7b/allocations" {{(pid=104289) __call__ /opt/stack/placement/placement/requestlog.py:55}}
May 25 21:53:54.705343 n-d-843337-1 devstack@placement-api.service[104289]: INFO placement.requestlog [req-97c52c61-8505-43f6-b920-8c862ff8592b req-cce233ea-f46f-46d0-99da-188ccb0bd97c service placement] 10.222.0.67 "GET /placement/resource_providers/cb8d069b-f2c8-40cc-a451-64bd99805b7b/allocations" status: 200 len: 154 microversion: 1.0
May 25 21:53:54.706025 n-d-843337-1 devstack@placement-api.service[104289]: Wed May 25 21:53:54 2022 - SIGPIPE: writing to a closed pipe/socket/fd (probably the client disconnected) on request /placement/resource_providers/cb8d069b-f2c8-40cc-a451-64bd99805b7b/allocations (ip 10.222.0.67) !!!
May 25 21:53:54.706025 n-d-843337-1 devstack@placement-api.service[104289]: Wed May 25 21:53:54 2022 - uwsgi_response_writev_headers_and_body_do(): Broken pipe [core/writer.c line 306] during GET /placement/resource_providers/cb8d069b-f2c8-40cc-a451-64bd99805b7b/allocations (10.222.0.67)
May 25 21:53:54.706212 n-d-843337-1 devstack@placement-api.service[104289]: CRITICAL placement [req-97c52c61-8505-43f6-b920-8c862ff8592b req-cce233ea-f46f-46d0-99da-188ccb0bd97c service placement] Unhandled error: OSError: write error
May 25 21:53:54.706212 n-d-843337-1 devstack@placement-api.service[104289]: ERROR placement OSError: write error
May 25 21:53:54.706212 n-d-843337-1 devstack@placement-api.service[104289]: ERROR placement
May 25 21:53:54.706212 n-d-843337-1 devstack@placement-api.service[104289]: [pid: 104289|app: 0|req: 673/1349] 10.222.0.67 () {58 vars in 1390 bytes} [Wed May 25 21:48:54 2022] GET /placement/resource_providers/cb8d069b-f2c8-40cc-a451-64bd99805b7b/allocations => generated 0 bytes in 300267 msecs (HTTP/1.1 200) 6 headers in 0 bytes (0 switches on core 0)