May 25 20:09:23.895454 n-d-843336-1 devstack@placement-api.service[110454]: [pid: 110454|app: 0|req: 252/504] 10.222.0.48 () {64 vars in 1430 bytes} [Wed May 25 20:09:23 2022] PUT /placement/allocations/a547826e-eda7-4808-ae1a-c6cadece1201 => generated 0 bytes in 193 msecs (HTTP/1.1 204) 5 headers in 199 bytes (1 switches on core 0)
May 25 20:09:24.338629 n-d-843336-1 devstack@placement-api.service[110455]: DEBUG placement.requestlog [req-4abc255b-bab5-4840-a240-b7fc11a1e777 req-c545708d-af3a-469d-903f-c21873b88223 None None] Starting request: 10.222.0.48 "GET /placement/resource_providers/da2e2b5a-ba0c-4dd7-8eb8-5b15e50d0265/allocations" {{(pid=110455) __call__ /opt/stack/placement/placement/requestlog.py:55}}
May 25 20:09:24.426733 n-d-843336-1 devstack@placement-api.service[110455]: INFO placement.requestlog [req-4abc255b-bab5-4840-a240-b7fc11a1e777 req-c545708d-af3a-469d-903f-c21873b88223 service placement] 10.222.0.48 "GET /placement/resource_providers/da2e2b5a-ba0c-4dd7-8eb8-5b15e50d0265/allocations" status: 200 len: 558 microversion: 1.0
May 25 20:09:24.427596 n-d-843336-1 devstack@placement-api.service[110455]: [pid: 110455|app: 0|req: 253/505] 10.222.0.48 () {58 vars in 1390 bytes} [Wed May 25 20:09:24 2022] GET /placement/resource_providers/da2e2b5a-ba0c-4dd7-8eb8-5b15e50d0265/allocations => generated 558 bytes in 89 msecs (HTTP/1.1 200) 6 headers in 224 bytes (1 switches on core 0)
May 25 20:09:24.912537 n-d-843336-1 devstack@placement-api.service[110454]: DEBUG placement.requestlog [req-0e5589f3-67ed-48aa-a86b-d54725e2e457 req-673d014d-acf1-41c9-a138-927110f1270e None None] Starting request: 10.222.0.58 "GET /placement/allocations/681c14fd-9be1-45fd-a432-79c8029a2d2f" {{(pid=110454) __call__ /opt/stack/placement/placement/requestlog.py:55}}
May 25 20:09:24.944606 n-d-843336-1 devstack@placement-api.service[110454]: INFO placement.requestlog [req-0e5589f3-67ed-48aa-a86b-d54725e2e457 req-673d014d-acf1-41c9-a138-927110f1270e service placement] 10.222.0.58 "GET /placement/allocations/681c14fd-9be1-45fd-a432-79c8029a2d2f" status: 200 len: 259 microversion: 1.28
May 25 20:09:24.945201 n-d-843336-1 devstack@placement-api.service[110454]: [pid: 110454|app: 0|req: 253/506] 10.222.0.58 () {60 vars in 1377 bytes} [Wed May 25 20:09:24 2022] GET /placement/allocations/681c14fd-9be1-45fd-a432-79c8029a2d2f => generated 259 bytes in 33 msecs (HTTP/1.1 200) 8 headers in 296 bytes (1 switches on core 0)
May 25 20:09:24.956110 n-d-843336-1 devstack@placement-api.service[110455]: DEBUG placement.requestlog [req-0e5589f3-67ed-48aa-a86b-d54725e2e457 req-b832fd80-5dcd-4948-a81a-0e90203ac6dd None None] Starting request: 10.222.0.58 "GET /placement/allocations/681c14fd-9be1-45fd-a432-79c8029a2d2f" {{(pid=110455) __call__ /opt/stack/placement/placement/requestlog.py:55}}
May 25 20:09:25.017996 n-d-843336-1 devstack@placement-api.service[110455]: INFO placement.requestlog [req-0e5589f3-67ed-48aa-a86b-d54725e2e457 req-b832fd80-5dcd-4948-a81a-0e90203ac6dd service placement] 10.222.0.58 "GET /placement/allocations/681c14fd-9be1-45fd-a432-79c8029a2d2f" status: 200 len: 259 microversion: 1.28
May 25 20:09:25.018237 n-d-843336-1 devstack@placement-api.service[110455]: [pid: 110455|app: 0|req: 254/507] 10.222.0.58 () {60 vars in 1377 bytes} [Wed May 25 20:09:24 2022] GET /placement/allocations/681c14fd-9be1-45fd-a432-79c8029a2d2f => generated 259 bytes in 63 msecs (HTTP/1.1 200) 8 headers in 296 bytes (1 switches on core 0)
May 25 20:09:25.029691 n-d-843336-1 devstack@placement-api.service[110454]: DEBUG placement.requestlog [req-0e5589f3-67ed-48aa-a86b-d54725e2e457 req-7ebf66cc-fba7-4e89-8b00-68691e9d0e3a None None] Starting request: 10.222.0.58 "GET /placement/allocations/b03a2f84-472f-4f79-bb57-e0028e71d3a7" {{(pid=110454) __call__ /opt/stack/placement/placement/requestlog.py:55}}
May 25 20:09:25.064314 n-d-843336-1 devstack@placement-api.service[110454]: INFO placement.requestlog [req-0e5589f3-67ed-48aa-a86b-d54725e2e457 req-7ebf66cc-fba7-4e89-8b00-68691e9d0e3a service placement] 10.222.0.58 "GET /placement/allocations/b03a2f84-472f-4f79-bb57-e0028e71d3a7" status: 200 len: 259 microversion: 1.28
May 25 20:09:25.064859 n-d-843336-1 devstack@placement-api.service[110454]: [pid: 110454|app: 0|req: 254/508] 10.222.0.58 () {60 vars in 1377 bytes} [Wed May 25 20:09:25 2022] GET /placement/allocations/b03a2f84-472f-4f79-bb57-e0028e71d3a7 => generated 259 bytes in 35 msecs (HTTP/1.1 200) 8 headers in 296 bytes (1 switches on core 0)
May 25 20:09:25.076217 n-d-843336-1 devstack@placement-api.service[110455]: DEBUG placement.requestlog [req-0e5589f3-67ed-48aa-a86b-d54725e2e457 req-2a9a3123-4a35-46d0-b620-e1c4abdd38e7 None None] Starting request: 10.222.0.58 "POST /placement/allocations" {{(pid=110455) __call__ /opt/stack/placement/placement/requestlog.py:55}}
May 25 20:09:25.243789 n-d-843336-1 devstack@placement-api.service[110455]: DEBUG placement.handlers.allocation [req-0e5589f3-67ed-48aa-a86b-d54725e2e457 req-2a9a3123-4a35-46d0-b620-e1c4abdd38e7 service placement] Successfully wrote allocations [, , , , , ] {{(pid=110455) _update_consumers_and_create_allocations /opt/stack/placement/placement/handlers/allocation.py:572}}
May 25 20:09:25.316130 n-d-843336-1 devstack@placement-api.service[110454]: DEBUG placement.requestlog [req-b38b7961-28ab-48f3-866b-b89374e42aca req-0d0893d6-9f07-4151-9630-b2922a20f6cf None None] Starting request: 10.222.0.48 "GET /placement/allocations/4e1b17ea-61f2-4765-a9a3-7d20ed36306b" {{(pid=110454) __call__ /opt/stack/placement/placement/requestlog.py:55}}
May 25 20:09:25.353195 n-d-843336-1 devstack@placement-api.service[110454]: INFO placement.requestlog [req-b38b7961-28ab-48f3-866b-b89374e42aca req-0d0893d6-9f07-4151-9630-b2922a20f6cf service placement] 10.222.0.48 "GET /placement/allocations/4e1b17ea-61f2-4765-a9a3-7d20ed36306b" status: 200 len: 259 microversion: 1.28
May 25 20:09:25.353528 n-d-843336-1 devstack@placement-api.service[110455]: INFO placement.requestlog [req-0e5589f3-67ed-48aa-a86b-d54725e2e457 req-2a9a3123-4a35-46d0-b620-e1c4abdd38e7 service placement] 10.222.0.58 "POST /placement/allocations" status: 204 len: 0 microversion: 1.28
May 25 20:09:25.354102 n-d-843336-1 devstack@placement-api.service[110455]: [pid: 110455|app: 0|req: 255/509] 10.222.0.58 () {64 vars in 1320 bytes} [Wed May 25 20:09:25 2022] POST /placement/allocations => generated 0 bytes in 278 msecs (HTTP/1.1 204) 5 headers in 199 bytes (1 switches on core 0)
May 25 20:09:25.357888 n-d-843336-1 devstack@placement-api.service[110454]: [pid: 110454|app: 0|req: 255/510] 10.222.0.48 () {60 vars in 1377 bytes} [Wed May 25 20:09:25 2022] GET /placement/allocations/4e1b17ea-61f2-4765-a9a3-7d20ed36306b => generated 259 bytes in 42 msecs (HTTP/1.1 200) 8 headers in 296 bytes (2 switches on core 0)
May 25 20:09:25.450576 n-d-843336-1 devstack@placement-api.service[110455]: DEBUG placement.requestlog [req-7a2e8dc9-2289-4a13-8980-df069f8db51f req-4415b292-8318-4d23-9842-ad280ecf40f7 None None] Starting request: 10.222.0.55 "GET /placement/allocation_candidates?limit=1000&resources=DISK_GB%3A1%2CMEMORY_MB%3A1024%2CVCPU%3A1&root_required=%21COMPUTE_STATUS_DISABLED" {{(pid=110455) __call__ /opt/stack/placement/placement/requestlog.py:55}}
May 25 20:09:25.540643 n-d-843336-1 devstack@placement-api.service[110455]: DEBUG placement.objects.research_context [req-7a2e8dc9-2289-4a13-8980-df069f8db51f req-4415b292-8318-4d23-9842-ad280ecf40f7 service placement] getting providers with 1 DISK_GB {{(pid=110455) __init__ /opt/stack/placement/placement/objects/research_context.py:126}}
May 25 20:09:25.550016 n-d-843336-1 devstack@placement-api.service[110455]: DEBUG placement.objects.research_context [req-7a2e8dc9-2289-4a13-8980-df069f8db51f req-4415b292-8318-4d23-9842-ad280ecf40f7 service placement] getting providers with 1024 MEMORY_MB {{(pid=110455) __init__ /opt/stack/placement/placement/objects/research_context.py:126}}
May 25 20:09:25.572653 n-d-843336-1 devstack@placement-api.service[110455]: DEBUG placement.objects.research_context [req-7a2e8dc9-2289-4a13-8980-df069f8db51f req-4415b292-8318-4d23-9842-ad280ecf40f7 service placement] getting providers with 1 VCPU {{(pid=110455) __init__ /opt/stack/placement/placement/objects/research_context.py:126}}
May 25 20:09:25.596062 n-d-843336-1 devstack@placement-api.service[110455]: DEBUG placement.objects.research_context [req-7a2e8dc9-2289-4a13-8980-df069f8db51f req-4415b292-8318-4d23-9842-ad280ecf40f7 service placement] found 2 providers with available 1 DISK_GB {{(pid=110455) get_provider_ids_matching /opt/stack/placement/placement/objects/research_context.py:549}}
May 25 20:09:25.596346 n-d-843336-1 devstack@placement-api.service[110455]: DEBUG placement.objects.research_context [req-7a2e8dc9-2289-4a13-8980-df069f8db51f req-4415b292-8318-4d23-9842-ad280ecf40f7 service placement] found 2 providers with available 1024 MEMORY_MB {{(pid=110455) get_provider_ids_matching /opt/stack/placement/placement/objects/research_context.py:549}}
May 25 20:09:25.601696 n-d-843336-1 devstack@placement-api.service[110455]: DEBUG placement.objects.research_context [req-7a2e8dc9-2289-4a13-8980-df069f8db51f req-4415b292-8318-4d23-9842-ad280ecf40f7 service placement] found 2 providers after filtering by previous result {{(pid=110455) get_provider_ids_matching /opt/stack/placement/placement/objects/research_context.py:580}}
May 25 20:09:25.602170 n-d-843336-1 devstack@placement-api.service[110455]: DEBUG placement.objects.research_context [req-7a2e8dc9-2289-4a13-8980-df069f8db51f req-4415b292-8318-4d23-9842-ad280ecf40f7 service placement] found 2 providers with available 1 VCPU {{(pid=110455) get_provider_ids_matching /opt/stack/placement/placement/objects/research_context.py:549}}
May 25 20:09:25.602602 n-d-843336-1 devstack@placement-api.service[110455]: DEBUG placement.objects.research_context [req-7a2e8dc9-2289-4a13-8980-df069f8db51f req-4415b292-8318-4d23-9842-ad280ecf40f7 service placement] found 2 providers after filtering by previous result {{(pid=110455) get_provider_ids_matching /opt/stack/placement/placement/objects/research_context.py:580}}
May 25 20:09:25.655313 n-d-843336-1 devstack@placement-api.service[110455]: DEBUG placement.objects.allocation_candidate [req-7a2e8dc9-2289-4a13-8980-df069f8db51f req-4415b292-8318-4d23-9842-ad280ecf40f7 service placement] RequestGroup(use_same_provider=False, resources={DISK_GB:1, MEMORY_MB:1024, VCPU:1}, traits=[], aggregates=[]) (suffix '') returned 2 matches {{(pid=110455) _get_by_requests /opt/stack/placement/placement/objects/allocation_candidate.py:145}}
May 25 20:09:25.656506 n-d-843336-1 devstack@placement-api.service[110455]: DEBUG placement.objects.allocation_candidate [req-7a2e8dc9-2289-4a13-8980-df069f8db51f req-4415b292-8318-4d23-9842-ad280ecf40f7 service placement] Merging candidates yields 2 allocation requests and 2 provider summaries {{(pid=110455) _merge_candidates /opt/stack/placement/placement/objects/allocation_candidate.py:783}}
May 25 20:09:25.660061 n-d-843336-1 devstack@placement-api.service[110455]: INFO placement.requestlog [req-7a2e8dc9-2289-4a13-8980-df069f8db51f req-4415b292-8318-4d23-9842-ad280ecf40f7 service placement] 10.222.0.55 "GET /placement/allocation_candidates?limit=1000&resources=DISK_GB%3A1%2CMEMORY_MB%3A1024%2CVCPU%3A1&root_required=%21COMPUTE_STATUS_DISABLED" status: 200 len: 1309 microversion: 1.36
May 25 20:09:25.660760 n-d-843336-1 devstack@placement-api.service[110455]: [pid: 110455|app: 0|req: 256/511] 10.222.0.55 () {60 vars in 1506 bytes} [Wed May 25 20:09:25 2022] GET /placement/allocation_candidates?limit=1000&resources=DISK_GB%3A1%2CMEMORY_MB%3A1024%2CVCPU%3A1&root_required=%21COMPUTE_STATUS_DISABLED => generated 1309 bytes in 211 msecs (HTTP/1.1 200) 8 headers in 297 bytes (2 switches on core 0)
May 25 20:09:25.761271 n-d-843336-1 devstack@placement-api.service[110454]: DEBUG placement.requestlog [req-7a2e8dc9-2289-4a13-8980-df069f8db51f req-f2572a1f-18ea-495e-9372-de502b6553e0 None None] Starting request: 10.222.0.55 "GET /placement/allocations/01385e6c-33f4-4e4f-9eac-4bd417d14b40" {{(pid=110454) __call__ /opt/stack/placement/placement/requestlog.py:55}}
May 25 20:09:25.776258 n-d-843336-1 devstack@placement-api.service[110454]: INFO placement.requestlog [req-7a2e8dc9-2289-4a13-8980-df069f8db51f req-f2572a1f-18ea-495e-9372-de502b6553e0 service placement] 10.222.0.55 "GET /placement/allocations/01385e6c-33f4-4e4f-9eac-4bd417d14b40" status: 200 len: 19 microversion: 1.28
May 25 20:09:25.776501 n-d-843336-1 devstack@placement-api.service[110454]: [pid: 110454|app: 0|req: 256/512] 10.222.0.55 () {60 vars in 1380 bytes} [Wed May 25 20:09:25 2022] GET /placement/allocations/01385e6c-33f4-4e4f-9eac-4bd417d14b40 => generated 19 bytes in 15 msecs (HTTP/1.1 200) 8 headers in 295 bytes (1 switches on core 0)
May 25 20:09:25.784439 n-d-843336-1 devstack@placement-api.service[110455]: DEBUG placement.requestlog [req-7a2e8dc9-2289-4a13-8980-df069f8db51f req-134dca7f-ba7c-4aad-a4c8-933f02d0046b None None] Starting request: 10.222.0.55 "PUT /placement/allocations/01385e6c-33f4-4e4f-9eac-4bd417d14b40" {{(pid=110455) __call__ /opt/stack/placement/placement/requestlog.py:55}}
May 25 20:09:26.019373 n-d-843336-1 devstack@placement-api.service[110455]: DEBUG placement.handlers.allocation [req-7a2e8dc9-2289-4a13-8980-df069f8db51f req-134dca7f-ba7c-4aad-a4c8-933f02d0046b service placement] Successfully wrote allocations [, , ] {{(pid=110455) _update_consumers_and_create_allocations /opt/stack/placement/placement/handlers/allocation.py:462}}
May 25 20:09:26.119471 n-d-843336-1 devstack@placement-api.service[110455]: INFO placement.requestlog [req-7a2e8dc9-2289-4a13-8980-df069f8db51f req-134dca7f-ba7c-4aad-a4c8-933f02d0046b service placement] 10.222.0.55 "PUT /placement/allocations/01385e6c-33f4-4e4f-9eac-4bd417d14b40" status: 204 len: 0 microversion: 1.36
May 25 20:09:26.120437 n-d-843336-1 devstack@placement-api.service[110455]: [pid: 110455|app: 0|req: 257/513] 10.222.0.55 () {64 vars in 1433 bytes} [Wed May 25 20:09:25 2022] PUT /placement/allocations/01385e6c-33f4-4e4f-9eac-4bd417d14b40 => generated 0 bytes in 336 msecs (HTTP/1.1 204) 5 headers in 199 bytes (1 switches on core 0)
May 25 20:09:27.541807 n-d-843336-1 devstack@placement-api.service[110454]: DEBUG placement.requestlog [req-7a2e8dc9-2289-4a13-8980-df069f8db51f req-77ee3ea6-674a-43a7-8641-4a0a65255b52 None None] Starting request: 10.222.0.48 "GET /placement/allocations/01385e6c-33f4-4e4f-9eac-4bd417d14b40" {{(pid=110454) __call__ /opt/stack/placement/placement/requestlog.py:55}}
May 25 20:09:27.579021 n-d-843336-1 devstack@placement-api.service[110454]: INFO placement.requestlog [req-7a2e8dc9-2289-4a13-8980-df069f8db51f req-77ee3ea6-674a-43a7-8641-4a0a65255b52 service placement] 10.222.0.48 "GET /placement/allocations/01385e6c-33f4-4e4f-9eac-4bd417d14b40" status: 200 len: 259 microversion: 1.28
May 25 20:09:27.580100 n-d-843336-1 devstack@placement-api.service[110454]: [pid: 110454|app: 0|req: 257/514] 10.222.0.48 () {60 vars in 1377 bytes} [Wed May 25 20:09:27 2022] GET /placement/allocations/01385e6c-33f4-4e4f-9eac-4bd417d14b40 => generated 259 bytes in 39 msecs (HTTP/1.1 200) 8 headers in 296 bytes (1 switches on core 0)
May 25 20:09:40.362783 n-d-843336-1 devstack@placement-api.service[110455]: DEBUG placement.requestlog [req-0ead7895-0598-433b-a950-c87108ed6b16 req-f511a537-f218-4dd7-a88a-c79a67924722 None None] Starting request: 10.222.0.58 "DELETE /placement/allocations/b03a2f84-472f-4f79-bb57-e0028e71d3a7" {{(pid=110455) __call__ /opt/stack/placement/placement/requestlog.py:55}}
May 25 20:09:40.546331 n-d-843336-1 devstack@placement-api.service[110455]: DEBUG placement.handlers.allocation [req-0ead7895-0598-433b-a950-c87108ed6b16 req-f511a537-f218-4dd7-a88a-c79a67924722 service placement] Successfully deleted allocations [, , ] {{(pid=110455) delete_allocations /opt/stack/placement/placement/handlers/allocation.py:627}}
May 25 20:09:40.546828 n-d-843336-1 devstack@placement-api.service[110455]: INFO placement.requestlog [req-0ead7895-0598-433b-a950-c87108ed6b16 req-f511a537-f218-4dd7-a88a-c79a67924722 service placement] 10.222.0.58 "DELETE /placement/allocations/b03a2f84-472f-4f79-bb57-e0028e71d3a7" status: 204 len: 0 microversion: 1.0
May 25 20:09:40.547342 n-d-843336-1 devstack@placement-api.service[110455]: [pid: 110455|app: 0|req: 258/515] 10.222.0.58 () {60 vars in 1355 bytes} [Wed May 25 20:09:40 2022] DELETE /placement/allocations/b03a2f84-472f-4f79-bb57-e0028e71d3a7 => generated 0 bytes in 185 msecs (HTTP/1.1 204) 5 headers in 198 bytes (1 switches on core 0)
May 25 20:09:46.700382 n-d-843336-1 devstack@placement-api.service[110454]: DEBUG placement.requestlog [req-527b08d4-1f88-4d2f-a0b4-0c7677a1350a req-dac29ebb-ca27-4774-bf24-079d1f73d168 None None] Starting request: 10.222.0.58 "DELETE /placement/allocations/d09a80dc-4f67-4f24-9d67-d7909f441ea4" {{(pid=110454) __call__ /opt/stack/placement/placement/requestlog.py:55}}
May 25 20:09:46.962889 n-d-843336-1 devstack@placement-api.service[110454]: DEBUG placement.handlers.allocation [req-527b08d4-1f88-4d2f-a0b4-0c7677a1350a req-dac29ebb-ca27-4774-bf24-079d1f73d168 service placement] Successfully deleted allocations [, , ] {{(pid=110454) delete_allocations /opt/stack/placement/placement/handlers/allocation.py:627}}
May 25 20:09:46.963641 n-d-843336-1 devstack@placement-api.service[110454]: INFO placement.requestlog [req-527b08d4-1f88-4d2f-a0b4-0c7677a1350a req-dac29ebb-ca27-4774-bf24-079d1f73d168 service placement] 10.222.0.58 "DELETE /placement/allocations/d09a80dc-4f67-4f24-9d67-d7909f441ea4" status: 204 len: 0 microversion: 1.0
May 25 20:09:46.964066 n-d-843336-1 devstack@placement-api.service[110454]: [pid: 110454|app: 0|req: 258/516] 10.222.0.58 () {60 vars in 1355 bytes} [Wed May 25 20:09:46 2022] DELETE /placement/allocations/d09a80dc-4f67-4f24-9d67-d7909f441ea4 => generated 0 bytes in 264 msecs (HTTP/1.1 204) 5 headers in 198 bytes (1 switches on core 0)
May 25 20:09:48.246220 n-d-843336-1 devstack@placement-api.service[110455]: DEBUG placement.requestlog [req-1e089122-42c2-4fd2-8482-0d7e55b96f7f req-21cfd33d-64de-4c7a-8d88-a67901f17002 None None] Starting request: 10.222.0.55 "GET /placement/allocation_candidates?limit=1000&resources=DISK_GB%3A1%2CMEMORY_MB%3A1024%2CVCPU%3A1&root_required=%21COMPUTE_STATUS_DISABLED" {{(pid=110455) __call__ /opt/stack/placement/placement/requestlog.py:55}}
May 25 20:09:48.281191 n-d-843336-1 devstack@placement-api.service[110455]: DEBUG placement.objects.research_context [req-1e089122-42c2-4fd2-8482-0d7e55b96f7f req-21cfd33d-64de-4c7a-8d88-a67901f17002 service placement] getting providers with 1 DISK_GB {{(pid=110455) __init__ /opt/stack/placement/placement/objects/research_context.py:126}}
May 25 20:09:48.287782 n-d-843336-1 devstack@placement-api.service[110455]: DEBUG placement.objects.research_context [req-1e089122-42c2-4fd2-8482-0d7e55b96f7f req-21cfd33d-64de-4c7a-8d88-a67901f17002 service placement] getting providers with 1024 MEMORY_MB {{(pid=110455) __init__ /opt/stack/placement/placement/objects/research_context.py:126}}
May 25 20:09:48.293905 n-d-843336-1 devstack@placement-api.service[110455]: DEBUG placement.objects.research_context [req-1e089122-42c2-4fd2-8482-0d7e55b96f7f req-21cfd33d-64de-4c7a-8d88-a67901f17002 service placement] getting providers with 1 VCPU {{(pid=110455) __init__ /opt/stack/placement/placement/objects/research_context.py:126}}
May 25 20:09:48.299989 n-d-843336-1 devstack@placement-api.service[110455]: DEBUG placement.objects.research_context [req-1e089122-42c2-4fd2-8482-0d7e55b96f7f req-21cfd33d-64de-4c7a-8d88-a67901f17002 service placement] found 2 providers with available 1 DISK_GB {{(pid=110455) get_provider_ids_matching /opt/stack/placement/placement/objects/research_context.py:549}}
May 25 20:09:48.300372 n-d-843336-1 devstack@placement-api.service[110455]: DEBUG placement.objects.research_context [req-1e089122-42c2-4fd2-8482-0d7e55b96f7f req-21cfd33d-64de-4c7a-8d88-a67901f17002 service placement] found 2 providers with available 1024 MEMORY_MB {{(pid=110455) get_provider_ids_matching /opt/stack/placement/placement/objects/research_context.py:549}}
May 25 20:09:48.300754 n-d-843336-1 devstack@placement-api.service[110455]: DEBUG placement.objects.research_context [req-1e089122-42c2-4fd2-8482-0d7e55b96f7f req-21cfd33d-64de-4c7a-8d88-a67901f17002 service placement] found 2 providers after filtering by previous result {{(pid=110455) get_provider_ids_matching /opt/stack/placement/placement/objects/research_context.py:580}}
May 25 20:09:48.301117 n-d-843336-1 devstack@placement-api.service[110455]: DEBUG placement.objects.research_context [req-1e089122-42c2-4fd2-8482-0d7e55b96f7f req-21cfd33d-64de-4c7a-8d88-a67901f17002 service placement] found 2 providers with available 1 VCPU {{(pid=110455) get_provider_ids_matching /opt/stack/placement/placement/objects/research_context.py:549}}
May 25 20:09:48.301501 n-d-843336-1 devstack@placement-api.service[110455]: DEBUG placement.objects.research_context [req-1e089122-42c2-4fd2-8482-0d7e55b96f7f req-21cfd33d-64de-4c7a-8d88-a67901f17002 service placement] found 2 providers after filtering by previous result {{(pid=110455) get_provider_ids_matching /opt/stack/placement/placement/objects/research_context.py:580}}
May 25 20:09:48.315086 n-d-843336-1 devstack@placement-api.service[110455]: DEBUG placement.objects.allocation_candidate [req-1e089122-42c2-4fd2-8482-0d7e55b96f7f req-21cfd33d-64de-4c7a-8d88-a67901f17002 service placement] RequestGroup(use_same_provider=False, resources={DISK_GB:1, MEMORY_MB:1024, VCPU:1}, traits=[], aggregates=[]) (suffix '') returned 2 matches {{(pid=110455) _get_by_requests /opt/stack/placement/placement/objects/allocation_candidate.py:145}}
May 25 20:09:48.315992 n-d-843336-1 devstack@placement-api.service[110455]: DEBUG placement.objects.allocation_candidate [req-1e089122-42c2-4fd2-8482-0d7e55b96f7f req-21cfd33d-64de-4c7a-8d88-a67901f17002 service placement] Merging candidates yields 2 allocation requests and 2 provider summaries {{(pid=110455) _merge_candidates /opt/stack/placement/placement/objects/allocation_candidate.py:783}}
May 25 20:09:48.317681 n-d-843336-1 devstack@placement-api.service[110455]: INFO placement.requestlog [req-1e089122-42c2-4fd2-8482-0d7e55b96f7f req-21cfd33d-64de-4c7a-8d88-a67901f17002 service placement] 10.222.0.55 "GET /placement/allocation_candidates?limit=1000&resources=DISK_GB%3A1%2CMEMORY_MB%3A1024%2CVCPU%3A1&root_required=%21COMPUTE_STATUS_DISABLED" status: 200 len: 1309 microversion: 1.36
May 25 20:09:48.318041 n-d-843336-1 devstack@placement-api.service[110455]: [pid: 110455|app: 0|req: 259/517] 10.222.0.55 () {60 vars in 1506 bytes} [Wed May 25 20:09:48 2022] GET /placement/allocation_candidates?limit=1000&resources=DISK_GB%3A1%2CMEMORY_MB%3A1024%2CVCPU%3A1&root_required=%21COMPUTE_STATUS_DISABLED => generated 1309 bytes in 72 msecs (HTTP/1.1 200) 8 headers in 297 bytes (2 switches on core 0)
May 25 20:09:48.366111 n-d-843336-1 devstack@placement-api.service[110454]: DEBUG placement.requestlog [req-1e089122-42c2-4fd2-8482-0d7e55b96f7f req-5faa8f64-2f9a-46d0-851e-290651630449 None None] Starting request: 10.222.0.55 "GET /placement/allocations/fc793666-ac96-4c92-88df-5fc17a1db083" {{(pid=110454) __call__ /opt/stack/placement/placement/requestlog.py:55}}
May 25 20:09:48.378858 n-d-843336-1 devstack@placement-api.service[110454]: INFO placement.requestlog [req-1e089122-42c2-4fd2-8482-0d7e55b96f7f req-5faa8f64-2f9a-46d0-851e-290651630449 service placement] 10.222.0.55 "GET /placement/allocations/fc793666-ac96-4c92-88df-5fc17a1db083" status: 200 len: 19 microversion: 1.28
May 25 20:09:48.379620 n-d-843336-1 devstack@placement-api.service[110454]: [pid: 110454|app: 0|req: 259/518] 10.222.0.55 () {60 vars in 1380 bytes} [Wed May 25 20:09:48 2022] GET /placement/allocations/fc793666-ac96-4c92-88df-5fc17a1db083 => generated 19 bytes in 14 msecs (HTTP/1.1 200) 8 headers in 295 bytes (1 switches on core 0)
May 25 20:09:48.388173 n-d-843336-1 devstack@placement-api.service[110455]: DEBUG placement.requestlog [req-1e089122-42c2-4fd2-8482-0d7e55b96f7f req-ad055da9-4f7f-4f63-98d1-4383e854648e None None] Starting request: 10.222.0.55 "PUT /placement/allocations/fc793666-ac96-4c92-88df-5fc17a1db083" {{(pid=110455) __call__ /opt/stack/placement/placement/requestlog.py:55}}
May 25 20:09:48.679063 n-d-843336-1 devstack@placement-api.service[110455]: DEBUG placement.handlers.allocation [req-1e089122-42c2-4fd2-8482-0d7e55b96f7f req-ad055da9-4f7f-4f63-98d1-4383e854648e service placement] Successfully wrote allocations [, , ] {{(pid=110455) _update_consumers_and_create_allocations /opt/stack/placement/placement/handlers/allocation.py:462}}
May 25 20:09:49.043860 n-d-843336-1 devstack@placement-api.service[110455]: INFO placement.requestlog [req-1e089122-42c2-4fd2-8482-0d7e55b96f7f req-ad055da9-4f7f-4f63-98d1-4383e854648e service placement] 10.222.0.55 "PUT /placement/allocations/fc793666-ac96-4c92-88df-5fc17a1db083" status: 204 len: 0 microversion: 1.36
May 25 20:09:49.044185 n-d-843336-1 devstack@placement-api.service[110455]: [pid: 110455|app: 0|req: 260/519] 10.222.0.55 () {64 vars in 1433 bytes} [Wed May 25 20:09:48 2022] PUT /placement/allocations/fc793666-ac96-4c92-88df-5fc17a1db083 => generated 0 bytes in 656 msecs (HTTP/1.1 204) 5 headers in 199 bytes (1 switches on core 0)
May 25 20:09:50.545861 n-d-843336-1 devstack@placement-api.service[110454]: DEBUG placement.requestlog [req-1e089122-42c2-4fd2-8482-0d7e55b96f7f req-9ea5389e-2b53-498c-8757-936323c892c6 None None] Starting request: 10.222.0.58 "GET /placement/allocations/fc793666-ac96-4c92-88df-5fc17a1db083" {{(pid=110454) __call__ /opt/stack/placement/placement/requestlog.py:55}}
May 25 20:09:50.573760 n-d-843336-1 devstack@placement-api.service[110454]: INFO placement.requestlog [req-1e089122-42c2-4fd2-8482-0d7e55b96f7f req-9ea5389e-2b53-498c-8757-936323c892c6 service placement] 10.222.0.58 "GET /placement/allocations/fc793666-ac96-4c92-88df-5fc17a1db083" status: 200 len: 259 microversion: 1.28
May 25 20:09:50.574502 n-d-843336-1 devstack@placement-api.service[110454]: [pid: 110454|app: 0|req: 260/520] 10.222.0.58 () {60 vars in 1377 bytes} [Wed May 25 20:09:50 2022] GET /placement/allocations/fc793666-ac96-4c92-88df-5fc17a1db083 => generated 259 bytes in 29 msecs (HTTP/1.1 200) 8 headers in 296 bytes (1 switches on core 0)
May 25 20:09:51.036671 n-d-843336-1 devstack@placement-api.service[110455]: DEBUG placement.requestlog [req-cf470cd8-e16e-428e-b0b8-1036d221696c req-63eba087-bd8f-4fe4-b58f-d8e3cd6fa51d None None] Starting request: 10.222.0.58 "DELETE /placement/allocations/493ab33c-a688-4963-8750-ace68d8755d6" {{(pid=110455) __call__ /opt/stack/placement/placement/requestlog.py:55}}
May 25 20:09:51.254730 n-d-843336-1 devstack@placement-api.service[110455]: DEBUG placement.handlers.allocation [req-cf470cd8-e16e-428e-b0b8-1036d221696c req-63eba087-bd8f-4fe4-b58f-d8e3cd6fa51d service placement] Successfully deleted allocations [, , ] {{(pid=110455) delete_allocations /opt/stack/placement/placement/handlers/allocation.py:627}}
May 25 20:09:51.255253 n-d-843336-1 devstack@placement-api.service[110455]: INFO placement.requestlog [req-cf470cd8-e16e-428e-b0b8-1036d221696c req-63eba087-bd8f-4fe4-b58f-d8e3cd6fa51d service placement] 10.222.0.58 "DELETE /placement/allocations/493ab33c-a688-4963-8750-ace68d8755d6" status: 204 len: 0 microversion: 1.0
May 25 20:09:51.255692 n-d-843336-1 devstack@placement-api.service[110455]: [pid: 110455|app: 0|req: 261/521] 10.222.0.58 () {60 vars in 1355 bytes} [Wed May 25 20:09:51 2022] DELETE /placement/allocations/493ab33c-a688-4963-8750-ace68d8755d6 => generated 0 bytes in 219 msecs (HTTP/1.1 204) 5 headers in 198 bytes (1 switches on core 0)
May 25 20:09:53.403167 n-d-843336-1 devstack@placement-api.service[110454]: DEBUG placement.requestlog [req-61a2d41c-c262-4c0c-9a76-29a7612c8309 req-9eef5121-5ac2-4df1-a165-624d42f60f2d None None] Starting request: 10.222.0.58 "DELETE /placement/allocations/7eb9f93c-ad68-45e1-b633-2976f3764961" {{(pid=110454) __call__ /opt/stack/placement/placement/requestlog.py:55}}
May 25 20:09:54.062937 n-d-843336-1 devstack@placement-api.service[110454]: DEBUG placement.handlers.allocation [req-61a2d41c-c262-4c0c-9a76-29a7612c8309 req-9eef5121-5ac2-4df1-a165-624d42f60f2d service placement] Successfully deleted allocations [, , ] {{(pid=110454) delete_allocations /opt/stack/placement/placement/handlers/allocation.py:627}}
May 25 20:09:54.063515 n-d-843336-1 devstack@placement-api.service[110454]: INFO placement.requestlog [req-61a2d41c-c262-4c0c-9a76-29a7612c8309 req-9eef5121-5ac2-4df1-a165-624d42f60f2d service placement] 10.222.0.58 "DELETE /placement/allocations/7eb9f93c-ad68-45e1-b633-2976f3764961" status: 204 len: 0 microversion: 1.0
May 25 20:09:54.064986 n-d-843336-1 devstack@placement-api.service[110454]: [pid: 110454|app: 0|req: 261/522] 10.222.0.58 () {60 vars in 1355 bytes} [Wed May 25 20:09:53 2022] DELETE /placement/allocations/7eb9f93c-ad68-45e1-b633-2976f3764961 => generated 0 bytes in 677 msecs (HTTP/1.1 204) 5 headers in 198 bytes (1 switches on core 0)
May 25 20:09:54.631585 n-d-843336-1 devstack@placement-api.service[110455]: DEBUG placement.requestlog [None req-df18f345-3d58-4b4b-8450-07e64b662f1b None None] Starting request: 10.222.0.55 "GET /placement/" {{(pid=110455) __call__ /opt/stack/placement/placement/requestlog.py:55}}
May 25 20:09:54.632555 n-d-843336-1 devstack@placement-api.service[110455]: INFO placement.requestlog [None req-df18f345-3d58-4b4b-8450-07e64b662f1b None None] 10.222.0.55 "GET /placement/" status: 200 len: 136 microversion: 1.0
May 25 20:09:54.632923 n-d-843336-1 devstack@placement-api.service[110455]: [pid: 110455|app: 0|req: 262/523] 10.222.0.55 () {54 vars in 916 bytes} [Wed May 25 20:09:54 2022] GET /placement => generated 136 bytes in 2 msecs (HTTP/1.1 200) 6 headers in 224 bytes (1 switches on core 0)
May 25 20:09:54.645507 n-d-843336-1 devstack@placement-api.service[110454]: DEBUG placement.requestlog [req-13cb46d6-3f65-40ea-96a2-e1c2ff9ba257 req-6c8a2a80-3493-49ab-abfc-8151feba0586 None None] Starting request: 10.222.0.55 "GET /placement/allocations/01385e6c-33f4-4e4f-9eac-4bd417d14b40" {{(pid=110454) __call__ /opt/stack/placement/placement/requestlog.py:55}}
May 25 20:09:54.777341 n-d-843336-1 devstack@placement-api.service[110454]: INFO placement.requestlog [req-13cb46d6-3f65-40ea-96a2-e1c2ff9ba257 req-6c8a2a80-3493-49ab-abfc-8151feba0586 service placement] 10.222.0.55 "GET /placement/allocations/01385e6c-33f4-4e4f-9eac-4bd417d14b40" status: 200 len: 259 microversion: 1.28
May 25 20:09:54.778475 n-d-843336-1 devstack@placement-api.service[110454]: [pid: 110454|app: 0|req: 262/524] 10.222.0.55 () {60 vars in 1380 bytes} [Wed May 25 20:09:54 2022] GET /placement/allocations/01385e6c-33f4-4e4f-9eac-4bd417d14b40 => generated 259 bytes in 133 msecs (HTTP/1.1 200) 8 headers in 296 bytes (1 switches on core 0)
May 25 20:09:54.786255 n-d-843336-1 devstack@placement-api.service[110455]: DEBUG placement.requestlog [req-13cb46d6-3f65-40ea-96a2-e1c2ff9ba257 req-871445bd-0fd1-4bb3-b4da-24cfc4a14bd7 None None] Starting request: 10.222.0.55 "GET /placement/allocations/01385e6c-33f4-4e4f-9eac-4bd417d14b40" {{(pid=110455) __call__ /opt/stack/placement/placement/requestlog.py:55}}
May 25 20:09:54.803257 n-d-843336-1 devstack@placement-api.service[110455]: INFO placement.requestlog [req-13cb46d6-3f65-40ea-96a2-e1c2ff9ba257 req-871445bd-0fd1-4bb3-b4da-24cfc4a14bd7 service placement] 10.222.0.55 "GET /placement/allocations/01385e6c-33f4-4e4f-9eac-4bd417d14b40" status: 200 len: 259 microversion: 1.28
May 25 20:09:54.814222 n-d-843336-1 devstack@placement-api.service[110454]: DEBUG placement.requestlog [req-13cb46d6-3f65-40ea-96a2-e1c2ff9ba257 req-39740c23-cfe9-47dc-b4dd-355ec733ab72 None None] Starting request: 10.222.0.55 "GET /placement/allocations/701e2811-2294-459e-855a-6ae0ad00ae03" {{(pid=110454) __call__ /opt/stack/placement/placement/requestlog.py:55}}
May 25 20:09:54.829565 n-d-843336-1 devstack@placement-api.service[110455]: [pid: 110455|app: 0|req: 263/525] 10.222.0.55 () {60 vars in 1380 bytes} [Wed May 25 20:09:54 2022] GET /placement/allocations/01385e6c-33f4-4e4f-9eac-4bd417d14b40 => generated 259 bytes in 43 msecs (HTTP/1.1 200) 8 headers in 296 bytes (1 switches on core 0)
May 25 20:09:54.835367 n-d-843336-1 devstack@placement-api.service[110454]: INFO placement.requestlog [req-13cb46d6-3f65-40ea-96a2-e1c2ff9ba257 req-39740c23-cfe9-47dc-b4dd-355ec733ab72 service placement] 10.222.0.55 "GET /placement/allocations/701e2811-2294-459e-855a-6ae0ad00ae03" status: 200 len: 19 microversion: 1.28
May 25 20:09:54.835832 n-d-843336-1 devstack@placement-api.service[110454]: [pid: 110454|app: 0|req: 263/526] 10.222.0.55 () {60 vars in 1380 bytes} [Wed May 25 20:09:54 2022] GET /placement/allocations/701e2811-2294-459e-855a-6ae0ad00ae03 => generated 19 bytes in 22 msecs (HTTP/1.1 200) 8 headers in 295 bytes (1 switches on core 0)
May 25 20:09:54.844596 n-d-843336-1 devstack@placement-api.service[110455]: DEBUG placement.requestlog [req-13cb46d6-3f65-40ea-96a2-e1c2ff9ba257 req-dca63fb7-f992-4e97-96f5-dd8476b17518 None None] Starting request: 10.222.0.55 "POST /placement/allocations" {{(pid=110455) __call__ /opt/stack/placement/placement/requestlog.py:55}}
May 25 20:09:55.055209 n-d-843336-1 devstack@placement-api.service[110455]: DEBUG placement.handlers.allocation [req-13cb46d6-3f65-40ea-96a2-e1c2ff9ba257 req-dca63fb7-f992-4e97-96f5-dd8476b17518 service placement] Successfully wrote allocations [, , , , , ] {{(pid=110455) _update_consumers_and_create_allocations /opt/stack/placement/placement/handlers/allocation.py:572}}
May 25 20:09:55.146606 n-d-843336-1 devstack@placement-api.service[110455]: INFO placement.requestlog [req-13cb46d6-3f65-40ea-96a2-e1c2ff9ba257 req-dca63fb7-f992-4e97-96f5-dd8476b17518 service placement] 10.222.0.55 "POST /placement/allocations" status: 204 len: 0 microversion: 1.28
May 25 20:09:55.152534 n-d-843336-1 devstack@placement-api.service[110455]: [pid: 110455|app: 0|req: 264/527] 10.222.0.55 () {64 vars in 1323 bytes} [Wed May 25 20:09:54 2022] POST /placement/allocations => generated 0 bytes in 302 msecs (HTTP/1.1 204) 5 headers in 199 bytes (1 switches on core 0)
May 25 20:09:55.205550 n-d-843336-1 devstack@placement-api.service[110454]: DEBUG placement.requestlog [req-13cb46d6-3f65-40ea-96a2-e1c2ff9ba257 req-bb749051-7df7-4588-be6b-2c90fecf4939 None None] Starting request: 10.222.0.55 "GET /placement/allocations/01385e6c-33f4-4e4f-9eac-4bd417d14b40" {{(pid=110454) __call__ /opt/stack/placement/placement/requestlog.py:55}}
May 25 20:09:55.223713 n-d-843336-1 devstack@placement-api.service[110454]: INFO placement.requestlog [req-13cb46d6-3f65-40ea-96a2-e1c2ff9ba257 req-bb749051-7df7-4588-be6b-2c90fecf4939 service placement] 10.222.0.55 "GET /placement/allocations/01385e6c-33f4-4e4f-9eac-4bd417d14b40" status: 200 len: 19 microversion: 1.28
May 25 20:09:55.232641 n-d-843336-1 devstack@placement-api.service[110455]: DEBUG placement.requestlog [req-13cb46d6-3f65-40ea-96a2-e1c2ff9ba257 req-4bb9fb7f-cb8f-47fc-a806-36b9c556c4af None None] Starting request: 10.222.0.55 "PUT /placement/allocations/01385e6c-33f4-4e4f-9eac-4bd417d14b40" {{(pid=110455) __call__ /opt/stack/placement/placement/requestlog.py:55}}
May 25 20:09:55.250611 n-d-843336-1 devstack@placement-api.service[110454]: [pid: 110454|app: 0|req: 264/528] 10.222.0.55 () {60 vars in 1380 bytes} [Wed May 25 20:09:55 2022] GET /placement/allocations/01385e6c-33f4-4e4f-9eac-4bd417d14b40 => generated 19 bytes in 45 msecs (HTTP/1.1 200) 8 headers in 295 bytes (1 switches on core 0)
May 25 20:09:55.407763 n-d-843336-1 devstack@placement-api.service[110455]: DEBUG placement.handlers.allocation [req-13cb46d6-3f65-40ea-96a2-e1c2ff9ba257 req-4bb9fb7f-cb8f-47fc-a806-36b9c556c4af service placement] Successfully wrote allocations [, , ] {{(pid=110455) _update_consumers_and_create_allocations /opt/stack/placement/placement/handlers/allocation.py:462}}
May 25 20:09:55.501135 n-d-843336-1 devstack@placement-api.service[110455]: INFO placement.requestlog [req-13cb46d6-3f65-40ea-96a2-e1c2ff9ba257 req-4bb9fb7f-cb8f-47fc-a806-36b9c556c4af service placement] 10.222.0.55 "PUT /placement/allocations/01385e6c-33f4-4e4f-9eac-4bd417d14b40" status: 204 len: 0 microversion: 1.28
May 25 20:09:55.501771 n-d-843336-1 devstack@placement-api.service[110455]: [pid: 110455|app: 0|req: 265/529] 10.222.0.55 () {64 vars in 1433 bytes} [Wed May 25 20:09:55 2022] PUT /placement/allocations/01385e6c-33f4-4e4f-9eac-4bd417d14b40 => generated 0 bytes in 269 msecs (HTTP/1.1 204) 5 headers in 199 bytes (1 switches on core 0)
May 25 20:09:55.784924 n-d-843336-1 devstack@placement-api.service[110454]: DEBUG placement.requestlog [req-13cb46d6-3f65-40ea-96a2-e1c2ff9ba257 req-e8d88585-d928-4939-9bb6-9a2aa2d87330 None None] Starting request: 10.222.0.58 "GET /placement/allocations/01385e6c-33f4-4e4f-9eac-4bd417d14b40" {{(pid=110454) __call__ /opt/stack/placement/placement/requestlog.py:55}}
May 25 20:09:55.809262 n-d-843336-1 devstack@placement-api.service[110454]: INFO placement.requestlog [req-13cb46d6-3f65-40ea-96a2-e1c2ff9ba257 req-e8d88585-d928-4939-9bb6-9a2aa2d87330 service placement] 10.222.0.58 "GET /placement/allocations/01385e6c-33f4-4e4f-9eac-4bd417d14b40" status: 200 len: 259 microversion: 1.28
May 25 20:09:55.809909 n-d-843336-1 devstack@placement-api.service[110454]: [pid: 110454|app: 0|req: 265/530] 10.222.0.58 () {60 vars in 1377 bytes} [Wed May 25 20:09:55 2022] GET /placement/allocations/01385e6c-33f4-4e4f-9eac-4bd417d14b40 => generated 259 bytes in 25 msecs (HTTP/1.1 200) 8 headers in 296 bytes (1 switches on core 0)
May 25 20:10:01.032208 n-d-843336-1 devstack@placement-api.service[110455]: DEBUG placement.requestlog [None req-5f1d9078-2270-4df0-903c-4245c990875d None None] Starting request: 10.222.0.55 "GET /placement/resource_providers/49c2b1cf-3e52-433b-8bcc-a41bd10303bf/aggregates" {{(pid=110455) __call__ /opt/stack/placement/placement/requestlog.py:55}}
May 25 20:10:01.060987 n-d-843336-1 devstack@placement-api.service[110455]: INFO placement.requestlog [None req-5f1d9078-2270-4df0-903c-4245c990875d service placement] 10.222.0.55 "GET /placement/resource_providers/49c2b1cf-3e52-433b-8bcc-a41bd10303bf/aggregates" status: 404 len: 235 microversion: 1.1
May 25 20:10:01.061284 n-d-843336-1 devstack@placement-api.service[110455]: [pid: 110455|app: 0|req: 266/531] 10.222.0.55 () {58 vars in 1362 bytes} [Wed May 25 20:10:01 2022] GET /placement/resource_providers/49c2b1cf-3e52-433b-8bcc-a41bd10303bf/aggregates => generated 235 bytes in 30 msecs (HTTP/1.1 404) 5 headers in 202 bytes (1 switches on core 0)
May 25 20:10:01.142603 n-d-843336-1 devstack@placement-api.service[110454]: DEBUG placement.requestlog [None req-71900733-9b56-47db-9adc-cb080974a8cc None None] Starting request: 10.222.0.55 "DELETE /placement/resource_providers/49c2b1cf-3e52-433b-8bcc-a41bd10303bf" {{(pid=110454) __call__ /opt/stack/placement/placement/requestlog.py:55}}
May 25 20:10:01.162270 n-d-843336-1 devstack@placement-api.service[110454]: DEBUG placement.wsgi_wrapper [None req-71900733-9b56-47db-9adc-cb080974a8cc service placement] Placement API returning an error response: No resource provider with uuid 49c2b1cf-3e52-433b-8bcc-a41bd10303bf found for delete {{(pid=110454) call_func /opt/stack/placement/placement/wsgi_wrapper.py:31}}
May 25 20:10:01.163033 n-d-843336-1 devstack@placement-api.service[110454]: INFO placement.requestlog [None req-71900733-9b56-47db-9adc-cb080974a8cc service placement] 10.222.0.55 "DELETE /placement/resource_providers/49c2b1cf-3e52-433b-8bcc-a41bd10303bf" status: 404 len: 246 microversion: 1.1
May 25 20:10:01.163560 n-d-843336-1 devstack@placement-api.service[110454]: [pid: 110454|app: 0|req: 266/532] 10.222.0.55 () {60 vars in 1351 bytes} [Wed May 25 20:10:01 2022] DELETE /placement/resource_providers/49c2b1cf-3e52-433b-8bcc-a41bd10303bf => generated 246 bytes in 21 msecs (HTTP/1.1 404) 6 headers in 231 bytes (1 switches on core 0)
May 25 20:10:02.415109 n-d-843336-1 devstack@placement-api.service[110455]: DEBUG placement.requestlog [req-bbab9cb5-a676-4e13-b98b-b67923ab56a9 req-6c94138b-665a-4f36-b7de-fc7fd94dbd1a None None] Starting request: 10.222.0.48 "DELETE /placement/allocations/8fddc28e-eae7-45a3-9128-b62589427266" {{(pid=110455) __call__ /opt/stack/placement/placement/requestlog.py:55}}
May 25 20:10:02.666739 n-d-843336-1 devstack@placement-api.service[110455]: DEBUG placement.handlers.allocation [req-bbab9cb5-a676-4e13-b98b-b67923ab56a9 req-6c94138b-665a-4f36-b7de-fc7fd94dbd1a service placement] Successfully deleted allocations [, , ] {{(pid=110455) delete_allocations /opt/stack/placement/placement/handlers/allocation.py:627}}
May 25 20:10:02.667776 n-d-843336-1 devstack@placement-api.service[110455]: INFO placement.requestlog [req-bbab9cb5-a676-4e13-b98b-b67923ab56a9 req-6c94138b-665a-4f36-b7de-fc7fd94dbd1a service placement] 10.222.0.48 "DELETE /placement/allocations/8fddc28e-eae7-45a3-9128-b62589427266" status: 204 len: 0 microversion: 1.0
May 25 20:10:02.668962 n-d-843336-1 devstack@placement-api.service[110455]: [pid: 110455|app: 0|req: 267/533] 10.222.0.48 () {60 vars in 1355 bytes} [Wed May 25 20:10:02 2022] DELETE /placement/allocations/8fddc28e-eae7-45a3-9128-b62589427266 => generated 0 bytes in 254 msecs (HTTP/1.1 204) 5 headers in 198 bytes (1 switches on core 0)
May 25 20:10:13.705055 n-d-843336-1 devstack@placement-api.service[110454]: DEBUG placement.requestlog [req-6bea1905-8d63-46b5-890d-ee8e984d7dce req-69b9548a-041f-4fe5-867c-2a275087296c None None] Starting request: 10.222.0.55 "GET /placement/allocation_candidates?limit=1000&resources=DISK_GB%3A1%2CMEMORY_MB%3A1024%2CVCPU%3A1&root_required=%21COMPUTE_STATUS_DISABLED" {{(pid=110454) __call__ /opt/stack/placement/placement/requestlog.py:55}}
May 25 20:10:13.749652 n-d-843336-1 devstack@placement-api.service[110455]: DEBUG placement.requestlog [req-13cb46d6-3f65-40ea-96a2-e1c2ff9ba257 req-46233f59-89da-40b6-b8c8-7b9a1b088975 None None] Starting request: 10.222.0.48 "GET /placement/resource_providers/da2e2b5a-ba0c-4dd7-8eb8-5b15e50d0265/allocations" {{(pid=110455) __call__ /opt/stack/placement/placement/requestlog.py:55}}
May 25 20:10:13.834353 n-d-843336-1 devstack@placement-api.service[110455]: INFO placement.requestlog [req-13cb46d6-3f65-40ea-96a2-e1c2ff9ba257 req-46233f59-89da-40b6-b8c8-7b9a1b088975 service placement] 10.222.0.48 "GET /placement/resource_providers/da2e2b5a-ba0c-4dd7-8eb8-5b15e50d0265/allocations" status: 200 len: 457 microversion: 1.0
May 25 20:10:13.834586 n-d-843336-1 devstack@placement-api.service[110455]: [pid: 110455|app: 0|req: 268/534] 10.222.0.48 () {58 vars in 1390 bytes} [Wed May 25 20:10:13 2022] GET /placement/resource_providers/da2e2b5a-ba0c-4dd7-8eb8-5b15e50d0265/allocations => generated 457 bytes in 85 msecs (HTTP/1.1 200) 6 headers in 224 bytes (2 switches on core 0)
May 25 20:10:13.850616 n-d-843336-1 devstack@placement-api.service[110454]: DEBUG placement.objects.research_context [req-6bea1905-8d63-46b5-890d-ee8e984d7dce req-69b9548a-041f-4fe5-867c-2a275087296c service placement] getting providers with 1 DISK_GB {{(pid=110454) __init__ /opt/stack/placement/placement/objects/research_context.py:126}}
May 25 20:10:13.886570 n-d-843336-1 devstack@placement-api.service[110454]: DEBUG placement.objects.research_context [req-6bea1905-8d63-46b5-890d-ee8e984d7dce req-69b9548a-041f-4fe5-867c-2a275087296c service placement] getting providers with 1024 MEMORY_MB {{(pid=110454) __init__ /opt/stack/placement/placement/objects/research_context.py:126}}
May 25 20:10:13.922699 n-d-843336-1 devstack@placement-api.service[110454]: DEBUG placement.objects.research_context [req-6bea1905-8d63-46b5-890d-ee8e984d7dce req-69b9548a-041f-4fe5-867c-2a275087296c service placement] getting providers with 1 VCPU {{(pid=110454) __init__ /opt/stack/placement/placement/objects/research_context.py:126}}
May 25 20:10:13.936302 n-d-843336-1 devstack@placement-api.service[110454]: DEBUG placement.objects.research_context [req-6bea1905-8d63-46b5-890d-ee8e984d7dce req-69b9548a-041f-4fe5-867c-2a275087296c service placement] found 2 providers with available 1 DISK_GB {{(pid=110454) get_provider_ids_matching /opt/stack/placement/placement/objects/research_context.py:549}}
May 25 20:10:13.936582 n-d-843336-1 devstack@placement-api.service[110454]: DEBUG placement.objects.research_context [req-6bea1905-8d63-46b5-890d-ee8e984d7dce req-69b9548a-041f-4fe5-867c-2a275087296c service placement] found 2 providers with available 1024 MEMORY_MB {{(pid=110454) get_provider_ids_matching /opt/stack/placement/placement/objects/research_context.py:549}}
May 25 20:10:13.936861 n-d-843336-1 devstack@placement-api.service[110454]: DEBUG placement.objects.research_context [req-6bea1905-8d63-46b5-890d-ee8e984d7dce req-69b9548a-041f-4fe5-867c-2a275087296c service placement] found 2 providers after filtering by previous result {{(pid=110454) get_provider_ids_matching /opt/stack/placement/placement/objects/research_context.py:580}}
May 25 20:10:13.937121 n-d-843336-1 devstack@placement-api.service[110454]: DEBUG placement.objects.research_context [req-6bea1905-8d63-46b5-890d-ee8e984d7dce req-69b9548a-041f-4fe5-867c-2a275087296c service placement] found 2 providers with available 1 VCPU {{(pid=110454) get_provider_ids_matching /opt/stack/placement/placement/objects/research_context.py:549}}
May 25 20:10:13.937450 n-d-843336-1 devstack@placement-api.service[110454]: DEBUG placement.objects.research_context [req-6bea1905-8d63-46b5-890d-ee8e984d7dce req-69b9548a-041f-4fe5-867c-2a275087296c service placement] found 2 providers after filtering by previous result {{(pid=110454) get_provider_ids_matching /opt/stack/placement/placement/objects/research_context.py:580}}
May 25 20:10:13.983080 n-d-843336-1 devstack@placement-api.service[110454]: DEBUG placement.objects.allocation_candidate [req-6bea1905-8d63-46b5-890d-ee8e984d7dce req-69b9548a-041f-4fe5-867c-2a275087296c service placement] RequestGroup(use_same_provider=False, resources={DISK_GB:1, MEMORY_MB:1024, VCPU:1}, traits=[], aggregates=[]) (suffix '') returned 2 matches {{(pid=110454) _get_by_requests /opt/stack/placement/placement/objects/allocation_candidate.py:145}}
May 25 20:10:13.983493 n-d-843336-1 devstack@placement-api.service[110454]: DEBUG placement.objects.allocation_candidate [req-6bea1905-8d63-46b5-890d-ee8e984d7dce req-69b9548a-041f-4fe5-867c-2a275087296c service placement] Merging candidates yields 2 allocation requests and 2 provider summaries {{(pid=110454) _merge_candidates /opt/stack/placement/placement/objects/allocation_candidate.py:783}}
May 25 20:10:13.990813 n-d-843336-1 devstack@placement-api.service[110454]: INFO placement.requestlog [req-6bea1905-8d63-46b5-890d-ee8e984d7dce req-69b9548a-041f-4fe5-867c-2a275087296c service placement] 10.222.0.55 "GET /placement/allocation_candidates?limit=1000&resources=DISK_GB%3A1%2CMEMORY_MB%3A1024%2CVCPU%3A1&root_required=%21COMPUTE_STATUS_DISABLED" status: 200 len: 1309 microversion: 1.36
May 25 20:10:13.991386 n-d-843336-1 devstack@placement-api.service[110454]: [pid: 110454|app: 0|req: 267/535] 10.222.0.55 () {60 vars in 1506 bytes} [Wed May 25 20:10:13 2022] GET /placement/allocation_candidates?limit=1000&resources=DISK_GB%3A1%2CMEMORY_MB%3A1024%2CVCPU%3A1&root_required=%21COMPUTE_STATUS_DISABLED => generated 1309 bytes in 286 msecs (HTTP/1.1 200) 8 headers in 297 bytes (1 switches on core 0)
May 25 20:10:14.131571 n-d-843336-1 devstack@placement-api.service[110455]: DEBUG placement.requestlog [req-6bea1905-8d63-46b5-890d-ee8e984d7dce req-9a532d40-93cf-40dd-89f6-2b29b1793c04 None None] Starting request: 10.222.0.55 "GET /placement/allocations/0e28ce2f-1b0c-44a1-9d50-8f8c08558acf" {{(pid=110455) __call__ /opt/stack/placement/placement/requestlog.py:55}}
May 25 20:10:14.148831 n-d-843336-1 devstack@placement-api.service[110455]: INFO placement.requestlog [req-6bea1905-8d63-46b5-890d-ee8e984d7dce req-9a532d40-93cf-40dd-89f6-2b29b1793c04 service placement] 10.222.0.55 "GET /placement/allocations/0e28ce2f-1b0c-44a1-9d50-8f8c08558acf" status: 200 len: 19 microversion: 1.28
May 25 20:10:14.149726 n-d-843336-1 devstack@placement-api.service[110455]: [pid: 110455|app: 0|req: 269/536] 10.222.0.55 () {60 vars in 1380 bytes} [Wed May 25 20:10:14 2022] GET /placement/allocations/0e28ce2f-1b0c-44a1-9d50-8f8c08558acf => generated 19 bytes in 18 msecs (HTTP/1.1 200) 8 headers in 295 bytes (1 switches on core 0)
May 25 20:10:14.169375 n-d-843336-1 devstack@placement-api.service[110454]: DEBUG placement.requestlog [req-6bea1905-8d63-46b5-890d-ee8e984d7dce req-426e6786-fcab-460d-9415-9ed5241f0be7 None None] Starting request: 10.222.0.55 "PUT /placement/allocations/0e28ce2f-1b0c-44a1-9d50-8f8c08558acf" {{(pid=110454) __call__ /opt/stack/placement/placement/requestlog.py:55}}
May 25 20:10:14.335771 n-d-843336-1 devstack@placement-api.service[110455]: DEBUG placement.requestlog [req-13cb46d6-3f65-40ea-96a2-e1c2ff9ba257 req-9a97666b-359c-452f-9218-3d794078804c None None] Starting request: 10.222.0.48 "GET /placement/allocations/701e2811-2294-459e-855a-6ae0ad00ae03" {{(pid=110455) __call__ /opt/stack/placement/placement/requestlog.py:55}}
May 25 20:10:14.345978 n-d-843336-1 devstack@placement-api.service[110454]: DEBUG placement.handlers.allocation [req-6bea1905-8d63-46b5-890d-ee8e984d7dce req-426e6786-fcab-460d-9415-9ed5241f0be7 service placement] Successfully wrote allocations [, , ] {{(pid=110454) _update_consumers_and_create_allocations /opt/stack/placement/placement/handlers/allocation.py:462}}
