May 25 20:00:57.039149 n-d-843336-1 devstack@placement-api.service[110455]: DEBUG placement.handlers.allocation [req-f8b699ee-418f-4cf7-8aa2-cbfed6410d15 req-79ae99fa-0863-42dd-b520-f5d815440076 service placement] Successfully deleted allocations [, , ] {{(pid=110455) delete_allocations /opt/stack/placement/placement/handlers/allocation.py:627}}
May 25 20:00:57.039656 n-d-843336-1 devstack@placement-api.service[110455]: INFO placement.requestlog [req-f8b699ee-418f-4cf7-8aa2-cbfed6410d15 req-79ae99fa-0863-42dd-b520-f5d815440076 service placement] 10.222.0.48 "DELETE /placement/allocations/53aab992-6e02-4f76-8623-5bb39927b46b" status: 204 len: 0 microversion: 1.0
May 25 20:00:57.039892 n-d-843336-1 devstack@placement-api.service[110455]: [pid: 110455|app: 0|req: 96/191] 10.222.0.48 () {60 vars in 1355 bytes} [Wed May 25 20:00:56 2022] DELETE /placement/allocations/53aab992-6e02-4f76-8623-5bb39927b46b => generated 0 bytes in 232 msecs (HTTP/1.1 204) 5 headers in 198 bytes (1 switches on core 0)
May 25 20:00:58.179155 n-d-843336-1 devstack@placement-api.service[110454]: DEBUG placement.requestlog [None req-5cd287c3-aca5-4fca-aeb8-1ba40a5fd95e None None] Starting request: 10.222.0.55 "GET /placement/" {{(pid=110454) __call__ /opt/stack/placement/placement/requestlog.py:55}}
May 25 20:00:58.180631 n-d-843336-1 devstack@placement-api.service[110454]: INFO placement.requestlog [None req-5cd287c3-aca5-4fca-aeb8-1ba40a5fd95e None None] 10.222.0.55 "GET /placement/" status: 200 len: 136 microversion: 1.0
May 25 20:00:58.186838 n-d-843336-1 devstack@placement-api.service[110454]: [pid: 110454|app: 0|req: 96/192] 10.222.0.55 () {54 vars in 907 bytes} [Wed May 25 20:00:58 2022] GET /placement => generated 136 bytes in 2 msecs (HTTP/1.1 200) 6 headers in 224 bytes (1 switches on core 0)
May 25 20:00:58.195878 n-d-843336-1 devstack@placement-api.service[110455]: DEBUG placement.requestlog [req-9120bb7c-e828-4415-80ee-6d956d659c3b req-1cf2180e-7dde-473c-b8cb-8ac10dbe72bf None None] Starting request: 10.222.0.55 "GET /placement/resource_providers/f54ff6b0-e42c-4170-b4e8-eb807f391049/traits" {{(pid=110455) __call__ /opt/stack/placement/placement/requestlog.py:55}}
May 25 20:00:58.281564 n-d-843336-1 devstack@placement-api.service[110455]: INFO placement.requestlog [req-9120bb7c-e828-4415-80ee-6d956d659c3b req-1cf2180e-7dde-473c-b8cb-8ac10dbe72bf service placement] 10.222.0.55 "GET /placement/resource_providers/f54ff6b0-e42c-4170-b4e8-eb807f391049/traits" status: 200 len: 212 microversion: 1.6
May 25 20:00:58.282121 n-d-843336-1 devstack@placement-api.service[110455]: [pid: 110455|app: 0|req: 97/193] 10.222.0.55 () {60 vars in 1412 bytes} [Wed May 25 20:00:58 2022] GET /placement/resource_providers/f54ff6b0-e42c-4170-b4e8-eb807f391049/traits => generated 212 bytes in 86 msecs (HTTP/1.1 200) 6 headers in 224 bytes (2 switches on core 0)
May 25 20:00:59.401823 n-d-843336-1 devstack@placement-api.service[110454]: DEBUG placement.requestlog [None req-a629c8f4-2742-4b6f-9064-44e4dad0f104 None None] Starting request: 10.222.0.55 "GET /placement/" {{(pid=110454) __call__ /opt/stack/placement/placement/requestlog.py:55}}
May 25 20:00:59.401823 n-d-843336-1 devstack@placement-api.service[110454]: INFO placement.requestlog [None req-a629c8f4-2742-4b6f-9064-44e4dad0f104 None None] 10.222.0.55 "GET /placement/" status: 200 len: 136 microversion: 1.0
May 25 20:00:59.401823 n-d-843336-1 devstack@placement-api.service[110454]: [pid: 110454|app: 0|req: 97/194] 10.222.0.55 () {54 vars in 916 bytes} [Wed May 25 20:00:59 2022] GET /placement => generated 136 bytes in 1 msecs (HTTP/1.1 200) 6 headers in 224 bytes (1 switches on core 0)
May 25 20:00:59.430175 n-d-843336-1 devstack@placement-api.service[110455]: DEBUG placement.requestlog [req-9120bb7c-e828-4415-80ee-6d956d659c3b req-ba038877-de41-4e93-ac9b-4a3984db5ce0 None None] Starting request: 10.222.0.55 "GET /placement/allocations/8fddc28e-eae7-45a3-9128-b62589427266" {{(pid=110455) __call__ /opt/stack/placement/placement/requestlog.py:55}}
May 25 20:00:59.535014 n-d-843336-1 devstack@placement-api.service[110455]: INFO placement.requestlog [req-9120bb7c-e828-4415-80ee-6d956d659c3b req-ba038877-de41-4e93-ac9b-4a3984db5ce0 service placement] 10.222.0.55 "GET /placement/allocations/8fddc28e-eae7-45a3-9128-b62589427266" status: 200 len: 259 microversion: 1.28
May 25 20:00:59.535650 n-d-843336-1 devstack@placement-api.service[110455]: [pid: 110455|app: 0|req: 98/195] 10.222.0.55 () {60 vars in 1380 bytes} [Wed May 25 20:00:59 2022] GET /placement/allocations/8fddc28e-eae7-45a3-9128-b62589427266 => generated 259 bytes in 106 msecs (HTTP/1.1 200) 8 headers in 296 bytes (1 switches on core 0)
May 25 20:00:59.542079 n-d-843336-1 devstack@placement-api.service[110454]: DEBUG placement.requestlog [req-9120bb7c-e828-4415-80ee-6d956d659c3b req-39a2b136-6d41-4a58-80ef-3de822e4d4ff None None] Starting request: 10.222.0.55 "GET /placement/allocations/8fddc28e-eae7-45a3-9128-b62589427266" {{(pid=110454) __call__ /opt/stack/placement/placement/requestlog.py:55}}
May 25 20:00:59.560386 n-d-843336-1 devstack@placement-api.service[110454]: INFO placement.requestlog [req-9120bb7c-e828-4415-80ee-6d956d659c3b req-39a2b136-6d41-4a58-80ef-3de822e4d4ff service placement] 10.222.0.55 "GET /placement/allocations/8fddc28e-eae7-45a3-9128-b62589427266" status: 200 len: 259 microversion: 1.28
May 25 20:00:59.568331 n-d-843336-1 devstack@placement-api.service[110454]: [pid: 110454|app: 0|req: 98/196] 10.222.0.55 () {60 vars in 1380 bytes} [Wed May 25 20:00:59 2022] GET /placement/allocations/8fddc28e-eae7-45a3-9128-b62589427266 => generated 259 bytes in 26 msecs (HTTP/1.1 200) 8 headers in 296 bytes (1 switches on core 0)
May 25 20:00:59.568663 n-d-843336-1 devstack@placement-api.service[110455]: DEBUG placement.requestlog [req-9120bb7c-e828-4415-80ee-6d956d659c3b req-03684ae4-b1c7-4bc7-bee0-f4e306648fd9 None None] Starting request: 10.222.0.55 "GET /placement/allocations/9e6091d2-f2fc-4af8-8fea-24c2a871abb0" {{(pid=110455) __call__ /opt/stack/placement/placement/requestlog.py:55}}
May 25 20:00:59.580637 n-d-843336-1 devstack@placement-api.service[110455]: INFO placement.requestlog [req-9120bb7c-e828-4415-80ee-6d956d659c3b req-03684ae4-b1c7-4bc7-bee0-f4e306648fd9 service placement] 10.222.0.55 "GET /placement/allocations/9e6091d2-f2fc-4af8-8fea-24c2a871abb0" status: 200 len: 19 microversion: 1.28
May 25 20:00:59.581192 n-d-843336-1 devstack@placement-api.service[110455]: [pid: 110455|app: 0|req: 99/197] 10.222.0.55 () {60 vars in 1380 bytes} [Wed May 25 20:00:59 2022] GET /placement/allocations/9e6091d2-f2fc-4af8-8fea-24c2a871abb0 => generated 19 bytes in 13 msecs (HTTP/1.1 200) 8 headers in 295 bytes (2 switches on core 0)
May 25 20:00:59.590681 n-d-843336-1 devstack@placement-api.service[110454]: DEBUG placement.requestlog [req-9120bb7c-e828-4415-80ee-6d956d659c3b req-3d4d5718-5c7b-4443-991b-47134f1b5bce None None] Starting request: 10.222.0.55 "POST /placement/allocations" {{(pid=110454) __call__ /opt/stack/placement/placement/requestlog.py:55}}
May 25 20:00:59.767042 n-d-843336-1 devstack@placement-api.service[110454]: DEBUG placement.handlers.allocation [req-9120bb7c-e828-4415-80ee-6d956d659c3b req-3d4d5718-5c7b-4443-991b-47134f1b5bce service placement] Successfully wrote allocations [, , , , , ] {{(pid=110454) _update_consumers_and_create_allocations /opt/stack/placement/placement/handlers/allocation.py:572}}
May 25 20:00:59.943624 n-d-843336-1 devstack@placement-api.service[110454]: INFO placement.requestlog [req-9120bb7c-e828-4415-80ee-6d956d659c3b req-3d4d5718-5c7b-4443-991b-47134f1b5bce service placement] 10.222.0.55 "POST /placement/allocations" status: 204 len: 0 microversion: 1.28
May 25 20:00:59.944590 n-d-843336-1 devstack@placement-api.service[110454]: [pid: 110454|app: 0|req: 99/198] 10.222.0.55 () {64 vars in 1323 bytes} [Wed May 25 20:00:59 2022] POST /placement/allocations => generated 0 bytes in 354 msecs (HTTP/1.1 204) 5 headers in 199 bytes (1 switches on core 0)
May 25 20:00:59.972296 n-d-843336-1 devstack@placement-api.service[110455]: DEBUG placement.requestlog [req-9120bb7c-e828-4415-80ee-6d956d659c3b req-90140830-06e2-430a-966e-057f87ca1d6b None None] Starting request: 10.222.0.55 "GET /placement/allocation_candidates?limit=1000&resources=DISK_GB%3A1%2CMEMORY_MB%3A1024%2CVCPU%3A1&root_required=%21COMPUTE_STATUS_DISABLED" {{(pid=110455) __call__ /opt/stack/placement/placement/requestlog.py:55}}
May 25 20:01:00.202199 n-d-843336-1 devstack@placement-api.service[110455]: DEBUG placement.objects.research_context [req-9120bb7c-e828-4415-80ee-6d956d659c3b req-90140830-06e2-430a-966e-057f87ca1d6b service placement] getting providers with 1 DISK_GB {{(pid=110455) __init__ /opt/stack/placement/placement/objects/research_context.py:126}}
May 25 20:01:00.217825 n-d-843336-1 devstack@placement-api.service[110455]: DEBUG placement.objects.research_context [req-9120bb7c-e828-4415-80ee-6d956d659c3b req-90140830-06e2-430a-966e-057f87ca1d6b service placement] getting providers with 1024 MEMORY_MB {{(pid=110455) __init__ /opt/stack/placement/placement/objects/research_context.py:126}}
May 25 20:01:00.227845 n-d-843336-1 devstack@placement-api.service[110455]: DEBUG placement.objects.research_context [req-9120bb7c-e828-4415-80ee-6d956d659c3b req-90140830-06e2-430a-966e-057f87ca1d6b service placement] getting providers with 1 VCPU {{(pid=110455) __init__ /opt/stack/placement/placement/objects/research_context.py:126}}
May 25 20:01:00.236148 n-d-843336-1 devstack@placement-api.service[110455]: DEBUG placement.objects.research_context [req-9120bb7c-e828-4415-80ee-6d956d659c3b req-90140830-06e2-430a-966e-057f87ca1d6b service placement] found 2 providers with available 1 DISK_GB {{(pid=110455) get_provider_ids_matching /opt/stack/placement/placement/objects/research_context.py:549}}
May 25 20:01:00.236376 n-d-843336-1 devstack@placement-api.service[110455]: DEBUG placement.objects.research_context [req-9120bb7c-e828-4415-80ee-6d956d659c3b req-90140830-06e2-430a-966e-057f87ca1d6b service placement] found 2 providers with available 1024 MEMORY_MB {{(pid=110455) get_provider_ids_matching /opt/stack/placement/placement/objects/research_context.py:549}}
May 25 20:01:00.237681 n-d-843336-1 devstack@placement-api.service[110455]: DEBUG placement.objects.research_context [req-9120bb7c-e828-4415-80ee-6d956d659c3b req-90140830-06e2-430a-966e-057f87ca1d6b service placement] found 2 providers after filtering by previous result {{(pid=110455) get_provider_ids_matching /opt/stack/placement/placement/objects/research_context.py:580}}
May 25 20:01:00.238496 n-d-843336-1 devstack@placement-api.service[110455]: DEBUG placement.objects.research_context [req-9120bb7c-e828-4415-80ee-6d956d659c3b req-90140830-06e2-430a-966e-057f87ca1d6b service placement] found 2 providers with available 1 VCPU {{(pid=110455) get_provider_ids_matching /opt/stack/placement/placement/objects/research_context.py:549}}
May 25 20:01:00.239470 n-d-843336-1 devstack@placement-api.service[110455]: DEBUG placement.objects.research_context [req-9120bb7c-e828-4415-80ee-6d956d659c3b req-90140830-06e2-430a-966e-057f87ca1d6b service placement] found 2 providers after filtering by previous result {{(pid=110455) get_provider_ids_matching /opt/stack/placement/placement/objects/research_context.py:580}}
May 25 20:01:00.263848 n-d-843336-1 devstack@placement-api.service[110455]: DEBUG placement.objects.allocation_candidate [req-9120bb7c-e828-4415-80ee-6d956d659c3b req-90140830-06e2-430a-966e-057f87ca1d6b service placement] RequestGroup(use_same_provider=False, resources={DISK_GB:1, MEMORY_MB:1024, VCPU:1}, traits=[], aggregates=[]) (suffix '') returned 2 matches {{(pid=110455) _get_by_requests /opt/stack/placement/placement/objects/allocation_candidate.py:145}}
May 25 20:01:00.267727 n-d-843336-1 devstack@placement-api.service[110455]: DEBUG placement.objects.allocation_candidate [req-9120bb7c-e828-4415-80ee-6d956d659c3b req-90140830-06e2-430a-966e-057f87ca1d6b service placement] Merging candidates yields 2 allocation requests and 2 provider summaries {{(pid=110455) _merge_candidates /opt/stack/placement/placement/objects/allocation_candidate.py:783}}
May 25 20:01:00.269516 n-d-843336-1 devstack@placement-api.service[110455]: INFO placement.requestlog [req-9120bb7c-e828-4415-80ee-6d956d659c3b req-90140830-06e2-430a-966e-057f87ca1d6b service placement] 10.222.0.55 "GET /placement/allocation_candidates?limit=1000&resources=DISK_GB%3A1%2CMEMORY_MB%3A1024%2CVCPU%3A1&root_required=%21COMPUTE_STATUS_DISABLED" status: 200 len: 1309 microversion: 1.36
May 25 20:01:00.269992 n-d-843336-1 devstack@placement-api.service[110455]: [pid: 110455|app: 0|req: 100/199] 10.222.0.55 () {60 vars in 1506 bytes} [Wed May 25 20:00:59 2022] GET /placement/allocation_candidates?limit=1000&resources=DISK_GB%3A1%2CMEMORY_MB%3A1024%2CVCPU%3A1&root_required=%21COMPUTE_STATUS_DISABLED => generated 1309 bytes in 298 msecs (HTTP/1.1 200) 8 headers in 297 bytes (1 switches on core 0)
May 25 20:01:00.333281 n-d-843336-1 devstack@placement-api.service[110454]: DEBUG placement.requestlog [req-9120bb7c-e828-4415-80ee-6d956d659c3b req-37591aa6-13a5-46ed-a598-def3abb688b2 None None] Starting request: 10.222.0.55 "GET /placement/allocations/8fddc28e-eae7-45a3-9128-b62589427266" {{(pid=110454) __call__ /opt/stack/placement/placement/requestlog.py:55}}
May 25 20:01:00.345416 n-d-843336-1 devstack@placement-api.service[110454]: INFO placement.requestlog [req-9120bb7c-e828-4415-80ee-6d956d659c3b req-37591aa6-13a5-46ed-a598-def3abb688b2 service placement] 10.222.0.55 "GET /placement/allocations/8fddc28e-eae7-45a3-9128-b62589427266" status: 200 len: 19 microversion: 1.28
May 25 20:01:00.349202 n-d-843336-1 devstack@placement-api.service[110454]: [pid: 110454|app: 0|req: 100/200] 10.222.0.55 () {60 vars in 1380 bytes} [Wed May 25 20:01:00 2022] GET /placement/allocations/8fddc28e-eae7-45a3-9128-b62589427266 => generated 19 bytes in 16 msecs (HTTP/1.1 200) 8 headers in 295 bytes (1 switches on core 0)
May 25 20:01:00.354427 n-d-843336-1 devstack@placement-api.service[110455]: DEBUG placement.requestlog [req-9120bb7c-e828-4415-80ee-6d956d659c3b req-c5199de2-09fa-4d67-ac32-8d536f7818c3 None None] Starting request: 10.222.0.55 "PUT /placement/allocations/8fddc28e-eae7-45a3-9128-b62589427266" {{(pid=110455) __call__ /opt/stack/placement/placement/requestlog.py:55}}
May 25 20:01:00.557406 n-d-843336-1 devstack@placement-api.service[110455]: DEBUG placement.handlers.allocation [req-9120bb7c-e828-4415-80ee-6d956d659c3b req-c5199de2-09fa-4d67-ac32-8d536f7818c3 service placement] Successfully wrote allocations [, , ] {{(pid=110455) _update_consumers_and_create_allocations /opt/stack/placement/placement/handlers/allocation.py:462}}
May 25 20:01:00.713798 n-d-843336-1 devstack@placement-api.service[110455]: INFO placement.requestlog [req-9120bb7c-e828-4415-80ee-6d956d659c3b req-c5199de2-09fa-4d67-ac32-8d536f7818c3 service placement] 10.222.0.55 "PUT /placement/allocations/8fddc28e-eae7-45a3-9128-b62589427266" status: 204 len: 0 microversion: 1.36
May 25 20:01:00.714150 n-d-843336-1 devstack@placement-api.service[110455]: [pid: 110455|app: 0|req: 101/201] 10.222.0.55 () {64 vars in 1433 bytes} [Wed May 25 20:01:00 2022] PUT /placement/allocations/8fddc28e-eae7-45a3-9128-b62589427266 => generated 0 bytes in 360 msecs (HTTP/1.1 204) 5 headers in 199 bytes (2 switches on core 0)
May 25 20:01:01.391352 n-d-843336-1 devstack@placement-api.service[110454]: DEBUG placement.requestlog [req-9120bb7c-e828-4415-80ee-6d956d659c3b req-97ba850e-d9ab-4ee1-a1c4-793bd18eda94 None None] Starting request: 10.222.0.48 "GET /placement/allocations/8fddc28e-eae7-45a3-9128-b62589427266" {{(pid=110454) __call__ /opt/stack/placement/placement/requestlog.py:55}}
May 25 20:01:01.406656 n-d-843336-1 devstack@placement-api.service[110454]: INFO placement.requestlog [req-9120bb7c-e828-4415-80ee-6d956d659c3b req-97ba850e-d9ab-4ee1-a1c4-793bd18eda94 service placement] 10.222.0.48 "GET /placement/allocations/8fddc28e-eae7-45a3-9128-b62589427266" status: 200 len: 259 microversion: 1.28
May 25 20:01:01.407186 n-d-843336-1 devstack@placement-api.service[110454]: [pid: 110454|app: 0|req: 101/202] 10.222.0.48 () {60 vars in 1377 bytes} [Wed May 25 20:01:01 2022] GET /placement/allocations/8fddc28e-eae7-45a3-9128-b62589427266 => generated 259 bytes in 16 msecs (HTTP/1.1 200) 8 headers in 296 bytes (1 switches on core 0)
May 25 20:01:02.940934 n-d-843336-1 devstack@placement-api.service[110455]: DEBUG placement.requestlog [None req-51d36b5c-c3b5-48dd-8704-9125670cf6fa None None] Starting request: 10.222.0.55 "GET /placement/resource_providers/b0f0a673-fb82-471a-bbf0-e97295997a6b/aggregates" {{(pid=110455) __call__ /opt/stack/placement/placement/requestlog.py:55}}
May 25 20:01:02.958218 n-d-843336-1 devstack@placement-api.service[110455]: INFO placement.requestlog [None req-51d36b5c-c3b5-48dd-8704-9125670cf6fa service placement] 10.222.0.55 "GET /placement/resource_providers/b0f0a673-fb82-471a-bbf0-e97295997a6b/aggregates" status: 404 len: 235 microversion: 1.1
May 25 20:01:02.959006 n-d-843336-1 devstack@placement-api.service[110455]: [pid: 110455|app: 0|req: 102/203] 10.222.0.55 () {58 vars in 1362 bytes} [Wed May 25 20:01:02 2022] GET /placement/resource_providers/b0f0a673-fb82-471a-bbf0-e97295997a6b/aggregates => generated 235 bytes in 19 msecs (HTTP/1.1 404) 5 headers in 202 bytes (1 switches on core 0)
May 25 20:01:02.981122 n-d-843336-1 devstack@placement-api.service[110454]: DEBUG placement.requestlog [None req-bfde52df-5313-4c34-ad87-e790a6629647 None None] Starting request: 10.222.0.55 "DELETE /placement/resource_providers/b0f0a673-fb82-471a-bbf0-e97295997a6b" {{(pid=110454) __call__ /opt/stack/placement/placement/requestlog.py:55}}
May 25 20:01:02.996287 n-d-843336-1 devstack@placement-api.service[110454]: DEBUG placement.wsgi_wrapper [None req-bfde52df-5313-4c34-ad87-e790a6629647 service placement] Placement API returning an error response: No resource provider with uuid b0f0a673-fb82-471a-bbf0-e97295997a6b found for delete {{(pid=110454) call_func /opt/stack/placement/placement/wsgi_wrapper.py:31}}
May 25 20:01:03.005932 n-d-843336-1 devstack@placement-api.service[110454]: INFO placement.requestlog [None req-bfde52df-5313-4c34-ad87-e790a6629647 service placement] 10.222.0.55 "DELETE /placement/resource_providers/b0f0a673-fb82-471a-bbf0-e97295997a6b" status: 404 len: 246 microversion: 1.1
May 25 20:01:03.008883 n-d-843336-1 devstack@placement-api.service[110454]: [pid: 110454|app: 0|req: 102/204] 10.222.0.55 () {60 vars in 1351 bytes} [Wed May 25 20:01:02 2022] DELETE /placement/resource_providers/b0f0a673-fb82-471a-bbf0-e97295997a6b => generated 246 bytes in 28 msecs (HTTP/1.1 404) 6 headers in 231 bytes (1 switches on core 0)
May 25 20:01:04.378625 n-d-843336-1 devstack@placement-api.service[110455]: DEBUG placement.requestlog [req-fa69124b-6100-421a-84f8-d774265e2226 req-15f4be1a-1c0f-4cd7-b1a8-e34f90a7cc59 None None] Starting request: 10.222.0.55 "GET /placement/allocation_candidates?resources=DISK_GB%3A1%2CMEMORY_MB%3A1024%2CVCPU%3A1&root_required=%21COMPUTE_STATUS_DISABLED" {{(pid=110455) __call__ /opt/stack/placement/placement/requestlog.py:55}}
May 25 20:01:04.434186 n-d-843336-1 devstack@placement-api.service[110455]: DEBUG placement.objects.research_context [req-fa69124b-6100-421a-84f8-d774265e2226 req-15f4be1a-1c0f-4cd7-b1a8-e34f90a7cc59 service placement] getting providers with 1 DISK_GB {{(pid=110455) __init__ /opt/stack/placement/placement/objects/research_context.py:126}}
May 25 20:01:04.451642 n-d-843336-1 devstack@placement-api.service[110455]: DEBUG placement.objects.research_context [req-fa69124b-6100-421a-84f8-d774265e2226 req-15f4be1a-1c0f-4cd7-b1a8-e34f90a7cc59 service placement] getting providers with 1024 MEMORY_MB {{(pid=110455) __init__ /opt/stack/placement/placement/objects/research_context.py:126}}
May 25 20:01:04.465914 n-d-843336-1 devstack@placement-api.service[110455]: DEBUG placement.objects.research_context [req-fa69124b-6100-421a-84f8-d774265e2226 req-15f4be1a-1c0f-4cd7-b1a8-e34f90a7cc59 service placement] getting providers with 1 VCPU {{(pid=110455) __init__ /opt/stack/placement/placement/objects/research_context.py:126}}
May 25 20:01:04.484777 n-d-843336-1 devstack@placement-api.service[110455]: DEBUG placement.objects.research_context [req-fa69124b-6100-421a-84f8-d774265e2226 req-15f4be1a-1c0f-4cd7-b1a8-e34f90a7cc59 service placement] found 2 providers with available 1 DISK_GB {{(pid=110455) get_provider_ids_matching /opt/stack/placement/placement/objects/research_context.py:549}}
May 25 20:01:04.485223 n-d-843336-1 devstack@placement-api.service[110455]: DEBUG placement.objects.research_context [req-fa69124b-6100-421a-84f8-d774265e2226 req-15f4be1a-1c0f-4cd7-b1a8-e34f90a7cc59 service placement] found 2 providers with available 1024 MEMORY_MB {{(pid=110455) get_provider_ids_matching /opt/stack/placement/placement/objects/research_context.py:549}}
May 25 20:01:04.485684 n-d-843336-1 devstack@placement-api.service[110455]: DEBUG placement.objects.research_context [req-fa69124b-6100-421a-84f8-d774265e2226 req-15f4be1a-1c0f-4cd7-b1a8-e34f90a7cc59 service placement] found 2 providers after filtering by previous result {{(pid=110455) get_provider_ids_matching /opt/stack/placement/placement/objects/research_context.py:580}}
May 25 20:01:04.486099 n-d-843336-1 devstack@placement-api.service[110455]: DEBUG placement.objects.research_context [req-fa69124b-6100-421a-84f8-d774265e2226 req-15f4be1a-1c0f-4cd7-b1a8-e34f90a7cc59 service placement] found 2 providers with available 1 VCPU {{(pid=110455) get_provider_ids_matching /opt/stack/placement/placement/objects/research_context.py:549}}
May 25 20:01:04.486512 n-d-843336-1 devstack@placement-api.service[110455]: DEBUG placement.objects.research_context [req-fa69124b-6100-421a-84f8-d774265e2226 req-15f4be1a-1c0f-4cd7-b1a8-e34f90a7cc59 service placement] found 2 providers after filtering by previous result {{(pid=110455) get_provider_ids_matching /opt/stack/placement/placement/objects/research_context.py:580}}
May 25 20:01:04.499469 n-d-843336-1 devstack@placement-api.service[110455]: DEBUG placement.objects.allocation_candidate [req-fa69124b-6100-421a-84f8-d774265e2226 req-15f4be1a-1c0f-4cd7-b1a8-e34f90a7cc59 service placement] RequestGroup(use_same_provider=False, resources={DISK_GB:1, MEMORY_MB:1024, VCPU:1}, traits=[], aggregates=[]) (suffix '') returned 2 matches {{(pid=110455) _get_by_requests /opt/stack/placement/placement/objects/allocation_candidate.py:145}}
May 25 20:01:04.500154 n-d-843336-1 devstack@placement-api.service[110455]: DEBUG placement.objects.allocation_candidate [req-fa69124b-6100-421a-84f8-d774265e2226 req-15f4be1a-1c0f-4cd7-b1a8-e34f90a7cc59 service placement] Merging candidates yields 2 allocation requests and 2 provider summaries {{(pid=110455) _merge_candidates /opt/stack/placement/placement/objects/allocation_candidate.py:783}}
May 25 20:01:04.504702 n-d-843336-1 devstack@placement-api.service[110455]: INFO placement.requestlog [req-fa69124b-6100-421a-84f8-d774265e2226 req-15f4be1a-1c0f-4cd7-b1a8-e34f90a7cc59 service placement] 10.222.0.55 "GET /placement/allocation_candidates?resources=DISK_GB%3A1%2CMEMORY_MB%3A1024%2CVCPU%3A1&root_required=%21COMPUTE_STATUS_DISABLED" status: 200 len: 1309 microversion: 1.36
May 25 20:01:04.505176 n-d-843336-1 devstack@placement-api.service[110455]: [pid: 110455|app: 0|req: 103/205] 10.222.0.55 () {60 vars in 1484 bytes} [Wed May 25 20:01:04 2022] GET /placement/allocation_candidates?resources=DISK_GB%3A1%2CMEMORY_MB%3A1024%2CVCPU%3A1&root_required=%21COMPUTE_STATUS_DISABLED => generated 1309 bytes in 127 msecs (HTTP/1.1 200) 8 headers in 297 bytes (1 switches on core 0)
May 25 20:01:04.565065 n-d-843336-1 devstack@placement-api.service[110454]: DEBUG placement.requestlog [req-fa69124b-6100-421a-84f8-d774265e2226 req-cb2146f7-5c0c-4032-b3de-012ca2575b68 None None] Starting request: 10.222.0.55 "GET /placement/allocations/4f7d8ffc-7ae2-4b09-b29e-8254342c4243" {{(pid=110454) __call__ /opt/stack/placement/placement/requestlog.py:55}}
May 25 20:01:04.577186 n-d-843336-1 devstack@placement-api.service[110454]: INFO placement.requestlog [req-fa69124b-6100-421a-84f8-d774265e2226 req-cb2146f7-5c0c-4032-b3de-012ca2575b68 service placement] 10.222.0.55 "GET /placement/allocations/4f7d8ffc-7ae2-4b09-b29e-8254342c4243" status: 200 len: 19 microversion: 1.28
May 25 20:01:04.581544 n-d-843336-1 devstack@placement-api.service[110454]: [pid: 110454|app: 0|req: 103/206] 10.222.0.55 () {60 vars in 1380 bytes} [Wed May 25 20:01:04 2022] GET /placement/allocations/4f7d8ffc-7ae2-4b09-b29e-8254342c4243 => generated 19 bytes in 17 msecs (HTTP/1.1 200) 8 headers in 295 bytes (1 switches on core 0)
May 25 20:01:04.585253 n-d-843336-1 devstack@placement-api.service[110455]: DEBUG placement.requestlog [req-fa69124b-6100-421a-84f8-d774265e2226 req-5f3e518f-8c36-4956-be95-f3559085d96e None None] Starting request: 10.222.0.55 "PUT /placement/allocations/4f7d8ffc-7ae2-4b09-b29e-8254342c4243" {{(pid=110455) __call__ /opt/stack/placement/placement/requestlog.py:55}}
May 25 20:01:04.908216 n-d-843336-1 devstack@placement-api.service[110455]: DEBUG placement.handlers.allocation [req-fa69124b-6100-421a-84f8-d774265e2226 req-5f3e518f-8c36-4956-be95-f3559085d96e service placement] Successfully wrote allocations [, , ] {{(pid=110455) _update_consumers_and_create_allocations /opt/stack/placement/placement/handlers/allocation.py:462}}
May 25 20:01:05.267946 n-d-843336-1 devstack@placement-api.service[110455]: INFO placement.requestlog [req-fa69124b-6100-421a-84f8-d774265e2226 req-5f3e518f-8c36-4956-be95-f3559085d96e service placement] 10.222.0.55 "PUT /placement/allocations/4f7d8ffc-7ae2-4b09-b29e-8254342c4243" status: 204 len: 0 microversion: 1.36
May 25 20:01:05.268799 n-d-843336-1 devstack@placement-api.service[110455]: [pid: 110455|app: 0|req: 104/207] 10.222.0.55 () {64 vars in 1433 bytes} [Wed May 25 20:01:04 2022] PUT /placement/allocations/4f7d8ffc-7ae2-4b09-b29e-8254342c4243 => generated 0 bytes in 683 msecs (HTTP/1.1 204) 5 headers in 199 bytes (1 switches on core 0)
May 25 20:01:05.643577 n-d-843336-1 devstack@placement-api.service[110454]: DEBUG placement.requestlog [None req-62f62bc9-95c3-45f9-82a3-df67da20a79e None None] Starting request: 10.222.0.55 "GET /placement/" {{(pid=110454) __call__ /opt/stack/placement/placement/requestlog.py:55}}
May 25 20:01:05.650673 n-d-843336-1 devstack@placement-api.service[110454]: INFO placement.requestlog [None req-62f62bc9-95c3-45f9-82a3-df67da20a79e None None] 10.222.0.55 "GET /placement/" status: 200 len: 136 microversion: 1.0
May 25 20:01:05.650673 n-d-843336-1 devstack@placement-api.service[110454]: [pid: 110454|app: 0|req: 104/208] 10.222.0.55 () {54 vars in 916 bytes} [Wed May 25 20:01:05 2022] GET /placement => generated 136 bytes in 1 msecs (HTTP/1.1 200) 6 headers in 224 bytes (1 switches on core 0)
May 25 20:01:05.654998 n-d-843336-1 devstack@placement-api.service[110455]: DEBUG placement.requestlog [req-a6833c4e-00a0-4243-83c0-f7c2a7336be1 req-cea93938-f085-4020-9bd6-506f04834aa8 None None] Starting request: 10.222.0.55 "GET /placement/allocations/fc6fdb34-ae98-45a6-9ffe-f7ef4d5b47ea" {{(pid=110455) __call__ /opt/stack/placement/placement/requestlog.py:55}}
May 25 20:01:05.805904 n-d-843336-1 devstack@placement-api.service[110455]: INFO placement.requestlog [req-a6833c4e-00a0-4243-83c0-f7c2a7336be1 req-cea93938-f085-4020-9bd6-506f04834aa8 service placement] 10.222.0.55 "GET /placement/allocations/fc6fdb34-ae98-45a6-9ffe-f7ef4d5b47ea" status: 200 len: 259 microversion: 1.28
May 25 20:01:05.817975 n-d-843336-1 devstack@placement-api.service[110454]: DEBUG placement.requestlog [req-a6833c4e-00a0-4243-83c0-f7c2a7336be1 req-e4d4a789-a5f3-4f94-a484-a7e7c7ad9cff None None] Starting request: 10.222.0.55 "GET /placement/allocations/fc6fdb34-ae98-45a6-9ffe-f7ef4d5b47ea" {{(pid=110454) __call__ /opt/stack/placement/placement/requestlog.py:55}}
May 25 20:01:05.826677 n-d-843336-1 devstack@placement-api.service[110455]: [pid: 110455|app: 0|req: 105/209] 10.222.0.55 () {60 vars in 1380 bytes} [Wed May 25 20:01:05 2022] GET /placement/allocations/fc6fdb34-ae98-45a6-9ffe-f7ef4d5b47ea => generated 259 bytes in 171 msecs (HTTP/1.1 200) 8 headers in 296 bytes (1 switches on core 0)
May 25 20:01:05.840205 n-d-843336-1 devstack@placement-api.service[110454]: INFO placement.requestlog [req-a6833c4e-00a0-4243-83c0-f7c2a7336be1 req-e4d4a789-a5f3-4f94-a484-a7e7c7ad9cff service placement] 10.222.0.55 "GET /placement/allocations/fc6fdb34-ae98-45a6-9ffe-f7ef4d5b47ea" status: 200 len: 259 microversion: 1.28
May 25 20:01:05.840422 n-d-843336-1 devstack@placement-api.service[110454]: [pid: 110454|app: 0|req: 105/210] 10.222.0.55 () {60 vars in 1380 bytes} [Wed May 25 20:01:05 2022] GET /placement/allocations/fc6fdb34-ae98-45a6-9ffe-f7ef4d5b47ea => generated 259 bytes in 23 msecs (HTTP/1.1 200) 8 headers in 296 bytes (2 switches on core 0)
May 25 20:01:05.848029 n-d-843336-1 devstack@placement-api.service[110455]: DEBUG placement.requestlog [req-a6833c4e-00a0-4243-83c0-f7c2a7336be1 req-860d608b-8c6d-4eb7-99e1-6b77b2930683 None None] Starting request: 10.222.0.55 "GET /placement/allocations/91a0d87a-377a-4400-bdac-960670b8ae58" {{(pid=110455) __call__ /opt/stack/placement/placement/requestlog.py:55}}
May 25 20:01:05.865513 n-d-843336-1 devstack@placement-api.service[110455]: INFO placement.requestlog [req-a6833c4e-00a0-4243-83c0-f7c2a7336be1 req-860d608b-8c6d-4eb7-99e1-6b77b2930683 service placement] 10.222.0.55 "GET /placement/allocations/91a0d87a-377a-4400-bdac-960670b8ae58" status: 200 len: 19 microversion: 1.28
May 25 20:01:05.866044 n-d-843336-1 devstack@placement-api.service[110455]: [pid: 110455|app: 0|req: 106/211] 10.222.0.55 () {60 vars in 1380 bytes} [Wed May 25 20:01:05 2022] GET /placement/allocations/91a0d87a-377a-4400-bdac-960670b8ae58 => generated 19 bytes in 18 msecs (HTTP/1.1 200) 8 headers in 295 bytes (1 switches on core 0)
May 25 20:01:05.871880 n-d-843336-1 devstack@placement-api.service[110454]: DEBUG placement.requestlog [req-a6833c4e-00a0-4243-83c0-f7c2a7336be1 req-4fa89613-b3fd-43d5-94d9-d4aedeeafc9d None None] Starting request: 10.222.0.55 "POST /placement/allocations" {{(pid=110454) __call__ /opt/stack/placement/placement/requestlog.py:55}}
May 25 20:01:06.082956 n-d-843336-1 devstack@placement-api.service[110454]: DEBUG placement.handlers.allocation [req-a6833c4e-00a0-4243-83c0-f7c2a7336be1 req-4fa89613-b3fd-43d5-94d9-d4aedeeafc9d service placement] Successfully wrote allocations [, , , , , ] {{(pid=110454) _update_consumers_and_create_allocations /opt/stack/placement/placement/handlers/allocation.py:572}}
May 25 20:01:06.221892 n-d-843336-1 devstack@placement-api.service[110454]: INFO placement.requestlog [req-a6833c4e-00a0-4243-83c0-f7c2a7336be1 req-4fa89613-b3fd-43d5-94d9-d4aedeeafc9d service placement] 10.222.0.55 "POST /placement/allocations" status: 204 len: 0 microversion: 1.28
May 25 20:01:06.222751 n-d-843336-1 devstack@placement-api.service[110454]: [pid: 110454|app: 0|req: 106/212] 10.222.0.55 () {64 vars in 1323 bytes} [Wed May 25 20:01:05 2022] POST /placement/allocations => generated 0 bytes in 351 msecs (HTTP/1.1 204) 5 headers in 199 bytes (1 switches on core 0)
May 25 20:01:06.260522 n-d-843336-1 devstack@placement-api.service[110455]: DEBUG placement.requestlog [req-a6833c4e-00a0-4243-83c0-f7c2a7336be1 req-ddf47a54-4d87-4030-92c8-f277f3b57432 None None] Starting request: 10.222.0.55 "GET /placement/allocations/fc6fdb34-ae98-45a6-9ffe-f7ef4d5b47ea" {{(pid=110455) __call__ /opt/stack/placement/placement/requestlog.py:55}}
May 25 20:01:06.272306 n-d-843336-1 devstack@placement-api.service[110455]: INFO placement.requestlog [req-a6833c4e-00a0-4243-83c0-f7c2a7336be1 req-ddf47a54-4d87-4030-92c8-f277f3b57432 service placement] 10.222.0.55 "GET /placement/allocations/fc6fdb34-ae98-45a6-9ffe-f7ef4d5b47ea" status: 200 len: 19 microversion: 1.28
May 25 20:01:06.272859 n-d-843336-1 devstack@placement-api.service[110455]: [pid: 110455|app: 0|req: 107/213] 10.222.0.55 () {60 vars in 1380 bytes} [Wed May 25 20:01:06 2022] GET /placement/allocations/fc6fdb34-ae98-45a6-9ffe-f7ef4d5b47ea => generated 19 bytes in 13 msecs (HTTP/1.1 200) 8 headers in 295 bytes (1 switches on core 0)
May 25 20:01:06.279695 n-d-843336-1 devstack@placement-api.service[110454]: DEBUG placement.requestlog [req-a6833c4e-00a0-4243-83c0-f7c2a7336be1 req-6a56a27f-299c-4d17-be9c-1e8d86e03618 None None] Starting request: 10.222.0.55 "PUT /placement/allocations/fc6fdb34-ae98-45a6-9ffe-f7ef4d5b47ea" {{(pid=110454) __call__ /opt/stack/placement/placement/requestlog.py:55}}
May 25 20:01:06.423789 n-d-843336-1 devstack@placement-api.service[110454]: DEBUG placement.handlers.allocation [req-a6833c4e-00a0-4243-83c0-f7c2a7336be1 req-6a56a27f-299c-4d17-be9c-1e8d86e03618 service placement] Successfully wrote allocations [, , ] {{(pid=110454) _update_consumers_and_create_allocations /opt/stack/placement/placement/handlers/allocation.py:462}}
May 25 20:01:06.502606 n-d-843336-1 devstack@placement-api.service[110454]: INFO placement.requestlog [req-a6833c4e-00a0-4243-83c0-f7c2a7336be1 req-6a56a27f-299c-4d17-be9c-1e8d86e03618 service placement] 10.222.0.55 "PUT /placement/allocations/fc6fdb34-ae98-45a6-9ffe-f7ef4d5b47ea" status: 204 len: 0 microversion: 1.28
May 25 20:01:06.502842 n-d-843336-1 devstack@placement-api.service[110454]: [pid: 110454|app: 0|req: 107/214] 10.222.0.55 () {64 vars in 1433 bytes} [Wed May 25 20:01:06 2022] PUT /placement/allocations/fc6fdb34-ae98-45a6-9ffe-f7ef4d5b47ea => generated 0 bytes in 224 msecs (HTTP/1.1 204) 5 headers in 199 bytes (2 switches on core 0)
May 25 20:01:06.562926 n-d-843336-1 devstack@placement-api.service[110455]: DEBUG placement.requestlog [req-fa69124b-6100-421a-84f8-d774265e2226 req-728731c6-7c46-49b2-b508-20113d49eab9 None None] Starting request: 10.222.0.58 "GET /placement/allocations/4f7d8ffc-7ae2-4b09-b29e-8254342c4243" {{(pid=110455) __call__ /opt/stack/placement/placement/requestlog.py:55}}
May 25 20:01:06.586627 n-d-843336-1 devstack@placement-api.service[110455]: INFO placement.requestlog [req-fa69124b-6100-421a-84f8-d774265e2226 req-728731c6-7c46-49b2-b508-20113d49eab9 service placement] 10.222.0.58 "GET /placement/allocations/4f7d8ffc-7ae2-4b09-b29e-8254342c4243" status: 200 len: 259 microversion: 1.28
May 25 20:01:06.587141 n-d-843336-1 devstack@placement-api.service[110455]: [pid: 110455|app: 0|req: 108/215] 10.222.0.58 () {60 vars in 1377 bytes} [Wed May 25 20:01:06 2022] GET /placement/allocations/4f7d8ffc-7ae2-4b09-b29e-8254342c4243 => generated 259 bytes in 25 msecs (HTTP/1.1 200) 8 headers in 296 bytes (1 switches on core 0)
May 25 20:01:06.802270 n-d-843336-1 devstack@placement-api.service[110454]: DEBUG placement.requestlog [req-a6833c4e-00a0-4243-83c0-f7c2a7336be1 req-cb6dc6f7-26bd-4d00-a9cb-1fc29efab795 None None] Starting request: 10.222.0.48 "GET /placement/allocations/fc6fdb34-ae98-45a6-9ffe-f7ef4d5b47ea" {{(pid=110454) __call__ /opt/stack/placement/placement/requestlog.py:55}}
May 25 20:01:06.819400 n-d-843336-1 devstack@placement-api.service[110454]: INFO placement.requestlog [req-a6833c4e-00a0-4243-83c0-f7c2a7336be1 req-cb6dc6f7-26bd-4d00-a9cb-1fc29efab795 service placement] 10.222.0.48 "GET /placement/allocations/fc6fdb34-ae98-45a6-9ffe-f7ef4d5b47ea" status: 200 len: 259 microversion: 1.28
May 25 20:01:06.819800 n-d-843336-1 devstack@placement-api.service[110454]: [pid: 110454|app: 0|req: 108/216] 10.222.0.48 () {60 vars in 1377 bytes} [Wed May 25 20:01:06 2022] GET /placement/allocations/fc6fdb34-ae98-45a6-9ffe-f7ef4d5b47ea => generated 259 bytes in 18 msecs (HTTP/1.1 200) 8 headers in 296 bytes (1 switches on core 0)
May 25 20:01:08.135549 n-d-843336-1 devstack@placement-api.service[110455]: DEBUG placement.requestlog [req-bd08817c-6f7e-4495-8035-fab792edfed8 req-41dd5eab-d8b5-4238-85fb-5f145cc23abc None None] Starting request: 10.222.0.58 "DELETE /placement/allocations/de44b0a1-102c-4cea-9289-d148daef1929" {{(pid=110455) __call__ /opt/stack/placement/placement/requestlog.py:55}}
May 25 20:01:08.399298 n-d-843336-1 devstack@placement-api.service[110455]: DEBUG placement.handlers.allocation [req-bd08817c-6f7e-4495-8035-fab792edfed8 req-41dd5eab-d8b5-4238-85fb-5f145cc23abc service placement] Successfully deleted allocations [, , ] {{(pid=110455) delete_allocations /opt/stack/placement/placement/handlers/allocation.py:627}}
May 25 20:01:08.400117 n-d-843336-1 devstack@placement-api.service[110455]: INFO placement.requestlog [req-bd08817c-6f7e-4495-8035-fab792edfed8 req-41dd5eab-d8b5-4238-85fb-5f145cc23abc service placement] 10.222.0.58 "DELETE /placement/allocations/de44b0a1-102c-4cea-9289-d148daef1929" status: 204 len: 0 microversion: 1.0
May 25 20:01:08.400939 n-d-843336-1 devstack@placement-api.service[110455]: [pid: 110455|app: 0|req: 109/217] 10.222.0.58 () {60 vars in 1355 bytes} [Wed May 25 20:01:08 2022] DELETE /placement/allocations/de44b0a1-102c-4cea-9289-d148daef1929 => generated 0 bytes in 265 msecs (HTTP/1.1 204) 5 headers in 198 bytes (1 switches on core 0)
May 25 20:01:09.547741 n-d-843336-1 devstack@placement-api.service[110454]: DEBUG placement.requestlog [req-37243a32-65ce-45dd-a0aa-e6d2053a24a2 req-c235de3b-77e9-40a7-b3e6-a247fb758733 None None] Starting request: 10.222.0.58 "GET /placement/resource_providers/f54ff6b0-e42c-4170-b4e8-eb807f391049/allocations" {{(pid=110454) __call__ /opt/stack/placement/placement/requestlog.py:55}}
May 25 20:01:09.582575 n-d-843336-1 devstack@placement-api.service[110454]: INFO placement.requestlog [req-37243a32-65ce-45dd-a0aa-e6d2053a24a2 req-c235de3b-77e9-40a7-b3e6-a247fb758733 service placement] 10.222.0.58 "GET /placement/resource_providers/f54ff6b0-e42c-4170-b4e8-eb807f391049/allocations" status: 200 len: 544 microversion: 1.0
May 25 20:01:09.583032 n-d-843336-1 devstack@placement-api.service[110454]: [pid: 110454|app: 0|req: 109/218] 10.222.0.58 () {58 vars in 1390 bytes} [Wed May 25 20:01:09 2022] GET /placement/resource_providers/f54ff6b0-e42c-4170-b4e8-eb807f391049/allocations => generated 544 bytes in 36 msecs (HTTP/1.1 200) 6 headers in 224 bytes (1 switches on core 0)
May 25 20:01:10.575796 n-d-843336-1 devstack@placement-api.service[110455]: DEBUG placement.requestlog [req-0c004bdf-d96b-4379-8662-90ef419d173c req-561a18e9-a33a-4666-9e29-cf885ac09947 None None] Starting request: 10.222.0.48 "GET /placement/resource_providers/da2e2b5a-ba0c-4dd7-8eb8-5b15e50d0265/allocations" {{(pid=110455) __call__ /opt/stack/placement/placement/requestlog.py:55}}
May 25 20:01:10.625245 n-d-843336-1 devstack@placement-api.service[110455]: INFO placement.requestlog [req-0c004bdf-d96b-4379-8662-90ef419d173c req-561a18e9-a33a-4666-9e29-cf885ac09947 service placement] 10.222.0.48 "GET /placement/resource_providers/da2e2b5a-ba0c-4dd7-8eb8-5b15e50d0265/allocations" status: 200 len: 962 microversion: 1.0
May 25 20:01:10.625479 n-d-843336-1 devstack@placement-api.service[110455]: [pid: 110455|app: 0|req: 110/219] 10.222.0.48 () {58 vars in 1390 bytes} [Wed May 25 20:01:10 2022] GET /placement/resource_providers/da2e2b5a-ba0c-4dd7-8eb8-5b15e50d0265/allocations => generated 962 bytes in 50 msecs (HTTP/1.1 200) 6 headers in 224 bytes (1 switches on core 0)
May 25 20:01:11.932983 n-d-843336-1 devstack@placement-api.service[110454]: DEBUG placement.requestlog [req-7af045d4-1776-4690-ae53-c2cc4ef94721 req-f0d6eb28-4156-40f1-b4e4-af8481f87730 None None] Starting request: 10.222.0.55 "GET /placement/allocation_candidates?limit=1000&resources=DISK_GB%3A1%2CMEMORY_MB%3A1024%2CVCPU%3A1&root_required=%21COMPUTE_STATUS_DISABLED" {{(pid=110454) __call__ /opt/stack/placement/placement/requestlog.py:55}}
May 25 20:01:11.986473 n-d-843336-1 devstack@placement-api.service[110454]: DEBUG placement.objects.research_context [req-7af045d4-1776-4690-ae53-c2cc4ef94721 req-f0d6eb28-4156-40f1-b4e4-af8481f87730 service placement] getting providers with 1 DISK_GB {{(pid=110454) __init__ /opt/stack/placement/placement/objects/research_context.py:126}}
May 25 20:01:11.992433 n-d-843336-1 devstack@placement-api.service[110454]: DEBUG placement.objects.research_context [req-7af045d4-1776-4690-ae53-c2cc4ef94721 req-f0d6eb28-4156-40f1-b4e4-af8481f87730 service placement] getting providers with 1024 MEMORY_MB {{(pid=110454) __init__ /opt/stack/placement/placement/objects/research_context.py:126}}
May 25 20:01:11.998156 n-d-843336-1 devstack@placement-api.service[110454]: DEBUG placement.objects.research_context [req-7af045d4-1776-4690-ae53-c2cc4ef94721 req-f0d6eb28-4156-40f1-b4e4-af8481f87730 service placement] getting providers with 1 VCPU {{(pid=110454) __init__ /opt/stack/placement/placement/objects/research_context.py:126}}
May 25 20:01:12.003861 n-d-843336-1 devstack@placement-api.service[110454]: DEBUG placement.objects.research_context [req-7af045d4-1776-4690-ae53-c2cc4ef94721 req-f0d6eb28-4156-40f1-b4e4-af8481f87730 service placement] found 2 providers with available 1 DISK_GB {{(pid=110454) get_provider_ids_matching /opt/stack/placement/placement/objects/research_context.py:549}}
May 25 20:01:12.004325 n-d-843336-1 devstack@placement-api.service[110454]: DEBUG placement.objects.research_context [req-7af045d4-1776-4690-ae53-c2cc4ef94721 req-f0d6eb28-4156-40f1-b4e4-af8481f87730 service placement] found 2 providers with available 1024 MEMORY_MB {{(pid=110454) get_provider_ids_matching /opt/stack/placement/placement/objects/research_context.py:549}}
May 25 20:01:12.004762 n-d-843336-1 devstack@placement-api.service[110454]: DEBUG placement.objects.research_context [req-7af045d4-1776-4690-ae53-c2cc4ef94721 req-f0d6eb28-4156-40f1-b4e4-af8481f87730 service placement] found 2 providers after filtering by previous result {{(pid=110454) get_provider_ids_matching /opt/stack/placement/placement/objects/research_context.py:580}}
May 25 20:01:12.005193 n-d-843336-1 devstack@placement-api.service[110454]: DEBUG placement.objects.research_context [req-7af045d4-1776-4690-ae53-c2cc4ef94721 req-f0d6eb28-4156-40f1-b4e4-af8481f87730 service placement] found 2 providers with available 1 VCPU {{(pid=110454) get_provider_ids_matching /opt/stack/placement/placement/objects/research_context.py:549}}
May 25 20:01:12.005647 n-d-843336-1 devstack@placement-api.service[110454]: DEBUG placement.objects.research_context [req-7af045d4-1776-4690-ae53-c2cc4ef94721 req-f0d6eb28-4156-40f1-b4e4-af8481f87730 service placement] found 2 providers after filtering by previous result {{(pid=110454) get_provider_ids_matching /opt/stack/placement/placement/objects/research_context.py:580}}
May 25 20:01:12.019618 n-d-843336-1 devstack@placement-api.service[110454]: DEBUG placement.objects.allocation_candidate [req-7af045d4-1776-4690-ae53-c2cc4ef94721 req-f0d6eb28-4156-40f1-b4e4-af8481f87730 service placement] RequestGroup(use_same_provider=False, resources={DISK_GB:1, MEMORY_MB:1024, VCPU:1}, traits=[], aggregates=[]) (suffix '') returned 2 matches {{(pid=110454) _get_by_requests /opt/stack/placement/placement/objects/allocation_candidate.py:145}}
May 25 20:01:12.023794 n-d-843336-1 devstack@placement-api.service[110454]: DEBUG placement.objects.allocation_candidate [req-7af045d4-1776-4690-ae53-c2cc4ef94721 req-f0d6eb28-4156-40f1-b4e4-af8481f87730 service placement] Merging candidates yields 2 allocation requests and 2 provider summaries {{(pid=110454) _merge_candidates /opt/stack/placement/placement/objects/allocation_candidate.py:783}}
May 25 20:01:12.023794 n-d-843336-1 devstack@placement-api.service[110454]: INFO placement.requestlog [req-7af045d4-1776-4690-ae53-c2cc4ef94721 req-f0d6eb28-4156-40f1-b4e4-af8481f87730 service placement] 10.222.0.55 "GET /placement/allocation_candidates?limit=1000&resources=DISK_GB%3A1%2CMEMORY_MB%3A1024%2CVCPU%3A1&root_required=%21COMPUTE_STATUS_DISABLED" status: 200 len: 1309 microversion: 1.36
May 25 20:01:12.023794 n-d-843336-1 devstack@placement-api.service[110454]: [pid: 110454|app: 0|req: 110/220] 10.222.0.55 () {60 vars in 1506 bytes} [Wed May 25 20:01:11 2022] GET /placement/allocation_candidates?limit=1000&resources=DISK_GB%3A1%2CMEMORY_MB%3A1024%2CVCPU%3A1&root_required=%21COMPUTE_STATUS_DISABLED => generated 1309 bytes in 89 msecs (HTTP/1.1 200) 8 headers in 297 bytes (1 switches on core 0)
May 25 20:01:12.098707 n-d-843336-1 devstack@placement-api.service[110455]: DEBUG placement.requestlog [req-7af045d4-1776-4690-ae53-c2cc4ef94721 req-f7563154-7977-4bce-957a-e2f363eb9bc4 None None] Starting request: 10.222.0.55 "GET /placement/allocations/2abb119f-4743-4c8f-b6b1-f2048343b2db" {{(pid=110455) __call__ /opt/stack/placement/placement/requestlog.py:55}}
May 25 20:01:12.110663 n-d-843336-1 devstack@placement-api.service[110455]: INFO placement.requestlog [req-7af045d4-1776-4690-ae53-c2cc4ef94721 req-f7563154-7977-4bce-957a-e2f363eb9bc4 service placement] 10.222.0.55 "GET /placement/allocations/2abb119f-4743-4c8f-b6b1-f2048343b2db" status: 200 len: 19 microversion: 1.28
May 25 20:01:12.114311 n-d-843336-1 devstack@placement-api.service[110455]: [pid: 110455|app: 0|req: 111/221] 10.222.0.55 () {60 vars in 1380 bytes} [Wed May 25 20:01:12 2022] GET /placement/allocations/2abb119f-4743-4c8f-b6b1-f2048343b2db => generated 19 bytes in 16 msecs (HTTP/1.1 200) 8 headers in 295 bytes (1 switches on core 0)
May 25 20:01:12.120719 n-d-843336-1 devstack@placement-api.service[110454]: DEBUG placement.requestlog [req-7af045d4-1776-4690-ae53-c2cc4ef94721 req-aeaec5fd-328b-4a92-86be-93a36d0463b6 None None] Starting request: 10.222.0.55 "PUT /placement/allocations/2abb119f-4743-4c8f-b6b1-f2048343b2db" {{(pid=110454) __call__ /opt/stack/placement/placement/requestlog.py:55}}
May 25 20:01:12.330426 n-d-843336-1 devstack@placement-api.service[110454]: DEBUG placement.handlers.allocation [req-7af045d4-1776-4690-ae53-c2cc4ef94721 req-aeaec5fd-328b-4a92-86be-93a36d0463b6 service placement] Successfully wrote allocations [, , ] {{(pid=110454) _update_consumers_and_create_allocations /opt/stack/placement/placement/handlers/allocation.py:462}}
May 25 20:01:12.416414 n-d-843336-1 devstack@placement-api.service[110454]: INFO placement.requestlog [req-7af045d4-1776-4690-ae53-c2cc4ef94721 req-aeaec5fd-328b-4a92-86be-93a36d0463b6 service placement] 10.222.0.55 "PUT /placement/allocations/2abb119f-4743-4c8f-b6b1-f2048343b2db" status: 204 len: 0 microversion: 1.36
May 25 20:01:12.419704 n-d-843336-1 devstack@placement-api.service[110454]: [pid: 110454|app: 0|req: 111/222] 10.222.0.55 () {64 vars in 1433 bytes} [Wed May 25 20:01:12 2022] PUT /placement/allocations/2abb119f-4743-4c8f-b6b1-f2048343b2db => generated 0 bytes in 297 msecs (HTTP/1.1 204) 5 headers in 199 bytes (1 switches on core 0)
May 25 20:01:13.839679 n-d-843336-1 devstack@placement-api.service[110455]: DEBUG placement.requestlog [req-7af045d4-1776-4690-ae53-c2cc4ef94721 req-b23081e2-b7a4-4989-9009-2f5a2ce913fe None None] Starting request: 10.222.0.48 "GET /placement/allocations/2abb119f-4743-4c8f-b6b1-f2048343b2db" {{(pid=110455) __call__ /opt/stack/placement/placement/requestlog.py:55}}
May 25 20:01:13.877417 n-d-843336-1 devstack@placement-api.service[110455]: INFO placement.requestlog [req-7af045d4-1776-4690-ae53-c2cc4ef94721 req-b23081e2-b7a4-4989-9009-2f5a2ce913fe service placement] 10.222.0.48 "GET /placement/allocations/2abb119f-4743-4c8f-b6b1-f2048343b2db" status: 200 len: 259 microversion: 1.28
May 25 20:01:13.878383 n-d-843336-1 devstack@placement-api.service[110455]: [pid: 110455|app: 0|req: 112/223] 10.222.0.48 () {60 vars in 1377 bytes} [Wed May 25 20:01:13 2022] GET /placement/allocations/2abb119f-4743-4c8f-b6b1-f2048343b2db => generated 259 bytes in 40 msecs (HTTP/1.1 200) 8 headers in 296 bytes (1 switches on core 0)
May 25 20:01:28.408990 n-d-843336-1 devstack@placement-api.service[110454]: DEBUG placement.requestlog [req-bfec0fa4-5b5c-4abf-b28d-b8739d2f0b05 req-6b4bd7a9-1225-4ceb-8bbb-e75837a4dada None None] Starting request: 10.222.0.55 "GET /placement/allocation_candidates?resources=DISK_GB%3A1%2CMEMORY_MB%3A1024%2CVCPU%3A1&root_required=%21COMPUTE_STATUS_DISABLED" {{(pid=110454) __call__ /opt/stack/placement/placement/requestlog.py:55}}
May 25 20:01:28.455791 n-d-843336-1 devstack@placement-api.service[110454]: DEBUG placement.objects.research_context [req-bfec0fa4-5b5c-4abf-b28d-b8739d2f0b05 req-6b4bd7a9-1225-4ceb-8bbb-e75837a4dada service placement] getting providers with 1 DISK_GB {{(pid=110454) __init__ /opt/stack/placement/placement/objects/research_context.py:126}}
May 25 20:01:28.465385 n-d-843336-1 devstack@placement-api.service[110454]: DEBUG placement.objects.research_context [req-bfec0fa4-5b5c-4abf-b28d-b8739d2f0b05 req-6b4bd7a9-1225-4ceb-8bbb-e75837a4dada service placement] getting providers with 1024 MEMORY_MB {{(pid=110454) __init__ /opt/stack/placement/placement/objects/research_context.py:126}}
May 25 20:01:28.471176 n-d-843336-1 devstack@placement-api.service[110454]: DEBUG placement.objects.research_context [req-bfec0fa4-5b5c-4abf-b28d-b8739d2f0b05 req-6b4bd7a9-1225-4ceb-8bbb-e75837a4dada service placement] getting providers with 1 VCPU {{(pid=110454) __init__ /opt/stack/placement/placement/objects/research_context.py:126}}
May 25 20:01:28.477626 n-d-843336-1 devstack@placement-api.service[110454]: DEBUG placement.objects.research_context [req-bfec0fa4-5b5c-4abf-b28d-b8739d2f0b05 req-6b4bd7a9-1225-4ceb-8bbb-e75837a4dada service placement] found 2 providers with available 1 DISK_GB {{(pid=110454) get_provider_ids_matching /opt/stack/placement/placement/objects/research_context.py:549}}
