May 25 15:33:27.600767 n-d-843291-1 devstack@n-api.service[110999]: DEBUG oslo_concurrency.lockutils [None req-dc774412-5e81-488e-9ea5-e0de86202792 None None] Lock "00000000-0000-0000-0000-000000000000" "released" by "nova.context.set_target_cell..get_or_set_cached_cell_and_set_connections" :: held 0.002s {{(pid=110999) inner /usr/local/lib/python3.8/dist-packages/oslo_concurrency/lockutils.py:400}}
May 25 15:33:27.600906 n-d-843291-1 devstack@n-api.service[110999]: DEBUG oslo_concurrency.lockutils [None req-dc774412-5e81-488e-9ea5-e0de86202792 None None] Lock "f2636d34-3843-46bf-b1c2-8407a5954833" acquired by "nova.context.set_target_cell..get_or_set_cached_cell_and_set_connections" :: waited 0.000s {{(pid=110999) inner /usr/local/lib/python3.8/dist-packages/oslo_concurrency/lockutils.py:386}}
May 25 15:33:27.601268 n-d-843291-1 devstack@n-api.service[111000]: DEBUG oslo_concurrency.lockutils [None req-e8113418-dddc-49e7-bc23-c7efc3ccf166 None None] Lock "f2636d34-3843-46bf-b1c2-8407a5954833" "released" by "nova.context.set_target_cell..get_or_set_cached_cell_and_set_connections" :: held 0.002s {{(pid=111000) inner /usr/local/lib/python3.8/dist-packages/oslo_concurrency/lockutils.py:400}}
May 25 15:33:27.603426 n-d-843291-1 devstack@n-api.service[110999]: DEBUG oslo_concurrency.lockutils [None req-dc774412-5e81-488e-9ea5-e0de86202792 None None] Lock "f2636d34-3843-46bf-b1c2-8407a5954833" "released" by "nova.context.set_target_cell..get_or_set_cached_cell_and_set_connections" :: held 0.002s {{(pid=110999) inner /usr/local/lib/python3.8/dist-packages/oslo_concurrency/lockutils.py:400}}
May 25 15:33:27.603831 n-d-843291-1 devstack@n-api.service[111000]: INFO dbcounter [None req-e8113418-dddc-49e7-bc23-c7efc3ccf166 None None] Registered counter for database nova_cell0
May 25 15:33:27.605422 n-d-843291-1 devstack@n-api.service[110999]: INFO dbcounter [None req-dc774412-5e81-488e-9ea5-e0de86202792 None None] Registered counter for database nova_cell0
May 25 15:33:27.607827 n-d-843291-1 devstack@n-api.service[111000]: INFO dbcounter [None req-e8113418-dddc-49e7-bc23-c7efc3ccf166 None None] Registered counter for database nova_cell1
May 25 15:33:27.609449 n-d-843291-1 devstack@n-api.service[110999]: INFO dbcounter [None req-dc774412-5e81-488e-9ea5-e0de86202792 None None] Registered counter for database nova_cell1
May 25 15:33:27.615281 n-d-843291-1 devstack@n-api.service[111000]: DEBUG oslo_db.sqlalchemy.engines [None req-e8113418-dddc-49e7-bc23-c7efc3ccf166 None None] MySQL server mode set to STRICT_TRANS_TABLES,STRICT_ALL_TABLES,NO_ZERO_IN_DATE,NO_ZERO_DATE,ERROR_FOR_DIVISION_BY_ZERO,TRADITIONAL,NO_ENGINE_SUBSTITUTION {{(pid=111000) _check_effective_sql_mode /usr/local/lib/python3.8/dist-packages/oslo_db/sqlalchemy/engines.py:314}}
May 25 15:33:27.616741 n-d-843291-1 devstack@n-api.service[110999]: DEBUG oslo_db.sqlalchemy.engines [None req-dc774412-5e81-488e-9ea5-e0de86202792 None None] MySQL server mode set to STRICT_TRANS_TABLES,STRICT_ALL_TABLES,NO_ZERO_IN_DATE,NO_ZERO_DATE,ERROR_FOR_DIVISION_BY_ZERO,TRADITIONAL,NO_ENGINE_SUBSTITUTION {{(pid=110999) _check_effective_sql_mode /usr/local/lib/python3.8/dist-packages/oslo_db/sqlalchemy/engines.py:314}}
May 25 15:33:27.619463 n-d-843291-1 devstack@n-api.service[110999]: DEBUG oslo_db.sqlalchemy.engines [None req-dc774412-5e81-488e-9ea5-e0de86202792 None None] MySQL server mode set to STRICT_TRANS_TABLES,STRICT_ALL_TABLES,NO_ZERO_IN_DATE,NO_ZERO_DATE,ERROR_FOR_DIVISION_BY_ZERO,TRADITIONAL,NO_ENGINE_SUBSTITUTION {{(pid=110999) _check_effective_sql_mode /usr/local/lib/python3.8/dist-packages/oslo_db/sqlalchemy/engines.py:314}}
May 25 15:33:27.621629 n-d-843291-1 devstack@n-api.service[111000]: DEBUG oslo_db.sqlalchemy.engines [None req-e8113418-dddc-49e7-bc23-c7efc3ccf166 None None] MySQL server mode set to STRICT_TRANS_TABLES,STRICT_ALL_TABLES,NO_ZERO_IN_DATE,NO_ZERO_DATE,ERROR_FOR_DIVISION_BY_ZERO,TRADITIONAL,NO_ENGINE_SUBSTITUTION {{(pid=111000) _check_effective_sql_mode /usr/local/lib/python3.8/dist-packages/oslo_db/sqlalchemy/engines.py:314}}
May 25 15:33:27.624143 n-d-843291-1 devstack@n-api.service[110999]: DEBUG dbcounter [-] [110999] Writer thread running {{(pid=110999) stat_writer /usr/local/lib/python3.8/dist-packages/dbcounter.py:99}}
May 25 15:33:27.625715 n-d-843291-1 devstack@n-api.service[111000]: DEBUG dbcounter [-] [111000] Writer thread running {{(pid=111000) stat_writer /usr/local/lib/python3.8/dist-packages/dbcounter.py:99}}
May 25 15:33:27.763351 n-d-843291-1 devstack@n-api.service[111000]: DEBUG dbcounter [-] [111000] Writer thread running {{(pid=111000) stat_writer /usr/local/lib/python3.8/dist-packages/dbcounter.py:99}}
May 25 15:33:27.764640 n-d-843291-1 devstack@n-api.service[110999]: DEBUG dbcounter [-] [110999] Writer thread running {{(pid=110999) stat_writer /usr/local/lib/python3.8/dist-packages/dbcounter.py:99}}
May 25 15:33:27.773087 n-d-843291-1 devstack@n-api.service[111000]: INFO dbcounter [None req-e8113418-dddc-49e7-bc23-c7efc3ccf166 None None] Registered counter for database nova_cell0
May 25 15:33:27.774526 n-d-843291-1 devstack@n-api.service[110999]: INFO dbcounter [None req-dc774412-5e81-488e-9ea5-e0de86202792 None None] Registered counter for database nova_cell0
May 25 15:33:27.781893 n-d-843291-1 devstack@n-api.service[111000]: DEBUG oslo_db.sqlalchemy.engines [None req-e8113418-dddc-49e7-bc23-c7efc3ccf166 None None] MySQL server mode set to STRICT_TRANS_TABLES,STRICT_ALL_TABLES,NO_ZERO_IN_DATE,NO_ZERO_DATE,ERROR_FOR_DIVISION_BY_ZERO,TRADITIONAL,NO_ENGINE_SUBSTITUTION {{(pid=111000) _check_effective_sql_mode /usr/local/lib/python3.8/dist-packages/oslo_db/sqlalchemy/engines.py:314}}
May 25 15:33:27.785465 n-d-843291-1 devstack@n-api.service[110999]: DEBUG oslo_db.sqlalchemy.engines [None req-dc774412-5e81-488e-9ea5-e0de86202792 None None] MySQL server mode set to STRICT_TRANS_TABLES,STRICT_ALL_TABLES,NO_ZERO_IN_DATE,NO_ZERO_DATE,ERROR_FOR_DIVISION_BY_ZERO,TRADITIONAL,NO_ENGINE_SUBSTITUTION {{(pid=110999) _check_effective_sql_mode /usr/local/lib/python3.8/dist-packages/oslo_db/sqlalchemy/engines.py:314}}
May 25 15:33:27.786344 n-d-843291-1 devstack@n-api.service[111000]: DEBUG dbcounter [-] [111000] Writer thread running {{(pid=111000) stat_writer /usr/local/lib/python3.8/dist-packages/dbcounter.py:99}}
May 25 15:33:27.790208 n-d-843291-1 devstack@n-api.service[110999]: DEBUG dbcounter [-] [110999] Writer thread running {{(pid=110999) stat_writer /usr/local/lib/python3.8/dist-packages/dbcounter.py:99}}
May 25 15:33:28.205660 n-d-843291-1 devstack@n-api.service[111000]: WARNING keystonemiddleware.auth_token [None req-e8113418-dddc-49e7-bc23-c7efc3ccf166 None None] AuthToken middleware is set with keystone_authtoken.service_token_roles_required set to False. This is backwards compatible but deprecated behaviour. Please set this to True.
May 25 15:33:28.212837 n-d-843291-1 devstack@n-api.service[111000]: WARNING keystonemiddleware.auth_token [None req-e8113418-dddc-49e7-bc23-c7efc3ccf166 None None] Configuring www_authenticate_uri to point to the public identity endpoint is required; clients may not be able to authenticate against an admin endpoint
May 25 15:33:28.234482 n-d-843291-1 devstack@n-api.service[110999]: WARNING keystonemiddleware.auth_token [None req-dc774412-5e81-488e-9ea5-e0de86202792 None None] AuthToken middleware is set with keystone_authtoken.service_token_roles_required set to False. This is backwards compatible but deprecated behaviour. Please set this to True.
May 25 15:33:28.241879 n-d-843291-1 devstack@n-api.service[110999]: WARNING keystonemiddleware.auth_token [None req-dc774412-5e81-488e-9ea5-e0de86202792 None None] Configuring www_authenticate_uri to point to the public identity endpoint is required; clients may not be able to authenticate against an admin endpoint
May 25 15:33:28.556111 n-d-843291-1 devstack@n-api.service[111000]: WARNING keystonemiddleware.auth_token [None req-e8113418-dddc-49e7-bc23-c7efc3ccf166 None None] AuthToken middleware is set with keystone_authtoken.service_token_roles_required set to False. This is backwards compatible but deprecated behaviour. Please set this to True.
May 25 15:33:28.562176 n-d-843291-1 devstack@n-api.service[111000]: WARNING keystonemiddleware.auth_token [None req-e8113418-dddc-49e7-bc23-c7efc3ccf166 None None] Configuring www_authenticate_uri to point to the public identity endpoint is required; clients may not be able to authenticate against an admin endpoint
May 25 15:33:28.567445 n-d-843291-1 devstack@n-api.service[111000]: WSGI app 0 (mountpoint='') ready in 6 seconds on interpreter 0x5590dbf189c0 pid: 111000 (default app)
May 25 15:33:28.569480 n-d-843291-1 devstack@n-api.service[111000]: DEBUG nova.api.openstack.wsgi [None req-e8113418-dddc-49e7-bc23-c7efc3ccf166 None None] Calling method '>' {{(pid=111000) _process_stack /opt/stack/nova/nova/api/openstack/wsgi.py:513}}
May 25 15:33:28.570682 n-d-843291-1 devstack@n-api.service[111000]: INFO nova.api.openstack.requestlog [None req-e8113418-dddc-49e7-bc23-c7efc3ccf166 None None] 10.222.0.48 "GET /compute/v2.1/" status: 200 len: 388 microversion: 2.1 time: 0.001714
May 25 15:33:28.571148 n-d-843291-1 devstack@n-api.service[111000]: [pid: 111000|app: 0|req: 1/1] 10.222.0.48 () {50 vars in 788 bytes} [Wed May 25 15:33:28 2022] GET /compute/v2.1/ => generated 388 bytes in 3 msecs (HTTP/1.1 200) 9 headers in 357 bytes (1 switches on core 0)
May 25 15:33:28.581507 n-d-843291-1 devstack@n-api.service[110999]: WARNING keystonemiddleware.auth_token [None req-dc774412-5e81-488e-9ea5-e0de86202792 None None] AuthToken middleware is set with keystone_authtoken.service_token_roles_required set to False. This is backwards compatible but deprecated behaviour. Please set this to True.
May 25 15:33:28.587971 n-d-843291-1 devstack@n-api.service[110999]: WARNING keystonemiddleware.auth_token [None req-dc774412-5e81-488e-9ea5-e0de86202792 None None] Configuring www_authenticate_uri to point to the public identity endpoint is required; clients may not be able to authenticate against an admin endpoint
May 25 15:33:28.593194 n-d-843291-1 devstack@n-api.service[110999]: WSGI app 0 (mountpoint='') ready in 6 seconds on interpreter 0x5590dbf189c0 pid: 110999 (default app)
May 25 15:34:48.747106 n-d-843291-1 devstack@n-api.service[111000]: DEBUG nova.api.openstack.wsgi [None req-e8113418-dddc-49e7-bc23-c7efc3ccf166 None None] Calling method '>' {{(pid=111000) _process_stack /opt/stack/nova/nova/api/openstack/wsgi.py:513}}
May 25 15:34:48.748102 n-d-843291-1 devstack@n-api.service[111000]: INFO nova.api.openstack.requestlog [None req-e8113418-dddc-49e7-bc23-c7efc3ccf166 None None] 10.222.0.48 "GET /compute/v2.1" status: 200 len: 388 microversion: 2.1 time: 0.001452
May 25 15:34:48.748489 n-d-843291-1 devstack@n-api.service[111000]: [pid: 111000|app: 0|req: 2/2] 10.222.0.48 () {54 vars in 930 bytes} [Wed May 25 15:34:48 2022] GET /compute/v2.1 => generated 388 bytes in 2 msecs (HTTP/1.1 200) 9 headers in 357 bytes (1 switches on core 0)
May 25 15:34:48.760519 n-d-843291-1 devstack@n-api.service[110999]: DEBUG dbcounter [-] [110999] Writing DB stats nova_api:SELECT=3 {{(pid=110999) stat_writer /usr/local/lib/python3.8/dist-packages/dbcounter.py:114}}
May 25 15:34:48.761413 n-d-843291-1 devstack@n-api.service[110999]: DEBUG dbcounter [-] [110999] Writing DB stats nova_cell1:SELECT=3 {{(pid=110999) stat_writer /usr/local/lib/python3.8/dist-packages/dbcounter.py:114}}
May 25 15:34:48.762479 n-d-843291-1 devstack@n-api.service[110999]: DEBUG dbcounter [-] [110999] Writing DB stats nova_cell0:SELECT=3 {{(pid=110999) stat_writer /usr/local/lib/python3.8/dist-packages/dbcounter.py:114}}
May 25 15:34:48.763247 n-d-843291-1 devstack@n-api.service[110999]: DEBUG dbcounter [-] [110999] Writing DB stats nova_cell0:SELECT=6,nova_cell0:INSERT=1 {{(pid=110999) stat_writer /usr/local/lib/python3.8/dist-packages/dbcounter.py:114}}
May 25 15:34:49.197891 n-d-843291-1 devstack@n-api.service[110999]: DEBUG nova.api.openstack.wsgi [None req-f414121e-75d4-4e56-8ad6-e02f3ad0b4c0 admin admin] Calling method '>' {{(pid=110999) _process_stack /opt/stack/nova/nova/api/openstack/wsgi.py:513}}
May 25 15:34:49.227483 n-d-843291-1 devstack@n-api.service[110999]: INFO nova.api.openstack.requestlog [None req-f414121e-75d4-4e56-8ad6-e02f3ad0b4c0 admin admin] 10.222.0.48 "GET /compute/v2.1/flavors/detail?is_public=True" status: 200 len: 15 microversion: 2.61 time: 0.472234
May 25 15:34:49.228221 n-d-843291-1 devstack@n-api.service[110999]: [pid: 110999|app: 0|req: 1/3] 10.222.0.48 () {60 vars in 1291 bytes} [Wed May 25 15:34:48 2022] GET /compute/v2.1/flavors/detail?is_public=True => generated 15 bytes in 474 msecs (HTTP/1.1 200) 9 headers in 358 bytes (1 switches on core 0)
May 25 15:34:51.479832 n-d-843291-1 devstack@n-api.service[111000]: DEBUG nova.api.openstack.wsgi [None req-e8113418-dddc-49e7-bc23-c7efc3ccf166 None None] Calling method '>' {{(pid=111000) _process_stack /opt/stack/nova/nova/api/openstack/wsgi.py:513}}
May 25 15:34:51.481472 n-d-843291-1 devstack@n-api.service[111000]: INFO nova.api.openstack.requestlog [None req-e8113418-dddc-49e7-bc23-c7efc3ccf166 None None] 10.222.0.48 "GET /compute/v2.1" status: 200 len: 388 microversion: 2.1 time: 0.002045
May 25 15:34:51.492954 n-d-843291-1 devstack@n-api.service[111000]: [pid: 111000|app: 0|req: 3/4] 10.222.0.48 () {54 vars in 930 bytes} [Wed May 25 15:34:51 2022] GET /compute/v2.1 => generated 388 bytes in 8 msecs (HTTP/1.1 200) 9 headers in 357 bytes (1 switches on core 0)
May 25 15:34:51.546372 n-d-843291-1 devstack@n-api.service[110999]: DEBUG nova.api.openstack.wsgi [None req-99495b67-0d80-41a9-8337-611d42280523 admin admin] Action: 'create', calling method: >, body: {"flavor": {"name": "cirros256", "rxtx_factor": 1.0, "swap": 0, "ram": 256, "vcpus": 1, "OS-FLV-EXT-DATA:ephemeral": 0, "disk": 1, "id": "c1", "os-flavor-access:is_public": true}} {{(pid=110999) _process_stack /opt/stack/nova/nova/api/openstack/wsgi.py:511}}
May 25 15:34:51.566711 n-d-843291-1 devstack@n-api.service[110999]: /usr/local/lib/python3.8/dist-packages/oslo_policy/policy.py:1129: UserWarning: Policy "os_compute_api:os-flavor-manage:create": "rule:context_is_admin" failed scope check. The token used to make the request was project scoped but the policy requires ['system'] scope. This behavior may change in the future where using the intended scope is required
May 25 15:34:51.566711 n-d-843291-1 devstack@n-api.service[110999]: warnings.warn(msg)
May 25 15:34:51.656237 n-d-843291-1 devstack@n-api.service[110999]: INFO nova.api.openstack.requestlog [None req-99495b67-0d80-41a9-8337-611d42280523 admin admin] 10.222.0.48 "POST /compute/v2.1/flavors" status: 200 len: 407 microversion: 2.61 time: 0.168023
May 25 15:34:51.656914 n-d-843291-1 devstack@n-api.service[110999]: [pid: 110999|app: 0|req: 2/5] 10.222.0.48 () {64 vars in 1282 bytes} [Wed May 25 15:34:51 2022] POST /compute/v2.1/flavors => generated 407 bytes in 169 msecs (HTTP/1.1 200) 9 headers in 359 bytes (1 switches on core 0)
May 25 15:34:51.671268 n-d-843291-1 devstack@n-api.service[111000]: DEBUG dbcounter [-] [111000] Writing DB stats nova_api:SELECT=3 {{(pid=111000) stat_writer /usr/local/lib/python3.8/dist-packages/dbcounter.py:114}}
May 25 15:34:51.672377 n-d-843291-1 devstack@n-api.service[111000]: DEBUG dbcounter [-] [111000] Writing DB stats nova_cell0:SELECT=3 {{(pid=111000) stat_writer /usr/local/lib/python3.8/dist-packages/dbcounter.py:114}}
May 25 15:34:51.673599 n-d-843291-1 devstack@n-api.service[111000]: DEBUG dbcounter [-] [111000] Writing DB stats nova_cell1:SELECT=3 {{(pid=111000) stat_writer /usr/local/lib/python3.8/dist-packages/dbcounter.py:114}}
May 25 15:34:51.674602 n-d-843291-1 devstack@n-api.service[111000]: DEBUG dbcounter [-] [111000] Writing DB stats nova_cell0:SELECT=6,nova_cell0:INSERT=1 {{(pid=111000) stat_writer /usr/local/lib/python3.8/dist-packages/dbcounter.py:114}}
May 25 15:34:51.877088 n-d-843291-1 devstack@n-api.service[111000]: DEBUG nova.api.openstack.wsgi [None req-54795a85-6976-447f-a912-a7132503bc3b admin admin] Action: 'create', calling method: >, body: {"extra_specs": {"hw_rng:allowed": "True"}} {{(pid=111000) _process_stack /opt/stack/nova/nova/api/openstack/wsgi.py:511}}
May 25 15:34:51.879529 n-d-843291-1 devstack@n-api.service[111000]: /usr/local/lib/python3.8/dist-packages/oslo_policy/policy.py:1129: UserWarning: Policy "os_compute_api:os-flavor-extra-specs:create": "rule:context_is_admin" failed scope check. The token used to make the request was project scoped but the policy requires ['system'] scope. This behavior may change in the future where using the intended scope is required
May 25 15:34:51.879529 n-d-843291-1 devstack@n-api.service[111000]: warnings.warn(msg)
May 25 15:34:52.019286 n-d-843291-1 devstack@n-api.service[111000]: INFO nova.api.openstack.requestlog [None req-54795a85-6976-447f-a912-a7132503bc3b admin admin] 10.222.0.48 "POST /compute/v2.1/flavors/c1/os-extra_specs" status: 200 len: 43 microversion: 2.61 time: 0.353402
May 25 15:34:52.020281 n-d-843291-1 devstack@n-api.service[111000]: [pid: 111000|app: 0|req: 4/6] 10.222.0.48 () {64 vars in 1335 bytes} [Wed May 25 15:34:51 2022] POST /compute/v2.1/flavors/c1/os-extra_specs => generated 43 bytes in 355 msecs (HTTP/1.1 200) 9 headers in 358 bytes (1 switches on core 0)
May 25 15:34:54.293691 n-d-843291-1 devstack@n-api.service[110999]: DEBUG nova.api.openstack.wsgi [None req-99495b67-0d80-41a9-8337-611d42280523 admin admin] Calling method '>' {{(pid=110999) _process_stack /opt/stack/nova/nova/api/openstack/wsgi.py:513}}
May 25 15:34:54.294765 n-d-843291-1 devstack@n-api.service[110999]: INFO nova.api.openstack.requestlog [None req-99495b67-0d80-41a9-8337-611d42280523 admin admin] 10.222.0.48 "GET /compute/v2.1" status: 200 len: 388 microversion: 2.1 time: 0.001545
May 25 15:34:54.295171 n-d-843291-1 devstack@n-api.service[110999]: [pid: 110999|app: 0|req: 3/7] 10.222.0.48 () {54 vars in 930 bytes} [Wed May 25 15:34:54 2022] GET /compute/v2.1 => generated 388 bytes in 2 msecs (HTTP/1.1 200) 9 headers in 357 bytes (1 switches on core 0)
May 25 15:34:54.410339 n-d-843291-1 devstack@n-api.service[111000]: DEBUG nova.api.openstack.wsgi [None req-1197d16f-5ef0-403c-bc48-67e267c8ded6 admin admin] Action: 'create', calling method: >, body: {"flavor": {"os-flavor-access:is_public": true, "OS-FLV-EXT-DATA:ephemeral": 0, "id": "d1", "disk": 5, "ram": 512, "name": "ds512M", "vcpus": 1, "rxtx_factor": 1.0, "swap": 0}} {{(pid=111000) _process_stack /opt/stack/nova/nova/api/openstack/wsgi.py:511}}
May 25 15:34:54.428377 n-d-843291-1 devstack@n-api.service[111000]: /usr/local/lib/python3.8/dist-packages/oslo_policy/policy.py:1129: UserWarning: Policy "os_compute_api:os-flavor-manage:create": "rule:context_is_admin" failed scope check. The token used to make the request was project scoped but the policy requires ['system'] scope. This behavior may change in the future where using the intended scope is required
May 25 15:34:54.428377 n-d-843291-1 devstack@n-api.service[111000]: warnings.warn(msg)
May 25 15:34:54.547817 n-d-843291-1 devstack@n-api.service[111000]: INFO nova.api.openstack.requestlog [None req-1197d16f-5ef0-403c-bc48-67e267c8ded6 admin admin] 10.222.0.48 "POST /compute/v2.1/flavors" status: 200 len: 404 microversion: 2.61 time: 0.246245
May 25 15:34:54.548303 n-d-843291-1 devstack@n-api.service[111000]: [pid: 111000|app: 0|req: 5/8] 10.222.0.48 () {64 vars in 1282 bytes} [Wed May 25 15:34:54 2022] POST /compute/v2.1/flavors => generated 404 bytes in 248 msecs (HTTP/1.1 200) 9 headers in 359 bytes (1 switches on core 0)
May 25 15:34:54.560374 n-d-843291-1 devstack@n-api.service[110999]: DEBUG nova.api.openstack.wsgi [None req-da759d47-f786-487e-b964-5907d41880d1 admin admin] Action: 'create', calling method: >, body: {"extra_specs": {"hw_rng:allowed": "True"}} {{(pid=110999) _process_stack /opt/stack/nova/nova/api/openstack/wsgi.py:511}}
May 25 15:34:54.562093 n-d-843291-1 devstack@n-api.service[110999]: /usr/local/lib/python3.8/dist-packages/oslo_policy/policy.py:1129: UserWarning: Policy "os_compute_api:os-flavor-extra-specs:create": "rule:context_is_admin" failed scope check. The token used to make the request was project scoped but the policy requires ['system'] scope. This behavior may change in the future where using the intended scope is required
May 25 15:34:54.562093 n-d-843291-1 devstack@n-api.service[110999]: warnings.warn(msg)
May 25 15:34:54.907989 n-d-843291-1 devstack@n-api.service[110999]: INFO nova.api.openstack.requestlog [None req-da759d47-f786-487e-b964-5907d41880d1 admin admin] 10.222.0.48 "POST /compute/v2.1/flavors/d1/os-extra_specs" status: 200 len: 43 microversion: 2.61 time: 0.351279
May 25 15:34:54.908819 n-d-843291-1 devstack@n-api.service[110999]: [pid: 110999|app: 0|req: 4/9] 10.222.0.48 () {64 vars in 1335 bytes} [Wed May 25 15:34:54 2022] POST /compute/v2.1/flavors/d1/os-extra_specs => generated 43 bytes in 353 msecs (HTTP/1.1 200) 9 headers in 358 bytes (1 switches on core 0)
May 25 15:34:57.257677 n-d-843291-1 devstack@n-api.service[111000]: DEBUG nova.api.openstack.wsgi [None req-1197d16f-5ef0-403c-bc48-67e267c8ded6 admin admin] Calling method '>' {{(pid=111000) _process_stack /opt/stack/nova/nova/api/openstack/wsgi.py:513}}
May 25 15:34:57.259301 n-d-843291-1 devstack@n-api.service[111000]: INFO nova.api.openstack.requestlog [None req-1197d16f-5ef0-403c-bc48-67e267c8ded6 admin admin] 10.222.0.48 "GET /compute/v2.1" status: 200 len: 388 microversion: 2.1 time: 0.002066
May 25 15:34:57.260098 n-d-843291-1 devstack@n-api.service[111000]: [pid: 111000|app: 0|req: 6/10] 10.222.0.48 () {54 vars in 930 bytes} [Wed May 25 15:34:57 2022] GET /compute/v2.1 => generated 388 bytes in 3 msecs (HTTP/1.1 200) 9 headers in 357 bytes (1 switches on core 0)
May 25 15:34:57.323854 n-d-843291-1 devstack@n-api.service[110999]: DEBUG nova.api.openstack.wsgi [None req-1087ebbe-3644-4047-8609-8c7e8f2221d8 admin admin] Action: 'create', calling method: >, body: {"flavor": {"swap": 0, "disk": 10, "vcpus": 1, "os-flavor-access:is_public": true, "id": "d2", "ram": 1024, "name": "ds1G", "OS-FLV-EXT-DATA:ephemeral": 0, "rxtx_factor": 1.0}} {{(pid=110999) _process_stack /opt/stack/nova/nova/api/openstack/wsgi.py:511}}
May 25 15:34:57.417303 n-d-843291-1 devstack@n-api.service[110999]: INFO nova.api.openstack.requestlog [None req-1087ebbe-3644-4047-8609-8c7e8f2221d8 admin admin] 10.222.0.48 "POST /compute/v2.1/flavors" status: 200 len: 404 microversion: 2.61 time: 0.151335
May 25 15:34:57.430806 n-d-843291-1 devstack@n-api.service[111000]: DEBUG nova.api.openstack.wsgi [None req-915d303d-7f36-4968-9b95-07a5c2e9146a admin admin] Action: 'create', calling method: >, body: {"extra_specs": {"hw_rng:allowed": "True"}} {{(pid=111000) _process_stack /opt/stack/nova/nova/api/openstack/wsgi.py:511}}
May 25 15:34:57.437607 n-d-843291-1 devstack@n-api.service[110999]: [pid: 110999|app: 0|req: 5/11] 10.222.0.48 () {64 vars in 1282 bytes} [Wed May 25 15:34:57 2022] POST /compute/v2.1/flavors => generated 404 bytes in 172 msecs (HTTP/1.1 200) 9 headers in 359 bytes (2 switches on core 0)
May 25 15:34:57.591726 n-d-843291-1 devstack@n-api.service[111000]: INFO nova.api.openstack.requestlog [None req-915d303d-7f36-4968-9b95-07a5c2e9146a admin admin] 10.222.0.48 "POST /compute/v2.1/flavors/d2/os-extra_specs" status: 200 len: 43 microversion: 2.61 time: 0.164814
May 25 15:34:57.592936 n-d-843291-1 devstack@n-api.service[111000]: [pid: 111000|app: 0|req: 7/12] 10.222.0.48 () {64 vars in 1335 bytes} [Wed May 25 15:34:57 2022] POST /compute/v2.1/flavors/d2/os-extra_specs => generated 43 bytes in 167 msecs (HTTP/1.1 200) 9 headers in 358 bytes (1 switches on core 0)
May 25 15:35:00.140420 n-d-843291-1 devstack@n-api.service[110999]: DEBUG nova.api.openstack.wsgi [None req-1087ebbe-3644-4047-8609-8c7e8f2221d8 admin admin] Calling method '>' {{(pid=110999) _process_stack /opt/stack/nova/nova/api/openstack/wsgi.py:513}}
May 25 15:35:00.141479 n-d-843291-1 devstack@n-api.service[110999]: INFO nova.api.openstack.requestlog [None req-1087ebbe-3644-4047-8609-8c7e8f2221d8 admin admin] 10.222.0.48 "GET /compute/v2.1" status: 200 len: 388 microversion: 2.1 time: 0.001577
May 25 15:35:00.153516 n-d-843291-1 devstack@n-api.service[110999]: [pid: 110999|app: 0|req: 6/13] 10.222.0.48 () {54 vars in 930 bytes} [Wed May 25 15:35:00 2022] GET /compute/v2.1 => generated 388 bytes in 9 msecs (HTTP/1.1 200) 9 headers in 357 bytes (1 switches on core 0)
May 25 15:35:00.320512 n-d-843291-1 devstack@n-api.service[111000]: DEBUG nova.api.openstack.wsgi [None req-722cddf8-e8d5-4637-8c80-9288e42ea89a admin admin] Action: 'create', calling method: >, body: {"flavor": {"OS-FLV-EXT-DATA:ephemeral": 0, "swap": 0, "ram": 2048, "id": "d3", "rxtx_factor": 1.0, "os-flavor-access:is_public": true, "disk": 10, "name": "ds2G", "vcpus": 2}} {{(pid=111000) _process_stack /opt/stack/nova/nova/api/openstack/wsgi.py:511}}
May 25 15:35:00.451748 n-d-843291-1 devstack@n-api.service[111000]: INFO nova.api.openstack.requestlog [None req-722cddf8-e8d5-4637-8c80-9288e42ea89a admin admin] 10.222.0.48 "POST /compute/v2.1/flavors" status: 200 len: 404 microversion: 2.61 time: 0.299965
May 25 15:35:00.451748 n-d-843291-1 devstack@n-api.service[111000]: [pid: 111000|app: 0|req: 8/14] 10.222.0.48 () {64 vars in 1282 bytes} [Wed May 25 15:35:00 2022] POST /compute/v2.1/flavors => generated 404 bytes in 302 msecs (HTTP/1.1 200) 9 headers in 359 bytes (1 switches on core 0)
May 25 15:35:00.463206 n-d-843291-1 devstack@n-api.service[110999]: DEBUG nova.api.openstack.wsgi [None req-8523a5ad-3c8a-44b8-805e-a22c6e5fbcbe admin admin] Action: 'create', calling method: >, body: {"extra_specs": {"hw_rng:allowed": "True"}} {{(pid=110999) _process_stack /opt/stack/nova/nova/api/openstack/wsgi.py:511}}
May 25 15:35:00.603490 n-d-843291-1 devstack@n-api.service[110999]: INFO nova.api.openstack.requestlog [None req-8523a5ad-3c8a-44b8-805e-a22c6e5fbcbe admin admin] 10.222.0.48 "POST /compute/v2.1/flavors/d3/os-extra_specs" status: 200 len: 43 microversion: 2.61 time: 0.144578
May 25 15:35:00.614179 n-d-843291-1 devstack@n-api.service[110999]: [pid: 110999|app: 0|req: 7/15] 10.222.0.48 () {64 vars in 1335 bytes} [Wed May 25 15:35:00 2022] POST /compute/v2.1/flavors/d3/os-extra_specs => generated 43 bytes in 146 msecs (HTTP/1.1 200) 9 headers in 358 bytes (2 switches on core 0)
May 25 15:35:02.866190 n-d-843291-1 devstack@n-api.service[111000]: DEBUG nova.api.openstack.wsgi [None req-722cddf8-e8d5-4637-8c80-9288e42ea89a admin admin] Calling method '>' {{(pid=111000) _process_stack /opt/stack/nova/nova/api/openstack/wsgi.py:513}}
May 25 15:35:02.867306 n-d-843291-1 devstack@n-api.service[111000]: INFO nova.api.openstack.requestlog [None req-722cddf8-e8d5-4637-8c80-9288e42ea89a admin admin] 10.222.0.48 "GET /compute/v2.1" status: 200 len: 388 microversion: 2.1 time: 0.001665
May 25 15:35:02.868023 n-d-843291-1 devstack@n-api.service[111000]: [pid: 111000|app: 0|req: 9/16] 10.222.0.48 () {54 vars in 930 bytes} [Wed May 25 15:35:02 2022] GET /compute/v2.1 => generated 388 bytes in 3 msecs (HTTP/1.1 200) 9 headers in 357 bytes (1 switches on core 0)
May 25 15:35:02.933251 n-d-843291-1 devstack@n-api.service[110999]: DEBUG nova.api.openstack.wsgi [None req-3151de2b-34e3-44d5-8843-88f5247fbca9 admin admin] Action: 'create', calling method: >, body: {"flavor": {"os-flavor-access:is_public": true, "rxtx_factor": 1.0, "disk": 20, "name": "ds4G", "swap": 0, "vcpus": 4, "OS-FLV-EXT-DATA:ephemeral": 0, "id": "d4", "ram": 4096}} {{(pid=110999) _process_stack /opt/stack/nova/nova/api/openstack/wsgi.py:511}}
May 25 15:35:03.051094 n-d-843291-1 devstack@n-api.service[110999]: INFO nova.api.openstack.requestlog [None req-3151de2b-34e3-44d5-8843-88f5247fbca9 admin admin] 10.222.0.48 "POST /compute/v2.1/flavors" status: 200 len: 404 microversion: 2.61 time: 0.168776
May 25 15:35:03.051094 n-d-843291-1 devstack@n-api.service[110999]: [pid: 110999|app: 0|req: 8/17] 10.222.0.48 () {64 vars in 1282 bytes} [Wed May 25 15:35:02 2022] POST /compute/v2.1/flavors => generated 404 bytes in 170 msecs (HTTP/1.1 200) 9 headers in 359 bytes (2 switches on core 0)
May 25 15:35:03.060410 n-d-843291-1 devstack@n-api.service[111000]: DEBUG nova.api.openstack.wsgi [None req-9bc939a1-b85e-42ac-953c-e77e89cd1c53 admin admin] Action: 'create', calling method: >, body: {"extra_specs": {"hw_rng:allowed": "True"}} {{(pid=111000) _process_stack /opt/stack/nova/nova/api/openstack/wsgi.py:511}}
May 25 15:35:03.215033 n-d-843291-1 devstack@n-api.service[111000]: INFO nova.api.openstack.requestlog [None req-9bc939a1-b85e-42ac-953c-e77e89cd1c53 admin admin] 10.222.0.48 "POST /compute/v2.1/flavors/d4/os-extra_specs" status: 200 len: 43 microversion: 2.61 time: 0.158418
May 25 15:35:03.215959 n-d-843291-1 devstack@n-api.service[111000]: [pid: 111000|app: 0|req: 10/18] 10.222.0.48 () {64 vars in 1335 bytes} [Wed May 25 15:35:03 2022] POST /compute/v2.1/flavors/d4/os-extra_specs => generated 43 bytes in 160 msecs (HTTP/1.1 200) 9 headers in 358 bytes (1 switches on core 0)
May 25 15:35:05.540082 n-d-843291-1 devstack@n-api.service[110999]: DEBUG nova.api.openstack.wsgi [None req-3151de2b-34e3-44d5-8843-88f5247fbca9 admin admin] Calling method '>' {{(pid=110999) _process_stack /opt/stack/nova/nova/api/openstack/wsgi.py:513}}
May 25 15:35:05.541770 n-d-843291-1 devstack@n-api.service[110999]: INFO nova.api.openstack.requestlog [None req-3151de2b-34e3-44d5-8843-88f5247fbca9 admin admin] 10.222.0.48 "GET /compute/v2.1" status: 200 len: 388 microversion: 2.1 time: 0.002111
May 25 15:35:05.558152 n-d-843291-1 devstack@n-api.service[110999]: [pid: 110999|app: 0|req: 9/19] 10.222.0.48 () {54 vars in 930 bytes} [Wed May 25 15:35:05 2022] GET /compute/v2.1 => generated 388 bytes in 18 msecs (HTTP/1.1 200) 9 headers in 357 bytes (1 switches on core 0)
May 25 15:35:05.608534 n-d-843291-1 devstack@n-api.service[111000]: DEBUG nova.api.openstack.wsgi [None req-18cab3af-e916-4607-bd54-fdd83ddcff55 admin admin] Calling method '>' {{(pid=111000) _process_stack /opt/stack/nova/nova/api/openstack/wsgi.py:513}}
May 25 15:35:05.635361 n-d-843291-1 devstack@n-api.service[111000]: INFO nova.api.openstack.requestlog [None req-18cab3af-e916-4607-bd54-fdd83ddcff55 admin admin] 10.222.0.48 "GET /compute/v2.1/flavors/detail?is_public=True" status: 200 len: 2106 microversion: 2.61 time: 0.086561
May 25 15:35:05.650278 n-d-843291-1 devstack@n-api.service[111000]: [pid: 111000|app: 0|req: 11/20] 10.222.0.48 () {60 vars in 1291 bytes} [Wed May 25 15:35:05 2022] GET /compute/v2.1/flavors/detail?is_public=True => generated 2106 bytes in 97 msecs (HTTP/1.1 200) 9 headers in 360 bytes (1 switches on core 0)
May 25 15:35:07.958172 n-d-843291-1 devstack@n-api.service[110999]: DEBUG nova.api.openstack.wsgi [None req-3151de2b-34e3-44d5-8843-88f5247fbca9 admin admin] Calling method '>' {{(pid=110999) _process_stack /opt/stack/nova/nova/api/openstack/wsgi.py:513}}
May 25 15:35:07.959800 n-d-843291-1 devstack@n-api.service[110999]: INFO nova.api.openstack.requestlog [None req-3151de2b-34e3-44d5-8843-88f5247fbca9 admin admin] 10.222.0.48 "GET /compute/v2.1" status: 200 len: 388 microversion: 2.1 time: 0.002086
May 25 15:35:07.960488 n-d-843291-1 devstack@n-api.service[110999]: [pid: 110999|app: 0|req: 10/21] 10.222.0.48 () {54 vars in 930 bytes} [Wed May 25 15:35:07 2022] GET /compute/v2.1 => generated 388 bytes in 3 msecs (HTTP/1.1 200) 9 headers in 357 bytes (1 switches on core 0)
May 25 15:35:08.020330 n-d-843291-1 devstack@n-api.service[111000]: DEBUG nova.api.openstack.wsgi [None req-0067e6ed-288c-42f7-971d-367dcfafe6dd admin admin] Action: 'create', calling method: >, body: {"flavor": {"ram": 512, "disk": 1, "name": "m1.tiny", "vcpus": 1, "swap": 0, "rxtx_factor": 1.0, "OS-FLV-EXT-DATA:ephemeral": 0, "id": "1", "os-flavor-access:is_public": true}} {{(pid=111000) _process_stack /opt/stack/nova/nova/api/openstack/wsgi.py:511}}
May 25 15:35:08.097067 n-d-843291-1 devstack@n-api.service[111000]: INFO nova.api.openstack.requestlog [None req-0067e6ed-288c-42f7-971d-367dcfafe6dd admin admin] 10.222.0.48 "POST /compute/v2.1/flavors" status: 200 len: 402 microversion: 2.61 time: 0.130212
May 25 15:35:08.098603 n-d-843291-1 devstack@n-api.service[111000]: [pid: 111000|app: 0|req: 12/22] 10.222.0.48 () {64 vars in 1282 bytes} [Wed May 25 15:35:07 2022] POST /compute/v2.1/flavors => generated 402 bytes in 133 msecs (HTTP/1.1 200) 9 headers in 359 bytes (1 switches on core 0)
May 25 15:35:08.110839 n-d-843291-1 devstack@n-api.service[110999]: DEBUG nova.api.openstack.wsgi [None req-e948665d-ec50-4a64-9d4e-50324e0bd67f admin admin] Action: 'create', calling method: >, body: {"extra_specs": {"hw_rng:allowed": "True"}} {{(pid=110999) _process_stack /opt/stack/nova/nova/api/openstack/wsgi.py:511}}
May 25 15:35:08.238462 n-d-843291-1 devstack@n-api.service[110999]: INFO nova.api.openstack.requestlog [None req-e948665d-ec50-4a64-9d4e-50324e0bd67f admin admin] 10.222.0.48 "POST /compute/v2.1/flavors/1/os-extra_specs" status: 200 len: 43 microversion: 2.61 time: 0.131510
May 25 15:35:08.240509 n-d-843291-1 devstack@n-api.service[110999]: [pid: 110999|app: 0|req: 11/23] 10.222.0.48 () {64 vars in 1332 bytes} [Wed May 25 15:35:08 2022] POST /compute/v2.1/flavors/1/os-extra_specs => generated 43 bytes in 134 msecs (HTTP/1.1 200) 9 headers in 358 bytes (1 switches on core 0)
May 25 15:35:10.589728 n-d-843291-1 devstack@n-api.service[111000]: DEBUG nova.api.openstack.wsgi [None req-0067e6ed-288c-42f7-971d-367dcfafe6dd admin admin] Calling method '>' {{(pid=111000) _process_stack /opt/stack/nova/nova/api/openstack/wsgi.py:513}}
May 25 15:35:10.590943 n-d-843291-1 devstack@n-api.service[111000]: INFO nova.api.openstack.requestlog [None req-0067e6ed-288c-42f7-971d-367dcfafe6dd admin admin] 10.222.0.48 "GET /compute/v2.1" status: 200 len: 388 microversion: 2.1 time: 0.001669
May 25 15:35:10.591734 n-d-843291-1 devstack@n-api.service[111000]: [pid: 111000|app: 0|req: 13/24] 10.222.0.48 () {54 vars in 930 bytes} [Wed May 25 15:35:10 2022] GET /compute/v2.1 => generated 388 bytes in 3 msecs (HTTP/1.1 200) 9 headers in 357 bytes (1 switches on core 0)
May 25 15:35:10.660168 n-d-843291-1 devstack@n-api.service[110999]: DEBUG nova.api.openstack.wsgi [None req-a139ee66-cd3c-4cc6-85da-2238b668adc6 admin admin] Action: 'create', calling method: >, body: {"flavor": {"vcpus": 1, "name": "m1.small", "os-flavor-access:is_public": true, "id": "2", "OS-FLV-EXT-DATA:ephemeral": 0, "ram": 2048, "rxtx_factor": 1.0, "disk": 20, "swap": 0}} {{(pid=110999) _process_stack /opt/stack/nova/nova/api/openstack/wsgi.py:511}}
May 25 15:35:10.764313 n-d-843291-1 devstack@n-api.service[110999]: INFO nova.api.openstack.requestlog [None req-a139ee66-cd3c-4cc6-85da-2238b668adc6 admin admin] 10.222.0.48 "POST /compute/v2.1/flavors" status: 200 len: 405 microversion: 2.61 time: 0.164995
May 25 15:35:10.764928 n-d-843291-1 devstack@n-api.service[110999]: [pid: 110999|app: 0|req: 12/25] 10.222.0.48 () {64 vars in 1282 bytes} [Wed May 25 15:35:10 2022] POST /compute/v2.1/flavors => generated 405 bytes in 167 msecs (HTTP/1.1 200) 9 headers in 359 bytes (1 switches on core 0)
May 25 15:35:10.778742 n-d-843291-1 devstack@n-api.service[111000]: DEBUG nova.api.openstack.wsgi [None req-1233a060-41e1-4bd4-a00b-ca923aab0f72 admin admin] Action: 'create', calling method: >, body: {"extra_specs": {"hw_rng:allowed": "True"}} {{(pid=111000) _process_stack /opt/stack/nova/nova/api/openstack/wsgi.py:511}}
May 25 15:35:10.873346 n-d-843291-1 devstack@n-api.service[111000]: INFO nova.api.openstack.requestlog [None req-1233a060-41e1-4bd4-a00b-ca923aab0f72 admin admin] 10.222.0.48 "POST /compute/v2.1/flavors/2/os-extra_specs" status: 200 len: 43 microversion: 2.61 time: 0.098560
May 25 15:35:10.874017 n-d-843291-1 devstack@n-api.service[111000]: [pid: 111000|app: 0|req: 14/26] 10.222.0.48 () {64 vars in 1332 bytes} [Wed May 25 15:35:10 2022] POST /compute/v2.1/flavors/2/os-extra_specs => generated 43 bytes in 100 msecs (HTTP/1.1 200) 9 headers in 358 bytes (1 switches on core 0)
May 25 15:35:13.138969 n-d-843291-1 devstack@n-api.service[110999]: DEBUG nova.api.openstack.wsgi [None req-a139ee66-cd3c-4cc6-85da-2238b668adc6 admin admin] Calling method '>' {{(pid=110999) _process_stack /opt/stack/nova/nova/api/openstack/wsgi.py:513}}
May 25 15:35:13.140045 n-d-843291-1 devstack@n-api.service[110999]: INFO nova.api.openstack.requestlog [None req-a139ee66-cd3c-4cc6-85da-2238b668adc6 admin admin] 10.222.0.48 "GET /compute/v2.1" status: 200 len: 388 microversion: 2.1 time: 0.001558
May 25 15:35:13.140937 n-d-843291-1 devstack@n-api.service[110999]: [pid: 110999|app: 0|req: 13/27] 10.222.0.48 () {54 vars in 930 bytes} [Wed May 25 15:35:13 2022] GET /compute/v2.1 => generated 388 bytes in 3 msecs (HTTP/1.1 200) 9 headers in 357 bytes (1 switches on core 0)
May 25 15:35:13.209603 n-d-843291-1 devstack@n-api.service[111000]: DEBUG nova.api.openstack.wsgi [None req-4b9993ff-425e-4f10-998d-c6c8b3362782 admin admin] Action: 'create', calling method: >, body: {"flavor": {"vcpus": 2, "OS-FLV-EXT-DATA:ephemeral": 0, "name": "m1.medium", "disk": 40, "rxtx_factor": 1.0, "swap": 0, "os-flavor-access:is_public": true, "id": "3", "ram": 4096}} {{(pid=111000) _process_stack /opt/stack/nova/nova/api/openstack/wsgi.py:511}}
May 25 15:35:13.337550 n-d-843291-1 devstack@n-api.service[111000]: INFO nova.api.openstack.requestlog [None req-4b9993ff-425e-4f10-998d-c6c8b3362782 admin admin] 10.222.0.48 "POST /compute/v2.1/flavors" status: 200 len: 406 microversion: 2.61 time: 0.189113
May 25 15:35:13.338002 n-d-843291-1 devstack@n-api.service[111000]: [pid: 111000|app: 0|req: 15/28] 10.222.0.48 () {64 vars in 1282 bytes} [Wed May 25 15:35:13 2022] POST /compute/v2.1/flavors => generated 406 bytes in 190 msecs (HTTP/1.1 200) 9 headers in 359 bytes (1 switches on core 0)
May 25 15:35:13.351764 n-d-843291-1 devstack@n-api.service[110999]: DEBUG nova.api.openstack.wsgi [None req-f5d11c16-7379-4ce8-844f-b3900e63a48e admin admin] Action: 'create', calling method: >, body: {"extra_specs": {"hw_rng:allowed": "True"}} {{(pid=110999) _process_stack /opt/stack/nova/nova/api/openstack/wsgi.py:511}}
May 25 15:35:13.479555 n-d-843291-1 devstack@n-api.service[110999]: INFO nova.api.openstack.requestlog [None req-f5d11c16-7379-4ce8-844f-b3900e63a48e admin admin] 10.222.0.48 "POST /compute/v2.1/flavors/3/os-extra_specs" status: 200 len: 43 microversion: 2.61 time: 0.132533
May 25 15:35:13.480152 n-d-843291-1 devstack@n-api.service[110999]: [pid: 110999|app: 0|req: 14/29] 10.222.0.48 () {64 vars in 1332 bytes} [Wed May 25 15:35:13 2022] POST /compute/v2.1/flavors/3/os-extra_specs => generated 43 bytes in 134 msecs (HTTP/1.1 200) 9 headers in 358 bytes (1 switches on core 0)
May 25 15:35:15.904982 n-d-843291-1 devstack@n-api.service[111000]: DEBUG nova.api.openstack.wsgi [None req-4b9993ff-425e-4f10-998d-c6c8b3362782 admin admin] Calling method '>' {{(pid=111000) _process_stack /opt/stack/nova/nova/api/openstack/wsgi.py:513}}
May 25 15:35:15.905977 n-d-843291-1 devstack@n-api.service[111000]: INFO nova.api.openstack.requestlog [None req-4b9993ff-425e-4f10-998d-c6c8b3362782 admin admin] 10.222.0.48 "GET /compute/v2.1" status: 200 len: 388 microversion: 2.1 time: 0.001467
May 25 15:35:15.906470 n-d-843291-1 devstack@n-api.service[111000]: [pid: 111000|app: 0|req: 16/30] 10.222.0.48 () {54 vars in 930 bytes} [Wed May 25 15:35:15 2022] GET /compute/v2.1 => generated 388 bytes in 2 msecs (HTTP/1.1 200) 9 headers in 357 bytes (1 switches on core 0)
May 25 15:35:15.964687 n-d-843291-1 devstack@n-api.service[110999]: DEBUG nova.api.openstack.wsgi [None req-d730bd2b-0c06-449d-bc0b-c45728a3cb8e admin admin] Action: 'create', calling method: >, body: {"flavor": {"ram": 8192, "rxtx_factor": 1.0, "OS-FLV-EXT-DATA:ephemeral": 0, "swap": 0, "id": "4", "vcpus": 4, "name": "m1.large", "os-flavor-access:is_public": true, "disk": 80}} {{(pid=110999) _process_stack /opt/stack/nova/nova/api/openstack/wsgi.py:511}}
May 25 15:35:16.045885 n-d-843291-1 devstack@n-api.service[110999]: INFO nova.api.openstack.requestlog [None req-d730bd2b-0c06-449d-bc0b-c45728a3cb8e admin admin] 10.222.0.48 "POST /compute/v2.1/flavors" status: 200 len: 405 microversion: 2.61 time: 0.132926
May 25 15:35:16.046476 n-d-843291-1 devstack@n-api.service[110999]: [pid: 110999|app: 0|req: 15/31] 10.222.0.48 () {64 vars in 1282 bytes} [Wed May 25 15:35:15 2022] POST /compute/v2.1/flavors => generated 405 bytes in 135 msecs (HTTP/1.1 200) 9 headers in 359 bytes (2 switches on core 0)
May 25 15:35:16.058996 n-d-843291-1 devstack@n-api.service[111000]: DEBUG nova.api.openstack.wsgi [None req-b51f927d-81a3-4e79-bc1b-29eb77befb41 admin admin] Action: 'create', calling method: >, body: {"extra_specs": {"hw_rng:allowed": "True"}} {{(pid=111000) _process_stack /opt/stack/nova/nova/api/openstack/wsgi.py:511}}
May 25 15:35:16.162922 n-d-843291-1 devstack@n-api.service[111000]: INFO nova.api.openstack.requestlog [None req-b51f927d-81a3-4e79-bc1b-29eb77befb41 admin admin] 10.222.0.48 "POST /compute/v2.1/flavors/4/os-extra_specs" status: 200 len: 43 microversion: 2.61 time: 0.107488
May 25 15:35:16.163433 n-d-843291-1 devstack@n-api.service[111000]: [pid: 111000|app: 0|req: 17/32] 10.222.0.48 () {64 vars in 1332 bytes} [Wed May 25 15:35:16 2022] POST /compute/v2.1/flavors/4/os-extra_specs => generated 43 bytes in 109 msecs (HTTP/1.1 200) 9 headers in 358 bytes (2 switches on core 0)
May 25 15:35:18.391566 n-d-843291-1 devstack@n-api.service[110999]: DEBUG nova.api.openstack.wsgi [None req-d730bd2b-0c06-449d-bc0b-c45728a3cb8e admin admin] Calling method '>' {{(pid=110999) _process_stack /opt/stack/nova/nova/api/openstack/wsgi.py:513}}
May 25 15:35:18.392579 n-d-843291-1 devstack@n-api.service[110999]: INFO nova.api.openstack.requestlog [None req-d730bd2b-0c06-449d-bc0b-c45728a3cb8e admin admin] 10.222.0.48 "GET /compute/v2.1" status: 200 len: 388 microversion: 2.1 time: 0.001447
May 25 15:35:18.392978 n-d-843291-1 devstack@n-api.service[110999]: [pid: 110999|app: 0|req: 16/33] 10.222.0.48 () {54 vars in 930 bytes} [Wed May 25 15:35:18 2022] GET /compute/v2.1 => generated 388 bytes in 2 msecs (HTTP/1.1 200) 9 headers in 357 bytes (1 switches on core 0)
May 25 15:35:18.452267 n-d-843291-1 devstack@n-api.service[111000]: DEBUG nova.api.openstack.wsgi [None req-432db9a5-8c5e-4089-901d-e6af0d07f737 admin admin] Action: 'create', calling method: >, body: {"flavor": {"disk": 160, "ram": 16384, "os-flavor-access:is_public": true, "name": "m1.xlarge", "rxtx_factor": 1.0, "OS-FLV-EXT-DATA:ephemeral": 0, "id": "5", "vcpus": 8, "swap": 0}} {{(pid=111000) _process_stack /opt/stack/nova/nova/api/openstack/wsgi.py:511}}
May 25 15:35:18.525925 n-d-843291-1 devstack@n-api.service[111000]: INFO nova.api.openstack.requestlog [None req-432db9a5-8c5e-4089-901d-e6af0d07f737 admin admin] 10.222.0.48 "POST /compute/v2.1/flavors" status: 200 len: 408 microversion: 2.61 time: 0.126989
May 25 15:35:18.526525 n-d-843291-1 devstack@n-api.service[111000]: [pid: 111000|app: 0|req: 18/34] 10.222.0.48 () {64 vars in 1282 bytes} [Wed May 25 15:35:18 2022] POST /compute/v2.1/flavors => generated 408 bytes in 128 msecs (HTTP/1.1 200) 9 headers in 359 bytes (1 switches on core 0)
May 25 15:35:18.539410 n-d-843291-1 devstack@n-api.service[110999]: DEBUG nova.api.openstack.wsgi [None req-36c00f81-4f29-448d-8925-8380634e723d admin admin] Action: 'create', calling method: >, body: {"extra_specs": {"hw_rng:allowed": "True"}} {{(pid=110999) _process_stack /opt/stack/nova/nova/api/openstack/wsgi.py:511}}
May 25 15:35:18.659165 n-d-843291-1 devstack@n-api.service[110999]: INFO nova.api.openstack.requestlog [None req-36c00f81-4f29-448d-8925-8380634e723d admin admin] 10.222.0.48 "POST /compute/v2.1/flavors/5/os-extra_specs" status: 200 len: 43 microversion: 2.61 time: 0.124401
May 25 15:35:18.659815 n-d-843291-1 devstack@n-api.service[110999]: [pid: 110999|app: 0|req: 17/35] 10.222.0.48 () {64 vars in 1332 bytes} [Wed May 25 15:35:18 2022] POST /compute/v2.1/flavors/5/os-extra_specs => generated 43 bytes in 126 msecs (HTTP/1.1 200) 9 headers in 358 bytes (1 switches on core 0)
May 25 15:35:46.916092 n-d-843291-1 devstack@n-api.service[111000]: DEBUG nova.api.openstack.wsgi [None req-432db9a5-8c5e-4089-901d-e6af0d07f737 admin admin] Calling method '>' {{(pid=111000) _process_stack /opt/stack/nova/nova/api/openstack/wsgi.py:513}}
May 25 15:35:46.917097 n-d-843291-1 devstack@n-api.service[111000]: INFO nova.api.openstack.requestlog [None req-432db9a5-8c5e-4089-901d-e6af0d07f737 admin admin] 10.222.0.48 "GET /compute/v2.1" status: 200 len: 388 microversion: 2.1 time: 0.001414
May 25 15:35:46.917493 n-d-843291-1 devstack@n-api.service[111000]: [pid: 111000|app: 0|req: 19/36] 10.222.0.48 () {54 vars in 930 bytes} [Wed May 25 15:35:46 2022] GET /compute/v2.1 => generated 388 bytes in 2 msecs (HTTP/1.1 200) 9 headers in 357 bytes (1 switches on core 0)
May 25 15:35:46.927953 n-d-843291-1 devstack@n-api.service[110999]: DEBUG dbcounter [-] [110999] Writing DB stats nova_api:SELECT=47,nova_api:INSERT=10,nova_api:SAVEPOINT=5,nova_api:RELEASE=5 {{(pid=110999) stat_writer /usr/local/lib/python3.8/dist-packages/dbcounter.py:114}}
May 25 15:35:46.975818 n-d-843291-1 devstack@n-api.service[110999]: DEBUG nova.api.openstack.wsgi [None req-9c95b5f0-4d8f-4137-b02e-0b833829f778 admin admin] Calling method '>' {{(pid=110999) _process_stack /opt/stack/nova/nova/api/openstack/wsgi.py:513}}
May 25 15:35:46.992710 n-d-843291-1 devstack@n-api.service[110999]: INFO nova.api.openstack.requestlog [None req-9c95b5f0-4d8f-4137-b02e-0b833829f778 admin admin] 10.222.0.48 "GET /compute/v2.1/flavors/detail?is_public=True" status: 200 len: 4202 microversion: 2.61 time: 0.069392
May 25 15:35:46.993240 n-d-843291-1 devstack@n-api.service[110999]: [pid: 110999|app: 0|req: 18/37] 10.222.0.48 () {60 vars in 1291 bytes} [Wed May 25 15:35:46 2022] GET /compute/v2.1/flavors/detail?is_public=True => generated 4202 bytes in 70 msecs (HTTP/1.1 200) 9 headers in 360 bytes (2 switches on core 0)
May 25 15:35:47.980989 n-d-843291-1 devstack@n-api.service[111000]: DEBUG nova.api.openstack.wsgi [None req-432db9a5-8c5e-4089-901d-e6af0d07f737 admin admin] Calling method '>' {{(pid=111000) _process_stack /opt/stack/nova/nova/api/openstack/wsgi.py:513}}
May 25 15:35:47.982031 n-d-843291-1 devstack@n-api.service[111000]: INFO nova.api.openstack.requestlog [None req-432db9a5-8c5e-4089-901d-e6af0d07f737 admin admin] 10.222.0.48 "GET /compute/v2.1" status: 200 len: 388 microversion: 2.1 time: 0.001493
May 25 15:35:47.982475 n-d-843291-1 devstack@n-api.service[111000]: [pid: 111000|app: 0|req: 20/38] 10.222.0.48 () {56 vars in 1074 bytes} [Wed May 25 15:35:47 2022] GET /compute/v2.1 => generated 388 bytes in 2 msecs (HTTP/1.1 200) 9 headers in 357 bytes (1 switches on core 0)
May 25 15:35:48.187595 n-d-843291-1 devstack@n-api.service[110999]: DEBUG nova.api.openstack.wsgi [None req-ba3f3364-7f84-493f-92d2-7222cb1c7103 admin admin] Calling method '>' {{(pid=110999) _process_stack /opt/stack/nova/nova/api/openstack/wsgi.py:513}}
May 25 15:35:48.193861 n-d-843291-1 devstack@n-api.service[110999]: INFO nova.api.openstack.wsgi [None req-ba3f3364-7f84-493f-92d2-7222cb1c7103 admin admin] HTTP exception thrown: Flavor 42 could not be found.
May 25 15:35:48.197187 n-d-843291-1 devstack@n-api.service[110999]: DEBUG nova.api.openstack.wsgi [None req-ba3f3364-7f84-493f-92d2-7222cb1c7103 admin admin] Request method failure captured:
May 25 15:35:48.197187 n-d-843291-1 devstack@n-api.service[110999]: request: GET /compute/v2.1/flavors/42 HTTP/1.1
May 25 15:35:48.197187 n-d-843291-1 devstack@n-api.service[110999]: Accept: application/json
May 25 15:35:48.197187 n-d-843291-1 devstack@n-api.service[110999]: Accept-Encoding: gzip, deflate
May 25 15:35:48.197187 n-d-843291-1 devstack@n-api.service[110999]: Connection: keep-alive
May 25 15:35:48.197187 n-d-843291-1 devstack@n-api.service[110999]: Content-Length: 0
May 25 15:35:48.197187 n-d-843291-1 devstack@n-api.service[110999]: Host: 10.222.0.48
May 25 15:35:48.197187 n-d-843291-1 devstack@n-api.service[110999]: Openstack-Api-Version: compute 2.90
May 25 15:35:48.197187 n-d-843291-1 devstack@n-api.service[110999]: Openstack-System-Scope: None
May 25 15:35:48.197187 n-d-843291-1 devstack@n-api.service[110999]: User-Agent: python-novaclient
May 25 15:35:48.197187 n-d-843291-1 devstack@n-api.service[110999]: X-Auth-Token: gAAAAABijkzT4ujDbxdiBj05DY4eOUUIDzA1VNeg7pGgeZRr4SYbhqY_QlS-gRoIKumeyFsazcq_BxqY4JNlwadoaw3nHbcidMsrn1dTse8QOnPMgeb_0K3QofT0PybKDKBILRd4rqojGlIWIJyUP-ztd5Z_CFGi8HISl4Q0FakyS9YQC-3b1-E
May 25 15:35:48.197187 n-d-843291-1 devstack@n-api.service[110999]: X-Domain-Id: None
May 25 15:35:48.197187 n-d-843291-1 devstack@n-api.service[110999]: X-Domain-Name: None
May 25 15:35:48.197187 n-d-843291-1 devstack@n-api.service[110999]: X-Identity-Status: Confirmed
May 25 15:35:48.197187 n-d-843291-1 devstack@n-api.service[110999]: X-Is-Admin-Project: True
May 25 15:35:48.197187 n-d-843291-1 devstack@n-api.service[110999]: X-Openstack-Nova-Api-Version: 2.90
May 25 15:35:48.197187 n-d-843291-1 devstack@n-api.service[110999]: X-Project-Domain-Id: default
May 25 15:35:48.197187 n-d-843291-1 devstack@n-api.service[110999]: X-Project-Domain-Name: Default
May 25 15:35:48.197187 n-d-843291-1 devstack@n-api.service[110999]: X-Project-Id: 5c98eaa8f975480c9c9b8932a71efed8
May 25 15:35:48.197187 n-d-843291-1 devstack@n-api.service[110999]: X-Project-Name: admin
May 25 15:35:48.197187 n-d-843291-1 devstack@n-api.service[110999]: X-Role: admin,member,reader
May 25 15:35:48.197187 n-d-843291-1 devstack@n-api.service[110999]: X-Roles: admin,member,reader
