May 25 05:15:59.547335 n-d-843228-2 devstack@placement-api.service[112133]: INFO placement.requestlog [req-210ab916-1353-457c-b056-cea9cb8b2c2c req-74c704cb-ca06-4a6b-9b09-48335e1994db service placement] 10.222.0.46 "PUT /placement/allocations/d322e1f8-dd1c-4354-983b-5455e1961739" status: 204 len: 0 microversion: 1.36
May 25 05:15:59.548158 n-d-843228-2 devstack@placement-api.service[112133]: [pid: 112133|app: 0|req: 488/971] 10.222.0.46 () {64 vars in 1433 bytes} [Wed May 25 05:15:59 2022] PUT /placement/allocations/d322e1f8-dd1c-4354-983b-5455e1961739 => generated 0 bytes in 333 msecs (HTTP/1.1 204) 5 headers in 199 bytes (1 switches on core 0)
May 25 05:16:00.189903 n-d-843228-2 devstack@placement-api.service[112134]: DEBUG placement.requestlog [req-2730211c-dfb9-4678-9597-7a9ba224b405 req-b5422602-0308-4855-9b2e-8b15fabe324d None None] Starting request: 10.222.0.21 "DELETE /placement/allocations/3d7c38de-c2ab-4f32-b287-0b9589f95fc7" {{(pid=112134) __call__ /opt/stack/placement/placement/requestlog.py:55}}
May 25 05:16:00.446437 n-d-843228-2 devstack@placement-api.service[112134]: DEBUG placement.handlers.allocation [req-2730211c-dfb9-4678-9597-7a9ba224b405 req-b5422602-0308-4855-9b2e-8b15fabe324d service placement] Successfully deleted allocations [, , ] {{(pid=112134) delete_allocations /opt/stack/placement/placement/handlers/allocation.py:627}}
May 25 05:16:00.448673 n-d-843228-2 devstack@placement-api.service[112134]: INFO placement.requestlog [req-2730211c-dfb9-4678-9597-7a9ba224b405 req-b5422602-0308-4855-9b2e-8b15fabe324d service placement] 10.222.0.21 "DELETE /placement/allocations/3d7c38de-c2ab-4f32-b287-0b9589f95fc7" status: 204 len: 0 microversion: 1.0
May 25 05:16:00.449854 n-d-843228-2 devstack@placement-api.service[112134]: [pid: 112134|app: 0|req: 484/972] 10.222.0.21 () {60 vars in 1355 bytes} [Wed May 25 05:16:00 2022] DELETE /placement/allocations/3d7c38de-c2ab-4f32-b287-0b9589f95fc7 => generated 0 bytes in 260 msecs (HTTP/1.1 204) 5 headers in 198 bytes (1 switches on core 0)
May 25 05:16:00.450079 n-d-843228-2 devstack@placement-api.service[112133]: DEBUG placement.requestlog [req-a9149d2f-ec58-408d-984a-cfa1bb5ebd2e req-3ad5a78f-3e1c-4c13-82c1-7d45dbb9d939 None None] Starting request: 10.222.0.47 "DELETE /placement/allocations/9b96127a-e09f-4b2a-aa5a-1824aa5d3728" {{(pid=112133) __call__ /opt/stack/placement/placement/requestlog.py:55}}
May 25 05:16:00.696782 n-d-843228-2 devstack@placement-api.service[112133]: DEBUG placement.handlers.allocation [req-a9149d2f-ec58-408d-984a-cfa1bb5ebd2e req-3ad5a78f-3e1c-4c13-82c1-7d45dbb9d939 service placement] Successfully deleted allocations [, , ] {{(pid=112133) delete_allocations /opt/stack/placement/placement/handlers/allocation.py:627}}
May 25 05:16:00.699625 n-d-843228-2 devstack@placement-api.service[112133]: INFO placement.requestlog [req-a9149d2f-ec58-408d-984a-cfa1bb5ebd2e req-3ad5a78f-3e1c-4c13-82c1-7d45dbb9d939 service placement] 10.222.0.47 "DELETE /placement/allocations/9b96127a-e09f-4b2a-aa5a-1824aa5d3728" status: 204 len: 0 microversion: 1.0
May 25 05:16:00.700492 n-d-843228-2 devstack@placement-api.service[112133]: [pid: 112133|app: 0|req: 489/973] 10.222.0.47 () {60 vars in 1355 bytes} [Wed May 25 05:16:00 2022] DELETE /placement/allocations/9b96127a-e09f-4b2a-aa5a-1824aa5d3728 => generated 0 bytes in 250 msecs (HTTP/1.1 204) 5 headers in 198 bytes (2 switches on core 0)
May 25 05:16:01.205430 n-d-843228-2 devstack@placement-api.service[112134]: DEBUG placement.requestlog [req-943b8b51-644f-41c7-b588-2162f6eb448d req-0f96e330-5cd7-443f-9b39-6ca4d248ef3d None None] Starting request: 10.222.0.46 "GET /placement/allocation_candidates?limit=1000&resources=DISK_GB%3A1%2CMEMORY_MB%3A1024%2CVCPU%3A1&root_required=%21COMPUTE_STATUS_DISABLED" {{(pid=112134) __call__ /opt/stack/placement/placement/requestlog.py:55}}
May 25 05:16:01.279289 n-d-843228-2 devstack@placement-api.service[112134]: DEBUG placement.objects.research_context [req-943b8b51-644f-41c7-b588-2162f6eb448d req-0f96e330-5cd7-443f-9b39-6ca4d248ef3d service placement] getting providers with 1 DISK_GB {{(pid=112134) __init__ /opt/stack/placement/placement/objects/research_context.py:136}}
May 25 05:16:01.291670 n-d-843228-2 devstack@placement-api.service[112134]: DEBUG placement.objects.research_context [req-943b8b51-644f-41c7-b588-2162f6eb448d req-0f96e330-5cd7-443f-9b39-6ca4d248ef3d service placement] getting providers with 1024 MEMORY_MB {{(pid=112134) __init__ /opt/stack/placement/placement/objects/research_context.py:136}}
May 25 05:16:01.301749 n-d-843228-2 devstack@placement-api.service[112133]: DEBUG placement.requestlog [req-210ab916-1353-457c-b056-cea9cb8b2c2c req-6c6681d6-b987-41c3-a6fb-820a6fe8a26e None None] Starting request: 10.222.0.47 "GET /placement/allocations/3969d9c3-125f-4bc8-b176-1687a3bb96e6" {{(pid=112133) __call__ /opt/stack/placement/placement/requestlog.py:55}}
May 25 05:16:01.308977 n-d-843228-2 devstack@placement-api.service[112134]: DEBUG placement.objects.research_context [req-943b8b51-644f-41c7-b588-2162f6eb448d req-0f96e330-5cd7-443f-9b39-6ca4d248ef3d service placement] getting providers with 1 VCPU {{(pid=112134) __init__ /opt/stack/placement/placement/objects/research_context.py:136}}
May 25 05:16:01.319023 n-d-843228-2 devstack@placement-api.service[112134]: DEBUG placement.objects.research_context [req-943b8b51-644f-41c7-b588-2162f6eb448d req-0f96e330-5cd7-443f-9b39-6ca4d248ef3d service placement] found 2 providers with available 1 DISK_GB {{(pid=112134) get_provider_ids_matching /opt/stack/placement/placement/objects/research_context.py:563}}
May 25 05:16:01.319565 n-d-843228-2 devstack@placement-api.service[112134]: DEBUG placement.objects.research_context [req-943b8b51-644f-41c7-b588-2162f6eb448d req-0f96e330-5cd7-443f-9b39-6ca4d248ef3d service placement] found 2 providers with available 1024 MEMORY_MB {{(pid=112134) get_provider_ids_matching /opt/stack/placement/placement/objects/research_context.py:563}}
May 25 05:16:01.320072 n-d-843228-2 devstack@placement-api.service[112134]: DEBUG placement.objects.research_context [req-943b8b51-644f-41c7-b588-2162f6eb448d req-0f96e330-5cd7-443f-9b39-6ca4d248ef3d service placement] found 2 providers after filtering by previous result {{(pid=112134) get_provider_ids_matching /opt/stack/placement/placement/objects/research_context.py:594}}
May 25 05:16:01.320741 n-d-843228-2 devstack@placement-api.service[112134]: DEBUG placement.objects.research_context [req-943b8b51-644f-41c7-b588-2162f6eb448d req-0f96e330-5cd7-443f-9b39-6ca4d248ef3d service placement] found 2 providers with available 1 VCPU {{(pid=112134) get_provider_ids_matching /opt/stack/placement/placement/objects/research_context.py:563}}
May 25 05:16:01.321403 n-d-843228-2 devstack@placement-api.service[112134]: DEBUG placement.objects.research_context [req-943b8b51-644f-41c7-b588-2162f6eb448d req-0f96e330-5cd7-443f-9b39-6ca4d248ef3d service placement] found 2 providers after filtering by previous result {{(pid=112134) get_provider_ids_matching /opt/stack/placement/placement/objects/research_context.py:594}}
May 25 05:16:01.354574 n-d-843228-2 devstack@placement-api.service[112134]: DEBUG placement.objects.allocation_candidate [req-943b8b51-644f-41c7-b588-2162f6eb448d req-0f96e330-5cd7-443f-9b39-6ca4d248ef3d service placement] RequestGroup(use_same_provider=False, resources={DISK_GB:1, MEMORY_MB:1024, VCPU:1}, traits=(), aggregates=[]) (suffix '') returned 2 matches {{(pid=112134) _get_by_requests /opt/stack/placement/placement/objects/allocation_candidate.py:156}}
May 25 05:16:01.354574 n-d-843228-2 devstack@placement-api.service[112134]: DEBUG placement.objects.allocation_candidate [req-943b8b51-644f-41c7-b588-2162f6eb448d req-0f96e330-5cd7-443f-9b39-6ca4d248ef3d service placement] Merging candidates yields 2 allocation requests and 2 provider summaries {{(pid=112134) _merge_candidates /opt/stack/placement/placement/objects/allocation_candidate.py:809}}
May 25 05:16:01.354574 n-d-843228-2 devstack@placement-api.service[112134]: INFO placement.requestlog [req-943b8b51-644f-41c7-b588-2162f6eb448d req-0f96e330-5cd7-443f-9b39-6ca4d248ef3d service placement] 10.222.0.46 "GET /placement/allocation_candidates?limit=1000&resources=DISK_GB%3A1%2CMEMORY_MB%3A1024%2CVCPU%3A1&root_required=%21COMPUTE_STATUS_DISABLED" status: 200 len: 1309 microversion: 1.36
May 25 05:16:01.354574 n-d-843228-2 devstack@placement-api.service[112134]: [pid: 112134|app: 0|req: 485/974] 10.222.0.46 () {60 vars in 1506 bytes} [Wed May 25 05:16:01 2022] GET /placement/allocation_candidates?limit=1000&resources=DISK_GB%3A1%2CMEMORY_MB%3A1024%2CVCPU%3A1&root_required=%21COMPUTE_STATUS_DISABLED => generated 1309 bytes in 148 msecs (HTTP/1.1 200) 8 headers in 297 bytes (1 switches on core 0)
May 25 05:16:01.387278 n-d-843228-2 devstack@placement-api.service[112133]: INFO placement.requestlog [req-210ab916-1353-457c-b056-cea9cb8b2c2c req-6c6681d6-b987-41c3-a6fb-820a6fe8a26e service placement] 10.222.0.47 "GET /placement/allocations/3969d9c3-125f-4bc8-b176-1687a3bb96e6" status: 200 len: 259 microversion: 1.28
May 25 05:16:01.391649 n-d-843228-2 devstack@placement-api.service[112133]: [pid: 112133|app: 0|req: 490/975] 10.222.0.47 () {60 vars in 1377 bytes} [Wed May 25 05:16:01 2022] GET /placement/allocations/3969d9c3-125f-4bc8-b176-1687a3bb96e6 => generated 259 bytes in 89 msecs (HTTP/1.1 200) 8 headers in 296 bytes (1 switches on core 0)
May 25 05:16:01.539584 n-d-843228-2 devstack@placement-api.service[112134]: DEBUG placement.requestlog [req-943b8b51-644f-41c7-b588-2162f6eb448d req-b8045030-6f7f-4d71-a688-5f11a9fe3baa None None] Starting request: 10.222.0.46 "GET /placement/allocations/5c8a4a66-e044-4c01-bb1b-ad5d7851e8d5" {{(pid=112134) __call__ /opt/stack/placement/placement/requestlog.py:55}}
May 25 05:16:01.551407 n-d-843228-2 devstack@placement-api.service[112134]: INFO placement.requestlog [req-943b8b51-644f-41c7-b588-2162f6eb448d req-b8045030-6f7f-4d71-a688-5f11a9fe3baa service placement] 10.222.0.46 "GET /placement/allocations/5c8a4a66-e044-4c01-bb1b-ad5d7851e8d5" status: 200 len: 19 microversion: 1.28
May 25 05:16:01.558344 n-d-843228-2 devstack@placement-api.service[112134]: [pid: 112134|app: 0|req: 486/976] 10.222.0.46 () {60 vars in 1380 bytes} [Wed May 25 05:16:01 2022] GET /placement/allocations/5c8a4a66-e044-4c01-bb1b-ad5d7851e8d5 => generated 19 bytes in 19 msecs (HTTP/1.1 200) 8 headers in 295 bytes (1 switches on core 0)
May 25 05:16:01.559196 n-d-843228-2 devstack@placement-api.service[112133]: DEBUG placement.requestlog [req-943b8b51-644f-41c7-b588-2162f6eb448d req-caaa926b-5d19-42b7-a530-8a1defb7b90d None None] Starting request: 10.222.0.46 "PUT /placement/allocations/5c8a4a66-e044-4c01-bb1b-ad5d7851e8d5" {{(pid=112133) __call__ /opt/stack/placement/placement/requestlog.py:55}}
May 25 05:16:01.671845 n-d-843228-2 devstack@placement-api.service[112134]: DEBUG placement.requestlog [req-210ab916-1353-457c-b056-cea9cb8b2c2c req-f027892e-03ce-4b98-8b9c-c5a6b8b09653 None None] Starting request: 10.222.0.21 "GET /placement/allocations/d322e1f8-dd1c-4354-983b-5455e1961739" {{(pid=112134) __call__ /opt/stack/placement/placement/requestlog.py:55}}
May 25 05:16:01.728430 n-d-843228-2 devstack@placement-api.service[112134]: INFO placement.requestlog [req-210ab916-1353-457c-b056-cea9cb8b2c2c req-f027892e-03ce-4b98-8b9c-c5a6b8b09653 service placement] 10.222.0.21 "GET /placement/allocations/d322e1f8-dd1c-4354-983b-5455e1961739" status: 200 len: 259 microversion: 1.28
May 25 05:16:01.729379 n-d-843228-2 devstack@placement-api.service[112134]: [pid: 112134|app: 0|req: 487/977] 10.222.0.21 () {60 vars in 1377 bytes} [Wed May 25 05:16:01 2022] GET /placement/allocations/d322e1f8-dd1c-4354-983b-5455e1961739 => generated 259 bytes in 58 msecs (HTTP/1.1 200) 8 headers in 296 bytes (1 switches on core 0)
May 25 05:16:01.919379 n-d-843228-2 devstack@placement-api.service[112133]: DEBUG placement.handlers.allocation [req-943b8b51-644f-41c7-b588-2162f6eb448d req-caaa926b-5d19-42b7-a530-8a1defb7b90d service placement] Successfully wrote allocations [, , ] {{(pid=112133) _update_consumers_and_create_allocations /opt/stack/placement/placement/handlers/allocation.py:462}}
May 25 05:16:02.017033 n-d-843228-2 devstack@placement-api.service[112133]: INFO placement.requestlog [req-943b8b51-644f-41c7-b588-2162f6eb448d req-caaa926b-5d19-42b7-a530-8a1defb7b90d service placement] 10.222.0.46 "PUT /placement/allocations/5c8a4a66-e044-4c01-bb1b-ad5d7851e8d5" status: 204 len: 0 microversion: 1.36
May 25 05:16:02.017819 n-d-843228-2 devstack@placement-api.service[112133]: [pid: 112133|app: 0|req: 491/978] 10.222.0.46 () {64 vars in 1433 bytes} [Wed May 25 05:16:01 2022] PUT /placement/allocations/5c8a4a66-e044-4c01-bb1b-ad5d7851e8d5 => generated 0 bytes in 459 msecs (HTTP/1.1 204) 5 headers in 199 bytes (2 switches on core 0)
May 25 05:16:02.073932 n-d-843228-2 devstack@placement-api.service[112134]: DEBUG placement.requestlog [req-943b8b51-644f-41c7-b588-2162f6eb448d req-15b14e10-9c63-4751-8619-be02fb586b37 None None] Starting request: 10.222.0.46 "GET /placement/allocations/52b8b4b0-7aff-4ba1-9bda-96638e9eb342" {{(pid=112134) __call__ /opt/stack/placement/placement/requestlog.py:55}}
May 25 05:16:02.086808 n-d-843228-2 devstack@placement-api.service[112134]: INFO placement.requestlog [req-943b8b51-644f-41c7-b588-2162f6eb448d req-15b14e10-9c63-4751-8619-be02fb586b37 service placement] 10.222.0.46 "GET /placement/allocations/52b8b4b0-7aff-4ba1-9bda-96638e9eb342" status: 200 len: 19 microversion: 1.28
May 25 05:16:02.093010 n-d-843228-2 devstack@placement-api.service[112134]: [pid: 112134|app: 0|req: 488/979] 10.222.0.46 () {60 vars in 1380 bytes} [Wed May 25 05:16:02 2022] GET /placement/allocations/52b8b4b0-7aff-4ba1-9bda-96638e9eb342 => generated 19 bytes in 19 msecs (HTTP/1.1 200) 8 headers in 295 bytes (1 switches on core 0)
May 25 05:16:02.094238 n-d-843228-2 devstack@placement-api.service[112133]: DEBUG placement.requestlog [req-943b8b51-644f-41c7-b588-2162f6eb448d req-55b2a93c-b20e-40cb-823c-744cf01b8de2 None None] Starting request: 10.222.0.46 "PUT /placement/allocations/52b8b4b0-7aff-4ba1-9bda-96638e9eb342" {{(pid=112133) __call__ /opt/stack/placement/placement/requestlog.py:55}}
May 25 05:16:02.303662 n-d-843228-2 devstack@placement-api.service[112133]: DEBUG placement.handlers.allocation [req-943b8b51-644f-41c7-b588-2162f6eb448d req-55b2a93c-b20e-40cb-823c-744cf01b8de2 service placement] Successfully wrote allocations [, , ] {{(pid=112133) _update_consumers_and_create_allocations /opt/stack/placement/placement/handlers/allocation.py:462}}
May 25 05:16:02.393042 n-d-843228-2 devstack@placement-api.service[112133]: INFO placement.requestlog [req-943b8b51-644f-41c7-b588-2162f6eb448d req-55b2a93c-b20e-40cb-823c-744cf01b8de2 service placement] 10.222.0.46 "PUT /placement/allocations/52b8b4b0-7aff-4ba1-9bda-96638e9eb342" status: 204 len: 0 microversion: 1.36
May 25 05:16:02.394627 n-d-843228-2 devstack@placement-api.service[112133]: [pid: 112133|app: 0|req: 492/980] 10.222.0.46 () {64 vars in 1433 bytes} [Wed May 25 05:16:02 2022] PUT /placement/allocations/52b8b4b0-7aff-4ba1-9bda-96638e9eb342 => generated 0 bytes in 300 msecs (HTTP/1.1 204) 5 headers in 199 bytes (1 switches on core 0)
May 25 05:16:02.435326 n-d-843228-2 devstack@placement-api.service[112134]: DEBUG placement.requestlog [req-943b8b51-644f-41c7-b588-2162f6eb448d req-bb8f83b9-84dc-4526-ba61-9123151eebcd None None] Starting request: 10.222.0.46 "GET /placement/allocations/f74427a7-58d5-4796-a2b7-50680160351f" {{(pid=112134) __call__ /opt/stack/placement/placement/requestlog.py:55}}
May 25 05:16:02.450617 n-d-843228-2 devstack@placement-api.service[112134]: INFO placement.requestlog [req-943b8b51-644f-41c7-b588-2162f6eb448d req-bb8f83b9-84dc-4526-ba61-9123151eebcd service placement] 10.222.0.46 "GET /placement/allocations/f74427a7-58d5-4796-a2b7-50680160351f" status: 200 len: 19 microversion: 1.28
May 25 05:16:02.455030 n-d-843228-2 devstack@placement-api.service[112134]: [pid: 112134|app: 0|req: 489/981] 10.222.0.46 () {60 vars in 1380 bytes} [Wed May 25 05:16:02 2022] GET /placement/allocations/f74427a7-58d5-4796-a2b7-50680160351f => generated 19 bytes in 20 msecs (HTTP/1.1 200) 8 headers in 295 bytes (1 switches on core 0)
May 25 05:16:02.462983 n-d-843228-2 devstack@placement-api.service[112133]: DEBUG placement.requestlog [req-943b8b51-644f-41c7-b588-2162f6eb448d req-4124088e-a1eb-498c-978d-0d62bf7e2797 None None] Starting request: 10.222.0.46 "PUT /placement/allocations/f74427a7-58d5-4796-a2b7-50680160351f" {{(pid=112133) __call__ /opt/stack/placement/placement/requestlog.py:55}}
May 25 05:16:02.587688 n-d-843228-2 devstack@placement-api.service[112133]: DEBUG placement.handlers.allocation [req-943b8b51-644f-41c7-b588-2162f6eb448d req-4124088e-a1eb-498c-978d-0d62bf7e2797 service placement] Successfully wrote allocations [, , ] {{(pid=112133) _update_consumers_and_create_allocations /opt/stack/placement/placement/handlers/allocation.py:462}}
May 25 05:16:02.649475 n-d-843228-2 devstack@placement-api.service[112133]: INFO placement.requestlog [req-943b8b51-644f-41c7-b588-2162f6eb448d req-4124088e-a1eb-498c-978d-0d62bf7e2797 service placement] 10.222.0.46 "PUT /placement/allocations/f74427a7-58d5-4796-a2b7-50680160351f" status: 204 len: 0 microversion: 1.36
May 25 05:16:02.651751 n-d-843228-2 devstack@placement-api.service[112133]: [pid: 112133|app: 0|req: 493/982] 10.222.0.46 () {64 vars in 1433 bytes} [Wed May 25 05:16:02 2022] PUT /placement/allocations/f74427a7-58d5-4796-a2b7-50680160351f => generated 0 bytes in 191 msecs (HTTP/1.1 204) 5 headers in 199 bytes (1 switches on core 0)
May 25 05:16:04.187808 n-d-843228-2 devstack@placement-api.service[112134]: DEBUG placement.requestlog [None req-64baeaa2-bed5-4c64-b965-77b17195db25 None None] Starting request: 10.222.0.46 "GET /placement/resource_providers/382f70c1-f704-4ff7-ba70-2ed737fe069d/aggregates" {{(pid=112134) __call__ /opt/stack/placement/placement/requestlog.py:55}}
May 25 05:16:04.195347 n-d-843228-2 devstack@placement-api.service[112134]: DEBUG dbcounter [-] [112134] Writing DB stats placement:DELETE=5,placement:SELECT=82 {{(pid=112134) stat_writer /usr/local/lib/python3.8/dist-packages/dbcounter.py:114}}
May 25 05:16:04.208541 n-d-843228-2 devstack@placement-api.service[112134]: INFO placement.requestlog [None req-64baeaa2-bed5-4c64-b965-77b17195db25 service placement] 10.222.0.46 "GET /placement/resource_providers/382f70c1-f704-4ff7-ba70-2ed737fe069d/aggregates" status: 404 len: 235 microversion: 1.1
May 25 05:16:04.211751 n-d-843228-2 devstack@placement-api.service[112134]: [pid: 112134|app: 0|req: 490/983] 10.222.0.46 () {58 vars in 1362 bytes} [Wed May 25 05:16:04 2022] GET /placement/resource_providers/382f70c1-f704-4ff7-ba70-2ed737fe069d/aggregates => generated 235 bytes in 22 msecs (HTTP/1.1 404) 5 headers in 202 bytes (1 switches on core 0)
May 25 05:16:04.283170 n-d-843228-2 devstack@placement-api.service[112133]: DEBUG placement.requestlog [None req-dcd49920-60ab-4807-ab4a-222d3082238a None None] Starting request: 10.222.0.46 "DELETE /placement/resource_providers/382f70c1-f704-4ff7-ba70-2ed737fe069d" {{(pid=112133) __call__ /opt/stack/placement/placement/requestlog.py:55}}
May 25 05:16:04.298213 n-d-843228-2 devstack@placement-api.service[112133]: DEBUG placement.wsgi_wrapper [None req-dcd49920-60ab-4807-ab4a-222d3082238a service placement] Placement API returning an error response: No resource provider with uuid 382f70c1-f704-4ff7-ba70-2ed737fe069d found for delete {{(pid=112133) call_func /opt/stack/placement/placement/wsgi_wrapper.py:31}}
May 25 05:16:04.299132 n-d-843228-2 devstack@placement-api.service[112133]: INFO placement.requestlog [None req-dcd49920-60ab-4807-ab4a-222d3082238a service placement] 10.222.0.46 "DELETE /placement/resource_providers/382f70c1-f704-4ff7-ba70-2ed737fe069d" status: 404 len: 246 microversion: 1.1
May 25 05:16:04.302970 n-d-843228-2 devstack@placement-api.service[112133]: [pid: 112133|app: 0|req: 494/984] 10.222.0.46 () {60 vars in 1351 bytes} [Wed May 25 05:16:04 2022] DELETE /placement/resource_providers/382f70c1-f704-4ff7-ba70-2ed737fe069d => generated 246 bytes in 20 msecs (HTTP/1.1 404) 6 headers in 231 bytes (1 switches on core 0)
May 25 05:16:04.402048 n-d-843228-2 devstack@placement-api.service[112134]: DEBUG placement.requestlog [req-943b8b51-644f-41c7-b588-2162f6eb448d req-fece5dce-6c08-43c6-8c91-dc525e3d62f2 None None] Starting request: 10.222.0.47 "GET /placement/allocations/5c8a4a66-e044-4c01-bb1b-ad5d7851e8d5" {{(pid=112134) __call__ /opt/stack/placement/placement/requestlog.py:55}}
May 25 05:16:04.417568 n-d-843228-2 devstack@placement-api.service[112134]: INFO placement.requestlog [req-943b8b51-644f-41c7-b588-2162f6eb448d req-fece5dce-6c08-43c6-8c91-dc525e3d62f2 service placement] 10.222.0.47 "GET /placement/allocations/5c8a4a66-e044-4c01-bb1b-ad5d7851e8d5" status: 200 len: 259 microversion: 1.28
May 25 05:16:04.418069 n-d-843228-2 devstack@placement-api.service[112134]: [pid: 112134|app: 0|req: 491/985] 10.222.0.47 () {60 vars in 1377 bytes} [Wed May 25 05:16:04 2022] GET /placement/allocations/5c8a4a66-e044-4c01-bb1b-ad5d7851e8d5 => generated 259 bytes in 16 msecs (HTTP/1.1 200) 8 headers in 296 bytes (1 switches on core 0)
May 25 05:16:04.895151 n-d-843228-2 devstack@placement-api.service[112133]: DEBUG placement.requestlog [req-943b8b51-644f-41c7-b588-2162f6eb448d req-a03c363e-8e43-4cd7-a523-56e5bb00865d None None] Starting request: 10.222.0.21 "GET /placement/allocations/52b8b4b0-7aff-4ba1-9bda-96638e9eb342" {{(pid=112133) __call__ /opt/stack/placement/placement/requestlog.py:55}}
May 25 05:16:04.921219 n-d-843228-2 devstack@placement-api.service[112133]: INFO placement.requestlog [req-943b8b51-644f-41c7-b588-2162f6eb448d req-a03c363e-8e43-4cd7-a523-56e5bb00865d service placement] 10.222.0.21 "GET /placement/allocations/52b8b4b0-7aff-4ba1-9bda-96638e9eb342" status: 200 len: 259 microversion: 1.28
May 25 05:16:04.922391 n-d-843228-2 devstack@placement-api.service[112133]: [pid: 112133|app: 0|req: 495/986] 10.222.0.21 () {60 vars in 1377 bytes} [Wed May 25 05:16:04 2022] GET /placement/allocations/52b8b4b0-7aff-4ba1-9bda-96638e9eb342 => generated 259 bytes in 28 msecs (HTTP/1.1 200) 8 headers in 296 bytes (1 switches on core 0)
May 25 05:16:05.296875 n-d-843228-2 devstack@placement-api.service[112134]: DEBUG placement.requestlog [None req-fde81784-e425-4c68-974c-b412bb4314d3 None None] Starting request: 10.222.0.46 "GET /placement/resource_providers/90fab6c6-19e0-4491-a0ee-693e09c71a86/aggregates" {{(pid=112134) __call__ /opt/stack/placement/placement/requestlog.py:55}}
May 25 05:16:05.316446 n-d-843228-2 devstack@placement-api.service[112134]: INFO placement.requestlog [None req-fde81784-e425-4c68-974c-b412bb4314d3 service placement] 10.222.0.46 "GET /placement/resource_providers/90fab6c6-19e0-4491-a0ee-693e09c71a86/aggregates" status: 404 len: 235 microversion: 1.1
May 25 05:16:05.317530 n-d-843228-2 devstack@placement-api.service[112134]: [pid: 112134|app: 0|req: 492/987] 10.222.0.46 () {58 vars in 1362 bytes} [Wed May 25 05:16:05 2022] GET /placement/resource_providers/90fab6c6-19e0-4491-a0ee-693e09c71a86/aggregates => generated 235 bytes in 22 msecs (HTTP/1.1 404) 5 headers in 202 bytes (1 switches on core 0)
May 25 05:16:05.339261 n-d-843228-2 devstack@placement-api.service[112133]: DEBUG placement.requestlog [None req-75e712e4-bf7b-47f1-a6fe-c84f1dad5c99 None None] Starting request: 10.222.0.46 "DELETE /placement/resource_providers/90fab6c6-19e0-4491-a0ee-693e09c71a86" {{(pid=112133) __call__ /opt/stack/placement/placement/requestlog.py:55}}
May 25 05:16:05.350744 n-d-843228-2 devstack@placement-api.service[112133]: DEBUG placement.wsgi_wrapper [None req-75e712e4-bf7b-47f1-a6fe-c84f1dad5c99 service placement] Placement API returning an error response: No resource provider with uuid 90fab6c6-19e0-4491-a0ee-693e09c71a86 found for delete {{(pid=112133) call_func /opt/stack/placement/placement/wsgi_wrapper.py:31}}
May 25 05:16:05.354172 n-d-843228-2 devstack@placement-api.service[112133]: INFO placement.requestlog [None req-75e712e4-bf7b-47f1-a6fe-c84f1dad5c99 service placement] 10.222.0.46 "DELETE /placement/resource_providers/90fab6c6-19e0-4491-a0ee-693e09c71a86" status: 404 len: 246 microversion: 1.1
May 25 05:16:05.355584 n-d-843228-2 devstack@placement-api.service[112133]: [pid: 112133|app: 0|req: 496/988] 10.222.0.46 () {60 vars in 1351 bytes} [Wed May 25 05:16:05 2022] DELETE /placement/resource_providers/90fab6c6-19e0-4491-a0ee-693e09c71a86 => generated 246 bytes in 17 msecs (HTTP/1.1 404) 6 headers in 231 bytes (1 switches on core 0)
May 25 05:16:05.538163 n-d-843228-2 devstack@placement-api.service[112134]: DEBUG placement.requestlog [req-943b8b51-644f-41c7-b588-2162f6eb448d req-59de51a0-88b2-472c-b508-369f236aa328 None None] Starting request: 10.222.0.21 "GET /placement/allocations/f74427a7-58d5-4796-a2b7-50680160351f" {{(pid=112134) __call__ /opt/stack/placement/placement/requestlog.py:55}}
May 25 05:16:05.579487 n-d-843228-2 devstack@placement-api.service[112134]: INFO placement.requestlog [req-943b8b51-644f-41c7-b588-2162f6eb448d req-59de51a0-88b2-472c-b508-369f236aa328 service placement] 10.222.0.21 "GET /placement/allocations/f74427a7-58d5-4796-a2b7-50680160351f" status: 200 len: 259 microversion: 1.28
May 25 05:16:05.585100 n-d-843228-2 devstack@placement-api.service[112134]: [pid: 112134|app: 0|req: 493/989] 10.222.0.21 () {60 vars in 1377 bytes} [Wed May 25 05:16:05 2022] GET /placement/allocations/f74427a7-58d5-4796-a2b7-50680160351f => generated 259 bytes in 44 msecs (HTTP/1.1 200) 8 headers in 296 bytes (2 switches on core 0)
May 25 05:16:11.372293 n-d-843228-2 devstack@placement-api.service[112133]: DEBUG placement.requestlog [req-3a597330-bf0b-4cc3-b031-c697e8c6ce1f req-b4e866cd-4b76-419b-9278-202123c1b94c None None] Starting request: 10.222.0.46 "GET /placement/allocation_candidates?limit=1000&resources=DISK_GB%3A1%2CMEMORY_MB%3A1024%2CVCPU%3A1&root_required=%21COMPUTE_STATUS_DISABLED" {{(pid=112133) __call__ /opt/stack/placement/placement/requestlog.py:55}}
May 25 05:16:11.445524 n-d-843228-2 devstack@placement-api.service[112133]: DEBUG placement.objects.research_context [req-3a597330-bf0b-4cc3-b031-c697e8c6ce1f req-b4e866cd-4b76-419b-9278-202123c1b94c service placement] getting providers with 1 DISK_GB {{(pid=112133) __init__ /opt/stack/placement/placement/objects/research_context.py:136}}
May 25 05:16:11.449426 n-d-843228-2 devstack@placement-api.service[112133]: DEBUG dbcounter [-] [112133] Writing DB stats placement:INSERT=15,placement:UPDATE=8,placement:SELECT=68,placement:DELETE=9 {{(pid=112133) stat_writer /usr/local/lib/python3.8/dist-packages/dbcounter.py:114}}
May 25 05:16:11.456944 n-d-843228-2 devstack@placement-api.service[112133]: DEBUG placement.objects.research_context [req-3a597330-bf0b-4cc3-b031-c697e8c6ce1f req-b4e866cd-4b76-419b-9278-202123c1b94c service placement] getting providers with 1024 MEMORY_MB {{(pid=112133) __init__ /opt/stack/placement/placement/objects/research_context.py:136}}
May 25 05:16:11.463857 n-d-843228-2 devstack@placement-api.service[112133]: DEBUG placement.objects.research_context [req-3a597330-bf0b-4cc3-b031-c697e8c6ce1f req-b4e866cd-4b76-419b-9278-202123c1b94c service placement] getting providers with 1 VCPU {{(pid=112133) __init__ /opt/stack/placement/placement/objects/research_context.py:136}}
May 25 05:16:11.469925 n-d-843228-2 devstack@placement-api.service[112133]: DEBUG placement.objects.research_context [req-3a597330-bf0b-4cc3-b031-c697e8c6ce1f req-b4e866cd-4b76-419b-9278-202123c1b94c service placement] found 2 providers with available 1 DISK_GB {{(pid=112133) get_provider_ids_matching /opt/stack/placement/placement/objects/research_context.py:563}}
May 25 05:16:11.470417 n-d-843228-2 devstack@placement-api.service[112133]: DEBUG placement.objects.research_context [req-3a597330-bf0b-4cc3-b031-c697e8c6ce1f req-b4e866cd-4b76-419b-9278-202123c1b94c service placement] found 2 providers with available 1024 MEMORY_MB {{(pid=112133) get_provider_ids_matching /opt/stack/placement/placement/objects/research_context.py:563}}
May 25 05:16:11.470867 n-d-843228-2 devstack@placement-api.service[112133]: DEBUG placement.objects.research_context [req-3a597330-bf0b-4cc3-b031-c697e8c6ce1f req-b4e866cd-4b76-419b-9278-202123c1b94c service placement] found 2 providers after filtering by previous result {{(pid=112133) get_provider_ids_matching /opt/stack/placement/placement/objects/research_context.py:594}}
May 25 05:16:11.472002 n-d-843228-2 devstack@placement-api.service[112133]: DEBUG placement.objects.research_context [req-3a597330-bf0b-4cc3-b031-c697e8c6ce1f req-b4e866cd-4b76-419b-9278-202123c1b94c service placement] found 2 providers with available 1 VCPU {{(pid=112133) get_provider_ids_matching /opt/stack/placement/placement/objects/research_context.py:563}}
May 25 05:16:11.472469 n-d-843228-2 devstack@placement-api.service[112133]: DEBUG placement.objects.research_context [req-3a597330-bf0b-4cc3-b031-c697e8c6ce1f req-b4e866cd-4b76-419b-9278-202123c1b94c service placement] found 2 providers after filtering by previous result {{(pid=112133) get_provider_ids_matching /opt/stack/placement/placement/objects/research_context.py:594}}
May 25 05:16:11.483947 n-d-843228-2 devstack@placement-api.service[112133]: DEBUG placement.objects.allocation_candidate [req-3a597330-bf0b-4cc3-b031-c697e8c6ce1f req-b4e866cd-4b76-419b-9278-202123c1b94c service placement] RequestGroup(use_same_provider=False, resources={DISK_GB:1, MEMORY_MB:1024, VCPU:1}, traits=(), aggregates=[]) (suffix '') returned 2 matches {{(pid=112133) _get_by_requests /opt/stack/placement/placement/objects/allocation_candidate.py:156}}
May 25 05:16:11.484666 n-d-843228-2 devstack@placement-api.service[112133]: DEBUG placement.objects.allocation_candidate [req-3a597330-bf0b-4cc3-b031-c697e8c6ce1f req-b4e866cd-4b76-419b-9278-202123c1b94c service placement] Merging candidates yields 2 allocation requests and 2 provider summaries {{(pid=112133) _merge_candidates /opt/stack/placement/placement/objects/allocation_candidate.py:809}}
May 25 05:16:11.487137 n-d-843228-2 devstack@placement-api.service[112133]: INFO placement.requestlog [req-3a597330-bf0b-4cc3-b031-c697e8c6ce1f req-b4e866cd-4b76-419b-9278-202123c1b94c service placement] 10.222.0.46 "GET /placement/allocation_candidates?limit=1000&resources=DISK_GB%3A1%2CMEMORY_MB%3A1024%2CVCPU%3A1&root_required=%21COMPUTE_STATUS_DISABLED" status: 200 len: 1309 microversion: 1.36
May 25 05:16:11.499946 n-d-843228-2 devstack@placement-api.service[112133]: [pid: 112133|app: 0|req: 497/990] 10.222.0.46 () {60 vars in 1506 bytes} [Wed May 25 05:16:11 2022] GET /placement/allocation_candidates?limit=1000&resources=DISK_GB%3A1%2CMEMORY_MB%3A1024%2CVCPU%3A1&root_required=%21COMPUTE_STATUS_DISABLED => generated 1309 bytes in 128 msecs (HTTP/1.1 200) 8 headers in 297 bytes (1 switches on core 0)
May 25 05:16:11.587258 n-d-843228-2 devstack@placement-api.service[112134]: DEBUG placement.requestlog [req-3a597330-bf0b-4cc3-b031-c697e8c6ce1f req-5137c54e-fa6b-4ca0-b7f0-1c67056f60e4 None None] Starting request: 10.222.0.46 "GET /placement/allocations/dcac8201-c0e6-4978-bb2e-43becc4c6264" {{(pid=112134) __call__ /opt/stack/placement/placement/requestlog.py:55}}
May 25 05:16:11.600984 n-d-843228-2 devstack@placement-api.service[112134]: INFO placement.requestlog [req-3a597330-bf0b-4cc3-b031-c697e8c6ce1f req-5137c54e-fa6b-4ca0-b7f0-1c67056f60e4 service placement] 10.222.0.46 "GET /placement/allocations/dcac8201-c0e6-4978-bb2e-43becc4c6264" status: 200 len: 19 microversion: 1.28
May 25 05:16:11.606837 n-d-843228-2 devstack@placement-api.service[112134]: [pid: 112134|app: 0|req: 494/991] 10.222.0.46 () {60 vars in 1380 bytes} [Wed May 25 05:16:11 2022] GET /placement/allocations/dcac8201-c0e6-4978-bb2e-43becc4c6264 => generated 19 bytes in 20 msecs (HTTP/1.1 200) 8 headers in 295 bytes (1 switches on core 0)
May 25 05:16:11.609678 n-d-843228-2 devstack@placement-api.service[112133]: DEBUG placement.requestlog [req-3a597330-bf0b-4cc3-b031-c697e8c6ce1f req-da17b01e-9f04-4bae-9ce5-1f7dace1fb54 None None] Starting request: 10.222.0.46 "PUT /placement/allocations/dcac8201-c0e6-4978-bb2e-43becc4c6264" {{(pid=112133) __call__ /opt/stack/placement/placement/requestlog.py:55}}
May 25 05:16:11.969250 n-d-843228-2 devstack@placement-api.service[112134]: DEBUG placement.requestlog [None req-903c7444-a08f-4569-9551-ca29d0def41c None None] Starting request: 10.222.0.46 "GET /placement/resource_providers/b5a405ea-75a5-431b-9a5c-04c99ba3518b/aggregates" {{(pid=112134) __call__ /opt/stack/placement/placement/requestlog.py:55}}
May 25 05:16:11.991733 n-d-843228-2 devstack@placement-api.service[112134]: INFO placement.requestlog [None req-903c7444-a08f-4569-9551-ca29d0def41c service placement] 10.222.0.46 "GET /placement/resource_providers/b5a405ea-75a5-431b-9a5c-04c99ba3518b/aggregates" status: 404 len: 235 microversion: 1.1
May 25 05:16:11.993010 n-d-843228-2 devstack@placement-api.service[112134]: [pid: 112134|app: 0|req: 495/992] 10.222.0.46 () {58 vars in 1362 bytes} [Wed May 25 05:16:11 2022] GET /placement/resource_providers/b5a405ea-75a5-431b-9a5c-04c99ba3518b/aggregates => generated 235 bytes in 24 msecs (HTTP/1.1 404) 5 headers in 202 bytes (2 switches on core 0)
May 25 05:16:12.042852 n-d-843228-2 devstack@placement-api.service[112133]: DEBUG placement.handlers.allocation [req-3a597330-bf0b-4cc3-b031-c697e8c6ce1f req-da17b01e-9f04-4bae-9ce5-1f7dace1fb54 service placement] Successfully wrote allocations [, , ] {{(pid=112133) _update_consumers_and_create_allocations /opt/stack/placement/placement/handlers/allocation.py:462}}
May 25 05:16:12.120080 n-d-843228-2 devstack@placement-api.service[112134]: DEBUG placement.requestlog [None req-8a7fe603-e517-4889-bc0c-9e956ca15bf8 None None] Starting request: 10.222.0.46 "DELETE /placement/resource_providers/b5a405ea-75a5-431b-9a5c-04c99ba3518b" {{(pid=112134) __call__ /opt/stack/placement/placement/requestlog.py:55}}
May 25 05:16:12.140167 n-d-843228-2 devstack@placement-api.service[112134]: DEBUG placement.wsgi_wrapper [None req-8a7fe603-e517-4889-bc0c-9e956ca15bf8 service placement] Placement API returning an error response: No resource provider with uuid b5a405ea-75a5-431b-9a5c-04c99ba3518b found for delete {{(pid=112134) call_func /opt/stack/placement/placement/wsgi_wrapper.py:31}}
May 25 05:16:12.141940 n-d-843228-2 devstack@placement-api.service[112134]: INFO placement.requestlog [None req-8a7fe603-e517-4889-bc0c-9e956ca15bf8 service placement] 10.222.0.46 "DELETE /placement/resource_providers/b5a405ea-75a5-431b-9a5c-04c99ba3518b" status: 404 len: 246 microversion: 1.1
May 25 05:16:12.142718 n-d-843228-2 devstack@placement-api.service[112134]: [pid: 112134|app: 0|req: 496/993] 10.222.0.46 () {60 vars in 1351 bytes} [Wed May 25 05:16:12 2022] DELETE /placement/resource_providers/b5a405ea-75a5-431b-9a5c-04c99ba3518b => generated 246 bytes in 23 msecs (HTTP/1.1 404) 6 headers in 231 bytes (2 switches on core 0)
May 25 05:16:12.164313 n-d-843228-2 devstack@placement-api.service[112133]: INFO placement.requestlog [req-3a597330-bf0b-4cc3-b031-c697e8c6ce1f req-da17b01e-9f04-4bae-9ce5-1f7dace1fb54 service placement] 10.222.0.46 "PUT /placement/allocations/dcac8201-c0e6-4978-bb2e-43becc4c6264" status: 204 len: 0 microversion: 1.36
May 25 05:16:12.181957 n-d-843228-2 devstack@placement-api.service[112133]: [pid: 112133|app: 0|req: 498/994] 10.222.0.46 () {64 vars in 1433 bytes} [Wed May 25 05:16:11 2022] PUT /placement/allocations/dcac8201-c0e6-4978-bb2e-43becc4c6264 => generated 0 bytes in 560 msecs (HTTP/1.1 204) 5 headers in 199 bytes (1 switches on core 0)
May 25 05:16:14.248831 n-d-843228-2 devstack@placement-api.service[112134]: DEBUG placement.requestlog [req-3a597330-bf0b-4cc3-b031-c697e8c6ce1f req-2531036b-f564-45d2-969d-2f33d696bfe6 None None] Starting request: 10.222.0.47 "GET /placement/allocations/dcac8201-c0e6-4978-bb2e-43becc4c6264" {{(pid=112134) __call__ /opt/stack/placement/placement/requestlog.py:55}}
May 25 05:16:14.270967 n-d-843228-2 devstack@placement-api.service[112134]: INFO placement.requestlog [req-3a597330-bf0b-4cc3-b031-c697e8c6ce1f req-2531036b-f564-45d2-969d-2f33d696bfe6 service placement] 10.222.0.47 "GET /placement/allocations/dcac8201-c0e6-4978-bb2e-43becc4c6264" status: 200 len: 259 microversion: 1.28
May 25 05:16:14.271823 n-d-843228-2 devstack@placement-api.service[112134]: [pid: 112134|app: 0|req: 497/995] 10.222.0.47 () {60 vars in 1377 bytes} [Wed May 25 05:16:14 2022] GET /placement/allocations/dcac8201-c0e6-4978-bb2e-43becc4c6264 => generated 259 bytes in 23 msecs (HTTP/1.1 200) 8 headers in 296 bytes (1 switches on core 0)
May 25 05:16:14.320788 n-d-843228-2 devstack@placement-api.service[112133]: DEBUG placement.requestlog [None req-9c94cf84-fbe1-4d3f-a1f1-13f2f73a78c5 None None] Starting request: 10.222.0.46 "GET /placement/resource_providers/1b6a6c48-293e-47d5-85ec-9c36b25d4ecb/aggregates" {{(pid=112133) __call__ /opt/stack/placement/placement/requestlog.py:55}}
May 25 05:16:14.337561 n-d-843228-2 devstack@placement-api.service[112133]: INFO placement.requestlog [None req-9c94cf84-fbe1-4d3f-a1f1-13f2f73a78c5 service placement] 10.222.0.46 "GET /placement/resource_providers/1b6a6c48-293e-47d5-85ec-9c36b25d4ecb/aggregates" status: 404 len: 235 microversion: 1.1
May 25 05:16:14.354042 n-d-843228-2 devstack@placement-api.service[112133]: [pid: 112133|app: 0|req: 499/996] 10.222.0.46 () {58 vars in 1362 bytes} [Wed May 25 05:16:14 2022] GET /placement/resource_providers/1b6a6c48-293e-47d5-85ec-9c36b25d4ecb/aggregates => generated 235 bytes in 34 msecs (HTTP/1.1 404) 5 headers in 202 bytes (1 switches on core 0)
May 25 05:16:14.394382 n-d-843228-2 devstack@placement-api.service[112134]: DEBUG placement.requestlog [None req-1bd66446-212b-4c72-a210-e66a72568693 None None] Starting request: 10.222.0.46 "DELETE /placement/resource_providers/1b6a6c48-293e-47d5-85ec-9c36b25d4ecb" {{(pid=112134) __call__ /opt/stack/placement/placement/requestlog.py:55}}
May 25 05:16:14.408940 n-d-843228-2 devstack@placement-api.service[112134]: DEBUG placement.wsgi_wrapper [None req-1bd66446-212b-4c72-a210-e66a72568693 service placement] Placement API returning an error response: No resource provider with uuid 1b6a6c48-293e-47d5-85ec-9c36b25d4ecb found for delete {{(pid=112134) call_func /opt/stack/placement/placement/wsgi_wrapper.py:31}}
May 25 05:16:14.410050 n-d-843228-2 devstack@placement-api.service[112134]: INFO placement.requestlog [None req-1bd66446-212b-4c72-a210-e66a72568693 service placement] 10.222.0.46 "DELETE /placement/resource_providers/1b6a6c48-293e-47d5-85ec-9c36b25d4ecb" status: 404 len: 246 microversion: 1.1
May 25 05:16:14.410904 n-d-843228-2 devstack@placement-api.service[112134]: [pid: 112134|app: 0|req: 498/997] 10.222.0.46 () {60 vars in 1351 bytes} [Wed May 25 05:16:14 2022] DELETE /placement/resource_providers/1b6a6c48-293e-47d5-85ec-9c36b25d4ecb => generated 246 bytes in 17 msecs (HTTP/1.1 404) 6 headers in 231 bytes (1 switches on core 0)
May 25 05:16:18.088776 n-d-843228-2 devstack@placement-api.service[112133]: DEBUG placement.requestlog [None req-933d5cb8-eb7c-4534-a2e5-fd8928f11c58 None None] Starting request: 10.222.0.46 "GET /placement/resource_providers/f27e0755-a7d2-437c-a065-1e97d57543e6/aggregates" {{(pid=112133) __call__ /opt/stack/placement/placement/requestlog.py:55}}
May 25 05:16:18.100468 n-d-843228-2 devstack@placement-api.service[112133]: INFO placement.requestlog [None req-933d5cb8-eb7c-4534-a2e5-fd8928f11c58 service placement] 10.222.0.46 "GET /placement/resource_providers/f27e0755-a7d2-437c-a065-1e97d57543e6/aggregates" status: 404 len: 235 microversion: 1.1
May 25 05:16:18.101288 n-d-843228-2 devstack@placement-api.service[112133]: [pid: 112133|app: 0|req: 500/998] 10.222.0.46 () {58 vars in 1362 bytes} [Wed May 25 05:16:18 2022] GET /placement/resource_providers/f27e0755-a7d2-437c-a065-1e97d57543e6/aggregates => generated 235 bytes in 13 msecs (HTTP/1.1 404) 5 headers in 202 bytes (1 switches on core 0)
May 25 05:16:18.142491 n-d-843228-2 devstack@placement-api.service[112134]: DEBUG placement.requestlog [None req-931b4555-1552-46e1-9bb6-a0d6b6e3f15b None None] Starting request: 10.222.0.46 "DELETE /placement/resource_providers/f27e0755-a7d2-437c-a065-1e97d57543e6" {{(pid=112134) __call__ /opt/stack/placement/placement/requestlog.py:55}}
May 25 05:16:18.178994 n-d-843228-2 devstack@placement-api.service[112134]: DEBUG placement.wsgi_wrapper [None req-931b4555-1552-46e1-9bb6-a0d6b6e3f15b service placement] Placement API returning an error response: No resource provider with uuid f27e0755-a7d2-437c-a065-1e97d57543e6 found for delete {{(pid=112134) call_func /opt/stack/placement/placement/wsgi_wrapper.py:31}}
May 25 05:16:18.180194 n-d-843228-2 devstack@placement-api.service[112134]: INFO placement.requestlog [None req-931b4555-1552-46e1-9bb6-a0d6b6e3f15b service placement] 10.222.0.46 "DELETE /placement/resource_providers/f27e0755-a7d2-437c-a065-1e97d57543e6" status: 404 len: 246 microversion: 1.1
May 25 05:16:18.181037 n-d-843228-2 devstack@placement-api.service[112134]: [pid: 112134|app: 0|req: 499/999] 10.222.0.46 () {60 vars in 1351 bytes} [Wed May 25 05:16:18 2022] DELETE /placement/resource_providers/f27e0755-a7d2-437c-a065-1e97d57543e6 => generated 246 bytes in 41 msecs (HTTP/1.1 404) 6 headers in 231 bytes (1 switches on core 0)
May 25 05:16:21.766410 n-d-843228-2 devstack@placement-api.service[112133]: DEBUG placement.requestlog [req-9717af41-dc1f-4e1e-adaf-f5e15be78c55 req-f14a020a-51d4-4fba-950a-b9a9634031d1 None None] Starting request: 10.222.0.21 "DELETE /placement/allocations/797af95b-7033-4ece-839d-85e81546eea8" {{(pid=112133) __call__ /opt/stack/placement/placement/requestlog.py:55}}
May 25 05:16:21.980951 n-d-843228-2 devstack@placement-api.service[112133]: DEBUG placement.handlers.allocation [req-9717af41-dc1f-4e1e-adaf-f5e15be78c55 req-f14a020a-51d4-4fba-950a-b9a9634031d1 service placement] Successfully deleted allocations [, , ] {{(pid=112133) delete_allocations /opt/stack/placement/placement/handlers/allocation.py:627}}
May 25 05:16:21.981462 n-d-843228-2 devstack@placement-api.service[112133]: INFO placement.requestlog [req-9717af41-dc1f-4e1e-adaf-f5e15be78c55 req-f14a020a-51d4-4fba-950a-b9a9634031d1 service placement] 10.222.0.21 "DELETE /placement/allocations/797af95b-7033-4ece-839d-85e81546eea8" status: 204 len: 0 microversion: 1.0
May 25 05:16:21.982551 n-d-843228-2 devstack@placement-api.service[112133]: [pid: 112133|app: 0|req: 501/1000] 10.222.0.21 () {60 vars in 1355 bytes} [Wed May 25 05:16:21 2022] DELETE /placement/allocations/797af95b-7033-4ece-839d-85e81546eea8 => generated 0 bytes in 216 msecs (HTTP/1.1 204) 5 headers in 198 bytes (1 switches on core 0)
May 25 05:16:28.175948 n-d-843228-2 devstack@placement-api.service[112134]: DEBUG dbcounter [-] [112134] Writing DB stats placement:SELECT=25 {{(pid=112134) stat_writer /usr/local/lib/python3.8/dist-packages/dbcounter.py:114}}
May 25 05:16:28.748608 n-d-843228-2 devstack@placement-api.service[112134]: DEBUG placement.requestlog [req-dc1b601e-f78c-435a-905e-84f184f3b2e0 req-fe6a2fb1-3f3b-4c5c-9c7e-297d8e35a2f0 None None] Starting request: 10.222.0.21 "DELETE /placement/allocations/d322e1f8-dd1c-4354-983b-5455e1961739" {{(pid=112134) __call__ /opt/stack/placement/placement/requestlog.py:55}}
May 25 05:16:29.003510 n-d-843228-2 devstack@placement-api.service[112134]: DEBUG placement.handlers.allocation [req-dc1b601e-f78c-435a-905e-84f184f3b2e0 req-fe6a2fb1-3f3b-4c5c-9c7e-297d8e35a2f0 service placement] Successfully deleted allocations [, , ] {{(pid=112134) delete_allocations /opt/stack/placement/placement/handlers/allocation.py:627}}
May 25 05:16:29.004263 n-d-843228-2 devstack@placement-api.service[112134]: INFO placement.requestlog [req-dc1b601e-f78c-435a-905e-84f184f3b2e0 req-fe6a2fb1-3f3b-4c5c-9c7e-297d8e35a2f0 service placement] 10.222.0.21 "DELETE /placement/allocations/d322e1f8-dd1c-4354-983b-5455e1961739" status: 204 len: 0 microversion: 1.0
May 25 05:16:29.004713 n-d-843228-2 devstack@placement-api.service[112134]: [pid: 112134|app: 0|req: 500/1001] 10.222.0.21 () {60 vars in 1355 bytes} [Wed May 25 05:16:28 2022] DELETE /placement/allocations/d322e1f8-dd1c-4354-983b-5455e1961739 => generated 0 bytes in 256 msecs (HTTP/1.1 204) 5 headers in 198 bytes (1 switches on core 0)
May 25 05:16:29.408795 n-d-843228-2 devstack@placement-api.service[112133]: DEBUG placement.requestlog [None req-c6b3993f-150c-4021-8856-8c30c06bfa00 None None] Starting request: 10.222.0.46 "GET /placement/resource_providers/bfa5970c-1732-4497-afb2-73869cab4ff4/aggregates" {{(pid=112133) __call__ /opt/stack/placement/placement/requestlog.py:55}}
May 25 05:16:29.420337 n-d-843228-2 devstack@placement-api.service[112133]: INFO placement.requestlog [None req-c6b3993f-150c-4021-8856-8c30c06bfa00 service placement] 10.222.0.46 "GET /placement/resource_providers/bfa5970c-1732-4497-afb2-73869cab4ff4/aggregates" status: 404 len: 235 microversion: 1.1
May 25 05:16:29.423582 n-d-843228-2 devstack@placement-api.service[112133]: [pid: 112133|app: 0|req: 502/1002] 10.222.0.46 () {58 vars in 1362 bytes} [Wed May 25 05:16:29 2022] GET /placement/resource_providers/bfa5970c-1732-4497-afb2-73869cab4ff4/aggregates => generated 235 bytes in 15 msecs (HTTP/1.1 404) 5 headers in 202 bytes (1 switches on core 0)
May 25 05:16:29.460717 n-d-843228-2 devstack@placement-api.service[112134]: DEBUG placement.requestlog [None req-01afc5c4-5b49-4447-98d2-47ac53b8f80a None None] Starting request: 10.222.0.46 "DELETE /placement/resource_providers/bfa5970c-1732-4497-afb2-73869cab4ff4" {{(pid=112134) __call__ /opt/stack/placement/placement/requestlog.py:55}}
May 25 05:16:29.495523 n-d-843228-2 devstack@placement-api.service[112134]: DEBUG placement.wsgi_wrapper [None req-01afc5c4-5b49-4447-98d2-47ac53b8f80a service placement] Placement API returning an error response: No resource provider with uuid bfa5970c-1732-4497-afb2-73869cab4ff4 found for delete {{(pid=112134) call_func /opt/stack/placement/placement/wsgi_wrapper.py:31}}
May 25 05:16:29.496323 n-d-843228-2 devstack@placement-api.service[112134]: INFO placement.requestlog [None req-01afc5c4-5b49-4447-98d2-47ac53b8f80a service placement] 10.222.0.46 "DELETE /placement/resource_providers/bfa5970c-1732-4497-afb2-73869cab4ff4" status: 404 len: 246 microversion: 1.1
May 25 05:16:29.497041 n-d-843228-2 devstack@placement-api.service[112134]: [pid: 112134|app: 0|req: 501/1003] 10.222.0.46 () {60 vars in 1351 bytes} [Wed May 25 05:16:29 2022] DELETE /placement/resource_providers/bfa5970c-1732-4497-afb2-73869cab4ff4 => generated 246 bytes in 36 msecs (HTTP/1.1 404) 6 headers in 231 bytes (1 switches on core 0)
May 25 05:16:29.620195 n-d-843228-2 devstack@placement-api.service[112133]: DEBUG placement.requestlog [req-a76a47fd-3e11-47a1-8fc3-1bfea07befa7 req-518290b4-5acc-446e-96b3-8309c970ee35 None None] Starting request: 10.222.0.47 "DELETE /placement/allocations/3969d9c3-125f-4bc8-b176-1687a3bb96e6" {{(pid=112133) __call__ /opt/stack/placement/placement/requestlog.py:55}}
May 25 05:16:29.779388 n-d-843228-2 devstack@placement-api.service[112133]: DEBUG placement.handlers.allocation [req-a76a47fd-3e11-47a1-8fc3-1bfea07befa7 req-518290b4-5acc-446e-96b3-8309c970ee35 service placement] Successfully deleted allocations [, , ] {{(pid=112133) delete_allocations /opt/stack/placement/placement/handlers/allocation.py:627}}
May 25 05:16:29.780153 n-d-843228-2 devstack@placement-api.service[112133]: INFO placement.requestlog [req-a76a47fd-3e11-47a1-8fc3-1bfea07befa7 req-518290b4-5acc-446e-96b3-8309c970ee35 service placement] 10.222.0.47 "DELETE /placement/allocations/3969d9c3-125f-4bc8-b176-1687a3bb96e6" status: 204 len: 0 microversion: 1.0
May 25 05:16:29.780897 n-d-843228-2 devstack@placement-api.service[112133]: [pid: 112133|app: 0|req: 503/1004] 10.222.0.47 () {60 vars in 1355 bytes} [Wed May 25 05:16:29 2022] DELETE /placement/allocations/3969d9c3-125f-4bc8-b176-1687a3bb96e6 => generated 0 bytes in 161 msecs (HTTP/1.1 204) 5 headers in 198 bytes (1 switches on core 0)
May 25 05:16:32.252359 n-d-843228-2 devstack@placement-api.service[112134]: DEBUG placement.requestlog [None req-3ce86d71-e899-48a6-9e97-9256f76265b6 None None] Starting request: 10.222.0.46 "GET /placement/resource_providers/59576e42-ec19-420d-80b3-8daf75293cd0/aggregates" {{(pid=112134) __call__ /opt/stack/placement/placement/requestlog.py:55}}
May 25 05:16:32.266342 n-d-843228-2 devstack@placement-api.service[112134]: INFO placement.requestlog [None req-3ce86d71-e899-48a6-9e97-9256f76265b6 service placement] 10.222.0.46 "GET /placement/resource_providers/59576e42-ec19-420d-80b3-8daf75293cd0/aggregates" status: 404 len: 235 microversion: 1.1
May 25 05:16:32.267614 n-d-843228-2 devstack@placement-api.service[112134]: [pid: 112134|app: 0|req: 502/1005] 10.222.0.46 () {58 vars in 1362 bytes} [Wed May 25 05:16:32 2022] GET /placement/resource_providers/59576e42-ec19-420d-80b3-8daf75293cd0/aggregates => generated 235 bytes in 15 msecs (HTTP/1.1 404) 5 headers in 202 bytes (1 switches on core 0)
May 25 05:16:32.293989 n-d-843228-2 devstack@placement-api.service[112133]: DEBUG placement.requestlog [None req-22ee7385-ced1-47b8-99a0-725fb034a700 None None] Starting request: 10.222.0.46 "DELETE /placement/resource_providers/59576e42-ec19-420d-80b3-8daf75293cd0" {{(pid=112133) __call__ /opt/stack/placement/placement/requestlog.py:55}}
