May 24 21:00:22.988930 n-d-843188-1 devstack@placement-api.service[85207]: [pid: 85207|app: 0|req: 15/32] 10.222.0.41 () {60 vars in 1380 bytes} [Tue May 24 21:00:22 2022] GET /placement/allocations/33d6181f-cedf-4752-83c6-d00c0bd1bcdd => generated 19 bytes in 326 msecs (HTTP/1.1 200) 8 headers in 295 bytes (1 switches on core 0)
May 24 21:00:22.994259 n-d-843188-1 devstack@placement-api.service[85206]: DEBUG placement.requestlog [req-a02c682f-fe5b-4ac7-81e7-2a1cdbd10341 req-c507c5d4-928d-430c-aa4c-2fcd32ef97b2 None None] Starting request: 10.222.0.41 "PUT /placement/allocations/33d6181f-cedf-4752-83c6-d00c0bd1bcdd" {{(pid=85206) __call__ /opt/stack/placement/placement/requestlog.py:55}}
May 24 21:00:23.400394 n-d-843188-1 devstack@placement-api.service[85206]: DEBUG placement.handlers.allocation [req-a02c682f-fe5b-4ac7-81e7-2a1cdbd10341 req-c507c5d4-928d-430c-aa4c-2fcd32ef97b2 service placement] Successfully wrote allocations [, , ] {{(pid=85206) _create_allocations /opt/stack/placement/placement/handlers/allocation.py:435}}
May 24 21:00:23.402426 n-d-843188-1 devstack@placement-api.service[85206]: INFO placement.requestlog [req-a02c682f-fe5b-4ac7-81e7-2a1cdbd10341 req-c507c5d4-928d-430c-aa4c-2fcd32ef97b2 service placement] 10.222.0.41 "PUT /placement/allocations/33d6181f-cedf-4752-83c6-d00c0bd1bcdd" status: 204 len: 0 microversion: 1.35
May 24 21:00:23.402986 n-d-843188-1 devstack@placement-api.service[85206]: [pid: 85206|app: 0|req: 18/33] 10.222.0.41 () {64 vars in 1433 bytes} [Tue May 24 21:00:22 2022] PUT /placement/allocations/33d6181f-cedf-4752-83c6-d00c0bd1bcdd => generated 0 bytes in 409 msecs (HTTP/1.1 204) 5 headers in 199 bytes (1 switches on core 0)
May 24 21:00:24.324970 n-d-843188-1 devstack@placement-api.service[85207]: DEBUG placement.requestlog [req-43db685c-1007-40f3-8a25-292f4591ce47 req-84ef3fc4-7afa-4839-8558-9f05bc076822 None None] Starting request: 10.222.0.41 "GET /placement/resource_providers?name=n-h2-843188-1" {{(pid=85207) __call__ /opt/stack/placement/placement/requestlog.py:55}}
May 24 21:00:24.335773 n-d-843188-1 devstack@placement-api.service[85207]: INFO placement.requestlog [req-43db685c-1007-40f3-8a25-292f4591ce47 req-84ef3fc4-7afa-4839-8558-9f05bc076822 service placement] 10.222.0.41 "GET /placement/resource_providers?name=n-h2-843188-1" status: 200 len: 440 microversion: 1.0
May 24 21:00:24.336260 n-d-843188-1 devstack@placement-api.service[85207]: [pid: 85207|app: 0|req: 16/34] 10.222.0.41 () {58 vars in 1274 bytes} [Tue May 24 21:00:24 2022] GET /placement/resource_providers?name=n-h2-843188-1 => generated 440 bytes in 11 msecs (HTTP/1.1 200) 6 headers in 224 bytes (1 switches on core 0)
May 24 21:00:24.341895 n-d-843188-1 devstack@placement-api.service[85206]: DEBUG placement.requestlog [req-43db685c-1007-40f3-8a25-292f4591ce47 req-d8cd5b79-068f-446f-943e-91edd9615add None None] Starting request: 10.222.0.41 "GET /placement/resource_providers/da0cbb3b-3ff1-46c7-8cfc-720f97998f5f/aggregates" {{(pid=85206) __call__ /opt/stack/placement/placement/requestlog.py:55}}
May 24 21:00:24.362460 n-d-843188-1 devstack@placement-api.service[85206]: INFO placement.requestlog [req-43db685c-1007-40f3-8a25-292f4591ce47 req-d8cd5b79-068f-446f-943e-91edd9615add service placement] 10.222.0.41 "GET /placement/resource_providers/da0cbb3b-3ff1-46c7-8cfc-720f97998f5f/aggregates" status: 200 len: 53 microversion: 1.19
May 24 21:00:24.368288 n-d-843188-1 devstack@placement-api.service[85206]: [pid: 85206|app: 0|req: 19/35] 10.222.0.41 () {60 vars in 1425 bytes} [Tue May 24 21:00:24 2022] GET /placement/resource_providers/da0cbb3b-3ff1-46c7-8cfc-720f97998f5f/aggregates => generated 53 bytes in 26 msecs (HTTP/1.1 200) 8 headers in 295 bytes (1 switches on core 0)
May 24 21:00:24.369141 n-d-843188-1 devstack@placement-api.service[85207]: DEBUG placement.requestlog [req-43db685c-1007-40f3-8a25-292f4591ce47 req-1477becf-001e-48ab-992c-5e1a6f326230 None None] Starting request: 10.222.0.41 "PUT /placement/resource_providers/da0cbb3b-3ff1-46c7-8cfc-720f97998f5f/aggregates" {{(pid=85207) __call__ /opt/stack/placement/placement/requestlog.py:55}}
May 24 21:00:24.394349 n-d-843188-1 devstack@placement-api.service[85207]: DEBUG placement.objects.resource_provider [req-43db685c-1007-40f3-8a25-292f4591ce47 req-1477becf-001e-48ab-992c-5e1a6f326230 service placement] _ensure_aggregate() did not find aggregate baf6e959-e68d-452b-84b0-d60a4b5831dc. Attempting to create it. {{(pid=85207) _ensure_aggregate /opt/stack/placement/placement/objects/resource_provider.py:319}}
May 24 21:00:24.396920 n-d-843188-1 devstack@placement-api.service[85207]: DEBUG placement.objects.resource_provider [req-43db685c-1007-40f3-8a25-292f4591ce47 req-1477becf-001e-48ab-992c-5e1a6f326230 service placement] _ensure_aggregate() created new aggregate baf6e959-e68d-452b-84b0-d60a4b5831dc (id=2). {{(pid=85207) _ensure_aggregate /opt/stack/placement/placement/objects/resource_provider.py:325}}
May 24 21:00:24.399700 n-d-843188-1 devstack@placement-api.service[85207]: DEBUG placement.objects.resource_provider [req-43db685c-1007-40f3-8a25-292f4591ce47 req-1477becf-001e-48ab-992c-5e1a6f326230 service placement] Setting aggregates for provider da0cbb3b-3ff1-46c7-8cfc-720f97998f5f. Successfully associated aggregate baf6e959-e68d-452b-84b0-d60a4b5831dc. {{(pid=85207) _set_aggregates /opt/stack/placement/placement/objects/resource_provider.py:387}}
May 24 21:00:24.489997 n-d-843188-1 devstack@placement-api.service[85207]: INFO placement.requestlog [req-43db685c-1007-40f3-8a25-292f4591ce47 req-1477becf-001e-48ab-992c-5e1a6f326230 service placement] 10.222.0.41 "PUT /placement/resource_providers/da0cbb3b-3ff1-46c7-8cfc-720f97998f5f/aggregates" status: 200 len: 91 microversion: 1.19
May 24 21:00:24.490725 n-d-843188-1 devstack@placement-api.service[85207]: [pid: 85207|app: 0|req: 17/36] 10.222.0.41 () {64 vars in 1477 bytes} [Tue May 24 21:00:24 2022] PUT /placement/resource_providers/da0cbb3b-3ff1-46c7-8cfc-720f97998f5f/aggregates => generated 91 bytes in 122 msecs (HTTP/1.1 200) 8 headers in 295 bytes (2 switches on core 0)
May 24 21:00:24.979672 n-d-843188-1 devstack@placement-api.service[85206]: DEBUG placement.requestlog [req-a02c682f-fe5b-4ac7-81e7-2a1cdbd10341 req-25513644-c0fc-4b6b-81e8-3fdd968ace1a None None] Starting request: 10.222.0.39 "GET /placement/allocations/33d6181f-cedf-4752-83c6-d00c0bd1bcdd" {{(pid=85206) __call__ /opt/stack/placement/placement/requestlog.py:55}}
May 24 21:00:24.998572 n-d-843188-1 devstack@placement-api.service[85206]: INFO placement.requestlog [req-a02c682f-fe5b-4ac7-81e7-2a1cdbd10341 req-25513644-c0fc-4b6b-81e8-3fdd968ace1a service placement] 10.222.0.39 "GET /placement/allocations/33d6181f-cedf-4752-83c6-d00c0bd1bcdd" status: 200 len: 258 microversion: 1.28
May 24 21:00:25.000570 n-d-843188-1 devstack@placement-api.service[85206]: [pid: 85206|app: 0|req: 20/37] 10.222.0.39 () {60 vars in 1377 bytes} [Tue May 24 21:00:24 2022] GET /placement/allocations/33d6181f-cedf-4752-83c6-d00c0bd1bcdd => generated 258 bytes in 21 msecs (HTTP/1.1 200) 8 headers in 296 bytes (1 switches on core 0)
May 24 21:00:26.172941 n-d-843188-1 devstack@placement-api.service[85207]: DEBUG placement.requestlog [req-22b9796e-a63f-4937-85bd-d5b37ea31a37 req-98211942-7a21-4b18-b7c3-f7c6e20e44a4 None None] Starting request: 10.222.0.41 "GET /placement/allocation_candidates?limit=1000&resources=DISK_GB%3A1%2CMEMORY_MB%3A1024%2CVCPU%3A1&root_required=%21COMPUTE_STATUS_DISABLED" {{(pid=85207) __call__ /opt/stack/placement/placement/requestlog.py:55}}
May 24 21:00:26.209254 n-d-843188-1 devstack@placement-api.service[85207]: DEBUG placement.objects.research_context [req-22b9796e-a63f-4937-85bd-d5b37ea31a37 req-98211942-7a21-4b18-b7c3-f7c6e20e44a4 service placement] getting providers with 1 DISK_GB {{(pid=85207) __init__ /opt/stack/placement/placement/objects/research_context.py:126}}
May 24 21:00:26.216107 n-d-843188-1 devstack@placement-api.service[85207]: DEBUG placement.objects.research_context [req-22b9796e-a63f-4937-85bd-d5b37ea31a37 req-98211942-7a21-4b18-b7c3-f7c6e20e44a4 service placement] getting providers with 1024 MEMORY_MB {{(pid=85207) __init__ /opt/stack/placement/placement/objects/research_context.py:126}}
May 24 21:00:26.242292 n-d-843188-1 devstack@placement-api.service[85207]: DEBUG placement.objects.research_context [req-22b9796e-a63f-4937-85bd-d5b37ea31a37 req-98211942-7a21-4b18-b7c3-f7c6e20e44a4 service placement] getting providers with 1 VCPU {{(pid=85207) __init__ /opt/stack/placement/placement/objects/research_context.py:126}}
May 24 21:00:26.253011 n-d-843188-1 devstack@placement-api.service[85207]: DEBUG placement.objects.research_context [req-22b9796e-a63f-4937-85bd-d5b37ea31a37 req-98211942-7a21-4b18-b7c3-f7c6e20e44a4 service placement] found 2 providers with available 1 DISK_GB {{(pid=85207) get_provider_ids_matching /opt/stack/placement/placement/objects/research_context.py:549}}
May 24 21:00:26.253483 n-d-843188-1 devstack@placement-api.service[85207]: DEBUG placement.objects.research_context [req-22b9796e-a63f-4937-85bd-d5b37ea31a37 req-98211942-7a21-4b18-b7c3-f7c6e20e44a4 service placement] found 2 providers with available 1024 MEMORY_MB {{(pid=85207) get_provider_ids_matching /opt/stack/placement/placement/objects/research_context.py:549}}
May 24 21:00:26.254414 n-d-843188-1 devstack@placement-api.service[85207]: DEBUG placement.objects.research_context [req-22b9796e-a63f-4937-85bd-d5b37ea31a37 req-98211942-7a21-4b18-b7c3-f7c6e20e44a4 service placement] found 2 providers after filtering by previous result {{(pid=85207) get_provider_ids_matching /opt/stack/placement/placement/objects/research_context.py:580}}
May 24 21:00:26.255318 n-d-843188-1 devstack@placement-api.service[85207]: DEBUG placement.objects.research_context [req-22b9796e-a63f-4937-85bd-d5b37ea31a37 req-98211942-7a21-4b18-b7c3-f7c6e20e44a4 service placement] found 2 providers with available 1 VCPU {{(pid=85207) get_provider_ids_matching /opt/stack/placement/placement/objects/research_context.py:549}}
May 24 21:00:26.256302 n-d-843188-1 devstack@placement-api.service[85207]: DEBUG placement.objects.research_context [req-22b9796e-a63f-4937-85bd-d5b37ea31a37 req-98211942-7a21-4b18-b7c3-f7c6e20e44a4 service placement] found 2 providers after filtering by previous result {{(pid=85207) get_provider_ids_matching /opt/stack/placement/placement/objects/research_context.py:580}}
May 24 21:00:26.279357 n-d-843188-1 devstack@placement-api.service[85207]: DEBUG placement.objects.allocation_candidate [req-22b9796e-a63f-4937-85bd-d5b37ea31a37 req-98211942-7a21-4b18-b7c3-f7c6e20e44a4 service placement] RequestGroup(use_same_provider=False, resources={DISK_GB:1, MEMORY_MB:1024, VCPU:1}, traits=[], aggregates=[]) (suffix '') returned 2 matches {{(pid=85207) _get_by_requests /opt/stack/placement/placement/objects/allocation_candidate.py:145}}
May 24 21:00:26.279959 n-d-843188-1 devstack@placement-api.service[85207]: DEBUG placement.objects.allocation_candidate [req-22b9796e-a63f-4937-85bd-d5b37ea31a37 req-98211942-7a21-4b18-b7c3-f7c6e20e44a4 service placement] Merging candidates yields 2 allocation requests and 2 provider summaries {{(pid=85207) _merge_candidates /opt/stack/placement/placement/objects/allocation_candidate.py:783}}
May 24 21:00:26.281812 n-d-843188-1 devstack@placement-api.service[85207]: INFO placement.requestlog [req-22b9796e-a63f-4937-85bd-d5b37ea31a37 req-98211942-7a21-4b18-b7c3-f7c6e20e44a4 service placement] 10.222.0.41 "GET /placement/allocation_candidates?limit=1000&resources=DISK_GB%3A1%2CMEMORY_MB%3A1024%2CVCPU%3A1&root_required=%21COMPUTE_STATUS_DISABLED" status: 200 len: 1232 microversion: 1.35
May 24 21:00:26.282857 n-d-843188-1 devstack@placement-api.service[85207]: [pid: 85207|app: 0|req: 18/38] 10.222.0.41 () {60 vars in 1506 bytes} [Tue May 24 21:00:26 2022] GET /placement/allocation_candidates?limit=1000&resources=DISK_GB%3A1%2CMEMORY_MB%3A1024%2CVCPU%3A1&root_required=%21COMPUTE_STATUS_DISABLED => generated 1232 bytes in 110 msecs (HTTP/1.1 200) 8 headers in 297 bytes (1 switches on core 0)
May 24 21:00:26.558487 n-d-843188-1 devstack@placement-api.service[85206]: DEBUG placement.requestlog [req-22b9796e-a63f-4937-85bd-d5b37ea31a37 req-a1f75ef5-b17b-413c-ac41-a7ffb0250dd1 None None] Starting request: 10.222.0.41 "GET /placement/allocations/f816c2ec-d31c-4f35-beab-e5dd552e5215" {{(pid=85206) __call__ /opt/stack/placement/placement/requestlog.py:55}}
May 24 21:00:26.575842 n-d-843188-1 devstack@placement-api.service[85206]: INFO placement.requestlog [req-22b9796e-a63f-4937-85bd-d5b37ea31a37 req-a1f75ef5-b17b-413c-ac41-a7ffb0250dd1 service placement] 10.222.0.41 "GET /placement/allocations/f816c2ec-d31c-4f35-beab-e5dd552e5215" status: 200 len: 19 microversion: 1.28
May 24 21:00:26.576081 n-d-843188-1 devstack@placement-api.service[85206]: [pid: 85206|app: 0|req: 21/39] 10.222.0.41 () {60 vars in 1380 bytes} [Tue May 24 21:00:26 2022] GET /placement/allocations/f816c2ec-d31c-4f35-beab-e5dd552e5215 => generated 19 bytes in 18 msecs (HTTP/1.1 200) 8 headers in 295 bytes (1 switches on core 0)
May 24 21:00:26.582780 n-d-843188-1 devstack@placement-api.service[85207]: DEBUG placement.requestlog [req-22b9796e-a63f-4937-85bd-d5b37ea31a37 req-9ebf3eb0-ad35-4f12-a252-febe133f7980 None None] Starting request: 10.222.0.41 "PUT /placement/allocations/f816c2ec-d31c-4f35-beab-e5dd552e5215" {{(pid=85207) __call__ /opt/stack/placement/placement/requestlog.py:55}}
May 24 21:00:27.068893 n-d-843188-1 devstack@placement-api.service[85207]: DEBUG placement.handlers.allocation [req-22b9796e-a63f-4937-85bd-d5b37ea31a37 req-9ebf3eb0-ad35-4f12-a252-febe133f7980 service placement] Successfully wrote allocations [, , ] {{(pid=85207) _create_allocations /opt/stack/placement/placement/handlers/allocation.py:435}}
May 24 21:00:27.069491 n-d-843188-1 devstack@placement-api.service[85207]: INFO placement.requestlog [req-22b9796e-a63f-4937-85bd-d5b37ea31a37 req-9ebf3eb0-ad35-4f12-a252-febe133f7980 service placement] 10.222.0.41 "PUT /placement/allocations/f816c2ec-d31c-4f35-beab-e5dd552e5215" status: 204 len: 0 microversion: 1.35
May 24 21:00:27.070025 n-d-843188-1 devstack@placement-api.service[85207]: [pid: 85207|app: 0|req: 19/40] 10.222.0.41 () {64 vars in 1433 bytes} [Tue May 24 21:00:26 2022] PUT /placement/allocations/f816c2ec-d31c-4f35-beab-e5dd552e5215 => generated 0 bytes in 488 msecs (HTTP/1.1 204) 5 headers in 199 bytes (1 switches on core 0)
May 24 21:00:29.150476 n-d-843188-1 devstack@placement-api.service[85206]: DEBUG placement.requestlog [req-22b9796e-a63f-4937-85bd-d5b37ea31a37 req-6a211cee-38ed-48e3-930b-719b4e3a5aaf None None] Starting request: 10.222.0.39 "GET /placement/allocations/f816c2ec-d31c-4f35-beab-e5dd552e5215" {{(pid=85206) __call__ /opt/stack/placement/placement/requestlog.py:55}}
May 24 21:00:29.183720 n-d-843188-1 devstack@placement-api.service[85206]: INFO placement.requestlog [req-22b9796e-a63f-4937-85bd-d5b37ea31a37 req-6a211cee-38ed-48e3-930b-719b4e3a5aaf service placement] 10.222.0.39 "GET /placement/allocations/f816c2ec-d31c-4f35-beab-e5dd552e5215" status: 200 len: 258 microversion: 1.28
May 24 21:00:29.188689 n-d-843188-1 devstack@placement-api.service[85206]: [pid: 85206|app: 0|req: 22/41] 10.222.0.39 () {60 vars in 1377 bytes} [Tue May 24 21:00:29 2022] GET /placement/allocations/f816c2ec-d31c-4f35-beab-e5dd552e5215 => generated 258 bytes in 38 msecs (HTTP/1.1 200) 8 headers in 296 bytes (1 switches on core 0)
May 24 21:00:57.704679 n-d-843188-1 devstack@placement-api.service[85207]: DEBUG placement.requestlog [req-7fa03cb2-0ab9-41f0-920f-e3785821e2e3 req-32628668-ca9e-4ba0-9fce-abd36d13042a None None] Starting request: 10.222.0.41 "GET /placement/allocation_candidates?limit=1000&resources=DISK_GB%3A1%2CMEMORY_MB%3A1024%2CVCPU%3A1&root_required=%21COMPUTE_STATUS_DISABLED" {{(pid=85207) __call__ /opt/stack/placement/placement/requestlog.py:55}}
May 24 21:00:57.745804 n-d-843188-1 devstack@placement-api.service[85207]: DEBUG placement.objects.research_context [req-7fa03cb2-0ab9-41f0-920f-e3785821e2e3 req-32628668-ca9e-4ba0-9fce-abd36d13042a service placement] getting providers with 1 DISK_GB {{(pid=85207) __init__ /opt/stack/placement/placement/objects/research_context.py:126}}
May 24 21:00:57.752252 n-d-843188-1 devstack@placement-api.service[85207]: DEBUG placement.objects.research_context [req-7fa03cb2-0ab9-41f0-920f-e3785821e2e3 req-32628668-ca9e-4ba0-9fce-abd36d13042a service placement] getting providers with 1024 MEMORY_MB {{(pid=85207) __init__ /opt/stack/placement/placement/objects/research_context.py:126}}
May 24 21:00:57.759028 n-d-843188-1 devstack@placement-api.service[85207]: DEBUG placement.objects.research_context [req-7fa03cb2-0ab9-41f0-920f-e3785821e2e3 req-32628668-ca9e-4ba0-9fce-abd36d13042a service placement] getting providers with 1 VCPU {{(pid=85207) __init__ /opt/stack/placement/placement/objects/research_context.py:126}}
May 24 21:00:57.768704 n-d-843188-1 devstack@placement-api.service[85207]: DEBUG placement.objects.research_context [req-7fa03cb2-0ab9-41f0-920f-e3785821e2e3 req-32628668-ca9e-4ba0-9fce-abd36d13042a service placement] found 2 providers with available 1 DISK_GB {{(pid=85207) get_provider_ids_matching /opt/stack/placement/placement/objects/research_context.py:549}}
May 24 21:00:57.769102 n-d-843188-1 devstack@placement-api.service[85207]: DEBUG placement.objects.research_context [req-7fa03cb2-0ab9-41f0-920f-e3785821e2e3 req-32628668-ca9e-4ba0-9fce-abd36d13042a service placement] found 2 providers with available 1024 MEMORY_MB {{(pid=85207) get_provider_ids_matching /opt/stack/placement/placement/objects/research_context.py:549}}
May 24 21:00:57.769581 n-d-843188-1 devstack@placement-api.service[85207]: DEBUG placement.objects.research_context [req-7fa03cb2-0ab9-41f0-920f-e3785821e2e3 req-32628668-ca9e-4ba0-9fce-abd36d13042a service placement] found 2 providers after filtering by previous result {{(pid=85207) get_provider_ids_matching /opt/stack/placement/placement/objects/research_context.py:580}}
May 24 21:00:57.772851 n-d-843188-1 devstack@placement-api.service[85207]: DEBUG placement.objects.research_context [req-7fa03cb2-0ab9-41f0-920f-e3785821e2e3 req-32628668-ca9e-4ba0-9fce-abd36d13042a service placement] found 2 providers with available 1 VCPU {{(pid=85207) get_provider_ids_matching /opt/stack/placement/placement/objects/research_context.py:549}}
May 24 21:00:57.772851 n-d-843188-1 devstack@placement-api.service[85207]: DEBUG placement.objects.research_context [req-7fa03cb2-0ab9-41f0-920f-e3785821e2e3 req-32628668-ca9e-4ba0-9fce-abd36d13042a service placement] found 2 providers after filtering by previous result {{(pid=85207) get_provider_ids_matching /opt/stack/placement/placement/objects/research_context.py:580}}
May 24 21:00:57.788224 n-d-843188-1 devstack@placement-api.service[85207]: DEBUG placement.objects.allocation_candidate [req-7fa03cb2-0ab9-41f0-920f-e3785821e2e3 req-32628668-ca9e-4ba0-9fce-abd36d13042a service placement] RequestGroup(use_same_provider=False, resources={DISK_GB:1, MEMORY_MB:1024, VCPU:1}, traits=[], aggregates=[]) (suffix '') returned 2 matches {{(pid=85207) _get_by_requests /opt/stack/placement/placement/objects/allocation_candidate.py:145}}
May 24 21:00:57.788943 n-d-843188-1 devstack@placement-api.service[85207]: DEBUG placement.objects.allocation_candidate [req-7fa03cb2-0ab9-41f0-920f-e3785821e2e3 req-32628668-ca9e-4ba0-9fce-abd36d13042a service placement] Merging candidates yields 2 allocation requests and 2 provider summaries {{(pid=85207) _merge_candidates /opt/stack/placement/placement/objects/allocation_candidate.py:783}}
May 24 21:00:57.790581 n-d-843188-1 devstack@placement-api.service[85207]: INFO placement.requestlog [req-7fa03cb2-0ab9-41f0-920f-e3785821e2e3 req-32628668-ca9e-4ba0-9fce-abd36d13042a service placement] 10.222.0.41 "GET /placement/allocation_candidates?limit=1000&resources=DISK_GB%3A1%2CMEMORY_MB%3A1024%2CVCPU%3A1&root_required=%21COMPUTE_STATUS_DISABLED" status: 200 len: 1232 microversion: 1.35
May 24 21:00:57.791265 n-d-843188-1 devstack@placement-api.service[85207]: [pid: 85207|app: 0|req: 20/42] 10.222.0.41 () {60 vars in 1506 bytes} [Tue May 24 21:00:57 2022] GET /placement/allocation_candidates?limit=1000&resources=DISK_GB%3A1%2CMEMORY_MB%3A1024%2CVCPU%3A1&root_required=%21COMPUTE_STATUS_DISABLED => generated 1232 bytes in 87 msecs (HTTP/1.1 200) 8 headers in 297 bytes (1 switches on core 0)
May 24 21:00:57.851448 n-d-843188-1 devstack@placement-api.service[85206]: DEBUG placement.requestlog [req-7fa03cb2-0ab9-41f0-920f-e3785821e2e3 req-c6e68d5c-a176-496c-bb73-e263514bcff1 None None] Starting request: 10.222.0.41 "GET /placement/allocations/ab7281d4-b8e6-4827-985b-211e2475c3e6" {{(pid=85206) __call__ /opt/stack/placement/placement/requestlog.py:55}}
May 24 21:00:57.863751 n-d-843188-1 devstack@placement-api.service[85206]: INFO placement.requestlog [req-7fa03cb2-0ab9-41f0-920f-e3785821e2e3 req-c6e68d5c-a176-496c-bb73-e263514bcff1 service placement] 10.222.0.41 "GET /placement/allocations/ab7281d4-b8e6-4827-985b-211e2475c3e6" status: 200 len: 19 microversion: 1.28
May 24 21:00:57.867900 n-d-843188-1 devstack@placement-api.service[85206]: [pid: 85206|app: 0|req: 23/43] 10.222.0.41 () {60 vars in 1380 bytes} [Tue May 24 21:00:57 2022] GET /placement/allocations/ab7281d4-b8e6-4827-985b-211e2475c3e6 => generated 19 bytes in 16 msecs (HTTP/1.1 200) 8 headers in 295 bytes (2 switches on core 0)
May 24 21:00:57.871150 n-d-843188-1 devstack@placement-api.service[85207]: DEBUG placement.requestlog [req-7fa03cb2-0ab9-41f0-920f-e3785821e2e3 req-17407138-be8c-4038-bed9-b297cbd12bae None None] Starting request: 10.222.0.41 "PUT /placement/allocations/ab7281d4-b8e6-4827-985b-211e2475c3e6" {{(pid=85207) __call__ /opt/stack/placement/placement/requestlog.py:55}}
May 24 21:00:58.250729 n-d-843188-1 devstack@placement-api.service[85207]: DEBUG placement.handlers.allocation [req-7fa03cb2-0ab9-41f0-920f-e3785821e2e3 req-17407138-be8c-4038-bed9-b297cbd12bae service placement] Successfully wrote allocations [, , ] {{(pid=85207) _create_allocations /opt/stack/placement/placement/handlers/allocation.py:435}}
May 24 21:00:58.250729 n-d-843188-1 devstack@placement-api.service[85207]: INFO placement.requestlog [req-7fa03cb2-0ab9-41f0-920f-e3785821e2e3 req-17407138-be8c-4038-bed9-b297cbd12bae service placement] 10.222.0.41 "PUT /placement/allocations/ab7281d4-b8e6-4827-985b-211e2475c3e6" status: 204 len: 0 microversion: 1.35
May 24 21:00:58.250729 n-d-843188-1 devstack@placement-api.service[85207]: [pid: 85207|app: 0|req: 21/44] 10.222.0.41 () {64 vars in 1433 bytes} [Tue May 24 21:00:57 2022] PUT /placement/allocations/ab7281d4-b8e6-4827-985b-211e2475c3e6 => generated 0 bytes in 371 msecs (HTTP/1.1 204) 5 headers in 199 bytes (1 switches on core 0)
May 24 21:00:59.173510 n-d-843188-1 devstack@placement-api.service[85206]: DEBUG placement.requestlog [req-7afa28a9-a016-41c4-83fc-edcb1820684d req-1effc6bb-a6a1-49b3-9968-2d3915fc887b None None] Starting request: 10.222.0.39 "GET /placement/allocations/f816c2ec-d31c-4f35-beab-e5dd552e5215" {{(pid=85206) __call__ /opt/stack/placement/placement/requestlog.py:55}}
May 24 21:00:59.205464 n-d-843188-1 devstack@placement-api.service[85206]: INFO placement.requestlog [req-7afa28a9-a016-41c4-83fc-edcb1820684d req-1effc6bb-a6a1-49b3-9968-2d3915fc887b service placement] 10.222.0.39 "GET /placement/allocations/f816c2ec-d31c-4f35-beab-e5dd552e5215" status: 200 len: 258 microversion: 1.28
May 24 21:00:59.206175 n-d-843188-1 devstack@placement-api.service[85206]: [pid: 85206|app: 0|req: 24/45] 10.222.0.39 () {60 vars in 1377 bytes} [Tue May 24 21:00:59 2022] GET /placement/allocations/f816c2ec-d31c-4f35-beab-e5dd552e5215 => generated 258 bytes in 33 msecs (HTTP/1.1 200) 8 headers in 296 bytes (1 switches on core 0)
May 24 21:00:59.213915 n-d-843188-1 devstack@placement-api.service[85207]: DEBUG placement.requestlog [req-7afa28a9-a016-41c4-83fc-edcb1820684d req-3782a0f6-bbc0-4a12-9f8d-77c11df5e7dd None None] Starting request: 10.222.0.39 "PUT /placement/allocations/f816c2ec-d31c-4f35-beab-e5dd552e5215" {{(pid=85207) __call__ /opt/stack/placement/placement/requestlog.py:55}}
May 24 21:00:59.350179 n-d-843188-1 devstack@placement-api.service[85207]: DEBUG placement.handlers.allocation [req-7afa28a9-a016-41c4-83fc-edcb1820684d req-3782a0f6-bbc0-4a12-9f8d-77c11df5e7dd service placement] Successfully wrote allocations [, , ] {{(pid=85207) _create_allocations /opt/stack/placement/placement/handlers/allocation.py:435}}
May 24 21:00:59.350782 n-d-843188-1 devstack@placement-api.service[85207]: INFO placement.requestlog [req-7afa28a9-a016-41c4-83fc-edcb1820684d req-3782a0f6-bbc0-4a12-9f8d-77c11df5e7dd service placement] 10.222.0.39 "PUT /placement/allocations/f816c2ec-d31c-4f35-beab-e5dd552e5215" status: 204 len: 0 microversion: 1.28
May 24 21:00:59.351344 n-d-843188-1 devstack@placement-api.service[85207]: [pid: 85207|app: 0|req: 22/46] 10.222.0.39 () {64 vars in 1430 bytes} [Tue May 24 21:00:59 2022] PUT /placement/allocations/f816c2ec-d31c-4f35-beab-e5dd552e5215 => generated 0 bytes in 138 msecs (HTTP/1.1 204) 5 headers in 199 bytes (1 switches on core 0)
May 24 21:00:59.477822 n-d-843188-1 devstack@placement-api.service[85206]: DEBUG placement.requestlog [req-7fa03cb2-0ab9-41f0-920f-e3785821e2e3 req-4660ef1f-c359-4580-89d5-1bb67af64a8b None None] Starting request: 10.222.0.21 "GET /placement/allocations/ab7281d4-b8e6-4827-985b-211e2475c3e6" {{(pid=85206) __call__ /opt/stack/placement/placement/requestlog.py:55}}
May 24 21:00:59.503072 n-d-843188-1 devstack@placement-api.service[85206]: INFO placement.requestlog [req-7fa03cb2-0ab9-41f0-920f-e3785821e2e3 req-4660ef1f-c359-4580-89d5-1bb67af64a8b service placement] 10.222.0.21 "GET /placement/allocations/ab7281d4-b8e6-4827-985b-211e2475c3e6" status: 200 len: 258 microversion: 1.28
May 24 21:00:59.503575 n-d-843188-1 devstack@placement-api.service[85206]: [pid: 85206|app: 0|req: 25/47] 10.222.0.21 () {60 vars in 1377 bytes} [Tue May 24 21:00:59 2022] GET /placement/allocations/ab7281d4-b8e6-4827-985b-211e2475c3e6 => generated 258 bytes in 26 msecs (HTTP/1.1 200) 8 headers in 296 bytes (1 switches on core 0)
May 24 21:00:59.827208 n-d-843188-1 devstack@placement-api.service[85207]: DEBUG placement.requestlog [req-2db73498-6a8f-409b-a710-e43c11f285fe req-61876d20-32ef-4e57-9c2d-f294bc127193 None None] Starting request: 10.222.0.41 "GET /placement/resource_providers?name=n-h2-843188-1" {{(pid=85207) __call__ /opt/stack/placement/placement/requestlog.py:55}}
May 24 21:00:59.838139 n-d-843188-1 devstack@placement-api.service[85207]: INFO placement.requestlog [req-2db73498-6a8f-409b-a710-e43c11f285fe req-61876d20-32ef-4e57-9c2d-f294bc127193 service placement] 10.222.0.41 "GET /placement/resource_providers?name=n-h2-843188-1" status: 200 len: 440 microversion: 1.0
May 24 21:00:59.839016 n-d-843188-1 devstack@placement-api.service[85207]: [pid: 85207|app: 0|req: 23/48] 10.222.0.41 () {58 vars in 1274 bytes} [Tue May 24 21:00:59 2022] GET /placement/resource_providers?name=n-h2-843188-1 => generated 440 bytes in 12 msecs (HTTP/1.1 200) 6 headers in 224 bytes (1 switches on core 0)
May 24 21:00:59.844731 n-d-843188-1 devstack@placement-api.service[85206]: DEBUG placement.requestlog [req-2db73498-6a8f-409b-a710-e43c11f285fe req-e198b6b6-944f-4884-8659-c1264c3be975 None None] Starting request: 10.222.0.41 "GET /placement/resource_providers/da0cbb3b-3ff1-46c7-8cfc-720f97998f5f/aggregates" {{(pid=85206) __call__ /opt/stack/placement/placement/requestlog.py:55}}
May 24 21:00:59.858638 n-d-843188-1 devstack@placement-api.service[85206]: INFO placement.requestlog [req-2db73498-6a8f-409b-a710-e43c11f285fe req-e198b6b6-944f-4884-8659-c1264c3be975 service placement] 10.222.0.41 "GET /placement/resource_providers/da0cbb3b-3ff1-46c7-8cfc-720f97998f5f/aggregates" status: 200 len: 91 microversion: 1.19
May 24 21:00:59.864956 n-d-843188-1 devstack@placement-api.service[85206]: [pid: 85206|app: 0|req: 26/49] 10.222.0.41 () {60 vars in 1425 bytes} [Tue May 24 21:00:59 2022] GET /placement/resource_providers/da0cbb3b-3ff1-46c7-8cfc-720f97998f5f/aggregates => generated 91 bytes in 20 msecs (HTTP/1.1 200) 8 headers in 295 bytes (1 switches on core 0)
May 24 21:00:59.865544 n-d-843188-1 devstack@placement-api.service[85207]: DEBUG placement.requestlog [req-2db73498-6a8f-409b-a710-e43c11f285fe req-81a752e7-c01f-4cb7-8772-58c087f8e195 None None] Starting request: 10.222.0.41 "PUT /placement/resource_providers/da0cbb3b-3ff1-46c7-8cfc-720f97998f5f/aggregates" {{(pid=85207) __call__ /opt/stack/placement/placement/requestlog.py:55}}
May 24 21:00:59.886883 n-d-843188-1 devstack@placement-api.service[85207]: DEBUG placement.objects.resource_provider [req-2db73498-6a8f-409b-a710-e43c11f285fe req-81a752e7-c01f-4cb7-8772-58c087f8e195 service placement] Setting aggregates for provider da0cbb3b-3ff1-46c7-8cfc-720f97998f5f. Successfully disassociated aggregate baf6e959-e68d-452b-84b0-d60a4b5831dc. {{(pid=85207) _set_aggregates /opt/stack/placement/placement/objects/resource_provider.py:402}}
May 24 21:00:59.960373 n-d-843188-1 devstack@placement-api.service[85207]: INFO placement.requestlog [req-2db73498-6a8f-409b-a710-e43c11f285fe req-81a752e7-c01f-4cb7-8772-58c087f8e195 service placement] 10.222.0.41 "PUT /placement/resource_providers/da0cbb3b-3ff1-46c7-8cfc-720f97998f5f/aggregates" status: 200 len: 53 microversion: 1.19
May 24 21:00:59.964878 n-d-843188-1 devstack@placement-api.service[85207]: [pid: 85207|app: 0|req: 24/50] 10.222.0.41 () {64 vars in 1477 bytes} [Tue May 24 21:00:59 2022] PUT /placement/resource_providers/da0cbb3b-3ff1-46c7-8cfc-720f97998f5f/aggregates => generated 53 bytes in 100 msecs (HTTP/1.1 200) 8 headers in 295 bytes (1 switches on core 0)
May 24 21:01:00.390849 n-d-843188-1 devstack@placement-api.service[85206]: DEBUG placement.requestlog [req-3d9de480-6572-4227-9288-8ccbdcdfdb9a req-a7bb2142-101f-4751-8546-1963a93f478b None None] Starting request: 10.222.0.39 "GET /placement/allocations/33d6181f-cedf-4752-83c6-d00c0bd1bcdd" {{(pid=85206) __call__ /opt/stack/placement/placement/requestlog.py:55}}
May 24 21:01:00.414244 n-d-843188-1 devstack@placement-api.service[85206]: INFO placement.requestlog [req-3d9de480-6572-4227-9288-8ccbdcdfdb9a req-a7bb2142-101f-4751-8546-1963a93f478b service placement] 10.222.0.39 "GET /placement/allocations/33d6181f-cedf-4752-83c6-d00c0bd1bcdd" status: 200 len: 258 microversion: 1.28
May 24 21:01:00.415183 n-d-843188-1 devstack@placement-api.service[85206]: [pid: 85206|app: 0|req: 27/51] 10.222.0.39 () {60 vars in 1377 bytes} [Tue May 24 21:01:00 2022] GET /placement/allocations/33d6181f-cedf-4752-83c6-d00c0bd1bcdd => generated 258 bytes in 25 msecs (HTTP/1.1 200) 8 headers in 296 bytes (1 switches on core 0)
May 24 21:01:00.421798 n-d-843188-1 devstack@placement-api.service[85207]: DEBUG placement.requestlog [req-3d9de480-6572-4227-9288-8ccbdcdfdb9a req-d0ff085a-98c3-4ff4-8c7d-8a4f98faf1c1 None None] Starting request: 10.222.0.39 "PUT /placement/allocations/33d6181f-cedf-4752-83c6-d00c0bd1bcdd" {{(pid=85207) __call__ /opt/stack/placement/placement/requestlog.py:55}}
May 24 21:01:00.632086 n-d-843188-1 devstack@placement-api.service[85207]: DEBUG placement.handlers.allocation [req-3d9de480-6572-4227-9288-8ccbdcdfdb9a req-d0ff085a-98c3-4ff4-8c7d-8a4f98faf1c1 service placement] Successfully wrote allocations [, , ] {{(pid=85207) _create_allocations /opt/stack/placement/placement/handlers/allocation.py:435}}
May 24 21:01:00.632928 n-d-843188-1 devstack@placement-api.service[85207]: INFO placement.requestlog [req-3d9de480-6572-4227-9288-8ccbdcdfdb9a req-d0ff085a-98c3-4ff4-8c7d-8a4f98faf1c1 service placement] 10.222.0.39 "PUT /placement/allocations/33d6181f-cedf-4752-83c6-d00c0bd1bcdd" status: 204 len: 0 microversion: 1.28
May 24 21:01:00.633355 n-d-843188-1 devstack@placement-api.service[85207]: [pid: 85207|app: 0|req: 25/52] 10.222.0.39 () {64 vars in 1430 bytes} [Tue May 24 21:01:00 2022] PUT /placement/allocations/33d6181f-cedf-4752-83c6-d00c0bd1bcdd => generated 0 bytes in 212 msecs (HTTP/1.1 204) 5 headers in 199 bytes (1 switches on core 0)
May 24 21:01:01.117088 n-d-843188-1 devstack@placement-api.service[85206]: DEBUG placement.requestlog [None req-10dc1a60-ba8c-4b49-9c28-4ae75e2b9a36 None None] Starting request: 10.222.0.41 "GET /placement/" {{(pid=85206) __call__ /opt/stack/placement/placement/requestlog.py:55}}
May 24 21:01:01.117088 n-d-843188-1 devstack@placement-api.service[85206]: INFO placement.requestlog [None req-10dc1a60-ba8c-4b49-9c28-4ae75e2b9a36 None None] 10.222.0.41 "GET /placement/" status: 200 len: 136 microversion: 1.0
May 24 21:01:01.117088 n-d-843188-1 devstack@placement-api.service[85206]: [pid: 85206|app: 0|req: 28/53] 10.222.0.41 () {54 vars in 907 bytes} [Tue May 24 21:01:01 2022] GET /placement => generated 136 bytes in 2 msecs (HTTP/1.1 200) 6 headers in 224 bytes (1 switches on core 0)
May 24 21:01:01.117652 n-d-843188-1 devstack@placement-api.service[85207]: DEBUG placement.requestlog [req-a0c5d4de-82e8-4133-924c-2ea23d40e982 req-d36e3bde-8a5b-4ff5-8c65-117a3f51fcf9 None None] Starting request: 10.222.0.41 "GET /placement/resource_providers?name=n-h2-843188-1" {{(pid=85207) __call__ /opt/stack/placement/placement/requestlog.py:55}}
May 24 21:01:01.221368 n-d-843188-1 devstack@placement-api.service[85207]: INFO placement.requestlog [req-a0c5d4de-82e8-4133-924c-2ea23d40e982 req-d36e3bde-8a5b-4ff5-8c65-117a3f51fcf9 service placement] 10.222.0.41 "GET /placement/resource_providers?name=n-h2-843188-1" status: 200 len: 441 microversion: 1.0
May 24 21:01:01.221368 n-d-843188-1 devstack@placement-api.service[85207]: [pid: 85207|app: 0|req: 26/54] 10.222.0.41 () {58 vars in 1274 bytes} [Tue May 24 21:01:01 2022] GET /placement/resource_providers?name=n-h2-843188-1 => generated 441 bytes in 109 msecs (HTTP/1.1 200) 6 headers in 224 bytes (1 switches on core 0)
May 24 21:01:01.227348 n-d-843188-1 devstack@placement-api.service[85206]: DEBUG placement.requestlog [req-a0c5d4de-82e8-4133-924c-2ea23d40e982 req-68a683c7-842b-496f-8202-a3f9fca08734 None None] Starting request: 10.222.0.41 "GET /placement/resource_providers/da0cbb3b-3ff1-46c7-8cfc-720f97998f5f/aggregates" {{(pid=85206) __call__ /opt/stack/placement/placement/requestlog.py:55}}
May 24 21:01:01.240290 n-d-843188-1 devstack@placement-api.service[85206]: INFO placement.requestlog [req-a0c5d4de-82e8-4133-924c-2ea23d40e982 req-68a683c7-842b-496f-8202-a3f9fca08734 service placement] 10.222.0.41 "GET /placement/resource_providers/da0cbb3b-3ff1-46c7-8cfc-720f97998f5f/aggregates" status: 200 len: 54 microversion: 1.19
May 24 21:01:01.240515 n-d-843188-1 devstack@placement-api.service[85206]: [pid: 85206|app: 0|req: 29/55] 10.222.0.41 () {60 vars in 1425 bytes} [Tue May 24 21:01:01 2022] GET /placement/resource_providers/da0cbb3b-3ff1-46c7-8cfc-720f97998f5f/aggregates => generated 54 bytes in 13 msecs (HTTP/1.1 200) 8 headers in 295 bytes (1 switches on core 0)
May 24 21:01:01.247028 n-d-843188-1 devstack@placement-api.service[85207]: DEBUG placement.requestlog [req-a0c5d4de-82e8-4133-924c-2ea23d40e982 req-af7da527-9eed-4394-9353-bbd7e1c4f935 None None] Starting request: 10.222.0.41 "PUT /placement/resource_providers/da0cbb3b-3ff1-46c7-8cfc-720f97998f5f/aggregates" {{(pid=85207) __call__ /opt/stack/placement/placement/requestlog.py:55}}
May 24 21:01:01.264690 n-d-843188-1 devstack@placement-api.service[85207]: DEBUG placement.objects.resource_provider [req-a0c5d4de-82e8-4133-924c-2ea23d40e982 req-af7da527-9eed-4394-9353-bbd7e1c4f935 service placement] _ensure_aggregate() did not find aggregate dcb13e27-13aa-46be-8e67-40f00c6a8323. Attempting to create it. {{(pid=85207) _ensure_aggregate /opt/stack/placement/placement/objects/resource_provider.py:319}}
May 24 21:01:01.265806 n-d-843188-1 devstack@placement-api.service[85207]: DEBUG placement.objects.resource_provider [req-a0c5d4de-82e8-4133-924c-2ea23d40e982 req-af7da527-9eed-4394-9353-bbd7e1c4f935 service placement] _ensure_aggregate() created new aggregate dcb13e27-13aa-46be-8e67-40f00c6a8323 (id=3). {{(pid=85207) _ensure_aggregate /opt/stack/placement/placement/objects/resource_provider.py:325}}
May 24 21:01:01.267094 n-d-843188-1 devstack@placement-api.service[85207]: DEBUG placement.objects.resource_provider [req-a0c5d4de-82e8-4133-924c-2ea23d40e982 req-af7da527-9eed-4394-9353-bbd7e1c4f935 service placement] Setting aggregates for provider da0cbb3b-3ff1-46c7-8cfc-720f97998f5f. Successfully associated aggregate dcb13e27-13aa-46be-8e67-40f00c6a8323. {{(pid=85207) _set_aggregates /opt/stack/placement/placement/objects/resource_provider.py:387}}
May 24 21:01:01.438247 n-d-843188-1 devstack@placement-api.service[85207]: INFO placement.requestlog [req-a0c5d4de-82e8-4133-924c-2ea23d40e982 req-af7da527-9eed-4394-9353-bbd7e1c4f935 service placement] 10.222.0.41 "PUT /placement/resource_providers/da0cbb3b-3ff1-46c7-8cfc-720f97998f5f/aggregates" status: 200 len: 92 microversion: 1.19
May 24 21:01:01.442592 n-d-843188-1 devstack@placement-api.service[85207]: [pid: 85207|app: 0|req: 27/56] 10.222.0.41 () {64 vars in 1477 bytes} [Tue May 24 21:01:01 2022] PUT /placement/resource_providers/da0cbb3b-3ff1-46c7-8cfc-720f97998f5f/aggregates => generated 92 bytes in 192 msecs (HTTP/1.1 200) 8 headers in 295 bytes (1 switches on core 0)
May 24 21:01:01.629214 n-d-843188-1 devstack@placement-api.service[85206]: DEBUG placement.requestlog [req-0e8609c6-45a4-4fea-b6f9-05055b400ea8 req-1321b85d-4dfa-4cba-910f-394bd309aca0 None None] Starting request: 10.222.0.41 "GET /placement/resource_providers?name=n-h2-843188-1" {{(pid=85206) __call__ /opt/stack/placement/placement/requestlog.py:55}}
May 24 21:01:01.642265 n-d-843188-1 devstack@placement-api.service[85206]: INFO placement.requestlog [req-0e8609c6-45a4-4fea-b6f9-05055b400ea8 req-1321b85d-4dfa-4cba-910f-394bd309aca0 service placement] 10.222.0.41 "GET /placement/resource_providers?name=n-h2-843188-1" status: 200 len: 441 microversion: 1.0
May 24 21:01:01.642534 n-d-843188-1 devstack@placement-api.service[85206]: [pid: 85206|app: 0|req: 30/57] 10.222.0.41 () {58 vars in 1274 bytes} [Tue May 24 21:01:01 2022] GET /placement/resource_providers?name=n-h2-843188-1 => generated 441 bytes in 13 msecs (HTTP/1.1 200) 6 headers in 224 bytes (1 switches on core 0)
May 24 21:01:01.656358 n-d-843188-1 devstack@placement-api.service[85207]: DEBUG placement.requestlog [req-0e8609c6-45a4-4fea-b6f9-05055b400ea8 req-3d80a8fc-ebaa-487d-973e-9597428c951e None None] Starting request: 10.222.0.41 "GET /placement/resource_providers/da0cbb3b-3ff1-46c7-8cfc-720f97998f5f/aggregates" {{(pid=85207) __call__ /opt/stack/placement/placement/requestlog.py:55}}
May 24 21:01:01.678769 n-d-843188-1 devstack@placement-api.service[85207]: INFO placement.requestlog [req-0e8609c6-45a4-4fea-b6f9-05055b400ea8 req-3d80a8fc-ebaa-487d-973e-9597428c951e service placement] 10.222.0.41 "GET /placement/resource_providers/da0cbb3b-3ff1-46c7-8cfc-720f97998f5f/aggregates" status: 200 len: 92 microversion: 1.19
May 24 21:01:01.679337 n-d-843188-1 devstack@placement-api.service[85207]: [pid: 85207|app: 0|req: 28/58] 10.222.0.41 () {60 vars in 1425 bytes} [Tue May 24 21:01:01 2022] GET /placement/resource_providers/da0cbb3b-3ff1-46c7-8cfc-720f97998f5f/aggregates => generated 92 bytes in 27 msecs (HTTP/1.1 200) 8 headers in 295 bytes (1 switches on core 0)
May 24 21:01:01.688741 n-d-843188-1 devstack@placement-api.service[85206]: DEBUG placement.requestlog [req-0e8609c6-45a4-4fea-b6f9-05055b400ea8 req-31923411-7d71-47ff-82e9-bf7a2a3f11a3 None None] Starting request: 10.222.0.41 "PUT /placement/resource_providers/da0cbb3b-3ff1-46c7-8cfc-720f97998f5f/aggregates" {{(pid=85206) __call__ /opt/stack/placement/placement/requestlog.py:55}}
May 24 21:01:01.717481 n-d-843188-1 devstack@placement-api.service[85206]: DEBUG placement.objects.resource_provider [req-0e8609c6-45a4-4fea-b6f9-05055b400ea8 req-31923411-7d71-47ff-82e9-bf7a2a3f11a3 service placement] Setting aggregates for provider da0cbb3b-3ff1-46c7-8cfc-720f97998f5f. Successfully disassociated aggregate dcb13e27-13aa-46be-8e67-40f00c6a8323. {{(pid=85206) _set_aggregates /opt/stack/placement/placement/objects/resource_provider.py:402}}
May 24 21:01:01.818546 n-d-843188-1 devstack@placement-api.service[85206]: INFO placement.requestlog [req-0e8609c6-45a4-4fea-b6f9-05055b400ea8 req-31923411-7d71-47ff-82e9-bf7a2a3f11a3 service placement] 10.222.0.41 "PUT /placement/resource_providers/da0cbb3b-3ff1-46c7-8cfc-720f97998f5f/aggregates" status: 200 len: 54 microversion: 1.19
May 24 21:01:01.818685 n-d-843188-1 devstack@placement-api.service[85206]: [pid: 85206|app: 0|req: 31/59] 10.222.0.41 () {64 vars in 1477 bytes} [Tue May 24 21:01:01 2022] PUT /placement/resource_providers/da0cbb3b-3ff1-46c7-8cfc-720f97998f5f/aggregates => generated 54 bytes in 131 msecs (HTTP/1.1 200) 8 headers in 295 bytes (1 switches on core 0)
May 24 21:01:03.092700 n-d-843188-1 devstack@placement-api.service[85207]: DEBUG placement.requestlog [req-70637382-b821-4fe1-834e-557ee82f635a req-c1daedc1-822e-43c1-87a5-d16515e06b12 None None] Starting request: 10.222.0.41 "GET /placement/allocation_candidates?limit=1000&resources=DISK_GB%3A1%2CMEMORY_MB%3A1024%2CVCPU%3A1&root_required=%21COMPUTE_STATUS_DISABLED" {{(pid=85207) __call__ /opt/stack/placement/placement/requestlog.py:55}}
May 24 21:01:03.129020 n-d-843188-1 devstack@placement-api.service[85207]: DEBUG placement.objects.research_context [req-70637382-b821-4fe1-834e-557ee82f635a req-c1daedc1-822e-43c1-87a5-d16515e06b12 service placement] getting providers with 1 DISK_GB {{(pid=85207) __init__ /opt/stack/placement/placement/objects/research_context.py:126}}
May 24 21:01:03.136092 n-d-843188-1 devstack@placement-api.service[85207]: DEBUG placement.objects.research_context [req-70637382-b821-4fe1-834e-557ee82f635a req-c1daedc1-822e-43c1-87a5-d16515e06b12 service placement] getting providers with 1024 MEMORY_MB {{(pid=85207) __init__ /opt/stack/placement/placement/objects/research_context.py:126}}
May 24 21:01:03.142600 n-d-843188-1 devstack@placement-api.service[85207]: DEBUG placement.objects.research_context [req-70637382-b821-4fe1-834e-557ee82f635a req-c1daedc1-822e-43c1-87a5-d16515e06b12 service placement] getting providers with 1 VCPU {{(pid=85207) __init__ /opt/stack/placement/placement/objects/research_context.py:126}}
May 24 21:01:03.149462 n-d-843188-1 devstack@placement-api.service[85207]: DEBUG placement.objects.research_context [req-70637382-b821-4fe1-834e-557ee82f635a req-c1daedc1-822e-43c1-87a5-d16515e06b12 service placement] found 2 providers with available 1 DISK_GB {{(pid=85207) get_provider_ids_matching /opt/stack/placement/placement/objects/research_context.py:549}}
May 24 21:01:03.150166 n-d-843188-1 devstack@placement-api.service[85207]: DEBUG placement.objects.research_context [req-70637382-b821-4fe1-834e-557ee82f635a req-c1daedc1-822e-43c1-87a5-d16515e06b12 service placement] found 2 providers with available 1024 MEMORY_MB {{(pid=85207) get_provider_ids_matching /opt/stack/placement/placement/objects/research_context.py:549}}
May 24 21:01:03.150560 n-d-843188-1 devstack@placement-api.service[85207]: DEBUG placement.objects.research_context [req-70637382-b821-4fe1-834e-557ee82f635a req-c1daedc1-822e-43c1-87a5-d16515e06b12 service placement] found 2 providers after filtering by previous result {{(pid=85207) get_provider_ids_matching /opt/stack/placement/placement/objects/research_context.py:580}}
May 24 21:01:03.150847 n-d-843188-1 devstack@placement-api.service[85207]: DEBUG placement.objects.research_context [req-70637382-b821-4fe1-834e-557ee82f635a req-c1daedc1-822e-43c1-87a5-d16515e06b12 service placement] found 2 providers with available 1 VCPU {{(pid=85207) get_provider_ids_matching /opt/stack/placement/placement/objects/research_context.py:549}}
May 24 21:01:03.151419 n-d-843188-1 devstack@placement-api.service[85207]: DEBUG placement.objects.research_context [req-70637382-b821-4fe1-834e-557ee82f635a req-c1daedc1-822e-43c1-87a5-d16515e06b12 service placement] found 2 providers after filtering by previous result {{(pid=85207) get_provider_ids_matching /opt/stack/placement/placement/objects/research_context.py:580}}
May 24 21:01:03.165738 n-d-843188-1 devstack@placement-api.service[85207]: DEBUG placement.objects.allocation_candidate [req-70637382-b821-4fe1-834e-557ee82f635a req-c1daedc1-822e-43c1-87a5-d16515e06b12 service placement] RequestGroup(use_same_provider=False, resources={DISK_GB:1, MEMORY_MB:1024, VCPU:1}, traits=[], aggregates=[]) (suffix '') returned 2 matches {{(pid=85207) _get_by_requests /opt/stack/placement/placement/objects/allocation_candidate.py:145}}
May 24 21:01:03.165738 n-d-843188-1 devstack@placement-api.service[85207]: DEBUG placement.objects.allocation_candidate [req-70637382-b821-4fe1-834e-557ee82f635a req-c1daedc1-822e-43c1-87a5-d16515e06b12 service placement] Merging candidates yields 2 allocation requests and 2 provider summaries {{(pid=85207) _merge_candidates /opt/stack/placement/placement/objects/allocation_candidate.py:783}}
May 24 21:01:03.166064 n-d-843188-1 devstack@placement-api.service[85207]: INFO placement.requestlog [req-70637382-b821-4fe1-834e-557ee82f635a req-c1daedc1-822e-43c1-87a5-d16515e06b12 service placement] 10.222.0.41 "GET /placement/allocation_candidates?limit=1000&resources=DISK_GB%3A1%2CMEMORY_MB%3A1024%2CVCPU%3A1&root_required=%21COMPUTE_STATUS_DISABLED" status: 200 len: 1232 microversion: 1.35
May 24 21:01:03.166430 n-d-843188-1 devstack@placement-api.service[85207]: [pid: 85207|app: 0|req: 29/60] 10.222.0.41 () {60 vars in 1506 bytes} [Tue May 24 21:01:03 2022] GET /placement/allocation_candidates?limit=1000&resources=DISK_GB%3A1%2CMEMORY_MB%3A1024%2CVCPU%3A1&root_required=%21COMPUTE_STATUS_DISABLED => generated 1232 bytes in 79 msecs (HTTP/1.1 200) 8 headers in 297 bytes (1 switches on core 0)
May 24 21:01:03.225202 n-d-843188-1 devstack@placement-api.service[85206]: DEBUG placement.requestlog [req-70637382-b821-4fe1-834e-557ee82f635a req-1b1d4e38-9b12-4b45-ba99-9212ae521c3f None None] Starting request: 10.222.0.41 "GET /placement/allocations/d621c067-7ff8-4d79-ad8d-2d8a21832e13" {{(pid=85206) __call__ /opt/stack/placement/placement/requestlog.py:55}}
May 24 21:01:03.236761 n-d-843188-1 devstack@placement-api.service[85206]: INFO placement.requestlog [req-70637382-b821-4fe1-834e-557ee82f635a req-1b1d4e38-9b12-4b45-ba99-9212ae521c3f service placement] 10.222.0.41 "GET /placement/allocations/d621c067-7ff8-4d79-ad8d-2d8a21832e13" status: 200 len: 19 microversion: 1.28
May 24 21:01:03.236990 n-d-843188-1 devstack@placement-api.service[85206]: [pid: 85206|app: 0|req: 32/61] 10.222.0.41 () {60 vars in 1380 bytes} [Tue May 24 21:01:03 2022] GET /placement/allocations/d621c067-7ff8-4d79-ad8d-2d8a21832e13 => generated 19 bytes in 12 msecs (HTTP/1.1 200) 8 headers in 295 bytes (1 switches on core 0)
May 24 21:01:03.242466 n-d-843188-1 devstack@placement-api.service[85207]: DEBUG placement.requestlog [req-70637382-b821-4fe1-834e-557ee82f635a req-e0783fb6-0a27-42d5-a07b-fef5c9a75220 None None] Starting request: 10.222.0.41 "PUT /placement/allocations/d621c067-7ff8-4d79-ad8d-2d8a21832e13" {{(pid=85207) __call__ /opt/stack/placement/placement/requestlog.py:55}}
May 24 21:01:03.269474 n-d-843188-1 devstack@placement-api.service[85206]: DEBUG placement.requestlog [req-20439455-69e6-48a5-9cd3-e940ccd0db79 req-f39d38fe-2fe4-41e7-8225-b02e757ffb1d None None] Starting request: 10.222.0.41 "GET /placement/resource_providers?name=n-h2-843188-1" {{(pid=85206) __call__ /opt/stack/placement/placement/requestlog.py:55}}
May 24 21:01:03.284508 n-d-843188-1 devstack@placement-api.service[85206]: INFO placement.requestlog [req-20439455-69e6-48a5-9cd3-e940ccd0db79 req-f39d38fe-2fe4-41e7-8225-b02e757ffb1d service placement] 10.222.0.41 "GET /placement/resource_providers?name=n-h2-843188-1" status: 200 len: 441 microversion: 1.0
May 24 21:01:03.290255 n-d-843188-1 devstack@placement-api.service[85206]: [pid: 85206|app: 0|req: 33/62] 10.222.0.41 () {58 vars in 1274 bytes} [Tue May 24 21:01:03 2022] GET /placement/resource_providers?name=n-h2-843188-1 => generated 441 bytes in 16 msecs (HTTP/1.1 200) 6 headers in 224 bytes (2 switches on core 0)
May 24 21:01:03.291183 n-d-843188-1 devstack@placement-api.service[85206]: DEBUG placement.requestlog [req-20439455-69e6-48a5-9cd3-e940ccd0db79 req-5f418f6d-ccf7-496b-bb61-17512210914a None None] Starting request: 10.222.0.41 "GET /placement/resource_providers/da0cbb3b-3ff1-46c7-8cfc-720f97998f5f/aggregates" {{(pid=85206) __call__ /opt/stack/placement/placement/requestlog.py:55}}
May 24 21:01:03.306928 n-d-843188-1 devstack@placement-api.service[85206]: INFO placement.requestlog [req-20439455-69e6-48a5-9cd3-e940ccd0db79 req-5f418f6d-ccf7-496b-bb61-17512210914a service placement] 10.222.0.41 "GET /placement/resource_providers/da0cbb3b-3ff1-46c7-8cfc-720f97998f5f/aggregates" status: 200 len: 54 microversion: 1.19
May 24 21:01:03.315058 n-d-843188-1 devstack@placement-api.service[85206]: [pid: 85206|app: 0|req: 34/63] 10.222.0.41 () {60 vars in 1425 bytes} [Tue May 24 21:01:03 2022] GET /placement/resource_providers/da0cbb3b-3ff1-46c7-8cfc-720f97998f5f/aggregates => generated 54 bytes in 24 msecs (HTTP/1.1 200) 8 headers in 295 bytes (2 switches on core 0)
May 24 21:01:03.321363 n-d-843188-1 devstack@placement-api.service[85206]: DEBUG placement.requestlog [req-20439455-69e6-48a5-9cd3-e940ccd0db79 req-1e861206-fbd3-403f-a0ef-2a6de4a10ec7 None None] Starting request: 10.222.0.41 "PUT /placement/resource_providers/da0cbb3b-3ff1-46c7-8cfc-720f97998f5f/aggregates" {{(pid=85206) __call__ /opt/stack/placement/placement/requestlog.py:55}}
