May 24 16:33:38.704588 n-d-843146-5 devstack@placement-api.service[88615]: DEBUG oslo_db.api [-] DB error: (pymysql.err.OperationalError) (1213, 'Deadlock found when trying to get lock; try restarting transaction')
May 24 16:33:38.704588 n-d-843146-5 devstack@placement-api.service[88615]: [SQL: INSERT INTO traits (created_at, name) VALUES (%(created_at)s, %(name)s)]
May 24 16:33:38.704588 n-d-843146-5 devstack@placement-api.service[88615]: [parameters: ({'created_at': datetime.datetime(2022, 5, 24, 16, 33, 38, 690131), 'name': 'HW_CPU_HYPERTHREADING'}, {'created_at': datetime.datetime(2022, 5, 24, 16, 33, 38, 690139), 'name': 'MISC_SHARES_VIA_AGGREGATE'}, {'created_at': datetime.datetime(2022, 5, 24, 16, 33, 38, 690143), 'name': 'HW_NIC_OFFLOAD_RDMA'}, {'created_at': datetime.datetime(2022, 5, 24, 16, 33, 38, 690147), 'name': 'HW_NIC_ACCEL_IPSEC'}, {'created_at': datetime.datetime(2022, 5, 24, 16, 33, 38, 690150), 'name': 'HW_NIC_ACCEL_RSA'}, {'created_at': datetime.datetime(2022, 5, 24, 16, 33, 38, 690154), 'name': 'COMPUTE_GRAPHICS_MODEL_QXL'}, {'created_at': datetime.datetime(2022, 5, 24, 16, 33, 38, 690157), 'name': 'HW_CPU_PPC64LE_POWER9'}, {'created_at': datetime.datetime(2022, 5, 24, 16, 33, 38, 690161), 'name': 'HW_CPU_X86_STIBP'} ... displaying 10 of 291 total bound parameter sets ... {'created_at': datetime.datetime(2022, 5, 24, 16, 33, 38, 691182), 'name': 'HW_GPU_RESOLUTION_W2560H1600'}, {'created_at': datetime.datetime(2022, 5, 24, 16, 33, 38, 691185), 'name': 'COMPUTE_IMAGE_TYPE_AMI'})]
May 24 16:33:38.704588 n-d-843146-5 devstack@placement-api.service[88615]: (Background on this error at: http://sqlalche.me/e/13/e3q8) {{(pid=88615) _is_exception_expected /usr/local/lib/python3.8/dist-packages/oslo_db/api.py:184}}
May 24 16:33:38.705267 n-d-843146-5 devstack@placement-api.service[88615]: DEBUG oslo_db.api [-] Performing DB retry for function placement.objects.trait._trait_sync {{(pid=88615) wrapper /usr/local/lib/python3.8/dist-packages/oslo_db/api.py:155}}
May 24 16:33:38.711608 n-d-843146-5 devstack@placement-api.service[88614]: DEBUG placement.objects.trait [-] Synced traits from os_traits into API DB: {'HW_CPU_HYPERTHREADING', 'MISC_SHARES_VIA_AGGREGATE', 'HW_NIC_OFFLOAD_RDMA', 'HW_NIC_ACCEL_IPSEC', 'HW_NIC_ACCEL_RSA', 'COMPUTE_GRAPHICS_MODEL_QXL', 'HW_CPU_PPC64LE_POWER9', 'HW_CPU_X86_STIBP', 'HW_NIC_OFFLOAD_GENEVE', 'HW_GPU_CUDA_SDK_V9_0', 'HW_GPU_RESOLUTION_W1440H900', 'HW_GPU_API_DIRECT3D_V11_2', 'HW_CPU_X86_SSSE3', 'HW_NIC_MULTIQUEUE', 'HW_NIC_OFFLOAD_TCS', 'HW_CPU_X86_SGX', 'HW_NIC_ACCEL_ECC', 'HW_GPU_CUDA_COMPUTE_CAPABILITY_V7_2', 'HW_CPU_X86_AVX512PF', 'HW_CPU_AARCH64_SM4', 'HW_GPU_CUDA_COMPUTE_CAPABILITY_V7_1', 'HW_CPU_AARCH64_ASIMDRDM', 'HW_CPU_AARCH64_SHA3', 'HW_CPU_AARCH64_PMULL', 'HW_NIC_SRIOV_QOS_RX', 'HW_CPU_AARCH64_ASIMDDP', 'HW_GPU_API_OPENGL_V1_4', 'HW_GPU_API_DIRECT3D_V10_0', 'HW_GPU_API_VULKAN', 'HW_CPU_AARCH64_SHA1', 'HW_GPU_CUDA_SDK_V9_2', 'HW_GPU_RESOLUTION_W1280H768', 'COMPUTE_STORAGE_BUS_IDE', 'HW_CPU_AARCH64_ASIMD', 'HW_NIC_OFFLOAD_VXLAN', 'HW_NIC_ACCEL_DIFFIEH', 'HW_GPU_API_OPENCL_V2_0', 'HW_NIC_OFFLOAD_GRO', 'HW_GPU_API_DIRECT3D_V10_1', 'HW_GPU_CUDA_COMPUTE_CAPABILITY_V1_1', 'HW_CPU_X86_AMD_SEV', 'HW_GPU_CUDA_COMPUTE_CAPABILITY_V2_0', 'HW_GPU_API_DIRECT3D_V11_3', 'COMPUTE_SAME_HOST_COLD_MIGRATE', 'HW_GPU_API_DIRECT2D', 'HW_CPU_AARCH64_FCMA', 'HW_NIC_OFFLOAD_TXVLAN', 'HW_CPU_AARCH64_SHA512', 'HW_GPU_RESOLUTION_W1360H768', 'HW_GPU_RESOLUTION_W1920H1200', 'HW_GPU_CUDA_COMPUTE_CAPABILITY_V2_1', 'COMPUTE_NET_VIF_MODEL_RTL8139', 'HW_GPU_API_DIRECT3D_V11_0', 'COMPUTE_NET_VIF_MODEL_LAN9118', 'HW_GPU_API_OPENGL_V1_3', 'HW_GPU_MAX_DISPLAY_HEADS_2', 'HW_CPU_AARCH64_ASIMDHP', 'HW_CPU_AARCH64_LRCPC', 'HW_GPU_CUDA_SDK_V10_0', 'HW_GPU_RESOLUTION_W1280H1024', 'HW_NIC_OFFLOAD_TXUDP', 'COMPUTE_GRAPHICS_MODEL_GOP', 'HW_NIC_SRIOV_MULTIQUEUE', 'HW_GPU_API_OPENGL_V4_2', 'HW_GPU_CUDA_COMPUTE_CAPABILITY_V6_1', 'COMPUTE_IMAGE_TYPE_ARI', 'COMPUTE_GRAPHICS_MODEL_VMVGA', 'COMPUTE_VOLUME_MULTI_ATTACH', 'HW_CPU_X86_XOP', 'HW_CPU_X86_AVX512VBMI2', 'HW_NIC_ACCEL_DEFLATE', 'HW_NIC_OFFLOAD_SCS', 'HW_CPU_X86_AVX512VNNI', 'COMPUTE_EPHEMERAL_ENCRYPTION_LUKS', 'HW_CPU_X86_TSX', 'HW_GPU_API_OPENGL_V4_3', 'HW_GPU_RESOLUTION_W1920H1080', 'HW_GPU_API_OPENCL_V2_2', 'HW_GPU_API_DIRECT3D_V6_0', 'HW_NIC_OFFLOAD_RXVLAN', 'HW_CPU_X86_FMA3', 'COMPUTE_GRAPHICS_MODEL_VGA', 'HW_CPU_X86_AVX512BITALG', 'COMPUTE_STORAGE_BUS_LXC', 'COMPUTE_VOLUME_ATTACH', 'HW_CPU_X86_ABM', 'HW_GPU_API_DIRECT3D_V8_0', 'HW_GPU_API_DIRECT3D_V12_0', 'HW_GPU_RESOLUTION_W1152H864', 'COMPUTE_NET_VIF_MODEL_NE2K_PCI', 'COMPUTE_NET_VIF_MODEL_VIRTIO', 'HW_GPU_MAX_DISPLAY_HEADS_6', 'HW_NIC_OFFLOAD_UCS', 'HW_NUMA_ROOT', 'HW_CPU_X86_AVX512VPOPCNTDQ', 'HW_CPU_X86_AESNI', 'HW_CPU_X86_AVX512VBMI', 'HW_NIC_OFFLOAD_SG', 'HW_GPU_API_DIRECTX_V10', 'HW_GPU_CUDA_COMPUTE_CAPABILITY_V1_3', 'HW_CPU_AARCH64_DCPOP', 'HW_NIC_DCB_QCN', 'HW_CPU_PPC64LE_POWER8', 'HW_NIC_ACCEL_TLS', 'HW_GPU_MAX_DISPLAY_HEADS_8', 'HW_GPU_API_OPENGL_V3_2', 'HW_CPU_X86_AVX512BW', 'HW_GPU_API_DIRECT3D_V9_0', 'HW_GPU_CUDA_COMPUTE_CAPABILITY_V1_2', 'COMPUTE_STORAGE_BUS_SATA', 'HW_NIC_SRIOV_QOS_TX', 'COMPUTE_GRAPHICS_MODEL_NONE', 'HW_GPU_RESOLUTION_W1024H768', 'HW_GPU_API_DIRECT3D_V11_1', 'HW_CPU_AARCH64_SHA2', 'COMPUTE_DEVICE_TAGGING', 'COMPUTE_IMAGE_TYPE_VHD', 'HW_CPU_X86_TBM', 'HW_CPU_X86_BMI', 'HW_GPU_RESOLUTION_W2560H1440', 'HW_CPU_X86_FMA4', 'HW_NIC_OFFLOAD_GSO', 'COMPUTE_STORAGE_BUS_FDC', 'HW_GPU_RESOLUTION_W1024H600', 'HW_NIC_DCB_PFC', 'HW_CPU_X86_BMI2', 'HW_GPU_RESOLUTION_W1600H900', 'COMPUTE_NET_VIF_MODEL_VMXNET', 'HW_GPU_API_OPENGL_V3_0', 'HW_NIC_ACCEL_LZS', 'HW_CPU_X86_AVX512VL', 'HW_NIC_OFFLOAD_TX', 'HW_GPU_API_DXVA', 'COMPUTE_STORAGE_BUS_VIRTIO', 'HW_CPU_AARCH64_AES', 'HW_CPU_X86_F16C', 'HW_GPU_API_OPENCL_V1_0', 'HW_GPU_CUDA_COMPUTE_CAPABILITY_V6_2', 'HW_GPU_API_OPENGL_V2_1', 'HW_CPU_X86_CLMUL', 'HW_NIC_DCB_ETS', 'HW_GPU_API_OPENGL_V4_0', 'COMPUTE_IMAGE_TYPE_VHDX', 'HW_NIC_OFFLOAD_LSO', 'HW_CPU_X86_3DNOW', 'COMPUTE_NET_VIF_MODEL_E1000', 'HW_GPU_CUDA_COMPUTE_CAPABILITY_V3_2', 'HW_NIC_SRIOV_TRUSTED', 'COMPUTE_NET_VIF_MODEL_E1000E', 'COMPUTE_STATUS_DISABLED', 'HW_CPU_X86_INTEL_SPEC_CTRL', 'HW_GPU_CUDA_COMPUTE_CAPABILITY_V3_7', 'HW_CPU_AARCH64_EVTSTRM', 'COMPUTE_NET_VIF_MODEL_VMXNET3', 'HW_CPU_X86_MMX', 'HW_GPU_API_DIRECTX_V12', 'HW_NIC_SRIOV', 'HW_CPU_X86_MPX', 'HW_CPU_X86_AVX512VAES', 'HW_CPU_AARCH64_FP', 'COMPUTE_GRAPHICS_MODEL_XEN', 'HW_GPU_RESOLUTION_W800H600', 'COMPUTE_MIGRATE_AUTO_CONVERGE', 'HW_GPU_CUDA_COMPUTE_CAPABILITY_V7_0', 'HW_CPU_X86_INTEL_PCID', 'HW_CPU_X86_SSE', 'COMPUTE_SECURITY_UEFI_SECURE_BOOT', 'HW_GPU_RESOLUTION_W3840H2160', 'COMPUTE_NODE', 'HW_CPU_AARCH64_CPUID', 'HW_GPU_API_OPENGL_V4_5', 'HW_GPU_RESOLUTION_W640H480', 'HW_CPU_X86_AMD_SVM', 'HW_CPU_X86_SSE4A', 'HW_GPU_API_DIRECT3D_V9_0B', 'COMPUTE_NET_ATTACH_INTERFACE', 'COMPUTE_NET_VIF_MODEL_PCNET', 'HW_CPU_X86_AMD_SSBD', 'HW_CPU_X86_AVX512F', 'COMPUTE_IMAGE_TYPE_AKI', 'HW_CPU_AARCH64_SM3', 'HW_GPU_MAX_DISPLAY_HEADS_4', 'HW_NIC_OFFLOAD_RXHASH', 'HW_CPU_X86_PDPE1GB', 'HW_CPU_AARCH64_ATOMICS', 'HW_GPU_RESOLUTION_W1600H1200', 'HW_GPU_API_DIRECT3D_V9_0C', 'HW_GPU_API_OPENGL_V1_1', 'COMPUTE_NET_VIF_MODEL_SRIOV', 'COMPUTE_SECURITY_TPM_2_0', 'HW_GPU_RESOLUTION_W1280H800', 'HW_GPU_API_OPENGL_V4_1', 'HW_NIC_OFFLOAD_TSO', 'HW_CPU_X86_AMD_IBPB', 'HW_CPU_X86_INTEL_MD_CLEAR', 'HW_GPU_CUDA_COMPUTE_CAPABILITY_V6_0', 'HW_GPU_CUDA_SDK_V8_0', 'HW_CPU_X86_AVX512ER', 'HW_GPU_API_OPENGL_V3_1', 'HW_NIC_OFFLOAD_FDF', 'HW_GPU_RESOLUTION_W320H240', 'HW_CPU_X86_VMX', 'HW_CPU_AARCH64_CRC32', 'HW_GPU_CUDA_COMPUTE_CAPABILITY_V3_0', 'HW_CPU_AARCH64_FPHP', 'HW_CPU_X86_SSE3', 'HW_GPU_CUDA_COMPUTE_CAPABILITY_V1_0', 'HW_NIC_OFFLOAD_UFO', 'COMPUTE_IMAGE_TYPE_VMDK', 'HW_GPU_API_OPENGL_V2_0', 'COMPUTE_STORAGE_BUS_XEN', 'COMPUTE_NET_ATTACH_INTERFACE_WITH_TAG', 'HW_GPU_CUDA_SDK_V7_5', 'HW_GPU_MAX_DISPLAY_HEADS_1', 'HW_GPU_API_OPENCL_V1_1', 'HW_GPU_API_OPENCL_V1_2', 'HW_GPU_API_DIRECT3D_V9_0L', 'HW_CPU_AARCH64_SVE', 'HW_GPU_API_OPENGL_V3_3', 'COMPUTE_NET_VIF_MODEL_SPAPR_VLAN', 'HW_GPU_RESOLUTION_W1680H1050', 'COMPUTE_MIGRATE_POST_COPY', 'COMPUTE_GRAPHICS_MODEL_VIRTIO', 'COMPUTE_VOLUME_ATTACH_WITH_TAG', 'HW_CPU_X86_AVX2', 'HW_CPU_X86_SSE2', 'COMPUTE_VOLUME_EXTEND', 'COMPUTE_STORAGE_BUS_UML', 'HW_GPU_API_OPENGL_V1_5', 'HW_GPU_API_DIRECTX_V11', 'COMPUTE_IMAGE_TYPE_ISO', 'HW_NIC_OFFLOAD_LRO', 'COMPUTE_EPHEMERAL_ENCRYPTION_LUKSV2', 'HW_GPU_API_OPENCL_V2_1', 'STORAGE_DISK_SSD', 'STORAGE_DISK_HDD', 'HW_NIC_OFFLOAD_L2CRC', 'COMPUTE_IMAGE_TYPE_RAW', 'COMPUTE_GRAPHICS_MODEL_CIRRUS', 'HW_GPU_CUDA_SDK_V6_5', 'HW_CPU_X86_AVX', 'HW_CPU_X86_AVX512VPCLMULQDQ', 'COMPUTE_STORAGE_BUS_SCSI', 'HW_GPU_API_OPENGL_V4_4', 'HW_GPU_RESOLUTION_W7680H4320', 'HW_CPU_AARCH64_JSCVT', 'COMPUTE_EPHEMERAL_ENCRYPTION_PLAIN', 'COMPUTE_IMAGE_TYPE_QCOW2', 'COMPUTE_TRUSTED_CERTS', 'HW_CPU_X86_AMD_NO_SSB', 'HW_GPU_API_OPENGL_V1_2', 'HW_NIC_OFFLOAD_QINQ', 'HW_CPU_X86_INTEL_VMX', 'COMPUTE_STORAGE_BUS_USB', 'HW_CPU_X86_AVX512CD', 'HW_CPU_X86_AVX512IFMA', 'HW_NIC_PROGRAMMABLE_PIPELINE', 'HW_GPU_CUDA_SDK_V9_1', 'HW_CPU_X86_AMD_VIRT_SSBD', 'HW_GPU_CUDA_COMPUTE_CAPABILITY_V3_5', 'COMPUTE_SECURITY_TPM_1_2', 'COMPUTE_EPHEMERAL_ENCRYPTION', 'HW_NIC_ACCEL_SSL', 'HW_GPU_API_DIRECT3D_V7_0', 'HW_CPU_X86_SVM', 'HW_CPU_X86_SSE42', 'HW_GPU_API_DIRECT3D_V8_1', 'COMPUTE_IMAGE_TYPE_PLOOP', 'HW_CPU_X86_SHA', 'HW_GPU_RESOLUTION_W1366H768', 'HW_GPU_RESOLUTION_W1280H720', 'HW_NIC_OFFLOAD_SWITCHDEV', 'HW_CPU_X86_SSE41', 'COMPUTE_ACCELERATORS', 'HW_NIC_OFFLOAD_GRE', 'HW_CPU_X86_AVX512GFNI', 'COMPUTE_SOCKET_PCI_NUMA_AFFINITY', 'COMPUTE_NET_VIF_MODEL_NETFRONT', 'COMPUTE_RESCUE_BFV', 'HW_GPU_CUDA_COMPUTE_CAPABILITY_V5_2', 'HW_CPU_X86_AVX512DQ', 'HW_CPU_X86_ASF', 'HW_NIC_OFFLOAD_RX', 'HW_GPU_CUDA_COMPUTE_CAPABILITY_V5_0', 'HW_CPU_X86_INTEL_SSBD', 'COMPUTE_IMAGE_TYPE_VDI', 'HW_CPU_AMD_SEV', 'HW_NIC_VMDQ', 'HW_GPU_CUDA_COMPUTE_CAPABILITY_V5_3', 'HW_GPU_RESOLUTION_W2560H1600', 'COMPUTE_IMAGE_TYPE_AMI'} {{(pid=88614) _trait_sync /opt/stack/placement/placement/objects/trait.py:286}}
May 24 16:33:38.714218 n-d-843146-5 devstack@placement-api.service[88614]: DEBUG oslo_concurrency.lockutils [-] Releasing lock "trait_sync" {{(pid=88614) lock /usr/local/lib/python3.8/dist-packages/oslo_concurrency/lockutils.py:282}}
May 24 16:33:38.714490 n-d-843146-5 devstack@placement-api.service[88614]: DEBUG oslo_concurrency.lockutils [-] Acquired lock "resource_classes_sync" {{(pid=88614) lock /usr/local/lib/python3.8/dist-packages/oslo_concurrency/lockutils.py:266}}
May 24 16:33:38.719180 n-d-843146-5 devstack@placement-api.service[88614]: DEBUG placement.objects.resource_class [-] Found existing resource classes in db: [] {{(pid=88614) _resource_classes_sync /opt/stack/placement/placement/objects/resource_class.py:228}}
May 24 16:33:38.722461 n-d-843146-5 devstack@placement-api.service[88614]: DEBUG placement.objects.resource_class [-] Synced resource_classes from os_resource_classes: [{'name': 'VCPU', 'id': 0}, {'name': 'MEMORY_MB', 'id': 1}, {'name': 'DISK_GB', 'id': 2}, {'name': 'PCI_DEVICE', 'id': 3}, {'name': 'SRIOV_NET_VF', 'id': 4}, {'name': 'NUMA_SOCKET', 'id': 5}, {'name': 'NUMA_CORE', 'id': 6}, {'name': 'NUMA_THREAD', 'id': 7}, {'name': 'NUMA_MEMORY_MB', 'id': 8}, {'name': 'IPV4_ADDRESS', 'id': 9}, {'name': 'VGPU', 'id': 10}, {'name': 'VGPU_DISPLAY_HEAD', 'id': 11}, {'name': 'NET_BW_EGR_KILOBIT_PER_SEC', 'id': 12}, {'name': 'NET_BW_IGR_KILOBIT_PER_SEC', 'id': 13}, {'name': 'PCPU', 'id': 14}, {'name': 'MEM_ENCRYPTION_CONTEXT', 'id': 15}, {'name': 'FPGA', 'id': 16}, {'name': 'PGPU', 'id': 17}] {{(pid=88614) _resource_classes_sync /opt/stack/placement/placement/objects/resource_class.py:245}}
May 24 16:33:38.725410 n-d-843146-5 devstack@placement-api.service[88614]: DEBUG oslo_concurrency.lockutils [-] Releasing lock "resource_classes_sync" {{(pid=88614) lock /usr/local/lib/python3.8/dist-packages/oslo_concurrency/lockutils.py:282}}
May 24 16:33:38.725692 n-d-843146-5 devstack@placement-api.service[88614]: WSGI app 0 (mountpoint='') ready in 2 seconds on interpreter 0x5563277c69c0 pid: 88614 (default app)
May 24 16:33:38.727602 n-d-843146-5 devstack@placement-api.service[88614]: DEBUG placement.requestlog [None req-e0211770-77dd-424c-b4e9-ab03ad95e135 None None] Starting request: 10.222.0.47 "GET /placement/" {{(pid=88614) __call__ /opt/stack/placement/placement/requestlog.py:55}}
May 24 16:33:38.742317 n-d-843146-5 devstack@placement-api.service[88614]: INFO placement.requestlog [None req-e0211770-77dd-424c-b4e9-ab03ad95e135 None None] 10.222.0.47 "GET /placement/" status: 200 len: 136 microversion: 1.0
May 24 16:33:38.742507 n-d-843146-5 devstack@placement-api.service[88614]: [pid: 88614|app: 0|req: 1/1] 10.222.0.47 () {50 vars in 776 bytes} [Tue May 24 16:33:38 2022] GET /placement => generated 136 bytes in 16 msecs (HTTP/1.1 200) 6 headers in 224 bytes (1 switches on core 0)
May 24 16:33:39.720261 n-d-843146-5 devstack@placement-api.service[88615]: DEBUG oslo_concurrency.lockutils [-] Releasing lock "trait_sync" {{(pid=88615) lock /usr/local/lib/python3.8/dist-packages/oslo_concurrency/lockutils.py:282}}
May 24 16:33:39.720796 n-d-843146-5 devstack@placement-api.service[88615]: DEBUG oslo_concurrency.lockutils [-] Acquired lock "resource_classes_sync" {{(pid=88615) lock /usr/local/lib/python3.8/dist-packages/oslo_concurrency/lockutils.py:266}}
May 24 16:33:39.723234 n-d-843146-5 devstack@placement-api.service[88615]: DEBUG placement.objects.resource_class [-] Found existing resource classes in db: ['DISK_GB', 'FPGA', 'IPV4_ADDRESS', 'MEMORY_MB', 'MEM_ENCRYPTION_CONTEXT', 'NET_BW_EGR_KILOBIT_PER_SEC', 'NET_BW_IGR_KILOBIT_PER_SEC', 'NUMA_CORE', 'NUMA_MEMORY_MB', 'NUMA_SOCKET', 'NUMA_THREAD', 'PCI_DEVICE', 'PCPU', 'PGPU', 'SRIOV_NET_VF', 'VCPU', 'VGPU', 'VGPU_DISPLAY_HEAD'] {{(pid=88615) _resource_classes_sync /opt/stack/placement/placement/objects/resource_class.py:228}}
May 24 16:33:39.724031 n-d-843146-5 devstack@placement-api.service[88615]: DEBUG oslo_concurrency.lockutils [-] Releasing lock "resource_classes_sync" {{(pid=88615) lock /usr/local/lib/python3.8/dist-packages/oslo_concurrency/lockutils.py:282}}
May 24 16:33:39.724186 n-d-843146-5 devstack@placement-api.service[88615]: WSGI app 0 (mountpoint='') ready in 3 seconds on interpreter 0x5563277c69c0 pid: 88615 (default app)
May 24 16:34:37.818210 n-d-843146-5 devstack@placement-api.service[88614]: DEBUG placement.requestlog [None req-a08b7f27-0680-4cef-a91e-a3c839d1b64b None None] Starting request: 10.222.0.47 "GET /placement/" {{(pid=88614) __call__ /opt/stack/placement/placement/requestlog.py:55}}
May 24 16:34:37.822570 n-d-843146-5 devstack@placement-api.service[88614]: INFO placement.requestlog [None req-a08b7f27-0680-4cef-a91e-a3c839d1b64b None None] 10.222.0.47 "GET /placement/" status: 200 len: 136 microversion: 1.0
May 24 16:34:37.822987 n-d-843146-5 devstack@placement-api.service[88614]: [pid: 88614|app: 0|req: 2/2] 10.222.0.47 () {54 vars in 916 bytes} [Tue May 24 16:34:37 2022] GET /placement => generated 136 bytes in 5 msecs (HTTP/1.1 200) 6 headers in 224 bytes (1 switches on core 0)
May 24 16:34:38.245220 n-d-843146-5 devstack@placement-api.service[88615]: DEBUG placement.requestlog [None req-05c21899-15e1-48a4-b755-4ad8f69a90d2 None None] Starting request: 10.222.0.47 "GET /placement/" {{(pid=88615) __call__ /opt/stack/placement/placement/requestlog.py:55}}
May 24 16:34:38.260607 n-d-843146-5 devstack@placement-api.service[88615]: INFO placement.requestlog [None req-05c21899-15e1-48a4-b755-4ad8f69a90d2 None None] 10.222.0.47 "GET /placement/" status: 200 len: 136 microversion: 1.0
May 24 16:34:38.272548 n-d-843146-5 devstack@placement-api.service[88615]: [pid: 88615|app: 0|req: 1/3] 10.222.0.47 () {54 vars in 916 bytes} [Tue May 24 16:34:38 2022] GET /placement => generated 136 bytes in 28 msecs (HTTP/1.1 200) 6 headers in 224 bytes (1 switches on core 0)
May 24 16:34:42.262366 n-d-843146-5 devstack@placement-api.service[88614]: DEBUG placement.requestlog [None req-5ab067cf-d4fb-4969-9486-9e33f33e7eb0 None None] Starting request: 10.222.0.47 "GET /placement/" {{(pid=88614) __call__ /opt/stack/placement/placement/requestlog.py:55}}
May 24 16:34:42.263369 n-d-843146-5 devstack@placement-api.service[88614]: INFO placement.requestlog [None req-5ab067cf-d4fb-4969-9486-9e33f33e7eb0 None None] 10.222.0.47 "GET /placement/" status: 200 len: 136 microversion: 1.0
May 24 16:34:42.263834 n-d-843146-5 devstack@placement-api.service[88614]: [pid: 88614|app: 0|req: 3/4] 10.222.0.47 () {54 vars in 916 bytes} [Tue May 24 16:34:42 2022] GET /placement => generated 136 bytes in 2 msecs (HTTP/1.1 200) 6 headers in 224 bytes (1 switches on core 0)
May 24 16:34:43.730925 n-d-843146-5 devstack@placement-api.service[88615]: DEBUG placement.requestlog [None req-2213f4c0-41eb-44bb-9bf8-1b9d203c93a6 None None] Starting request: 10.222.0.47 "GET /placement/" {{(pid=88615) __call__ /opt/stack/placement/placement/requestlog.py:55}}
May 24 16:34:43.731878 n-d-843146-5 devstack@placement-api.service[88615]: INFO placement.requestlog [None req-2213f4c0-41eb-44bb-9bf8-1b9d203c93a6 None None] 10.222.0.47 "GET /placement/" status: 200 len: 136 microversion: 1.0
May 24 16:34:43.732198 n-d-843146-5 devstack@placement-api.service[88615]: [pid: 88615|app: 0|req: 2/5] 10.222.0.47 () {54 vars in 916 bytes} [Tue May 24 16:34:43 2022] GET /placement => generated 136 bytes in 1 msecs (HTTP/1.1 200) 6 headers in 224 bytes (1 switches on core 0)
May 24 16:36:21.983646 n-d-843146-5 devstack@placement-api.service[88614]: DEBUG placement.requestlog [None req-20332b24-6266-4b51-854a-2e9188dea6e2 None None] Starting request: 10.222.0.47 "GET /placement//" {{(pid=88614) __call__ /opt/stack/placement/placement/requestlog.py:55}}
May 24 16:36:21.984610 n-d-843146-5 devstack@placement-api.service[88614]: INFO placement.requestlog [None req-20332b24-6266-4b51-854a-2e9188dea6e2 None None] 10.222.0.47 "GET /placement//" status: 200 len: 136 microversion: 1.0
May 24 16:36:21.984826 n-d-843146-5 devstack@placement-api.service[88614]: [pid: 88614|app: 0|req: 4/6] 10.222.0.47 () {56 vars in 1106 bytes} [Tue May 24 16:36:21 2022] GET /placement/ => generated 136 bytes in 1 msecs (HTTP/1.1 200) 6 headers in 224 bytes (1 switches on core 0)
May 24 16:42:16.956511 n-d-843146-5 devstack@placement-api.service[88615]: DEBUG placement.requestlog [None req-afd3dc90-99aa-4d43-8ae4-424506b693ee None None] Starting request: 10.222.0.31 "GET /placement/" {{(pid=88615) __call__ /opt/stack/placement/placement/requestlog.py:55}}
May 24 16:42:16.958067 n-d-843146-5 devstack@placement-api.service[88615]: INFO placement.requestlog [None req-afd3dc90-99aa-4d43-8ae4-424506b693ee None None] 10.222.0.31 "GET /placement/" status: 200 len: 136 microversion: 1.0
May 24 16:42:16.958355 n-d-843146-5 devstack@placement-api.service[88615]: [pid: 88615|app: 0|req: 3/7] 10.222.0.31 () {54 vars in 913 bytes} [Tue May 24 16:42:16 2022] GET /placement => generated 136 bytes in 2 msecs (HTTP/1.1 200) 6 headers in 224 bytes (1 switches on core 0)
May 24 16:42:20.703683 n-d-843146-5 devstack@placement-api.service[88614]: DEBUG placement.requestlog [req-4dcdf2a8-45ac-42a0-9606-dd7999f414dc req-fa1ffd06-0c4c-4fa4-91fe-b8d287368a6e None None] Starting request: 10.222.0.31 "GET /placement/resource_providers?in_tree=abd790e7-56ba-499f-9c0a-aeaff22e8e24" {{(pid=88614) __call__ /opt/stack/placement/placement/requestlog.py:55}}
May 24 16:42:20.817589 n-d-843146-5 devstack@placement-api.service[88614]: INFO placement.requestlog [req-4dcdf2a8-45ac-42a0-9606-dd7999f414dc req-fa1ffd06-0c4c-4fa4-91fe-b8d287368a6e service placement] 10.222.0.31 "GET /placement/resource_providers?in_tree=abd790e7-56ba-499f-9c0a-aeaff22e8e24" status: 200 len: 26 microversion: 1.14
May 24 16:42:20.817782 n-d-843146-5 devstack@placement-api.service[88614]: [pid: 88614|app: 0|req: 5/8] 10.222.0.31 () {60 vars in 1376 bytes} [Tue May 24 16:42:20 2022] GET /placement/resource_providers?in_tree=abd790e7-56ba-499f-9c0a-aeaff22e8e24 => generated 26 bytes in 114 msecs (HTTP/1.1 200) 6 headers in 224 bytes (1 switches on core 0)
May 24 16:42:20.824394 n-d-843146-5 devstack@placement-api.service[88615]: DEBUG placement.requestlog [req-4dcdf2a8-45ac-42a0-9606-dd7999f414dc req-782990b7-d6e7-4961-a262-13a1f2483c21 None None] Starting request: 10.222.0.31 "POST /placement/resource_providers" {{(pid=88615) __call__ /opt/stack/placement/placement/requestlog.py:55}}
May 24 16:42:20.855934 n-d-843146-5 devstack@placement-api.service[88615]: INFO placement.requestlog [req-4dcdf2a8-45ac-42a0-9606-dd7999f414dc req-782990b7-d6e7-4961-a262-13a1f2483c21 service placement] 10.222.0.31 "POST /placement/resource_providers" status: 200 len: 836 microversion: 1.20
May 24 16:42:20.856443 n-d-843146-5 devstack@placement-api.service[88615]: [pid: 88615|app: 0|req: 4/9] 10.222.0.31 () {64 vars in 1340 bytes} [Tue May 24 16:42:20 2022] POST /placement/resource_providers => generated 836 bytes in 32 msecs (HTTP/1.1 200) 9 headers in 392 bytes (1 switches on core 0)
May 24 16:42:21.067245 n-d-843146-5 devstack@placement-api.service[88614]: DEBUG placement.requestlog [req-4dcdf2a8-45ac-42a0-9606-dd7999f414dc req-47bd24eb-6db3-43f1-ac24-db6d67dea6c6 None None] Starting request: 10.222.0.31 "PUT /placement/resource_providers/abd790e7-56ba-499f-9c0a-aeaff22e8e24/inventories" {{(pid=88614) __call__ /opt/stack/placement/placement/requestlog.py:55}}
May 24 16:42:21.093518 n-d-843146-5 devstack@placement-api.service[88614]: INFO placement.requestlog [req-4dcdf2a8-45ac-42a0-9606-dd7999f414dc req-47bd24eb-6db3-43f1-ac24-db6d67dea6c6 service placement] 10.222.0.31 "PUT /placement/resource_providers/abd790e7-56ba-499f-9c0a-aeaff22e8e24/inventories" status: 200 len: 397 microversion: 1.26
May 24 16:42:21.093941 n-d-843146-5 devstack@placement-api.service[88614]: [pid: 88614|app: 0|req: 6/10] 10.222.0.31 () {64 vars in 1487 bytes} [Tue May 24 16:42:21 2022] PUT /placement/resource_providers/abd790e7-56ba-499f-9c0a-aeaff22e8e24/inventories => generated 397 bytes in 28 msecs (HTTP/1.1 200) 8 headers in 296 bytes (1 switches on core 0)
May 24 16:42:21.103051 n-d-843146-5 devstack@placement-api.service[88615]: DEBUG placement.requestlog [req-4dcdf2a8-45ac-42a0-9606-dd7999f414dc req-d3898342-a5b7-461e-9e75-5ebfe3a89e0f None None] Starting request: 10.222.0.31 "GET /placement/traits?name=in:COMPUTE_NODE,COMPUTE_IMAGE_TYPE_VHD,COMPUTE_SECURITY_UEFI_SECURE_BOOT,COMPUTE_NET_ATTACH_INTERFACE,COMPUTE_DEVICE_TAGGING,COMPUTE_IMAGE_TYPE_VHDX" {{(pid=88615) __call__ /opt/stack/placement/placement/requestlog.py:55}}
May 24 16:42:21.113738 n-d-843146-5 devstack@placement-api.service[88615]: INFO placement.requestlog [req-4dcdf2a8-45ac-42a0-9606-dd7999f414dc req-d3898342-a5b7-461e-9e75-5ebfe3a89e0f service placement] 10.222.0.31 "GET /placement/traits?name=in:COMPUTE_NODE,COMPUTE_IMAGE_TYPE_VHD,COMPUTE_SECURITY_UEFI_SECURE_BOOT,COMPUTE_NET_ATTACH_INTERFACE,COMPUTE_DEVICE_TAGGING,COMPUTE_IMAGE_TYPE_VHDX" status: 200 len: 176 microversion: 1.6
May 24 16:42:21.113926 n-d-843146-5 devstack@placement-api.service[88615]: [pid: 88615|app: 0|req: 5/11] 10.222.0.31 () {60 vars in 1557 bytes} [Tue May 24 16:42:21 2022] GET /placement/traits?name=in:COMPUTE_NODE,COMPUTE_IMAGE_TYPE_VHD,COMPUTE_SECURITY_UEFI_SECURE_BOOT,COMPUTE_NET_ATTACH_INTERFACE,COMPUTE_DEVICE_TAGGING,COMPUTE_IMAGE_TYPE_VHDX => generated 176 bytes in 11 msecs (HTTP/1.1 200) 6 headers in 224 bytes (1 switches on core 0)
May 24 16:42:21.120109 n-d-843146-5 devstack@placement-api.service[88614]: DEBUG placement.requestlog [req-4dcdf2a8-45ac-42a0-9606-dd7999f414dc req-53a96d36-72f5-4560-8153-1f71aeddf7f8 None None] Starting request: 10.222.0.31 "PUT /placement/resource_providers/abd790e7-56ba-499f-9c0a-aeaff22e8e24/traits" {{(pid=88614) __call__ /opt/stack/placement/placement/requestlog.py:55}}
May 24 16:42:21.160770 n-d-843146-5 devstack@placement-api.service[88614]: INFO placement.requestlog [req-4dcdf2a8-45ac-42a0-9606-dd7999f414dc req-53a96d36-72f5-4560-8153-1f71aeddf7f8 service placement] 10.222.0.31 "PUT /placement/resource_providers/abd790e7-56ba-499f-9c0a-aeaff22e8e24/traits" status: 200 len: 211 microversion: 1.6
May 24 16:42:21.161532 n-d-843146-5 devstack@placement-api.service[88614]: [pid: 88614|app: 0|req: 7/12] 10.222.0.31 () {64 vars in 1471 bytes} [Tue May 24 16:42:21 2022] PUT /placement/resource_providers/abd790e7-56ba-499f-9c0a-aeaff22e8e24/traits => generated 211 bytes in 41 msecs (HTTP/1.1 200) 6 headers in 224 bytes (2 switches on core 0)
May 24 16:42:26.133275 n-d-843146-5 devstack@placement-api.service[88615]: DEBUG placement.requestlog [None req-96a89717-5ec2-4698-a6a6-d53a98458451 None None] Starting request: 10.222.0.16 "GET /placement/" {{(pid=88615) __call__ /opt/stack/placement/placement/requestlog.py:55}}
May 24 16:42:26.134250 n-d-843146-5 devstack@placement-api.service[88615]: INFO placement.requestlog [None req-96a89717-5ec2-4698-a6a6-d53a98458451 None None] 10.222.0.16 "GET /placement/" status: 200 len: 136 microversion: 1.0
May 24 16:42:26.134427 n-d-843146-5 devstack@placement-api.service[88615]: [pid: 88615|app: 0|req: 6/13] 10.222.0.16 () {54 vars in 913 bytes} [Tue May 24 16:42:26 2022] GET /placement => generated 136 bytes in 1 msecs (HTTP/1.1 200) 6 headers in 224 bytes (1 switches on core 0)
May 24 16:42:34.763122 n-d-843146-5 devstack@placement-api.service[88614]: DEBUG placement.requestlog [req-89194b7e-4a8b-4bce-940e-a0df96e94c22 req-f4fde01e-51ee-41dd-9f9a-9007267e1592 None None] Starting request: 10.222.0.16 "GET /placement/resource_providers?in_tree=4cba1c2a-da12-4545-870f-2b7d52cf1d66" {{(pid=88614) __call__ /opt/stack/placement/placement/requestlog.py:55}}
May 24 16:42:34.821516 n-d-843146-5 devstack@placement-api.service[88614]: INFO placement.requestlog [req-89194b7e-4a8b-4bce-940e-a0df96e94c22 req-f4fde01e-51ee-41dd-9f9a-9007267e1592 service placement] 10.222.0.16 "GET /placement/resource_providers?in_tree=4cba1c2a-da12-4545-870f-2b7d52cf1d66" status: 200 len: 26 microversion: 1.14
May 24 16:42:34.821713 n-d-843146-5 devstack@placement-api.service[88614]: [pid: 88614|app: 0|req: 8/14] 10.222.0.16 () {60 vars in 1376 bytes} [Tue May 24 16:42:34 2022] GET /placement/resource_providers?in_tree=4cba1c2a-da12-4545-870f-2b7d52cf1d66 => generated 26 bytes in 59 msecs (HTTP/1.1 200) 6 headers in 224 bytes (1 switches on core 0)
May 24 16:42:34.828488 n-d-843146-5 devstack@placement-api.service[88615]: DEBUG placement.requestlog [req-89194b7e-4a8b-4bce-940e-a0df96e94c22 req-23fca4c9-818c-4dee-9da8-152729a25248 None None] Starting request: 10.222.0.16 "POST /placement/resource_providers" {{(pid=88615) __call__ /opt/stack/placement/placement/requestlog.py:55}}
May 24 16:42:34.841603 n-d-843146-5 devstack@placement-api.service[88615]: INFO placement.requestlog [req-89194b7e-4a8b-4bce-940e-a0df96e94c22 req-23fca4c9-818c-4dee-9da8-152729a25248 service placement] 10.222.0.16 "POST /placement/resource_providers" status: 200 len: 836 microversion: 1.20
May 24 16:42:34.841828 n-d-843146-5 devstack@placement-api.service[88615]: [pid: 88615|app: 0|req: 7/15] 10.222.0.16 () {64 vars in 1340 bytes} [Tue May 24 16:42:34 2022] POST /placement/resource_providers => generated 836 bytes in 13 msecs (HTTP/1.1 200) 9 headers in 392 bytes (1 switches on core 0)
May 24 16:42:35.072076 n-d-843146-5 devstack@placement-api.service[88614]: DEBUG placement.requestlog [req-89194b7e-4a8b-4bce-940e-a0df96e94c22 req-28d8babd-d46c-483f-8c21-a51b74df45a4 None None] Starting request: 10.222.0.16 "PUT /placement/resource_providers/4cba1c2a-da12-4545-870f-2b7d52cf1d66/inventories" {{(pid=88614) __call__ /opt/stack/placement/placement/requestlog.py:55}}
May 24 16:42:35.098323 n-d-843146-5 devstack@placement-api.service[88614]: INFO placement.requestlog [req-89194b7e-4a8b-4bce-940e-a0df96e94c22 req-28d8babd-d46c-483f-8c21-a51b74df45a4 service placement] 10.222.0.16 "PUT /placement/resource_providers/4cba1c2a-da12-4545-870f-2b7d52cf1d66/inventories" status: 200 len: 397 microversion: 1.26
May 24 16:42:35.098557 n-d-843146-5 devstack@placement-api.service[88614]: [pid: 88614|app: 0|req: 9/16] 10.222.0.16 () {64 vars in 1487 bytes} [Tue May 24 16:42:35 2022] PUT /placement/resource_providers/4cba1c2a-da12-4545-870f-2b7d52cf1d66/inventories => generated 397 bytes in 27 msecs (HTTP/1.1 200) 8 headers in 296 bytes (1 switches on core 0)
May 24 16:42:35.124452 n-d-843146-5 devstack@placement-api.service[88615]: DEBUG placement.requestlog [req-89194b7e-4a8b-4bce-940e-a0df96e94c22 req-616192e7-498c-406a-9881-40057b78a09d None None] Starting request: 10.222.0.16 "GET /placement/traits?name=in:COMPUTE_SECURITY_UEFI_SECURE_BOOT,COMPUTE_IMAGE_TYPE_VHDX,COMPUTE_NODE,COMPUTE_NET_ATTACH_INTERFACE,COMPUTE_DEVICE_TAGGING,COMPUTE_IMAGE_TYPE_VHD" {{(pid=88615) __call__ /opt/stack/placement/placement/requestlog.py:55}}
May 24 16:42:35.134054 n-d-843146-5 devstack@placement-api.service[88615]: INFO placement.requestlog [req-89194b7e-4a8b-4bce-940e-a0df96e94c22 req-616192e7-498c-406a-9881-40057b78a09d service placement] 10.222.0.16 "GET /placement/traits?name=in:COMPUTE_SECURITY_UEFI_SECURE_BOOT,COMPUTE_IMAGE_TYPE_VHDX,COMPUTE_NODE,COMPUTE_NET_ATTACH_INTERFACE,COMPUTE_DEVICE_TAGGING,COMPUTE_IMAGE_TYPE_VHD" status: 200 len: 176 microversion: 1.6
May 24 16:42:35.134257 n-d-843146-5 devstack@placement-api.service[88615]: [pid: 88615|app: 0|req: 8/17] 10.222.0.16 () {60 vars in 1557 bytes} [Tue May 24 16:42:35 2022] GET /placement/traits?name=in:COMPUTE_SECURITY_UEFI_SECURE_BOOT,COMPUTE_IMAGE_TYPE_VHDX,COMPUTE_NODE,COMPUTE_NET_ATTACH_INTERFACE,COMPUTE_DEVICE_TAGGING,COMPUTE_IMAGE_TYPE_VHD => generated 176 bytes in 10 msecs (HTTP/1.1 200) 6 headers in 224 bytes (1 switches on core 0)
May 24 16:42:35.156210 n-d-843146-5 devstack@placement-api.service[88614]: DEBUG placement.requestlog [req-89194b7e-4a8b-4bce-940e-a0df96e94c22 req-9a744f89-c302-47ed-9d46-afe8b32110de None None] Starting request: 10.222.0.16 "PUT /placement/resource_providers/4cba1c2a-da12-4545-870f-2b7d52cf1d66/traits" {{(pid=88614) __call__ /opt/stack/placement/placement/requestlog.py:55}}
May 24 16:42:35.184354 n-d-843146-5 devstack@placement-api.service[88614]: INFO placement.requestlog [req-89194b7e-4a8b-4bce-940e-a0df96e94c22 req-9a744f89-c302-47ed-9d46-afe8b32110de service placement] 10.222.0.16 "PUT /placement/resource_providers/4cba1c2a-da12-4545-870f-2b7d52cf1d66/traits" status: 200 len: 211 microversion: 1.6
May 24 16:42:35.184786 n-d-843146-5 devstack@placement-api.service[88614]: [pid: 88614|app: 0|req: 10/18] 10.222.0.16 () {64 vars in 1471 bytes} [Tue May 24 16:42:35 2022] PUT /placement/resource_providers/4cba1c2a-da12-4545-870f-2b7d52cf1d66/traits => generated 211 bytes in 29 msecs (HTTP/1.1 200) 6 headers in 224 bytes (2 switches on core 0)
May 24 16:43:17.085536 n-d-843146-5 devstack@placement-api.service[88615]: DEBUG placement.requestlog [req-f4097b9e-f4ce-4c24-92ae-168213c9cc13 req-05d5631d-533d-4598-ace6-56fe14626d1d None None] Starting request: 10.222.0.31 "GET /placement/resource_providers/abd790e7-56ba-499f-9c0a-aeaff22e8e24/allocations" {{(pid=88615) __call__ /opt/stack/placement/placement/requestlog.py:55}}
May 24 16:43:17.106155 n-d-843146-5 devstack@placement-api.service[88615]: INFO placement.requestlog [req-f4097b9e-f4ce-4c24-92ae-168213c9cc13 req-05d5631d-533d-4598-ace6-56fe14626d1d service placement] 10.222.0.31 "GET /placement/resource_providers/abd790e7-56ba-499f-9c0a-aeaff22e8e24/allocations" status: 200 len: 54 microversion: 1.0
May 24 16:43:17.106532 n-d-843146-5 devstack@placement-api.service[88615]: [pid: 88615|app: 0|req: 9/19] 10.222.0.31 () {58 vars in 1390 bytes} [Tue May 24 16:43:17 2022] GET /placement/resource_providers/abd790e7-56ba-499f-9c0a-aeaff22e8e24/allocations => generated 54 bytes in 21 msecs (HTTP/1.1 200) 6 headers in 223 bytes (1 switches on core 0)
May 24 16:43:26.456089 n-d-843146-5 devstack@placement-api.service[88614]: DEBUG placement.requestlog [req-ee235978-0ae8-46c5-8abe-eb305932c19c req-27992879-d28d-491b-8731-f09a8020fc69 None None] Starting request: 10.222.0.16 "GET /placement/resource_providers/4cba1c2a-da12-4545-870f-2b7d52cf1d66/allocations" {{(pid=88614) __call__ /opt/stack/placement/placement/requestlog.py:55}}
May 24 16:43:26.474065 n-d-843146-5 devstack@placement-api.service[88614]: INFO placement.requestlog [req-ee235978-0ae8-46c5-8abe-eb305932c19c req-27992879-d28d-491b-8731-f09a8020fc69 service placement] 10.222.0.16 "GET /placement/resource_providers/4cba1c2a-da12-4545-870f-2b7d52cf1d66/allocations" status: 200 len: 54 microversion: 1.0
May 24 16:43:26.474372 n-d-843146-5 devstack@placement-api.service[88614]: [pid: 88614|app: 0|req: 11/20] 10.222.0.16 () {58 vars in 1390 bytes} [Tue May 24 16:43:26 2022] GET /placement/resource_providers/4cba1c2a-da12-4545-870f-2b7d52cf1d66/allocations => generated 54 bytes in 19 msecs (HTTP/1.1 200) 6 headers in 223 bytes (1 switches on core 0)
May 24 16:43:50.333169 n-d-843146-5 devstack@placement-api.service[88615]: DEBUG placement.requestlog [None req-d805e8ec-8f6b-4af6-807f-cc798777f94f None None] Starting request: 10.222.0.47 "GET /placement/" {{(pid=88615) __call__ /opt/stack/placement/placement/requestlog.py:55}}
May 24 16:43:50.334167 n-d-843146-5 devstack@placement-api.service[88615]: INFO placement.requestlog [None req-d805e8ec-8f6b-4af6-807f-cc798777f94f None None] 10.222.0.47 "GET /placement/" status: 200 len: 136 microversion: 1.0
May 24 16:43:50.334351 n-d-843146-5 devstack@placement-api.service[88615]: [pid: 88615|app: 0|req: 10/21] 10.222.0.47 () {54 vars in 916 bytes} [Tue May 24 16:43:50 2022] GET /placement => generated 136 bytes in 1 msecs (HTTP/1.1 200) 6 headers in 224 bytes (1 switches on core 0)
May 24 16:44:19.055207 n-d-843146-5 devstack@placement-api.service[88614]: DEBUG placement.requestlog [req-593e5ea8-1b51-4893-a51d-2e60d7c2a918 req-3c53b3b6-8ae6-4e8a-b70e-01d4e4c4159e None None] Starting request: 10.222.0.31 "GET /placement/resource_providers/abd790e7-56ba-499f-9c0a-aeaff22e8e24/allocations" {{(pid=88614) __call__ /opt/stack/placement/placement/requestlog.py:55}}
May 24 16:44:19.071129 n-d-843146-5 devstack@placement-api.service[88614]: INFO placement.requestlog [req-593e5ea8-1b51-4893-a51d-2e60d7c2a918 req-3c53b3b6-8ae6-4e8a-b70e-01d4e4c4159e service placement] 10.222.0.31 "GET /placement/resource_providers/abd790e7-56ba-499f-9c0a-aeaff22e8e24/allocations" status: 200 len: 54 microversion: 1.0
May 24 16:44:19.071353 n-d-843146-5 devstack@placement-api.service[88614]: [pid: 88614|app: 0|req: 12/22] 10.222.0.31 () {58 vars in 1390 bytes} [Tue May 24 16:44:19 2022] GET /placement/resource_providers/abd790e7-56ba-499f-9c0a-aeaff22e8e24/allocations => generated 54 bytes in 16 msecs (HTTP/1.1 200) 6 headers in 223 bytes (1 switches on core 0)
May 24 16:44:27.357117 n-d-843146-5 devstack@placement-api.service[88615]: DEBUG placement.requestlog [req-ede71f55-9920-4b34-b501-e3c49c389173 req-bf5032e5-3ac1-4bd7-832c-e27eb4c33e47 None None] Starting request: 10.222.0.16 "GET /placement/resource_providers/4cba1c2a-da12-4545-870f-2b7d52cf1d66/allocations" {{(pid=88615) __call__ /opt/stack/placement/placement/requestlog.py:55}}
May 24 16:44:27.372753 n-d-843146-5 devstack@placement-api.service[88615]: INFO placement.requestlog [req-ede71f55-9920-4b34-b501-e3c49c389173 req-bf5032e5-3ac1-4bd7-832c-e27eb4c33e47 service placement] 10.222.0.16 "GET /placement/resource_providers/4cba1c2a-da12-4545-870f-2b7d52cf1d66/allocations" status: 200 len: 54 microversion: 1.0
May 24 16:44:27.373099 n-d-843146-5 devstack@placement-api.service[88615]: [pid: 88615|app: 0|req: 11/23] 10.222.0.16 () {58 vars in 1390 bytes} [Tue May 24 16:44:27 2022] GET /placement/resource_providers/4cba1c2a-da12-4545-870f-2b7d52cf1d66/allocations => generated 54 bytes in 16 msecs (HTTP/1.1 200) 6 headers in 223 bytes (1 switches on core 0)
May 24 16:44:43.746042 n-d-843146-5 devstack@placement-api.service[88614]: DEBUG placement.requestlog [None req-fed8c02c-cb50-425b-b3c6-c6a9b0de5197 None None] Starting request: 10.222.0.47 "GET /placement/" {{(pid=88614) __call__ /opt/stack/placement/placement/requestlog.py:55}}
May 24 16:44:43.747001 n-d-843146-5 devstack@placement-api.service[88614]: INFO placement.requestlog [None req-fed8c02c-cb50-425b-b3c6-c6a9b0de5197 None None] 10.222.0.47 "GET /placement/" status: 200 len: 136 microversion: 1.0
May 24 16:44:43.747628 n-d-843146-5 devstack@placement-api.service[88614]: [pid: 88614|app: 0|req: 13/24] 10.222.0.47 () {54 vars in 907 bytes} [Tue May 24 16:44:43 2022] GET /placement => generated 136 bytes in 3 msecs (HTTP/1.1 200) 6 headers in 224 bytes (1 switches on core 0)
May 24 16:44:43.756056 n-d-843146-5 devstack@placement-api.service[88615]: DEBUG placement.requestlog [req-ea500270-b25b-48c1-ab2b-42ebb6950c55 req-99f127f7-6249-485b-a077-bf60588dcdfe None None] Starting request: 10.222.0.47 "GET /placement/resource_providers?name=n-h2-843146-5" {{(pid=88615) __call__ /opt/stack/placement/placement/requestlog.py:55}}
May 24 16:44:43.953678 n-d-843146-5 devstack@placement-api.service[88615]: INFO placement.requestlog [req-ea500270-b25b-48c1-ab2b-42ebb6950c55 req-99f127f7-6249-485b-a077-bf60588dcdfe service placement] 10.222.0.47 "GET /placement/resource_providers?name=n-h2-843146-5" status: 200 len: 440 microversion: 1.0
May 24 16:44:43.954252 n-d-843146-5 devstack@placement-api.service[88615]: [pid: 88615|app: 0|req: 12/25] 10.222.0.47 () {58 vars in 1274 bytes} [Tue May 24 16:44:43 2022] GET /placement/resource_providers?name=n-h2-843146-5 => generated 440 bytes in 198 msecs (HTTP/1.1 200) 6 headers in 224 bytes (1 switches on core 0)
May 24 16:44:43.960322 n-d-843146-5 devstack@placement-api.service[88614]: DEBUG placement.requestlog [req-ea500270-b25b-48c1-ab2b-42ebb6950c55 req-a6ebf3ff-37e2-4321-8e41-3ca7fa38b706 None None] Starting request: 10.222.0.47 "GET /placement/resource_providers/abd790e7-56ba-499f-9c0a-aeaff22e8e24/aggregates" {{(pid=88614) __call__ /opt/stack/placement/placement/requestlog.py:55}}
May 24 16:44:43.979583 n-d-843146-5 devstack@placement-api.service[88614]: INFO placement.requestlog [req-ea500270-b25b-48c1-ab2b-42ebb6950c55 req-a6ebf3ff-37e2-4321-8e41-3ca7fa38b706 service placement] 10.222.0.47 "GET /placement/resource_providers/abd790e7-56ba-499f-9c0a-aeaff22e8e24/aggregates" status: 200 len: 53 microversion: 1.19
May 24 16:44:43.980135 n-d-843146-5 devstack@placement-api.service[88614]: [pid: 88614|app: 0|req: 14/26] 10.222.0.47 () {60 vars in 1425 bytes} [Tue May 24 16:44:43 2022] GET /placement/resource_providers/abd790e7-56ba-499f-9c0a-aeaff22e8e24/aggregates => generated 53 bytes in 20 msecs (HTTP/1.1 200) 8 headers in 295 bytes (2 switches on core 0)
May 24 16:44:43.987620 n-d-843146-5 devstack@placement-api.service[88615]: DEBUG placement.requestlog [req-ea500270-b25b-48c1-ab2b-42ebb6950c55 req-964d3723-8e7e-440e-aa6f-9951cdde6386 None None] Starting request: 10.222.0.47 "PUT /placement/resource_providers/abd790e7-56ba-499f-9c0a-aeaff22e8e24/aggregates" {{(pid=88615) __call__ /opt/stack/placement/placement/requestlog.py:55}}
May 24 16:44:44.009106 n-d-843146-5 devstack@placement-api.service[88615]: DEBUG placement.objects.resource_provider [req-ea500270-b25b-48c1-ab2b-42ebb6950c55 req-964d3723-8e7e-440e-aa6f-9951cdde6386 service placement] _ensure_aggregate() did not find aggregate e0695c35-13ea-47fa-a6d9-0217b69add98. Attempting to create it. {{(pid=88615) _ensure_aggregate /opt/stack/placement/placement/objects/resource_provider.py:319}}
May 24 16:44:44.011908 n-d-843146-5 devstack@placement-api.service[88615]: DEBUG placement.objects.resource_provider [req-ea500270-b25b-48c1-ab2b-42ebb6950c55 req-964d3723-8e7e-440e-aa6f-9951cdde6386 service placement] _ensure_aggregate() created new aggregate e0695c35-13ea-47fa-a6d9-0217b69add98 (id=1). {{(pid=88615) _ensure_aggregate /opt/stack/placement/placement/objects/resource_provider.py:325}}
May 24 16:44:44.014060 n-d-843146-5 devstack@placement-api.service[88615]: DEBUG placement.objects.resource_provider [req-ea500270-b25b-48c1-ab2b-42ebb6950c55 req-964d3723-8e7e-440e-aa6f-9951cdde6386 service placement] Setting aggregates for provider abd790e7-56ba-499f-9c0a-aeaff22e8e24. Successfully associated aggregate e0695c35-13ea-47fa-a6d9-0217b69add98. {{(pid=88615) _set_aggregates /opt/stack/placement/placement/objects/resource_provider.py:387}}
May 24 16:44:44.026517 n-d-843146-5 devstack@placement-api.service[88615]: INFO placement.requestlog [req-ea500270-b25b-48c1-ab2b-42ebb6950c55 req-964d3723-8e7e-440e-aa6f-9951cdde6386 service placement] 10.222.0.47 "PUT /placement/resource_providers/abd790e7-56ba-499f-9c0a-aeaff22e8e24/aggregates" status: 200 len: 91 microversion: 1.19
May 24 16:44:44.026939 n-d-843146-5 devstack@placement-api.service[88615]: [pid: 88615|app: 0|req: 13/27] 10.222.0.47 () {64 vars in 1477 bytes} [Tue May 24 16:44:43 2022] PUT /placement/resource_providers/abd790e7-56ba-499f-9c0a-aeaff22e8e24/aggregates => generated 91 bytes in 40 msecs (HTTP/1.1 200) 8 headers in 295 bytes (2 switches on core 0)
May 24 16:44:44.528908 n-d-843146-5 devstack@placement-api.service[88614]: DEBUG placement.requestlog [None req-63be8d52-57fa-4870-847c-19ff844cb8c9 None None] Starting request: 10.222.0.47 "GET /placement/" {{(pid=88614) __call__ /opt/stack/placement/placement/requestlog.py:55}}
May 24 16:44:44.530162 n-d-843146-5 devstack@placement-api.service[88614]: INFO placement.requestlog [None req-63be8d52-57fa-4870-847c-19ff844cb8c9 None None] 10.222.0.47 "GET /placement/" status: 200 len: 136 microversion: 1.0
May 24 16:44:44.530764 n-d-843146-5 devstack@placement-api.service[88614]: [pid: 88614|app: 0|req: 15/28] 10.222.0.47 () {54 vars in 907 bytes} [Tue May 24 16:44:44 2022] GET /placement => generated 136 bytes in 2 msecs (HTTP/1.1 200) 6 headers in 224 bytes (1 switches on core 0)
May 24 16:44:44.537861 n-d-843146-5 devstack@placement-api.service[88615]: DEBUG placement.requestlog [req-a0b0ddc9-062e-4f92-91bd-1f64cac8397f req-92475d6f-e82e-4fb5-bef4-6592d0b04e91 None None] Starting request: 10.222.0.47 "GET /placement/resource_providers?name=n-h2-843146-5" {{(pid=88615) __call__ /opt/stack/placement/placement/requestlog.py:55}}
May 24 16:44:44.852864 n-d-843146-5 devstack@placement-api.service[88615]: INFO placement.requestlog [req-a0b0ddc9-062e-4f92-91bd-1f64cac8397f req-92475d6f-e82e-4fb5-bef4-6592d0b04e91 service placement] 10.222.0.47 "GET /placement/resource_providers?name=n-h2-843146-5" status: 200 len: 440 microversion: 1.0
May 24 16:44:44.856608 n-d-843146-5 devstack@placement-api.service[88615]: [pid: 88615|app: 0|req: 14/29] 10.222.0.47 () {58 vars in 1274 bytes} [Tue May 24 16:44:44 2022] GET /placement/resource_providers?name=n-h2-843146-5 => generated 440 bytes in 319 msecs (HTTP/1.1 200) 6 headers in 224 bytes (1 switches on core 0)
May 24 16:44:44.867430 n-d-843146-5 devstack@placement-api.service[88614]: DEBUG placement.requestlog [req-a0b0ddc9-062e-4f92-91bd-1f64cac8397f req-bfda8868-84cd-41b5-aa47-37b9ed2b77a3 None None] Starting request: 10.222.0.47 "GET /placement/resource_providers/abd790e7-56ba-499f-9c0a-aeaff22e8e24/aggregates" {{(pid=88614) __call__ /opt/stack/placement/placement/requestlog.py:55}}
May 24 16:44:44.909559 n-d-843146-5 devstack@placement-api.service[88614]: INFO placement.requestlog [req-a0b0ddc9-062e-4f92-91bd-1f64cac8397f req-bfda8868-84cd-41b5-aa47-37b9ed2b77a3 service placement] 10.222.0.47 "GET /placement/resource_providers/abd790e7-56ba-499f-9c0a-aeaff22e8e24/aggregates" status: 200 len: 91 microversion: 1.19
May 24 16:44:44.912210 n-d-843146-5 devstack@placement-api.service[88614]: [pid: 88614|app: 0|req: 16/30] 10.222.0.47 () {60 vars in 1425 bytes} [Tue May 24 16:44:44 2022] GET /placement/resource_providers/abd790e7-56ba-499f-9c0a-aeaff22e8e24/aggregates => generated 91 bytes in 46 msecs (HTTP/1.1 200) 8 headers in 295 bytes (1 switches on core 0)
May 24 16:44:44.918292 n-d-843146-5 devstack@placement-api.service[88615]: DEBUG placement.requestlog [req-a0b0ddc9-062e-4f92-91bd-1f64cac8397f req-f14ddb18-23ef-4d2b-bb03-894d253cab4f None None] Starting request: 10.222.0.47 "PUT /placement/resource_providers/abd790e7-56ba-499f-9c0a-aeaff22e8e24/aggregates" {{(pid=88615) __call__ /opt/stack/placement/placement/requestlog.py:55}}
May 24 16:44:44.947121 n-d-843146-5 devstack@placement-api.service[88615]: DEBUG placement.objects.resource_provider [req-a0b0ddc9-062e-4f92-91bd-1f64cac8397f req-f14ddb18-23ef-4d2b-bb03-894d253cab4f service placement] Setting aggregates for provider abd790e7-56ba-499f-9c0a-aeaff22e8e24. Successfully disassociated aggregate e0695c35-13ea-47fa-a6d9-0217b69add98. {{(pid=88615) _set_aggregates /opt/stack/placement/placement/objects/resource_provider.py:402}}
May 24 16:44:44.961667 n-d-843146-5 devstack@placement-api.service[88615]: INFO placement.requestlog [req-a0b0ddc9-062e-4f92-91bd-1f64cac8397f req-f14ddb18-23ef-4d2b-bb03-894d253cab4f service placement] 10.222.0.47 "PUT /placement/resource_providers/abd790e7-56ba-499f-9c0a-aeaff22e8e24/aggregates" status: 200 len: 53 microversion: 1.19
May 24 16:44:44.962758 n-d-843146-5 devstack@placement-api.service[88615]: [pid: 88615|app: 0|req: 15/31] 10.222.0.47 () {64 vars in 1477 bytes} [Tue May 24 16:44:44 2022] PUT /placement/resource_providers/abd790e7-56ba-499f-9c0a-aeaff22e8e24/aggregates => generated 53 bytes in 45 msecs (HTTP/1.1 200) 8 headers in 295 bytes (2 switches on core 0)
May 24 16:44:45.570818 n-d-843146-5 devstack@placement-api.service[88614]: DEBUG placement.requestlog [req-188c3ff9-0fef-48db-a979-200660c73dd3 req-e4794420-68f6-43b3-b42e-4943073b7645 None None] Starting request: 10.222.0.47 "GET /placement/resource_providers?name=n-h2-843146-5" {{(pid=88614) __call__ /opt/stack/placement/placement/requestlog.py:55}}
May 24 16:44:45.586040 n-d-843146-5 devstack@placement-api.service[88614]: INFO placement.requestlog [req-188c3ff9-0fef-48db-a979-200660c73dd3 req-e4794420-68f6-43b3-b42e-4943073b7645 service placement] 10.222.0.47 "GET /placement/resource_providers?name=n-h2-843146-5" status: 200 len: 440 microversion: 1.0
May 24 16:44:45.590424 n-d-843146-5 devstack@placement-api.service[88614]: [pid: 88614|app: 0|req: 17/32] 10.222.0.47 () {58 vars in 1274 bytes} [Tue May 24 16:44:45 2022] GET /placement/resource_providers?name=n-h2-843146-5 => generated 440 bytes in 20 msecs (HTTP/1.1 200) 6 headers in 224 bytes (1 switches on core 0)
May 24 16:44:45.595346 n-d-843146-5 devstack@placement-api.service[88615]: DEBUG placement.requestlog [req-188c3ff9-0fef-48db-a979-200660c73dd3 req-b9649f08-ea7e-46cc-af7f-ae9b642aed3c None None] Starting request: 10.222.0.47 "GET /placement/resource_providers/abd790e7-56ba-499f-9c0a-aeaff22e8e24/aggregates" {{(pid=88615) __call__ /opt/stack/placement/placement/requestlog.py:55}}
May 24 16:44:45.613870 n-d-843146-5 devstack@placement-api.service[88615]: INFO placement.requestlog [req-188c3ff9-0fef-48db-a979-200660c73dd3 req-b9649f08-ea7e-46cc-af7f-ae9b642aed3c service placement] 10.222.0.47 "GET /placement/resource_providers/abd790e7-56ba-499f-9c0a-aeaff22e8e24/aggregates" status: 200 len: 53 microversion: 1.19
May 24 16:44:45.622161 n-d-843146-5 devstack@placement-api.service[88614]: DEBUG placement.requestlog [req-188c3ff9-0fef-48db-a979-200660c73dd3 req-f8b8b401-3ab3-44c3-80e9-ead71e6dfd99 None None] Starting request: 10.222.0.47 "PUT /placement/resource_providers/abd790e7-56ba-499f-9c0a-aeaff22e8e24/aggregates" {{(pid=88614) __call__ /opt/stack/placement/placement/requestlog.py:55}}
May 24 16:44:45.630167 n-d-843146-5 devstack@placement-api.service[88615]: [pid: 88615|app: 0|req: 16/33] 10.222.0.47 () {60 vars in 1425 bytes} [Tue May 24 16:44:45 2022] GET /placement/resource_providers/abd790e7-56ba-499f-9c0a-aeaff22e8e24/aggregates => generated 53 bytes in 26 msecs (HTTP/1.1 200) 8 headers in 295 bytes (1 switches on core 0)
May 24 16:44:45.647979 n-d-843146-5 devstack@placement-api.service[88614]: DEBUG placement.objects.resource_provider [req-188c3ff9-0fef-48db-a979-200660c73dd3 req-f8b8b401-3ab3-44c3-80e9-ead71e6dfd99 service placement] _ensure_aggregate() did not find aggregate 304659d0-553f-41c2-b9a3-0fb88b557d3d. Attempting to create it. {{(pid=88614) _ensure_aggregate /opt/stack/placement/placement/objects/resource_provider.py:319}}
May 24 16:44:45.650344 n-d-843146-5 devstack@placement-api.service[88614]: DEBUG placement.objects.resource_provider [req-188c3ff9-0fef-48db-a979-200660c73dd3 req-f8b8b401-3ab3-44c3-80e9-ead71e6dfd99 service placement] _ensure_aggregate() created new aggregate 304659d0-553f-41c2-b9a3-0fb88b557d3d (id=2). {{(pid=88614) _ensure_aggregate /opt/stack/placement/placement/objects/resource_provider.py:325}}
May 24 16:44:45.652202 n-d-843146-5 devstack@placement-api.service[88614]: DEBUG placement.objects.resource_provider [req-188c3ff9-0fef-48db-a979-200660c73dd3 req-f8b8b401-3ab3-44c3-80e9-ead71e6dfd99 service placement] Setting aggregates for provider abd790e7-56ba-499f-9c0a-aeaff22e8e24. Successfully associated aggregate 304659d0-553f-41c2-b9a3-0fb88b557d3d. {{(pid=88614) _set_aggregates /opt/stack/placement/placement/objects/resource_provider.py:387}}
May 24 16:44:45.660738 n-d-843146-5 devstack@placement-api.service[88614]: INFO placement.requestlog [req-188c3ff9-0fef-48db-a979-200660c73dd3 req-f8b8b401-3ab3-44c3-80e9-ead71e6dfd99 service placement] 10.222.0.47 "PUT /placement/resource_providers/abd790e7-56ba-499f-9c0a-aeaff22e8e24/aggregates" status: 200 len: 91 microversion: 1.19
May 24 16:44:45.661177 n-d-843146-5 devstack@placement-api.service[88614]: [pid: 88614|app: 0|req: 18/34] 10.222.0.47 () {64 vars in 1477 bytes} [Tue May 24 16:44:45 2022] PUT /placement/resource_providers/abd790e7-56ba-499f-9c0a-aeaff22e8e24/aggregates => generated 91 bytes in 39 msecs (HTTP/1.1 200) 8 headers in 295 bytes (1 switches on core 0)
