May 26 11:49:53.252927 n-d-843127-3 devstack@placement-api.service[112095]: DEBUG placement.requestlog [req-521bf0f1-2744-4b0a-9c06-554167901df6 req-1fbc0086-3ca9-40da-b36b-415f18280ce8 None None] Starting request: 10.222.0.46 "PUT /placement/resource_providers/d58db650-41c7-44ab-82fd-55f67f8410a4/aggregates" {{(pid=112095) __call__ /opt/stack/placement/placement/requestlog.py:55}}
May 26 11:49:53.278963 n-d-843127-3 devstack@placement-api.service[112095]: DEBUG placement.objects.resource_provider [req-521bf0f1-2744-4b0a-9c06-554167901df6 req-1fbc0086-3ca9-40da-b36b-415f18280ce8 service placement] _ensure_aggregate() did not find aggregate a0925031-7e0d-4d37-a3fc-9138b95dac0b. Attempting to create it. {{(pid=112095) _ensure_aggregate /opt/stack/placement/placement/objects/resource_provider.py:321}}
May 26 11:49:53.278963 n-d-843127-3 devstack@placement-api.service[112095]: DEBUG placement.objects.resource_provider [req-521bf0f1-2744-4b0a-9c06-554167901df6 req-1fbc0086-3ca9-40da-b36b-415f18280ce8 service placement] _ensure_aggregate() created new aggregate a0925031-7e0d-4d37-a3fc-9138b95dac0b (id=1). {{(pid=112095) _ensure_aggregate /opt/stack/placement/placement/objects/resource_provider.py:327}}
May 26 11:49:53.278963 n-d-843127-3 devstack@placement-api.service[112095]: DEBUG placement.objects.resource_provider [req-521bf0f1-2744-4b0a-9c06-554167901df6 req-1fbc0086-3ca9-40da-b36b-415f18280ce8 service placement] Setting aggregates for provider d58db650-41c7-44ab-82fd-55f67f8410a4. Successfully associated aggregate a0925031-7e0d-4d37-a3fc-9138b95dac0b. {{(pid=112095) _set_aggregates /opt/stack/placement/placement/objects/resource_provider.py:389}}
May 26 11:49:53.312877 n-d-843127-3 devstack@placement-api.service[112094]: DEBUG placement.requestlog [req-33179f0d-e3bb-4326-9317-cdd5d340480f req-61722a04-7b16-4998-afc5-7566b94116ea None None] Starting request: 10.222.0.46 "GET /placement/allocations/290d2f6c-cf78-454f-91d0-3045dd866a08" {{(pid=112094) __call__ /opt/stack/placement/placement/requestlog.py:55}}
May 26 11:49:53.323777 n-d-843127-3 devstack@placement-api.service[112094]: INFO placement.requestlog [req-33179f0d-e3bb-4326-9317-cdd5d340480f req-61722a04-7b16-4998-afc5-7566b94116ea service placement] 10.222.0.46 "GET /placement/allocations/290d2f6c-cf78-454f-91d0-3045dd866a08" status: 200 len: 19 microversion: 1.28
May 26 11:49:53.324118 n-d-843127-3 devstack@placement-api.service[112094]: [pid: 112094|app: 0|req: 13/27] 10.222.0.46 () {60 vars in 1380 bytes} [Thu May 26 11:49:53 2022] GET /placement/allocations/290d2f6c-cf78-454f-91d0-3045dd866a08 => generated 19 bytes in 14 msecs (HTTP/1.1 200) 8 headers in 295 bytes (2 switches on core 0)
May 26 11:49:53.330289 n-d-843127-3 devstack@placement-api.service[112094]: DEBUG placement.requestlog [req-33179f0d-e3bb-4326-9317-cdd5d340480f req-d81edb29-7b86-4a12-8a64-a045ac1ed460 None None] Starting request: 10.222.0.46 "PUT /placement/allocations/290d2f6c-cf78-454f-91d0-3045dd866a08" {{(pid=112094) __call__ /opt/stack/placement/placement/requestlog.py:55}}
May 26 11:49:53.364032 n-d-843127-3 devstack@placement-api.service[112095]: INFO placement.requestlog [req-521bf0f1-2744-4b0a-9c06-554167901df6 req-1fbc0086-3ca9-40da-b36b-415f18280ce8 service placement] 10.222.0.46 "PUT /placement/resource_providers/d58db650-41c7-44ab-82fd-55f67f8410a4/aggregates" status: 200 len: 91 microversion: 1.19
May 26 11:49:53.367814 n-d-843127-3 devstack@placement-api.service[112095]: [pid: 112095|app: 0|req: 15/28] 10.222.0.46 () {64 vars in 1477 bytes} [Thu May 26 11:49:53 2022] PUT /placement/resource_providers/d58db650-41c7-44ab-82fd-55f67f8410a4/aggregates => generated 91 bytes in 115 msecs (HTTP/1.1 200) 8 headers in 295 bytes (1 switches on core 0)
May 26 11:49:53.749604 n-d-843127-3 devstack@placement-api.service[112094]: DEBUG placement.handlers.allocation [req-33179f0d-e3bb-4326-9317-cdd5d340480f req-d81edb29-7b86-4a12-8a64-a045ac1ed460 service placement] Successfully wrote allocations [, , ] {{(pid=112094) _update_consumers_and_create_allocations /opt/stack/placement/placement/handlers/allocation.py:462}}
May 26 11:49:53.814897 n-d-843127-3 devstack@placement-api.service[112094]: INFO placement.requestlog [req-33179f0d-e3bb-4326-9317-cdd5d340480f req-d81edb29-7b86-4a12-8a64-a045ac1ed460 service placement] 10.222.0.46 "PUT /placement/allocations/290d2f6c-cf78-454f-91d0-3045dd866a08" status: 204 len: 0 microversion: 1.36
May 26 11:49:53.815312 n-d-843127-3 devstack@placement-api.service[112094]: [pid: 112094|app: 0|req: 14/29] 10.222.0.46 () {64 vars in 1433 bytes} [Thu May 26 11:49:53 2022] PUT /placement/allocations/290d2f6c-cf78-454f-91d0-3045dd866a08 => generated 0 bytes in 485 msecs (HTTP/1.1 204) 5 headers in 199 bytes (2 switches on core 0)
May 26 11:49:54.555648 n-d-843127-3 devstack@placement-api.service[112095]: DEBUG placement.requestlog [None req-f87e8e55-747c-488b-87e2-ee17ff096c0b None None] Starting request: 10.222.0.46 "GET /placement/" {{(pid=112095) __call__ /opt/stack/placement/placement/requestlog.py:55}}
May 26 11:49:54.556665 n-d-843127-3 devstack@placement-api.service[112095]: INFO placement.requestlog [None req-f87e8e55-747c-488b-87e2-ee17ff096c0b None None] 10.222.0.46 "GET /placement/" status: 200 len: 136 microversion: 1.0
May 26 11:49:54.557203 n-d-843127-3 devstack@placement-api.service[112095]: [pid: 112095|app: 0|req: 16/30] 10.222.0.46 () {54 vars in 907 bytes} [Thu May 26 11:49:54 2022] GET /placement => generated 136 bytes in 2 msecs (HTTP/1.1 200) 6 headers in 224 bytes (1 switches on core 0)
May 26 11:49:54.573458 n-d-843127-3 devstack@placement-api.service[112094]: DEBUG placement.requestlog [req-8b0421cf-69ac-4564-aa2d-e45935d355fe req-eea0183b-172d-4c1b-acb4-7098fbf41160 None None] Starting request: 10.222.0.46 "GET /placement/resource_providers?name=n-h2-843127-3" {{(pid=112094) __call__ /opt/stack/placement/placement/requestlog.py:55}}
May 26 11:49:54.915215 n-d-843127-3 devstack@placement-api.service[112094]: INFO placement.requestlog [req-8b0421cf-69ac-4564-aa2d-e45935d355fe req-eea0183b-172d-4c1b-acb4-7098fbf41160 service placement] 10.222.0.46 "GET /placement/resource_providers?name=n-h2-843127-3" status: 200 len: 440 microversion: 1.0
May 26 11:49:54.916021 n-d-843127-3 devstack@placement-api.service[112094]: [pid: 112094|app: 0|req: 15/31] 10.222.0.46 () {58 vars in 1274 bytes} [Thu May 26 11:49:54 2022] GET /placement/resource_providers?name=n-h2-843127-3 => generated 440 bytes in 343 msecs (HTTP/1.1 200) 6 headers in 224 bytes (1 switches on core 0)
May 26 11:49:54.922995 n-d-843127-3 devstack@placement-api.service[112095]: DEBUG placement.requestlog [req-8b0421cf-69ac-4564-aa2d-e45935d355fe req-b4c92263-c741-484c-b307-dfb33d1bbd8b None None] Starting request: 10.222.0.46 "GET /placement/resource_providers/d58db650-41c7-44ab-82fd-55f67f8410a4/aggregates" {{(pid=112095) __call__ /opt/stack/placement/placement/requestlog.py:55}}
May 26 11:49:54.940119 n-d-843127-3 devstack@placement-api.service[112095]: INFO placement.requestlog [req-8b0421cf-69ac-4564-aa2d-e45935d355fe req-b4c92263-c741-484c-b307-dfb33d1bbd8b service placement] 10.222.0.46 "GET /placement/resource_providers/d58db650-41c7-44ab-82fd-55f67f8410a4/aggregates" status: 200 len: 91 microversion: 1.19
May 26 11:49:54.941119 n-d-843127-3 devstack@placement-api.service[112095]: [pid: 112095|app: 0|req: 17/32] 10.222.0.46 () {60 vars in 1425 bytes} [Thu May 26 11:49:54 2022] GET /placement/resource_providers/d58db650-41c7-44ab-82fd-55f67f8410a4/aggregates => generated 91 bytes in 18 msecs (HTTP/1.1 200) 8 headers in 295 bytes (1 switches on core 0)
May 26 11:49:54.949029 n-d-843127-3 devstack@placement-api.service[112094]: DEBUG placement.requestlog [req-8b0421cf-69ac-4564-aa2d-e45935d355fe req-61b3c47b-71d5-4e79-b13c-e266712e5d2b None None] Starting request: 10.222.0.46 "PUT /placement/resource_providers/d58db650-41c7-44ab-82fd-55f67f8410a4/aggregates" {{(pid=112094) __call__ /opt/stack/placement/placement/requestlog.py:55}}
May 26 11:49:54.969720 n-d-843127-3 devstack@placement-api.service[112094]: DEBUG placement.objects.resource_provider [req-8b0421cf-69ac-4564-aa2d-e45935d355fe req-61b3c47b-71d5-4e79-b13c-e266712e5d2b service placement] Setting aggregates for provider d58db650-41c7-44ab-82fd-55f67f8410a4. Successfully disassociated aggregate a0925031-7e0d-4d37-a3fc-9138b95dac0b. {{(pid=112094) _set_aggregates /opt/stack/placement/placement/objects/resource_provider.py:404}}
May 26 11:49:55.038717 n-d-843127-3 devstack@placement-api.service[112094]: INFO placement.requestlog [req-8b0421cf-69ac-4564-aa2d-e45935d355fe req-61b3c47b-71d5-4e79-b13c-e266712e5d2b service placement] 10.222.0.46 "PUT /placement/resource_providers/d58db650-41c7-44ab-82fd-55f67f8410a4/aggregates" status: 200 len: 53 microversion: 1.19
May 26 11:49:55.039242 n-d-843127-3 devstack@placement-api.service[112094]: [pid: 112094|app: 0|req: 16/33] 10.222.0.46 () {64 vars in 1477 bytes} [Thu May 26 11:49:54 2022] PUT /placement/resource_providers/d58db650-41c7-44ab-82fd-55f67f8410a4/aggregates => generated 53 bytes in 91 msecs (HTTP/1.1 200) 8 headers in 295 bytes (1 switches on core 0)
May 26 11:49:55.544781 n-d-843127-3 devstack@placement-api.service[112095]: DEBUG placement.requestlog [req-33179f0d-e3bb-4326-9317-cdd5d340480f req-1d7b2e0b-985a-4ae3-8af0-82803a6f42c5 None None] Starting request: 10.222.0.50 "GET /placement/allocations/290d2f6c-cf78-454f-91d0-3045dd866a08" {{(pid=112095) __call__ /opt/stack/placement/placement/requestlog.py:55}}
May 26 11:49:55.573341 n-d-843127-3 devstack@placement-api.service[112095]: INFO placement.requestlog [req-33179f0d-e3bb-4326-9317-cdd5d340480f req-1d7b2e0b-985a-4ae3-8af0-82803a6f42c5 service placement] 10.222.0.50 "GET /placement/allocations/290d2f6c-cf78-454f-91d0-3045dd866a08" status: 200 len: 258 microversion: 1.28
May 26 11:49:55.574993 n-d-843127-3 devstack@placement-api.service[112095]: [pid: 112095|app: 0|req: 18/34] 10.222.0.50 () {60 vars in 1377 bytes} [Thu May 26 11:49:55 2022] GET /placement/allocations/290d2f6c-cf78-454f-91d0-3045dd866a08 => generated 258 bytes in 30 msecs (HTTP/1.1 200) 8 headers in 296 bytes (1 switches on core 0)
May 26 11:49:56.151311 n-d-843127-3 devstack@placement-api.service[112094]: DEBUG placement.requestlog [req-61b8021c-60d7-4aa0-aef9-853732e2d734 req-fc1d145d-d445-4331-9c71-58a3197c7b63 None None] Starting request: 10.222.0.46 "GET /placement/resource_providers?name=n-h2-843127-3" {{(pid=112094) __call__ /opt/stack/placement/placement/requestlog.py:55}}
May 26 11:49:56.162048 n-d-843127-3 devstack@placement-api.service[112094]: INFO placement.requestlog [req-61b8021c-60d7-4aa0-aef9-853732e2d734 req-fc1d145d-d445-4331-9c71-58a3197c7b63 service placement] 10.222.0.46 "GET /placement/resource_providers?name=n-h2-843127-3" status: 200 len: 440 microversion: 1.0
May 26 11:49:56.162550 n-d-843127-3 devstack@placement-api.service[112094]: [pid: 112094|app: 0|req: 17/35] 10.222.0.46 () {58 vars in 1274 bytes} [Thu May 26 11:49:56 2022] GET /placement/resource_providers?name=n-h2-843127-3 => generated 440 bytes in 12 msecs (HTTP/1.1 200) 6 headers in 224 bytes (1 switches on core 0)
May 26 11:49:56.169229 n-d-843127-3 devstack@placement-api.service[112095]: DEBUG placement.requestlog [req-61b8021c-60d7-4aa0-aef9-853732e2d734 req-c2ea3eb4-db67-482f-a1a6-9cbbd49d401c None None] Starting request: 10.222.0.46 "GET /placement/resource_providers/d58db650-41c7-44ab-82fd-55f67f8410a4/aggregates" {{(pid=112095) __call__ /opt/stack/placement/placement/requestlog.py:55}}
May 26 11:49:56.186831 n-d-843127-3 devstack@placement-api.service[112095]: INFO placement.requestlog [req-61b8021c-60d7-4aa0-aef9-853732e2d734 req-c2ea3eb4-db67-482f-a1a6-9cbbd49d401c service placement] 10.222.0.46 "GET /placement/resource_providers/d58db650-41c7-44ab-82fd-55f67f8410a4/aggregates" status: 200 len: 53 microversion: 1.19
May 26 11:49:56.187200 n-d-843127-3 devstack@placement-api.service[112095]: [pid: 112095|app: 0|req: 19/36] 10.222.0.46 () {60 vars in 1425 bytes} [Thu May 26 11:49:56 2022] GET /placement/resource_providers/d58db650-41c7-44ab-82fd-55f67f8410a4/aggregates => generated 53 bytes in 19 msecs (HTTP/1.1 200) 8 headers in 295 bytes (1 switches on core 0)
May 26 11:49:56.196289 n-d-843127-3 devstack@placement-api.service[112094]: DEBUG placement.requestlog [req-61b8021c-60d7-4aa0-aef9-853732e2d734 req-f93b841d-6967-45b0-892e-00306560317d None None] Starting request: 10.222.0.46 "PUT /placement/resource_providers/d58db650-41c7-44ab-82fd-55f67f8410a4/aggregates" {{(pid=112094) __call__ /opt/stack/placement/placement/requestlog.py:55}}
May 26 11:49:56.212756 n-d-843127-3 devstack@placement-api.service[112094]: DEBUG placement.objects.resource_provider [req-61b8021c-60d7-4aa0-aef9-853732e2d734 req-f93b841d-6967-45b0-892e-00306560317d service placement] _ensure_aggregate() did not find aggregate cb4cd9f0-cea1-45a5-9750-65afce49886e. Attempting to create it. {{(pid=112094) _ensure_aggregate /opt/stack/placement/placement/objects/resource_provider.py:321}}
May 26 11:49:56.214617 n-d-843127-3 devstack@placement-api.service[112094]: DEBUG placement.objects.resource_provider [req-61b8021c-60d7-4aa0-aef9-853732e2d734 req-f93b841d-6967-45b0-892e-00306560317d service placement] _ensure_aggregate() created new aggregate cb4cd9f0-cea1-45a5-9750-65afce49886e (id=2). {{(pid=112094) _ensure_aggregate /opt/stack/placement/placement/objects/resource_provider.py:327}}
May 26 11:49:56.219646 n-d-843127-3 devstack@placement-api.service[112094]: DEBUG placement.objects.resource_provider [req-61b8021c-60d7-4aa0-aef9-853732e2d734 req-f93b841d-6967-45b0-892e-00306560317d service placement] Setting aggregates for provider d58db650-41c7-44ab-82fd-55f67f8410a4. Successfully associated aggregate cb4cd9f0-cea1-45a5-9750-65afce49886e. {{(pid=112094) _set_aggregates /opt/stack/placement/placement/objects/resource_provider.py:389}}
May 26 11:49:56.352381 n-d-843127-3 devstack@placement-api.service[112094]: INFO placement.requestlog [req-61b8021c-60d7-4aa0-aef9-853732e2d734 req-f93b841d-6967-45b0-892e-00306560317d service placement] 10.222.0.46 "PUT /placement/resource_providers/d58db650-41c7-44ab-82fd-55f67f8410a4/aggregates" status: 200 len: 91 microversion: 1.19
May 26 11:49:56.353074 n-d-843127-3 devstack@placement-api.service[112094]: [pid: 112094|app: 0|req: 18/37] 10.222.0.46 () {64 vars in 1477 bytes} [Thu May 26 11:49:56 2022] PUT /placement/resource_providers/d58db650-41c7-44ab-82fd-55f67f8410a4/aggregates => generated 91 bytes in 157 msecs (HTTP/1.1 200) 8 headers in 295 bytes (1 switches on core 0)
May 26 11:49:58.402141 n-d-843127-3 devstack@placement-api.service[112095]: DEBUG placement.requestlog [req-eca7a3ef-0329-44f9-966c-ad917d866371 req-33213822-c125-4a4b-97e6-7ecc670501d9 None None] Starting request: 10.222.0.46 "GET /placement/allocation_candidates?limit=1000&member_of=in%3Acb4cd9f0-cea1-45a5-9750-65afce49886e&resources=DISK_GB%3A1%2CMEMORY_MB%3A1024%2CVCPU%3A1&root_required=%21COMPUTE_STATUS_DISABLED" {{(pid=112095) __call__ /opt/stack/placement/placement/requestlog.py:55}}
May 26 11:49:58.464083 n-d-843127-3 devstack@placement-api.service[112095]: DEBUG placement.objects.research_context [req-eca7a3ef-0329-44f9-966c-ad917d866371 req-33213822-c125-4a4b-97e6-7ecc670501d9 service placement] getting providers with 1 DISK_GB {{(pid=112095) __init__ /opt/stack/placement/placement/objects/research_context.py:136}}
May 26 11:49:58.474380 n-d-843127-3 devstack@placement-api.service[112095]: DEBUG placement.objects.research_context [req-eca7a3ef-0329-44f9-966c-ad917d866371 req-33213822-c125-4a4b-97e6-7ecc670501d9 service placement] getting providers with 1024 MEMORY_MB {{(pid=112095) __init__ /opt/stack/placement/placement/objects/research_context.py:136}}
May 26 11:49:58.482197 n-d-843127-3 devstack@placement-api.service[112095]: DEBUG placement.objects.research_context [req-eca7a3ef-0329-44f9-966c-ad917d866371 req-33213822-c125-4a4b-97e6-7ecc670501d9 service placement] getting providers with 1 VCPU {{(pid=112095) __init__ /opt/stack/placement/placement/objects/research_context.py:136}}
May 26 11:49:58.489004 n-d-843127-3 devstack@placement-api.service[112095]: DEBUG placement.objects.research_context [req-eca7a3ef-0329-44f9-966c-ad917d866371 req-33213822-c125-4a4b-97e6-7ecc670501d9 service placement] found 1 providers after applying required aggregates filter ([{'cb4cd9f0-cea1-45a5-9750-65afce49886e'}]) {{(pid=112095) get_provider_ids_for_traits_and_aggs /opt/stack/placement/placement/objects/research_context.py:1158}}
May 26 11:49:58.489972 n-d-843127-3 devstack@placement-api.service[112095]: DEBUG placement.objects.research_context [req-eca7a3ef-0329-44f9-966c-ad917d866371 req-33213822-c125-4a4b-97e6-7ecc670501d9 service placement] found 2 providers with available 1 DISK_GB {{(pid=112095) get_provider_ids_matching /opt/stack/placement/placement/objects/research_context.py:563}}
May 26 11:49:58.490549 n-d-843127-3 devstack@placement-api.service[112095]: DEBUG placement.objects.research_context [req-eca7a3ef-0329-44f9-966c-ad917d866371 req-33213822-c125-4a4b-97e6-7ecc670501d9 service placement] found 1 providers after applying initial aggregate and trait filters {{(pid=112095) get_provider_ids_matching /opt/stack/placement/placement/objects/research_context.py:575}}
May 26 11:49:58.491002 n-d-843127-3 devstack@placement-api.service[112095]: DEBUG placement.objects.research_context [req-eca7a3ef-0329-44f9-966c-ad917d866371 req-33213822-c125-4a4b-97e6-7ecc670501d9 service placement] found 2 providers with available 1024 MEMORY_MB {{(pid=112095) get_provider_ids_matching /opt/stack/placement/placement/objects/research_context.py:563}}
May 26 11:49:58.491629 n-d-843127-3 devstack@placement-api.service[112095]: DEBUG placement.objects.research_context [req-eca7a3ef-0329-44f9-966c-ad917d866371 req-33213822-c125-4a4b-97e6-7ecc670501d9 service placement] found 1 providers after filtering by previous result {{(pid=112095) get_provider_ids_matching /opt/stack/placement/placement/objects/research_context.py:594}}
May 26 11:49:58.492022 n-d-843127-3 devstack@placement-api.service[112095]: DEBUG placement.objects.research_context [req-eca7a3ef-0329-44f9-966c-ad917d866371 req-33213822-c125-4a4b-97e6-7ecc670501d9 service placement] found 2 providers with available 1 VCPU {{(pid=112095) get_provider_ids_matching /opt/stack/placement/placement/objects/research_context.py:563}}
May 26 11:49:58.492615 n-d-843127-3 devstack@placement-api.service[112095]: DEBUG placement.objects.research_context [req-eca7a3ef-0329-44f9-966c-ad917d866371 req-33213822-c125-4a4b-97e6-7ecc670501d9 service placement] found 1 providers after filtering by previous result {{(pid=112095) get_provider_ids_matching /opt/stack/placement/placement/objects/research_context.py:594}}
May 26 11:49:58.509803 n-d-843127-3 devstack@placement-api.service[112095]: DEBUG placement.objects.allocation_candidate [req-eca7a3ef-0329-44f9-966c-ad917d866371 req-33213822-c125-4a4b-97e6-7ecc670501d9 service placement] RequestGroup(use_same_provider=False, resources={DISK_GB:1, MEMORY_MB:1024, VCPU:1}, traits=(), aggregates=[[cb4cd9f0-cea1-45a5-9750-65afce49886e]]) (suffix '') returned 1 matches {{(pid=112095) _get_by_requests /opt/stack/placement/placement/objects/allocation_candidate.py:156}}
May 26 11:49:58.510569 n-d-843127-3 devstack@placement-api.service[112095]: DEBUG placement.objects.allocation_candidate [req-eca7a3ef-0329-44f9-966c-ad917d866371 req-33213822-c125-4a4b-97e6-7ecc670501d9 service placement] Merging candidates yields 1 allocation requests and 1 provider summaries {{(pid=112095) _merge_candidates /opt/stack/placement/placement/objects/allocation_candidate.py:809}}
May 26 11:49:58.513415 n-d-843127-3 devstack@placement-api.service[112095]: INFO placement.requestlog [req-eca7a3ef-0329-44f9-966c-ad917d866371 req-33213822-c125-4a4b-97e6-7ecc670501d9 service placement] 10.222.0.46 "GET /placement/allocation_candidates?limit=1000&member_of=in%3Acb4cd9f0-cea1-45a5-9750-65afce49886e&resources=DISK_GB%3A1%2CMEMORY_MB%3A1024%2CVCPU%3A1&root_required=%21COMPUTE_STATUS_DISABLED" status: 200 len: 676 microversion: 1.36
May 26 11:49:58.514799 n-d-843127-3 devstack@placement-api.service[112095]: [pid: 112095|app: 0|req: 20/38] 10.222.0.46 () {60 vars in 1610 bytes} [Thu May 26 11:49:58 2022] GET /placement/allocation_candidates?limit=1000&member_of=in%3Acb4cd9f0-cea1-45a5-9750-65afce49886e&resources=DISK_GB%3A1%2CMEMORY_MB%3A1024%2CVCPU%3A1&root_required=%21COMPUTE_STATUS_DISABLED => generated 676 bytes in 113 msecs (HTTP/1.1 200) 8 headers in 296 bytes (1 switches on core 0)
May 26 11:49:58.736650 n-d-843127-3 devstack@placement-api.service[112094]: DEBUG placement.requestlog [req-eca7a3ef-0329-44f9-966c-ad917d866371 req-9e2852d0-03e0-465e-a98c-4ca68b242248 None None] Starting request: 10.222.0.46 "GET /placement/allocations/ca74f912-3a5e-4f78-ace7-60303f36d96a" {{(pid=112094) __call__ /opt/stack/placement/placement/requestlog.py:55}}
May 26 11:49:58.755220 n-d-843127-3 devstack@placement-api.service[112094]: INFO placement.requestlog [req-eca7a3ef-0329-44f9-966c-ad917d866371 req-9e2852d0-03e0-465e-a98c-4ca68b242248 service placement] 10.222.0.46 "GET /placement/allocations/ca74f912-3a5e-4f78-ace7-60303f36d96a" status: 200 len: 19 microversion: 1.28
May 26 11:49:58.767914 n-d-843127-3 devstack@placement-api.service[112094]: [pid: 112094|app: 0|req: 19/39] 10.222.0.46 () {60 vars in 1380 bytes} [Thu May 26 11:49:58 2022] GET /placement/allocations/ca74f912-3a5e-4f78-ace7-60303f36d96a => generated 19 bytes in 28 msecs (HTTP/1.1 200) 8 headers in 295 bytes (1 switches on core 0)
May 26 11:49:58.768003 n-d-843127-3 devstack@placement-api.service[112095]: DEBUG placement.requestlog [req-eca7a3ef-0329-44f9-966c-ad917d866371 req-64537fc6-8310-439b-b2ad-53867732762b None None] Starting request: 10.222.0.46 "PUT /placement/allocations/ca74f912-3a5e-4f78-ace7-60303f36d96a" {{(pid=112095) __call__ /opt/stack/placement/placement/requestlog.py:55}}
May 26 11:49:59.140337 n-d-843127-3 devstack@placement-api.service[112095]: DEBUG placement.handlers.allocation [req-eca7a3ef-0329-44f9-966c-ad917d866371 req-64537fc6-8310-439b-b2ad-53867732762b service placement] Successfully wrote allocations [, , ] {{(pid=112095) _update_consumers_and_create_allocations /opt/stack/placement/placement/handlers/allocation.py:462}}
May 26 11:49:59.290757 n-d-843127-3 devstack@placement-api.service[112095]: INFO placement.requestlog [req-eca7a3ef-0329-44f9-966c-ad917d866371 req-64537fc6-8310-439b-b2ad-53867732762b service placement] 10.222.0.46 "PUT /placement/allocations/ca74f912-3a5e-4f78-ace7-60303f36d96a" status: 204 len: 0 microversion: 1.36
May 26 11:49:59.291418 n-d-843127-3 devstack@placement-api.service[112095]: [pid: 112095|app: 0|req: 21/40] 10.222.0.46 () {64 vars in 1433 bytes} [Thu May 26 11:49:58 2022] PUT /placement/allocations/ca74f912-3a5e-4f78-ace7-60303f36d96a => generated 0 bytes in 524 msecs (HTTP/1.1 204) 5 headers in 199 bytes (2 switches on core 0)
May 26 11:50:01.283952 n-d-843127-3 devstack@placement-api.service[112094]: DEBUG placement.requestlog [req-eca7a3ef-0329-44f9-966c-ad917d866371 req-c3b20cda-f2b4-47db-b33e-2203b9ef385c None None] Starting request: 10.222.0.58 "GET /placement/allocations/ca74f912-3a5e-4f78-ace7-60303f36d96a" {{(pid=112094) __call__ /opt/stack/placement/placement/requestlog.py:55}}
May 26 11:50:01.322189 n-d-843127-3 devstack@placement-api.service[112094]: INFO placement.requestlog [req-eca7a3ef-0329-44f9-966c-ad917d866371 req-c3b20cda-f2b4-47db-b33e-2203b9ef385c service placement] 10.222.0.58 "GET /placement/allocations/ca74f912-3a5e-4f78-ace7-60303f36d96a" status: 200 len: 258 microversion: 1.28
May 26 11:50:01.322189 n-d-843127-3 devstack@placement-api.service[112094]: [pid: 112094|app: 0|req: 20/41] 10.222.0.58 () {60 vars in 1377 bytes} [Thu May 26 11:50:01 2022] GET /placement/allocations/ca74f912-3a5e-4f78-ace7-60303f36d96a => generated 258 bytes in 36 msecs (HTTP/1.1 200) 8 headers in 296 bytes (1 switches on core 0)
May 26 11:50:09.139905 n-d-843127-3 devstack@placement-api.service[112095]: DEBUG dbcounter [-] [112095] Writing DB stats placement:SELECT=48,placement:INSERT=8,placement:UPDATE=3,placement:DELETE=2 {{(pid=112095) stat_writer /usr/local/lib/python3.8/dist-packages/dbcounter.py:114}}
May 26 11:50:11.313303 n-d-843127-3 devstack@placement-api.service[112094]: DEBUG dbcounter [-] [112094] Writing DB stats placement:SELECT=52,placement:INSERT=8,placement:DELETE=3,placement:UPDATE=4 {{(pid=112094) stat_writer /usr/local/lib/python3.8/dist-packages/dbcounter.py:114}}
May 26 11:50:14.863753 n-d-843127-3 devstack@placement-api.service[112095]: DEBUG placement.requestlog [req-18ba8c65-0cc6-41fa-be1e-edb6a16dc9c1 req-b3dd7184-ffa4-4a4d-acbf-6b6553ac16cc None None] Starting request: 10.222.0.46 "GET /placement/allocation_candidates?limit=1000&resources=DISK_GB%3A1%2CMEMORY_MB%3A1024%2CVCPU%3A1&root_required=%21COMPUTE_STATUS_DISABLED" {{(pid=112095) __call__ /opt/stack/placement/placement/requestlog.py:55}}
May 26 11:50:14.962143 n-d-843127-3 devstack@placement-api.service[112095]: DEBUG placement.objects.research_context [req-18ba8c65-0cc6-41fa-be1e-edb6a16dc9c1 req-b3dd7184-ffa4-4a4d-acbf-6b6553ac16cc service placement] getting providers with 1 DISK_GB {{(pid=112095) __init__ /opt/stack/placement/placement/objects/research_context.py:136}}
May 26 11:50:14.990167 n-d-843127-3 devstack@placement-api.service[112095]: DEBUG placement.objects.research_context [req-18ba8c65-0cc6-41fa-be1e-edb6a16dc9c1 req-b3dd7184-ffa4-4a4d-acbf-6b6553ac16cc service placement] getting providers with 1024 MEMORY_MB {{(pid=112095) __init__ /opt/stack/placement/placement/objects/research_context.py:136}}
May 26 11:50:15.012701 n-d-843127-3 devstack@placement-api.service[112095]: DEBUG placement.objects.research_context [req-18ba8c65-0cc6-41fa-be1e-edb6a16dc9c1 req-b3dd7184-ffa4-4a4d-acbf-6b6553ac16cc service placement] getting providers with 1 VCPU {{(pid=112095) __init__ /opt/stack/placement/placement/objects/research_context.py:136}}
May 26 11:50:15.039003 n-d-843127-3 devstack@placement-api.service[112095]: DEBUG placement.objects.research_context [req-18ba8c65-0cc6-41fa-be1e-edb6a16dc9c1 req-b3dd7184-ffa4-4a4d-acbf-6b6553ac16cc service placement] found 2 providers with available 1 DISK_GB {{(pid=112095) get_provider_ids_matching /opt/stack/placement/placement/objects/research_context.py:563}}
May 26 11:50:15.039989 n-d-843127-3 devstack@placement-api.service[112095]: DEBUG placement.objects.research_context [req-18ba8c65-0cc6-41fa-be1e-edb6a16dc9c1 req-b3dd7184-ffa4-4a4d-acbf-6b6553ac16cc service placement] found 2 providers with available 1024 MEMORY_MB {{(pid=112095) get_provider_ids_matching /opt/stack/placement/placement/objects/research_context.py:563}}
May 26 11:50:15.040283 n-d-843127-3 devstack@placement-api.service[112095]: DEBUG placement.objects.research_context [req-18ba8c65-0cc6-41fa-be1e-edb6a16dc9c1 req-b3dd7184-ffa4-4a4d-acbf-6b6553ac16cc service placement] found 2 providers after filtering by previous result {{(pid=112095) get_provider_ids_matching /opt/stack/placement/placement/objects/research_context.py:594}}
May 26 11:50:15.040562 n-d-843127-3 devstack@placement-api.service[112095]: DEBUG placement.objects.research_context [req-18ba8c65-0cc6-41fa-be1e-edb6a16dc9c1 req-b3dd7184-ffa4-4a4d-acbf-6b6553ac16cc service placement] found 2 providers with available 1 VCPU {{(pid=112095) get_provider_ids_matching /opt/stack/placement/placement/objects/research_context.py:563}}
May 26 11:50:15.048351 n-d-843127-3 devstack@placement-api.service[112095]: DEBUG placement.objects.research_context [req-18ba8c65-0cc6-41fa-be1e-edb6a16dc9c1 req-b3dd7184-ffa4-4a4d-acbf-6b6553ac16cc service placement] found 2 providers after filtering by previous result {{(pid=112095) get_provider_ids_matching /opt/stack/placement/placement/objects/research_context.py:594}}
May 26 11:50:15.086773 n-d-843127-3 devstack@placement-api.service[112095]: DEBUG placement.objects.allocation_candidate [req-18ba8c65-0cc6-41fa-be1e-edb6a16dc9c1 req-b3dd7184-ffa4-4a4d-acbf-6b6553ac16cc service placement] RequestGroup(use_same_provider=False, resources={DISK_GB:1, MEMORY_MB:1024, VCPU:1}, traits=(), aggregates=[]) (suffix '') returned 2 matches {{(pid=112095) _get_by_requests /opt/stack/placement/placement/objects/allocation_candidate.py:156}}
May 26 11:50:15.086773 n-d-843127-3 devstack@placement-api.service[112095]: DEBUG placement.objects.allocation_candidate [req-18ba8c65-0cc6-41fa-be1e-edb6a16dc9c1 req-b3dd7184-ffa4-4a4d-acbf-6b6553ac16cc service placement] Merging candidates yields 2 allocation requests and 2 provider summaries {{(pid=112095) _merge_candidates /opt/stack/placement/placement/objects/allocation_candidate.py:809}}
May 26 11:50:15.092865 n-d-843127-3 devstack@placement-api.service[112095]: INFO placement.requestlog [req-18ba8c65-0cc6-41fa-be1e-edb6a16dc9c1 req-b3dd7184-ffa4-4a4d-acbf-6b6553ac16cc service placement] 10.222.0.46 "GET /placement/allocation_candidates?limit=1000&resources=DISK_GB%3A1%2CMEMORY_MB%3A1024%2CVCPU%3A1&root_required=%21COMPUTE_STATUS_DISABLED" status: 200 len: 1309 microversion: 1.36
May 26 11:50:15.092865 n-d-843127-3 devstack@placement-api.service[112095]: [pid: 112095|app: 0|req: 22/42] 10.222.0.46 () {60 vars in 1506 bytes} [Thu May 26 11:50:14 2022] GET /placement/allocation_candidates?limit=1000&resources=DISK_GB%3A1%2CMEMORY_MB%3A1024%2CVCPU%3A1&root_required=%21COMPUTE_STATUS_DISABLED => generated 1309 bytes in 227 msecs (HTTP/1.1 200) 8 headers in 297 bytes (1 switches on core 0)
May 26 11:50:15.195780 n-d-843127-3 devstack@placement-api.service[112094]: DEBUG placement.requestlog [req-18ba8c65-0cc6-41fa-be1e-edb6a16dc9c1 req-1721d3be-5653-4308-beae-9f6f8e05310c None None] Starting request: 10.222.0.46 "GET /placement/allocations/c0c959fb-5678-40f5-8839-1213cadc2782" {{(pid=112094) __call__ /opt/stack/placement/placement/requestlog.py:55}}
May 26 11:50:15.212042 n-d-843127-3 devstack@placement-api.service[112094]: INFO placement.requestlog [req-18ba8c65-0cc6-41fa-be1e-edb6a16dc9c1 req-1721d3be-5653-4308-beae-9f6f8e05310c service placement] 10.222.0.46 "GET /placement/allocations/c0c959fb-5678-40f5-8839-1213cadc2782" status: 200 len: 19 microversion: 1.28
May 26 11:50:15.212958 n-d-843127-3 devstack@placement-api.service[112094]: [pid: 112094|app: 0|req: 21/43] 10.222.0.46 () {60 vars in 1380 bytes} [Thu May 26 11:50:15 2022] GET /placement/allocations/c0c959fb-5678-40f5-8839-1213cadc2782 => generated 19 bytes in 17 msecs (HTTP/1.1 200) 8 headers in 295 bytes (1 switches on core 0)
May 26 11:50:15.220155 n-d-843127-3 devstack@placement-api.service[112095]: DEBUG placement.requestlog [req-18ba8c65-0cc6-41fa-be1e-edb6a16dc9c1 req-094c12a3-9023-4e87-997e-94915e07d6b7 None None] Starting request: 10.222.0.46 "PUT /placement/allocations/c0c959fb-5678-40f5-8839-1213cadc2782" {{(pid=112095) __call__ /opt/stack/placement/placement/requestlog.py:55}}
May 26 11:50:15.578564 n-d-843127-3 devstack@placement-api.service[112095]: DEBUG placement.handlers.allocation [req-18ba8c65-0cc6-41fa-be1e-edb6a16dc9c1 req-094c12a3-9023-4e87-997e-94915e07d6b7 service placement] Successfully wrote allocations [, , ] {{(pid=112095) _update_consumers_and_create_allocations /opt/stack/placement/placement/handlers/allocation.py:462}}
May 26 11:50:15.660857 n-d-843127-3 devstack@placement-api.service[112095]: INFO placement.requestlog [req-18ba8c65-0cc6-41fa-be1e-edb6a16dc9c1 req-094c12a3-9023-4e87-997e-94915e07d6b7 service placement] 10.222.0.46 "PUT /placement/allocations/c0c959fb-5678-40f5-8839-1213cadc2782" status: 204 len: 0 microversion: 1.36
May 26 11:50:15.661265 n-d-843127-3 devstack@placement-api.service[112095]: [pid: 112095|app: 0|req: 23/44] 10.222.0.46 () {64 vars in 1433 bytes} [Thu May 26 11:50:15 2022] PUT /placement/allocations/c0c959fb-5678-40f5-8839-1213cadc2782 => generated 0 bytes in 441 msecs (HTTP/1.1 204) 5 headers in 199 bytes (1 switches on core 0)
May 26 11:50:16.844782 n-d-843127-3 devstack@placement-api.service[112094]: DEBUG placement.requestlog [req-18ba8c65-0cc6-41fa-be1e-edb6a16dc9c1 req-587233f4-c251-43ce-8a54-369bcd41d00c None None] Starting request: 10.222.0.50 "GET /placement/allocations/c0c959fb-5678-40f5-8839-1213cadc2782" {{(pid=112094) __call__ /opt/stack/placement/placement/requestlog.py:55}}
May 26 11:50:16.893720 n-d-843127-3 devstack@placement-api.service[112094]: INFO placement.requestlog [req-18ba8c65-0cc6-41fa-be1e-edb6a16dc9c1 req-587233f4-c251-43ce-8a54-369bcd41d00c service placement] 10.222.0.50 "GET /placement/allocations/c0c959fb-5678-40f5-8839-1213cadc2782" status: 200 len: 258 microversion: 1.28
May 26 11:50:16.894525 n-d-843127-3 devstack@placement-api.service[112094]: [pid: 112094|app: 0|req: 22/45] 10.222.0.50 () {60 vars in 1377 bytes} [Thu May 26 11:50:16 2022] GET /placement/allocations/c0c959fb-5678-40f5-8839-1213cadc2782 => generated 258 bytes in 50 msecs (HTTP/1.1 200) 8 headers in 296 bytes (1 switches on core 0)
May 26 11:50:25.578457 n-d-843127-3 devstack@placement-api.service[112095]: DEBUG dbcounter [-] [112095] Writing DB stats placement:SELECT=27,placement:INSERT=6,placement:DELETE=2,placement:UPDATE=2 {{(pid=112095) stat_writer /usr/local/lib/python3.8/dist-packages/dbcounter.py:114}}
May 26 11:50:26.551585 n-d-843127-3 devstack@placement-api.service[112095]: DEBUG placement.requestlog [req-74655fe1-81e8-4aa1-9c2f-800150cdb036 req-9cb739da-9427-4b7b-bb98-770797326cb6 None None] Starting request: 10.222.0.50 "DELETE /placement/allocations/290d2f6c-cf78-454f-91d0-3045dd866a08" {{(pid=112095) __call__ /opt/stack/placement/placement/requestlog.py:55}}
May 26 11:50:26.798491 n-d-843127-3 devstack@placement-api.service[112094]: DEBUG placement.requestlog [req-d7938613-d764-47b1-930b-2dcd88a8b6b0 req-f4f83ba7-eb93-4e3e-b600-db6c2fee8672 None None] Starting request: 10.222.0.50 "GET /placement/resource_providers/6bd6b6f2-f465-4b9e-bd9a-dec92d4792f5/allocations" {{(pid=112094) __call__ /opt/stack/placement/placement/requestlog.py:55}}
May 26 11:50:26.821042 n-d-843127-3 devstack@placement-api.service[112094]: INFO placement.requestlog [req-d7938613-d764-47b1-930b-2dcd88a8b6b0 req-f4f83ba7-eb93-4e3e-b600-db6c2fee8672 service placement] 10.222.0.50 "GET /placement/resource_providers/6bd6b6f2-f465-4b9e-bd9a-dec92d4792f5/allocations" status: 200 len: 153 microversion: 1.0
May 26 11:50:26.821042 n-d-843127-3 devstack@placement-api.service[112094]: [pid: 112094|app: 0|req: 23/46] 10.222.0.50 () {58 vars in 1390 bytes} [Thu May 26 11:50:26 2022] GET /placement/resource_providers/6bd6b6f2-f465-4b9e-bd9a-dec92d4792f5/allocations => generated 153 bytes in 21 msecs (HTTP/1.1 200) 6 headers in 224 bytes (2 switches on core 0)
May 26 11:50:26.848964 n-d-843127-3 devstack@placement-api.service[112095]: DEBUG placement.handlers.allocation [req-74655fe1-81e8-4aa1-9c2f-800150cdb036 req-9cb739da-9427-4b7b-bb98-770797326cb6 service placement] Successfully deleted allocations [, , ] {{(pid=112095) delete_allocations /opt/stack/placement/placement/handlers/allocation.py:627}}
May 26 11:50:26.850057 n-d-843127-3 devstack@placement-api.service[112095]: INFO placement.requestlog [req-74655fe1-81e8-4aa1-9c2f-800150cdb036 req-9cb739da-9427-4b7b-bb98-770797326cb6 service placement] 10.222.0.50 "DELETE /placement/allocations/290d2f6c-cf78-454f-91d0-3045dd866a08" status: 204 len: 0 microversion: 1.0
May 26 11:50:26.851332 n-d-843127-3 devstack@placement-api.service[112095]: [pid: 112095|app: 0|req: 24/47] 10.222.0.50 () {60 vars in 1355 bytes} [Thu May 26 11:50:26 2022] DELETE /placement/allocations/290d2f6c-cf78-454f-91d0-3045dd866a08 => generated 0 bytes in 300 msecs (HTTP/1.1 204) 5 headers in 198 bytes (1 switches on core 0)
May 26 11:50:26.922400 n-d-843127-3 devstack@placement-api.service[112094]: DEBUG placement.requestlog [req-345c4e85-3db2-45ea-9611-99cd9ddb24f3 req-e3db13cb-64f4-4b22-91fd-6e4583280a7d None None] Starting request: 10.222.0.58 "GET /placement/resource_providers/d58db650-41c7-44ab-82fd-55f67f8410a4/allocations" {{(pid=112094) __call__ /opt/stack/placement/placement/requestlog.py:55}}
May 26 11:50:26.962744 n-d-843127-3 devstack@placement-api.service[112094]: INFO placement.requestlog [req-345c4e85-3db2-45ea-9611-99cd9ddb24f3 req-e3db13cb-64f4-4b22-91fd-6e4583280a7d service placement] 10.222.0.58 "GET /placement/resource_providers/d58db650-41c7-44ab-82fd-55f67f8410a4/allocations" status: 200 len: 153 microversion: 1.0
May 26 11:50:26.963593 n-d-843127-3 devstack@placement-api.service[112094]: [pid: 112094|app: 0|req: 24/48] 10.222.0.58 () {58 vars in 1390 bytes} [Thu May 26 11:50:26 2022] GET /placement/resource_providers/d58db650-41c7-44ab-82fd-55f67f8410a4/allocations => generated 153 bytes in 41 msecs (HTTP/1.1 200) 6 headers in 224 bytes (2 switches on core 0)
May 26 11:50:28.512738 n-d-843127-3 devstack@placement-api.service[112095]: DEBUG placement.requestlog [req-af4a5e2f-2065-4bcb-88c8-daed11c1277d req-af7f548e-0989-43e8-a708-cd6e19affc88 None None] Starting request: 10.222.0.46 "GET /placement/allocation_candidates?limit=1000&resources=DISK_GB%3A1%2CMEMORY_MB%3A1024%2CVCPU%3A1&root_required=%21COMPUTE_STATUS_DISABLED" {{(pid=112095) __call__ /opt/stack/placement/placement/requestlog.py:55}}
May 26 11:50:28.562310 n-d-843127-3 devstack@placement-api.service[112095]: DEBUG placement.objects.research_context [req-af4a5e2f-2065-4bcb-88c8-daed11c1277d req-af7f548e-0989-43e8-a708-cd6e19affc88 service placement] getting providers with 1 DISK_GB {{(pid=112095) __init__ /opt/stack/placement/placement/objects/research_context.py:136}}
May 26 11:50:28.571685 n-d-843127-3 devstack@placement-api.service[112095]: DEBUG placement.objects.research_context [req-af4a5e2f-2065-4bcb-88c8-daed11c1277d req-af7f548e-0989-43e8-a708-cd6e19affc88 service placement] getting providers with 1024 MEMORY_MB {{(pid=112095) __init__ /opt/stack/placement/placement/objects/research_context.py:136}}
May 26 11:50:28.579162 n-d-843127-3 devstack@placement-api.service[112095]: DEBUG placement.objects.research_context [req-af4a5e2f-2065-4bcb-88c8-daed11c1277d req-af7f548e-0989-43e8-a708-cd6e19affc88 service placement] getting providers with 1 VCPU {{(pid=112095) __init__ /opt/stack/placement/placement/objects/research_context.py:136}}
May 26 11:50:28.586512 n-d-843127-3 devstack@placement-api.service[112095]: DEBUG placement.objects.research_context [req-af4a5e2f-2065-4bcb-88c8-daed11c1277d req-af7f548e-0989-43e8-a708-cd6e19affc88 service placement] found 2 providers with available 1 DISK_GB {{(pid=112095) get_provider_ids_matching /opt/stack/placement/placement/objects/research_context.py:563}}
May 26 11:50:28.586966 n-d-843127-3 devstack@placement-api.service[112095]: DEBUG placement.objects.research_context [req-af4a5e2f-2065-4bcb-88c8-daed11c1277d req-af7f548e-0989-43e8-a708-cd6e19affc88 service placement] found 2 providers with available 1024 MEMORY_MB {{(pid=112095) get_provider_ids_matching /opt/stack/placement/placement/objects/research_context.py:563}}
May 26 11:50:28.587573 n-d-843127-3 devstack@placement-api.service[112095]: DEBUG placement.objects.research_context [req-af4a5e2f-2065-4bcb-88c8-daed11c1277d req-af7f548e-0989-43e8-a708-cd6e19affc88 service placement] found 2 providers after filtering by previous result {{(pid=112095) get_provider_ids_matching /opt/stack/placement/placement/objects/research_context.py:594}}
May 26 11:50:28.588252 n-d-843127-3 devstack@placement-api.service[112095]: DEBUG placement.objects.research_context [req-af4a5e2f-2065-4bcb-88c8-daed11c1277d req-af7f548e-0989-43e8-a708-cd6e19affc88 service placement] found 2 providers with available 1 VCPU {{(pid=112095) get_provider_ids_matching /opt/stack/placement/placement/objects/research_context.py:563}}
May 26 11:50:28.590228 n-d-843127-3 devstack@placement-api.service[112095]: DEBUG placement.objects.research_context [req-af4a5e2f-2065-4bcb-88c8-daed11c1277d req-af7f548e-0989-43e8-a708-cd6e19affc88 service placement] found 2 providers after filtering by previous result {{(pid=112095) get_provider_ids_matching /opt/stack/placement/placement/objects/research_context.py:594}}
May 26 11:50:28.609789 n-d-843127-3 devstack@placement-api.service[112095]: DEBUG placement.objects.allocation_candidate [req-af4a5e2f-2065-4bcb-88c8-daed11c1277d req-af7f548e-0989-43e8-a708-cd6e19affc88 service placement] RequestGroup(use_same_provider=False, resources={DISK_GB:1, MEMORY_MB:1024, VCPU:1}, traits=(), aggregates=[]) (suffix '') returned 2 matches {{(pid=112095) _get_by_requests /opt/stack/placement/placement/objects/allocation_candidate.py:156}}
May 26 11:50:28.611976 n-d-843127-3 devstack@placement-api.service[112095]: DEBUG placement.objects.allocation_candidate [req-af4a5e2f-2065-4bcb-88c8-daed11c1277d req-af7f548e-0989-43e8-a708-cd6e19affc88 service placement] Merging candidates yields 2 allocation requests and 2 provider summaries {{(pid=112095) _merge_candidates /opt/stack/placement/placement/objects/allocation_candidate.py:809}}
May 26 11:50:28.615403 n-d-843127-3 devstack@placement-api.service[112095]: INFO placement.requestlog [req-af4a5e2f-2065-4bcb-88c8-daed11c1277d req-af7f548e-0989-43e8-a708-cd6e19affc88 service placement] 10.222.0.46 "GET /placement/allocation_candidates?limit=1000&resources=DISK_GB%3A1%2CMEMORY_MB%3A1024%2CVCPU%3A1&root_required=%21COMPUTE_STATUS_DISABLED" status: 200 len: 1309 microversion: 1.36
May 26 11:50:28.616020 n-d-843127-3 devstack@placement-api.service[112095]: [pid: 112095|app: 0|req: 25/49] 10.222.0.46 () {60 vars in 1506 bytes} [Thu May 26 11:50:28 2022] GET /placement/allocation_candidates?limit=1000&resources=DISK_GB%3A1%2CMEMORY_MB%3A1024%2CVCPU%3A1&root_required=%21COMPUTE_STATUS_DISABLED => generated 1309 bytes in 113 msecs (HTTP/1.1 200) 8 headers in 297 bytes (1 switches on core 0)
May 26 11:50:28.707233 n-d-843127-3 devstack@placement-api.service[112094]: DEBUG placement.requestlog [req-095c6a4c-3c30-4beb-821e-47d259d25bef req-cc34963b-5313-4208-a282-938e12b1ac43 None None] Starting request: 10.222.0.58 "DELETE /placement/allocations/ca74f912-3a5e-4f78-ace7-60303f36d96a" {{(pid=112094) __call__ /opt/stack/placement/placement/requestlog.py:55}}
May 26 11:50:28.753980 n-d-843127-3 devstack@placement-api.service[112095]: DEBUG placement.requestlog [req-af4a5e2f-2065-4bcb-88c8-daed11c1277d req-b6070eeb-1765-4c10-a107-3d25470625d2 None None] Starting request: 10.222.0.46 "GET /placement/allocations/6fb39b25-9652-40e9-8b3a-81ca3d156e8e" {{(pid=112095) __call__ /opt/stack/placement/placement/requestlog.py:55}}
May 26 11:50:28.768241 n-d-843127-3 devstack@placement-api.service[112095]: INFO placement.requestlog [req-af4a5e2f-2065-4bcb-88c8-daed11c1277d req-b6070eeb-1765-4c10-a107-3d25470625d2 service placement] 10.222.0.46 "GET /placement/allocations/6fb39b25-9652-40e9-8b3a-81ca3d156e8e" status: 200 len: 19 microversion: 1.28
May 26 11:50:28.768668 n-d-843127-3 devstack@placement-api.service[112095]: [pid: 112095|app: 0|req: 26/50] 10.222.0.46 () {60 vars in 1380 bytes} [Thu May 26 11:50:28 2022] GET /placement/allocations/6fb39b25-9652-40e9-8b3a-81ca3d156e8e => generated 19 bytes in 15 msecs (HTTP/1.1 200) 8 headers in 295 bytes (2 switches on core 0)
May 26 11:50:28.774892 n-d-843127-3 devstack@placement-api.service[112095]: DEBUG placement.requestlog [req-af4a5e2f-2065-4bcb-88c8-daed11c1277d req-22ffcb8c-ef00-41a6-a972-1bdfc28e7e8a None None] Starting request: 10.222.0.46 "PUT /placement/allocations/6fb39b25-9652-40e9-8b3a-81ca3d156e8e" {{(pid=112095) __call__ /opt/stack/placement/placement/requestlog.py:55}}
May 26 11:50:28.986621 n-d-843127-3 devstack@placement-api.service[112094]: DEBUG placement.handlers.allocation [req-095c6a4c-3c30-4beb-821e-47d259d25bef req-cc34963b-5313-4208-a282-938e12b1ac43 service placement] Successfully deleted allocations [, , ] {{(pid=112094) delete_allocations /opt/stack/placement/placement/handlers/allocation.py:627}}
May 26 11:50:28.987132 n-d-843127-3 devstack@placement-api.service[112094]: INFO placement.requestlog [req-095c6a4c-3c30-4beb-821e-47d259d25bef req-cc34963b-5313-4208-a282-938e12b1ac43 service placement] 10.222.0.58 "DELETE /placement/allocations/ca74f912-3a5e-4f78-ace7-60303f36d96a" status: 204 len: 0 microversion: 1.0
May 26 11:50:28.987519 n-d-843127-3 devstack@placement-api.service[112094]: [pid: 112094|app: 0|req: 25/51] 10.222.0.58 () {60 vars in 1355 bytes} [Thu May 26 11:50:28 2022] DELETE /placement/allocations/ca74f912-3a5e-4f78-ace7-60303f36d96a => generated 0 bytes in 281 msecs (HTTP/1.1 204) 5 headers in 198 bytes (1 switches on core 0)
May 26 11:50:29.072093 n-d-843127-3 devstack@placement-api.service[112094]: DEBUG placement.requestlog [req-060b944a-ac87-4007-8cfa-b853a34d0e52 req-082a8986-fdda-45ed-a826-3431c92fded1 None None] Starting request: 10.222.0.46 "GET /placement/allocation_candidates?limit=1000&resources=DISK_GB%3A1%2CMEMORY_MB%3A1024%2CVCPU%3A1&root_required=%21COMPUTE_STATUS_DISABLED" {{(pid=112094) __call__ /opt/stack/placement/placement/requestlog.py:55}}
May 26 11:50:29.154446 n-d-843127-3 devstack@placement-api.service[112094]: DEBUG placement.objects.research_context [req-060b944a-ac87-4007-8cfa-b853a34d0e52 req-082a8986-fdda-45ed-a826-3431c92fded1 service placement] getting providers with 1 DISK_GB {{(pid=112094) __init__ /opt/stack/placement/placement/objects/research_context.py:136}}
May 26 11:50:29.168994 n-d-843127-3 devstack@placement-api.service[112094]: DEBUG placement.objects.research_context [req-060b944a-ac87-4007-8cfa-b853a34d0e52 req-082a8986-fdda-45ed-a826-3431c92fded1 service placement] getting providers with 1024 MEMORY_MB {{(pid=112094) __init__ /opt/stack/placement/placement/objects/research_context.py:136}}
May 26 11:50:29.170900 n-d-843127-3 devstack@placement-api.service[112095]: DEBUG placement.handlers.allocation [req-af4a5e2f-2065-4bcb-88c8-daed11c1277d req-22ffcb8c-ef00-41a6-a972-1bdfc28e7e8a service placement] Successfully wrote allocations [, , ] {{(pid=112095) _update_consumers_and_create_allocations /opt/stack/placement/placement/handlers/allocation.py:462}}
May 26 11:50:29.176066 n-d-843127-3 devstack@placement-api.service[112094]: DEBUG placement.objects.research_context [req-060b944a-ac87-4007-8cfa-b853a34d0e52 req-082a8986-fdda-45ed-a826-3431c92fded1 service placement] getting providers with 1 VCPU {{(pid=112094) __init__ /opt/stack/placement/placement/objects/research_context.py:136}}
May 26 11:50:29.182813 n-d-843127-3 devstack@placement-api.service[112094]: DEBUG placement.objects.research_context [req-060b944a-ac87-4007-8cfa-b853a34d0e52 req-082a8986-fdda-45ed-a826-3431c92fded1 service placement] found 2 providers with available 1 DISK_GB {{(pid=112094) get_provider_ids_matching /opt/stack/placement/placement/objects/research_context.py:563}}
May 26 11:50:29.183088 n-d-843127-3 devstack@placement-api.service[112094]: DEBUG placement.objects.research_context [req-060b944a-ac87-4007-8cfa-b853a34d0e52 req-082a8986-fdda-45ed-a826-3431c92fded1 service placement] found 2 providers with available 1024 MEMORY_MB {{(pid=112094) get_provider_ids_matching /opt/stack/placement/placement/objects/research_context.py:563}}
May 26 11:50:29.184130 n-d-843127-3 devstack@placement-api.service[112094]: DEBUG placement.objects.research_context [req-060b944a-ac87-4007-8cfa-b853a34d0e52 req-082a8986-fdda-45ed-a826-3431c92fded1 service placement] found 2 providers after filtering by previous result {{(pid=112094) get_provider_ids_matching /opt/stack/placement/placement/objects/research_context.py:594}}
May 26 11:50:29.184397 n-d-843127-3 devstack@placement-api.service[112094]: DEBUG placement.objects.research_context [req-060b944a-ac87-4007-8cfa-b853a34d0e52 req-082a8986-fdda-45ed-a826-3431c92fded1 service placement] found 2 providers with available 1 VCPU {{(pid=112094) get_provider_ids_matching /opt/stack/placement/placement/objects/research_context.py:563}}
May 26 11:50:29.184697 n-d-843127-3 devstack@placement-api.service[112094]: DEBUG placement.objects.research_context [req-060b944a-ac87-4007-8cfa-b853a34d0e52 req-082a8986-fdda-45ed-a826-3431c92fded1 service placement] found 2 providers after filtering by previous result {{(pid=112094) get_provider_ids_matching /opt/stack/placement/placement/objects/research_context.py:594}}
May 26 11:50:29.195745 n-d-843127-3 devstack@placement-api.service[112094]: DEBUG placement.objects.allocation_candidate [req-060b944a-ac87-4007-8cfa-b853a34d0e52 req-082a8986-fdda-45ed-a826-3431c92fded1 service placement] RequestGroup(use_same_provider=False, resources={DISK_GB:1, MEMORY_MB:1024, VCPU:1}, traits=(), aggregates=[]) (suffix '') returned 2 matches {{(pid=112094) _get_by_requests /opt/stack/placement/placement/objects/allocation_candidate.py:156}}
May 26 11:50:29.196115 n-d-843127-3 devstack@placement-api.service[112094]: DEBUG placement.objects.allocation_candidate [req-060b944a-ac87-4007-8cfa-b853a34d0e52 req-082a8986-fdda-45ed-a826-3431c92fded1 service placement] Merging candidates yields 2 allocation requests and 2 provider summaries {{(pid=112094) _merge_candidates /opt/stack/placement/placement/objects/allocation_candidate.py:809}}
May 26 11:50:29.198266 n-d-843127-3 devstack@placement-api.service[112094]: INFO placement.requestlog [req-060b944a-ac87-4007-8cfa-b853a34d0e52 req-082a8986-fdda-45ed-a826-3431c92fded1 service placement] 10.222.0.46 "GET /placement/allocation_candidates?limit=1000&resources=DISK_GB%3A1%2CMEMORY_MB%3A1024%2CVCPU%3A1&root_required=%21COMPUTE_STATUS_DISABLED" status: 200 len: 1306 microversion: 1.36
