May 26 11:51:27.678585 n-d-843127-3 devstack@placement-api.service[112095]: DEBUG placement.objects.allocation_candidate [req-118565f6-5ddc-4fbc-9ca8-69e3a5746e79 req-fbe8f2b8-7648-4c3f-ad28-8802052693d8 service placement] RequestGroup(use_same_provider=False, resources={DISK_GB:1, MEMORY_MB:1024, VCPU:1}, traits=(), aggregates=[]) (suffix '') returned 2 matches {{(pid=112095) _get_by_requests /opt/stack/placement/placement/objects/allocation_candidate.py:156}}
May 26 11:51:27.678956 n-d-843127-3 devstack@placement-api.service[112095]: DEBUG placement.objects.allocation_candidate [req-118565f6-5ddc-4fbc-9ca8-69e3a5746e79 req-fbe8f2b8-7648-4c3f-ad28-8802052693d8 service placement] Merging candidates yields 2 allocation requests and 2 provider summaries {{(pid=112095) _merge_candidates /opt/stack/placement/placement/objects/allocation_candidate.py:809}}
May 26 11:51:27.681303 n-d-843127-3 devstack@placement-api.service[112095]: INFO placement.requestlog [req-118565f6-5ddc-4fbc-9ca8-69e3a5746e79 req-fbe8f2b8-7648-4c3f-ad28-8802052693d8 service placement] 10.222.0.46 "GET /placement/allocation_candidates?limit=1000&resources=DISK_GB%3A1%2CMEMORY_MB%3A1024%2CVCPU%3A1&root_required=%21COMPUTE_STATUS_DISABLED" status: 200 len: 1309 microversion: 1.36
May 26 11:51:27.682124 n-d-843127-3 devstack@placement-api.service[112095]: [pid: 112095|app: 0|req: 70/147] 10.222.0.46 () {60 vars in 1506 bytes} [Thu May 26 11:51:27 2022] GET /placement/allocation_candidates?limit=1000&resources=DISK_GB%3A1%2CMEMORY_MB%3A1024%2CVCPU%3A1&root_required=%21COMPUTE_STATUS_DISABLED => generated 1309 bytes in 99 msecs (HTTP/1.1 200) 8 headers in 297 bytes (1 switches on core 0)
May 26 11:51:27.831396 n-d-843127-3 devstack@placement-api.service[112094]: DEBUG placement.requestlog [req-118565f6-5ddc-4fbc-9ca8-69e3a5746e79 req-07c11f33-d8ce-4e81-98d6-6a64217da67c None None] Starting request: 10.222.0.46 "GET /placement/allocations/66ae583a-d4f5-4cba-a406-6972d96c47c8" {{(pid=112094) __call__ /opt/stack/placement/placement/requestlog.py:55}}
May 26 11:51:27.845324 n-d-843127-3 devstack@placement-api.service[112094]: INFO placement.requestlog [req-118565f6-5ddc-4fbc-9ca8-69e3a5746e79 req-07c11f33-d8ce-4e81-98d6-6a64217da67c service placement] 10.222.0.46 "GET /placement/allocations/66ae583a-d4f5-4cba-a406-6972d96c47c8" status: 200 len: 19 microversion: 1.28
May 26 11:51:27.848075 n-d-843127-3 devstack@placement-api.service[112094]: [pid: 112094|app: 0|req: 78/148] 10.222.0.46 () {60 vars in 1380 bytes} [Thu May 26 11:51:27 2022] GET /placement/allocations/66ae583a-d4f5-4cba-a406-6972d96c47c8 => generated 19 bytes in 16 msecs (HTTP/1.1 200) 8 headers in 295 bytes (1 switches on core 0)
May 26 11:51:27.854476 n-d-843127-3 devstack@placement-api.service[112095]: DEBUG placement.requestlog [req-118565f6-5ddc-4fbc-9ca8-69e3a5746e79 req-4a6fecd1-fb82-4745-ab5f-80839d0fed35 None None] Starting request: 10.222.0.46 "PUT /placement/allocations/66ae583a-d4f5-4cba-a406-6972d96c47c8" {{(pid=112095) __call__ /opt/stack/placement/placement/requestlog.py:55}}
May 26 11:51:28.196647 n-d-843127-3 devstack@placement-api.service[112095]: DEBUG placement.handlers.allocation [req-118565f6-5ddc-4fbc-9ca8-69e3a5746e79 req-4a6fecd1-fb82-4745-ab5f-80839d0fed35 service placement] Successfully wrote allocations [, , ] {{(pid=112095) _update_consumers_and_create_allocations /opt/stack/placement/placement/handlers/allocation.py:462}}
May 26 11:51:28.294437 n-d-843127-3 devstack@placement-api.service[112095]: INFO placement.requestlog [req-118565f6-5ddc-4fbc-9ca8-69e3a5746e79 req-4a6fecd1-fb82-4745-ab5f-80839d0fed35 service placement] 10.222.0.46 "PUT /placement/allocations/66ae583a-d4f5-4cba-a406-6972d96c47c8" status: 204 len: 0 microversion: 1.36
May 26 11:51:28.295191 n-d-843127-3 devstack@placement-api.service[112095]: [pid: 112095|app: 0|req: 71/149] 10.222.0.46 () {64 vars in 1433 bytes} [Thu May 26 11:51:27 2022] PUT /placement/allocations/66ae583a-d4f5-4cba-a406-6972d96c47c8 => generated 0 bytes in 441 msecs (HTTP/1.1 204) 5 headers in 199 bytes (1 switches on core 0)
May 26 11:51:29.394794 n-d-843127-3 devstack@placement-api.service[112094]: DEBUG placement.requestlog [req-10ae0f4e-a7ab-4b86-9d30-207b1a5b84fe req-9ad16831-d5c0-40da-b259-06f9299cc3de None None] Starting request: 10.222.0.58 "GET /placement/resource_providers/d58db650-41c7-44ab-82fd-55f67f8410a4/allocations" {{(pid=112094) __call__ /opt/stack/placement/placement/requestlog.py:55}}
May 26 11:51:29.401238 n-d-843127-3 devstack@placement-api.service[112095]: DEBUG placement.requestlog [req-717c3ca9-b740-406e-8ec5-4f056b7ecf7e req-dce0c49a-bf3a-42a8-b7c1-f2a7399c9a77 None None] Starting request: 10.222.0.50 "GET /placement/resource_providers/6bd6b6f2-f465-4b9e-bd9a-dec92d4792f5/allocations" {{(pid=112095) __call__ /opt/stack/placement/placement/requestlog.py:55}}
May 26 11:51:29.440827 n-d-843127-3 devstack@placement-api.service[112094]: DEBUG dbcounter [-] [112094] Writing DB stats placement:SELECT=84,placement:INSERT=8,placement:DELETE=4,placement:UPDATE=4 {{(pid=112094) stat_writer /usr/local/lib/python3.8/dist-packages/dbcounter.py:114}}
May 26 11:51:29.450859 n-d-843127-3 devstack@placement-api.service[112094]: INFO placement.requestlog [req-10ae0f4e-a7ab-4b86-9d30-207b1a5b84fe req-9ad16831-d5c0-40da-b259-06f9299cc3de service placement] 10.222.0.58 "GET /placement/resource_providers/d58db650-41c7-44ab-82fd-55f67f8410a4/allocations" status: 200 len: 659 microversion: 1.0
May 26 11:51:29.453450 n-d-843127-3 devstack@placement-api.service[112094]: [pid: 112094|app: 0|req: 79/150] 10.222.0.58 () {58 vars in 1390 bytes} [Thu May 26 11:51:29 2022] GET /placement/resource_providers/d58db650-41c7-44ab-82fd-55f67f8410a4/allocations => generated 659 bytes in 59 msecs (HTTP/1.1 200) 6 headers in 224 bytes (1 switches on core 0)
May 26 11:51:29.470999 n-d-843127-3 devstack@placement-api.service[112095]: INFO placement.requestlog [req-717c3ca9-b740-406e-8ec5-4f056b7ecf7e req-dce0c49a-bf3a-42a8-b7c1-f2a7399c9a77 service placement] 10.222.0.50 "GET /placement/resource_providers/6bd6b6f2-f465-4b9e-bd9a-dec92d4792f5/allocations" status: 200 len: 558 microversion: 1.0
May 26 11:51:29.472567 n-d-843127-3 devstack@placement-api.service[112095]: [pid: 112095|app: 0|req: 72/151] 10.222.0.50 () {58 vars in 1390 bytes} [Thu May 26 11:51:29 2022] GET /placement/resource_providers/6bd6b6f2-f465-4b9e-bd9a-dec92d4792f5/allocations => generated 558 bytes in 72 msecs (HTTP/1.1 200) 6 headers in 224 bytes (2 switches on core 0)
May 26 11:51:29.993566 n-d-843127-3 devstack@placement-api.service[112094]: DEBUG placement.requestlog [req-118565f6-5ddc-4fbc-9ca8-69e3a5746e79 req-69fee057-a619-4c80-9bc7-b1e64c1d71e7 None None] Starting request: 10.222.0.58 "GET /placement/allocations/66ae583a-d4f5-4cba-a406-6972d96c47c8" {{(pid=112094) __call__ /opt/stack/placement/placement/requestlog.py:55}}
May 26 11:51:30.026663 n-d-843127-3 devstack@placement-api.service[112094]: INFO placement.requestlog [req-118565f6-5ddc-4fbc-9ca8-69e3a5746e79 req-69fee057-a619-4c80-9bc7-b1e64c1d71e7 service placement] 10.222.0.58 "GET /placement/allocations/66ae583a-d4f5-4cba-a406-6972d96c47c8" status: 200 len: 259 microversion: 1.28
May 26 11:51:30.032065 n-d-843127-3 devstack@placement-api.service[112094]: [pid: 112094|app: 0|req: 80/152] 10.222.0.58 () {60 vars in 1377 bytes} [Thu May 26 11:51:29 2022] GET /placement/allocations/66ae583a-d4f5-4cba-a406-6972d96c47c8 => generated 259 bytes in 39 msecs (HTTP/1.1 200) 8 headers in 296 bytes (1 switches on core 0)
May 26 11:51:32.074237 n-d-843127-3 devstack@placement-api.service[112095]: DEBUG placement.requestlog [req-ab8b5000-2af4-4288-81cf-4b4a463732e8 req-5a4243b2-b475-413f-b618-afe60598aeed None None] Starting request: 10.222.0.46 "GET /placement/allocation_candidates?limit=1000&resources=DISK_GB%3A1%2CMEMORY_MB%3A1024%2CVCPU%3A1&root_required=%21COMPUTE_STATUS_DISABLED" {{(pid=112095) __call__ /opt/stack/placement/placement/requestlog.py:55}}
May 26 11:51:32.133142 n-d-843127-3 devstack@placement-api.service[112095]: DEBUG placement.objects.research_context [req-ab8b5000-2af4-4288-81cf-4b4a463732e8 req-5a4243b2-b475-413f-b618-afe60598aeed service placement] getting providers with 1 DISK_GB {{(pid=112095) __init__ /opt/stack/placement/placement/objects/research_context.py:136}}
May 26 11:51:32.140302 n-d-843127-3 devstack@placement-api.service[112095]: DEBUG placement.objects.research_context [req-ab8b5000-2af4-4288-81cf-4b4a463732e8 req-5a4243b2-b475-413f-b618-afe60598aeed service placement] getting providers with 1024 MEMORY_MB {{(pid=112095) __init__ /opt/stack/placement/placement/objects/research_context.py:136}}
May 26 11:51:32.148960 n-d-843127-3 devstack@placement-api.service[112095]: DEBUG placement.objects.research_context [req-ab8b5000-2af4-4288-81cf-4b4a463732e8 req-5a4243b2-b475-413f-b618-afe60598aeed service placement] getting providers with 1 VCPU {{(pid=112095) __init__ /opt/stack/placement/placement/objects/research_context.py:136}}
May 26 11:51:32.157132 n-d-843127-3 devstack@placement-api.service[112095]: DEBUG placement.objects.research_context [req-ab8b5000-2af4-4288-81cf-4b4a463732e8 req-5a4243b2-b475-413f-b618-afe60598aeed service placement] found 2 providers with available 1 DISK_GB {{(pid=112095) get_provider_ids_matching /opt/stack/placement/placement/objects/research_context.py:563}}
May 26 11:51:32.157421 n-d-843127-3 devstack@placement-api.service[112095]: DEBUG placement.objects.research_context [req-ab8b5000-2af4-4288-81cf-4b4a463732e8 req-5a4243b2-b475-413f-b618-afe60598aeed service placement] found 2 providers with available 1024 MEMORY_MB {{(pid=112095) get_provider_ids_matching /opt/stack/placement/placement/objects/research_context.py:563}}
May 26 11:51:32.166048 n-d-843127-3 devstack@placement-api.service[112095]: DEBUG placement.objects.research_context [req-ab8b5000-2af4-4288-81cf-4b4a463732e8 req-5a4243b2-b475-413f-b618-afe60598aeed service placement] found 2 providers after filtering by previous result {{(pid=112095) get_provider_ids_matching /opt/stack/placement/placement/objects/research_context.py:594}}
May 26 11:51:32.166048 n-d-843127-3 devstack@placement-api.service[112095]: DEBUG placement.objects.research_context [req-ab8b5000-2af4-4288-81cf-4b4a463732e8 req-5a4243b2-b475-413f-b618-afe60598aeed service placement] found 2 providers with available 1 VCPU {{(pid=112095) get_provider_ids_matching /opt/stack/placement/placement/objects/research_context.py:563}}
May 26 11:51:32.166048 n-d-843127-3 devstack@placement-api.service[112095]: DEBUG placement.objects.research_context [req-ab8b5000-2af4-4288-81cf-4b4a463732e8 req-5a4243b2-b475-413f-b618-afe60598aeed service placement] found 2 providers after filtering by previous result {{(pid=112095) get_provider_ids_matching /opt/stack/placement/placement/objects/research_context.py:594}}
May 26 11:51:32.171164 n-d-843127-3 devstack@placement-api.service[112095]: DEBUG placement.objects.allocation_candidate [req-ab8b5000-2af4-4288-81cf-4b4a463732e8 req-5a4243b2-b475-413f-b618-afe60598aeed service placement] RequestGroup(use_same_provider=False, resources={DISK_GB:1, MEMORY_MB:1024, VCPU:1}, traits=(), aggregates=[]) (suffix '') returned 2 matches {{(pid=112095) _get_by_requests /opt/stack/placement/placement/objects/allocation_candidate.py:156}}
May 26 11:51:32.172114 n-d-843127-3 devstack@placement-api.service[112095]: DEBUG placement.objects.allocation_candidate [req-ab8b5000-2af4-4288-81cf-4b4a463732e8 req-5a4243b2-b475-413f-b618-afe60598aeed service placement] Merging candidates yields 2 allocation requests and 2 provider summaries {{(pid=112095) _merge_candidates /opt/stack/placement/placement/objects/allocation_candidate.py:809}}
May 26 11:51:32.177117 n-d-843127-3 devstack@placement-api.service[112095]: INFO placement.requestlog [req-ab8b5000-2af4-4288-81cf-4b4a463732e8 req-5a4243b2-b475-413f-b618-afe60598aeed service placement] 10.222.0.46 "GET /placement/allocation_candidates?limit=1000&resources=DISK_GB%3A1%2CMEMORY_MB%3A1024%2CVCPU%3A1&root_required=%21COMPUTE_STATUS_DISABLED" status: 200 len: 1309 microversion: 1.36
May 26 11:51:32.178114 n-d-843127-3 devstack@placement-api.service[112095]: [pid: 112095|app: 0|req: 73/153] 10.222.0.46 () {60 vars in 1506 bytes} [Thu May 26 11:51:32 2022] GET /placement/allocation_candidates?limit=1000&resources=DISK_GB%3A1%2CMEMORY_MB%3A1024%2CVCPU%3A1&root_required=%21COMPUTE_STATUS_DISABLED => generated 1309 bytes in 109 msecs (HTTP/1.1 200) 8 headers in 297 bytes (1 switches on core 0)
May 26 11:51:32.270294 n-d-843127-3 devstack@placement-api.service[112094]: DEBUG placement.requestlog [req-ab8b5000-2af4-4288-81cf-4b4a463732e8 req-bbee5ce7-f3bc-4043-b2e1-7f717c7cf471 None None] Starting request: 10.222.0.46 "GET /placement/allocations/c58f2b34-5430-41c2-aabe-3502ee659e8b" {{(pid=112094) __call__ /opt/stack/placement/placement/requestlog.py:55}}
May 26 11:51:32.284789 n-d-843127-3 devstack@placement-api.service[112094]: INFO placement.requestlog [req-ab8b5000-2af4-4288-81cf-4b4a463732e8 req-bbee5ce7-f3bc-4043-b2e1-7f717c7cf471 service placement] 10.222.0.46 "GET /placement/allocations/c58f2b34-5430-41c2-aabe-3502ee659e8b" status: 200 len: 19 microversion: 1.28
May 26 11:51:32.285578 n-d-843127-3 devstack@placement-api.service[112094]: [pid: 112094|app: 0|req: 81/154] 10.222.0.46 () {60 vars in 1380 bytes} [Thu May 26 11:51:32 2022] GET /placement/allocations/c58f2b34-5430-41c2-aabe-3502ee659e8b => generated 19 bytes in 16 msecs (HTTP/1.1 200) 8 headers in 295 bytes (1 switches on core 0)
May 26 11:51:32.294756 n-d-843127-3 devstack@placement-api.service[112095]: DEBUG placement.requestlog [req-ab8b5000-2af4-4288-81cf-4b4a463732e8 req-d845621d-e81a-4935-b3d8-596bb7a4a641 None None] Starting request: 10.222.0.46 "PUT /placement/allocations/c58f2b34-5430-41c2-aabe-3502ee659e8b" {{(pid=112095) __call__ /opt/stack/placement/placement/requestlog.py:55}}
May 26 11:51:32.514115 n-d-843127-3 devstack@placement-api.service[112095]: DEBUG dbcounter [-] [112095] Writing DB stats placement:SELECT=78,placement:INSERT=14,placement:DELETE=4,placement:UPDATE=4 {{(pid=112095) stat_writer /usr/local/lib/python3.8/dist-packages/dbcounter.py:114}}
May 26 11:51:32.689294 n-d-843127-3 devstack@placement-api.service[112095]: DEBUG placement.handlers.allocation [req-ab8b5000-2af4-4288-81cf-4b4a463732e8 req-d845621d-e81a-4935-b3d8-596bb7a4a641 service placement] Successfully wrote allocations [, , ] {{(pid=112095) _update_consumers_and_create_allocations /opt/stack/placement/placement/handlers/allocation.py:462}}
May 26 11:51:32.763196 n-d-843127-3 devstack@placement-api.service[112095]: INFO placement.requestlog [req-ab8b5000-2af4-4288-81cf-4b4a463732e8 req-d845621d-e81a-4935-b3d8-596bb7a4a641 service placement] 10.222.0.46 "PUT /placement/allocations/c58f2b34-5430-41c2-aabe-3502ee659e8b" status: 204 len: 0 microversion: 1.36
May 26 11:51:32.763866 n-d-843127-3 devstack@placement-api.service[112095]: [pid: 112095|app: 0|req: 74/155] 10.222.0.46 () {64 vars in 1433 bytes} [Thu May 26 11:51:32 2022] PUT /placement/allocations/c58f2b34-5430-41c2-aabe-3502ee659e8b => generated 0 bytes in 469 msecs (HTTP/1.1 204) 5 headers in 199 bytes (2 switches on core 0)
May 26 11:51:34.444274 n-d-843127-3 devstack@placement-api.service[112094]: DEBUG placement.requestlog [req-ab8b5000-2af4-4288-81cf-4b4a463732e8 req-09ad4183-f79a-4bbf-b14d-e7c1d9430c79 None None] Starting request: 10.222.0.58 "GET /placement/allocations/c58f2b34-5430-41c2-aabe-3502ee659e8b" {{(pid=112094) __call__ /opt/stack/placement/placement/requestlog.py:55}}
May 26 11:51:34.526656 n-d-843127-3 devstack@placement-api.service[112094]: INFO placement.requestlog [req-ab8b5000-2af4-4288-81cf-4b4a463732e8 req-09ad4183-f79a-4bbf-b14d-e7c1d9430c79 service placement] 10.222.0.58 "GET /placement/allocations/c58f2b34-5430-41c2-aabe-3502ee659e8b" status: 200 len: 259 microversion: 1.28
May 26 11:51:34.531395 n-d-843127-3 devstack@placement-api.service[112094]: [pid: 112094|app: 0|req: 82/156] 10.222.0.58 () {60 vars in 1377 bytes} [Thu May 26 11:51:34 2022] GET /placement/allocations/c58f2b34-5430-41c2-aabe-3502ee659e8b => generated 259 bytes in 88 msecs (HTTP/1.1 200) 8 headers in 296 bytes (1 switches on core 0)
May 26 11:51:34.870219 n-d-843127-3 devstack@placement-api.service[112095]: DEBUG placement.requestlog [None req-ca08d2e4-2fcc-4dc3-80a5-a7d9f5041688 None None] Starting request: 10.222.0.46 "GET /placement/" {{(pid=112095) __call__ /opt/stack/placement/placement/requestlog.py:55}}
May 26 11:51:34.871199 n-d-843127-3 devstack@placement-api.service[112095]: INFO placement.requestlog [None req-ca08d2e4-2fcc-4dc3-80a5-a7d9f5041688 None None] 10.222.0.46 "GET /placement/" status: 200 len: 136 microversion: 1.0
May 26 11:51:34.871940 n-d-843127-3 devstack@placement-api.service[112095]: [pid: 112095|app: 0|req: 75/157] 10.222.0.46 () {54 vars in 916 bytes} [Thu May 26 11:51:34 2022] GET /placement => generated 136 bytes in 2 msecs (HTTP/1.1 200) 6 headers in 224 bytes (1 switches on core 0)
May 26 11:51:34.896051 n-d-843127-3 devstack@placement-api.service[112094]: DEBUG placement.requestlog [req-b13e3f5e-0f9a-45b7-a011-08c799577b90 req-70c400ea-d833-420d-8968-1c9d30353350 None None] Starting request: 10.222.0.46 "GET /placement/allocations/edeb2ba1-67d0-4766-a678-dc22cc46f299" {{(pid=112094) __call__ /opt/stack/placement/placement/requestlog.py:55}}
May 26 11:51:35.115351 n-d-843127-3 devstack@placement-api.service[112094]: INFO placement.requestlog [req-b13e3f5e-0f9a-45b7-a011-08c799577b90 req-70c400ea-d833-420d-8968-1c9d30353350 service placement] 10.222.0.46 "GET /placement/allocations/edeb2ba1-67d0-4766-a678-dc22cc46f299" status: 200 len: 259 microversion: 1.28
May 26 11:51:35.119581 n-d-843127-3 devstack@placement-api.service[112094]: [pid: 112094|app: 0|req: 83/158] 10.222.0.46 () {60 vars in 1380 bytes} [Thu May 26 11:51:34 2022] GET /placement/allocations/edeb2ba1-67d0-4766-a678-dc22cc46f299 => generated 259 bytes in 223 msecs (HTTP/1.1 200) 8 headers in 296 bytes (1 switches on core 0)
May 26 11:51:35.122865 n-d-843127-3 devstack@placement-api.service[112095]: DEBUG placement.requestlog [req-b13e3f5e-0f9a-45b7-a011-08c799577b90 req-96e5d88b-8dee-4fda-99f5-08d5a5280b17 None None] Starting request: 10.222.0.46 "GET /placement/allocations/edeb2ba1-67d0-4766-a678-dc22cc46f299" {{(pid=112095) __call__ /opt/stack/placement/placement/requestlog.py:55}}
May 26 11:51:35.152859 n-d-843127-3 devstack@placement-api.service[112095]: INFO placement.requestlog [req-b13e3f5e-0f9a-45b7-a011-08c799577b90 req-96e5d88b-8dee-4fda-99f5-08d5a5280b17 service placement] 10.222.0.46 "GET /placement/allocations/edeb2ba1-67d0-4766-a678-dc22cc46f299" status: 200 len: 259 microversion: 1.28
May 26 11:51:35.153277 n-d-843127-3 devstack@placement-api.service[112095]: [pid: 112095|app: 0|req: 76/159] 10.222.0.46 () {60 vars in 1380 bytes} [Thu May 26 11:51:35 2022] GET /placement/allocations/edeb2ba1-67d0-4766-a678-dc22cc46f299 => generated 259 bytes in 31 msecs (HTTP/1.1 200) 8 headers in 296 bytes (1 switches on core 0)
May 26 11:51:35.158999 n-d-843127-3 devstack@placement-api.service[112094]: DEBUG placement.requestlog [req-b13e3f5e-0f9a-45b7-a011-08c799577b90 req-753a55d3-9593-4840-a628-3dfb504090a9 None None] Starting request: 10.222.0.46 "GET /placement/allocations/5032f999-6dad-4120-b452-7e4a32911992" {{(pid=112094) __call__ /opt/stack/placement/placement/requestlog.py:55}}
May 26 11:51:35.195500 n-d-843127-3 devstack@placement-api.service[112094]: INFO placement.requestlog [req-b13e3f5e-0f9a-45b7-a011-08c799577b90 req-753a55d3-9593-4840-a628-3dfb504090a9 service placement] 10.222.0.46 "GET /placement/allocations/5032f999-6dad-4120-b452-7e4a32911992" status: 200 len: 19 microversion: 1.28
May 26 11:51:35.203481 n-d-843127-3 devstack@placement-api.service[112094]: [pid: 112094|app: 0|req: 84/160] 10.222.0.46 () {60 vars in 1380 bytes} [Thu May 26 11:51:35 2022] GET /placement/allocations/5032f999-6dad-4120-b452-7e4a32911992 => generated 19 bytes in 37 msecs (HTTP/1.1 200) 8 headers in 295 bytes (1 switches on core 0)
May 26 11:51:35.204013 n-d-843127-3 devstack@placement-api.service[112095]: DEBUG placement.requestlog [req-b13e3f5e-0f9a-45b7-a011-08c799577b90 req-6840cc11-aac4-4063-895b-dba8f4e4e903 None None] Starting request: 10.222.0.46 "POST /placement/allocations" {{(pid=112095) __call__ /opt/stack/placement/placement/requestlog.py:55}}
May 26 11:51:35.509754 n-d-843127-3 devstack@placement-api.service[112095]: DEBUG placement.handlers.allocation [req-b13e3f5e-0f9a-45b7-a011-08c799577b90 req-6840cc11-aac4-4063-895b-dba8f4e4e903 service placement] Successfully wrote allocations [, , , , , ] {{(pid=112095) _update_consumers_and_create_allocations /opt/stack/placement/placement/handlers/allocation.py:572}}
May 26 11:51:35.633709 n-d-843127-3 devstack@placement-api.service[112095]: INFO placement.requestlog [req-b13e3f5e-0f9a-45b7-a011-08c799577b90 req-6840cc11-aac4-4063-895b-dba8f4e4e903 service placement] 10.222.0.46 "POST /placement/allocations" status: 204 len: 0 microversion: 1.28
May 26 11:51:35.635094 n-d-843127-3 devstack@placement-api.service[112095]: [pid: 112095|app: 0|req: 77/161] 10.222.0.46 () {64 vars in 1323 bytes} [Thu May 26 11:51:35 2022] POST /placement/allocations => generated 0 bytes in 432 msecs (HTTP/1.1 204) 5 headers in 199 bytes (1 switches on core 0)
May 26 11:51:35.846318 n-d-843127-3 devstack@placement-api.service[112094]: DEBUG placement.requestlog [req-b13e3f5e-0f9a-45b7-a011-08c799577b90 req-26373404-ae34-4167-9623-863b94516260 None None] Starting request: 10.222.0.46 "GET /placement/allocation_candidates?limit=1000&resources=DISK_GB%3A1%2CMEMORY_MB%3A512%2CVCPU%3A1&root_required=%21COMPUTE_STATUS_DISABLED" {{(pid=112094) __call__ /opt/stack/placement/placement/requestlog.py:55}}
May 26 11:51:35.979363 n-d-843127-3 devstack@placement-api.service[112094]: DEBUG placement.objects.research_context [req-b13e3f5e-0f9a-45b7-a011-08c799577b90 req-26373404-ae34-4167-9623-863b94516260 service placement] getting providers with 1 DISK_GB {{(pid=112094) __init__ /opt/stack/placement/placement/objects/research_context.py:136}}
May 26 11:51:36.000889 n-d-843127-3 devstack@placement-api.service[112094]: DEBUG placement.objects.research_context [req-b13e3f5e-0f9a-45b7-a011-08c799577b90 req-26373404-ae34-4167-9623-863b94516260 service placement] getting providers with 512 MEMORY_MB {{(pid=112094) __init__ /opt/stack/placement/placement/objects/research_context.py:136}}
May 26 11:51:36.015135 n-d-843127-3 devstack@placement-api.service[112094]: DEBUG placement.objects.research_context [req-b13e3f5e-0f9a-45b7-a011-08c799577b90 req-26373404-ae34-4167-9623-863b94516260 service placement] getting providers with 1 VCPU {{(pid=112094) __init__ /opt/stack/placement/placement/objects/research_context.py:136}}
May 26 11:51:36.029591 n-d-843127-3 devstack@placement-api.service[112094]: DEBUG placement.objects.research_context [req-b13e3f5e-0f9a-45b7-a011-08c799577b90 req-26373404-ae34-4167-9623-863b94516260 service placement] found 2 providers with available 1 DISK_GB {{(pid=112094) get_provider_ids_matching /opt/stack/placement/placement/objects/research_context.py:563}}
May 26 11:51:36.030412 n-d-843127-3 devstack@placement-api.service[112094]: DEBUG placement.objects.research_context [req-b13e3f5e-0f9a-45b7-a011-08c799577b90 req-26373404-ae34-4167-9623-863b94516260 service placement] found 2 providers with available 512 MEMORY_MB {{(pid=112094) get_provider_ids_matching /opt/stack/placement/placement/objects/research_context.py:563}}
May 26 11:51:36.030903 n-d-843127-3 devstack@placement-api.service[112094]: DEBUG placement.objects.research_context [req-b13e3f5e-0f9a-45b7-a011-08c799577b90 req-26373404-ae34-4167-9623-863b94516260 service placement] found 2 providers after filtering by previous result {{(pid=112094) get_provider_ids_matching /opt/stack/placement/placement/objects/research_context.py:594}}
May 26 11:51:36.031389 n-d-843127-3 devstack@placement-api.service[112094]: DEBUG placement.objects.research_context [req-b13e3f5e-0f9a-45b7-a011-08c799577b90 req-26373404-ae34-4167-9623-863b94516260 service placement] found 2 providers with available 1 VCPU {{(pid=112094) get_provider_ids_matching /opt/stack/placement/placement/objects/research_context.py:563}}
May 26 11:51:36.035113 n-d-843127-3 devstack@placement-api.service[112094]: DEBUG placement.objects.research_context [req-b13e3f5e-0f9a-45b7-a011-08c799577b90 req-26373404-ae34-4167-9623-863b94516260 service placement] found 2 providers after filtering by previous result {{(pid=112094) get_provider_ids_matching /opt/stack/placement/placement/objects/research_context.py:594}}
May 26 11:51:36.058958 n-d-843127-3 devstack@placement-api.service[112094]: DEBUG placement.objects.allocation_candidate [req-b13e3f5e-0f9a-45b7-a011-08c799577b90 req-26373404-ae34-4167-9623-863b94516260 service placement] RequestGroup(use_same_provider=False, resources={DISK_GB:1, MEMORY_MB:512, VCPU:1}, traits=(), aggregates=[]) (suffix '') returned 2 matches {{(pid=112094) _get_by_requests /opt/stack/placement/placement/objects/allocation_candidate.py:156}}
May 26 11:51:36.059699 n-d-843127-3 devstack@placement-api.service[112094]: DEBUG placement.objects.allocation_candidate [req-b13e3f5e-0f9a-45b7-a011-08c799577b90 req-26373404-ae34-4167-9623-863b94516260 service placement] Merging candidates yields 2 allocation requests and 2 provider summaries {{(pid=112094) _merge_candidates /opt/stack/placement/placement/objects/allocation_candidate.py:809}}
May 26 11:51:36.062101 n-d-843127-3 devstack@placement-api.service[112094]: INFO placement.requestlog [req-b13e3f5e-0f9a-45b7-a011-08c799577b90 req-26373404-ae34-4167-9623-863b94516260 service placement] 10.222.0.46 "GET /placement/allocation_candidates?limit=1000&resources=DISK_GB%3A1%2CMEMORY_MB%3A512%2CVCPU%3A1&root_required=%21COMPUTE_STATUS_DISABLED" status: 200 len: 1307 microversion: 1.36
May 26 11:51:36.063009 n-d-843127-3 devstack@placement-api.service[112094]: [pid: 112094|app: 0|req: 85/162] 10.222.0.46 () {60 vars in 1504 bytes} [Thu May 26 11:51:35 2022] GET /placement/allocation_candidates?limit=1000&resources=DISK_GB%3A1%2CMEMORY_MB%3A512%2CVCPU%3A1&root_required=%21COMPUTE_STATUS_DISABLED => generated 1307 bytes in 217 msecs (HTTP/1.1 200) 8 headers in 297 bytes (1 switches on core 0)
May 26 11:51:36.197651 n-d-843127-3 devstack@placement-api.service[112095]: DEBUG placement.requestlog [req-b13e3f5e-0f9a-45b7-a011-08c799577b90 req-32a25714-348b-4f38-a6f2-4e5d10836af0 None None] Starting request: 10.222.0.46 "GET /placement/allocations/edeb2ba1-67d0-4766-a678-dc22cc46f299" {{(pid=112095) __call__ /opt/stack/placement/placement/requestlog.py:55}}
May 26 11:51:36.214286 n-d-843127-3 devstack@placement-api.service[112095]: INFO placement.requestlog [req-b13e3f5e-0f9a-45b7-a011-08c799577b90 req-32a25714-348b-4f38-a6f2-4e5d10836af0 service placement] 10.222.0.46 "GET /placement/allocations/edeb2ba1-67d0-4766-a678-dc22cc46f299" status: 200 len: 19 microversion: 1.28
May 26 11:51:36.214766 n-d-843127-3 devstack@placement-api.service[112095]: [pid: 112095|app: 0|req: 78/163] 10.222.0.46 () {60 vars in 1380 bytes} [Thu May 26 11:51:36 2022] GET /placement/allocations/edeb2ba1-67d0-4766-a678-dc22cc46f299 => generated 19 bytes in 18 msecs (HTTP/1.1 200) 8 headers in 295 bytes (1 switches on core 0)
May 26 11:51:36.221244 n-d-843127-3 devstack@placement-api.service[112094]: DEBUG placement.requestlog [req-b13e3f5e-0f9a-45b7-a011-08c799577b90 req-faa5c197-dcba-4927-a361-c3255f0bdf8f None None] Starting request: 10.222.0.46 "PUT /placement/allocations/edeb2ba1-67d0-4766-a678-dc22cc46f299" {{(pid=112094) __call__ /opt/stack/placement/placement/requestlog.py:55}}
May 26 11:51:36.436924 n-d-843127-3 devstack@placement-api.service[112094]: DEBUG placement.handlers.allocation [req-b13e3f5e-0f9a-45b7-a011-08c799577b90 req-faa5c197-dcba-4927-a361-c3255f0bdf8f service placement] Successfully wrote allocations [, , ] {{(pid=112094) _update_consumers_and_create_allocations /opt/stack/placement/placement/handlers/allocation.py:462}}
May 26 11:51:36.552583 n-d-843127-3 devstack@placement-api.service[112094]: INFO placement.requestlog [req-b13e3f5e-0f9a-45b7-a011-08c799577b90 req-faa5c197-dcba-4927-a361-c3255f0bdf8f service placement] 10.222.0.46 "PUT /placement/allocations/edeb2ba1-67d0-4766-a678-dc22cc46f299" status: 204 len: 0 microversion: 1.36
May 26 11:51:36.553145 n-d-843127-3 devstack@placement-api.service[112094]: [pid: 112094|app: 0|req: 86/164] 10.222.0.46 () {64 vars in 1433 bytes} [Thu May 26 11:51:36 2022] PUT /placement/allocations/edeb2ba1-67d0-4766-a678-dc22cc46f299 => generated 0 bytes in 332 msecs (HTTP/1.1 204) 5 headers in 199 bytes (1 switches on core 0)
May 26 11:51:37.171881 n-d-843127-3 devstack@placement-api.service[112095]: DEBUG placement.requestlog [req-b13e3f5e-0f9a-45b7-a011-08c799577b90 req-19aa952d-a396-4959-9d7d-5b75b740d6a9 None None] Starting request: 10.222.0.58 "GET /placement/allocations/edeb2ba1-67d0-4766-a678-dc22cc46f299" {{(pid=112095) __call__ /opt/stack/placement/placement/requestlog.py:55}}
May 26 11:51:37.199794 n-d-843127-3 devstack@placement-api.service[112095]: INFO placement.requestlog [req-b13e3f5e-0f9a-45b7-a011-08c799577b90 req-19aa952d-a396-4959-9d7d-5b75b740d6a9 service placement] 10.222.0.58 "GET /placement/allocations/edeb2ba1-67d0-4766-a678-dc22cc46f299" status: 200 len: 258 microversion: 1.28
May 26 11:51:37.208616 n-d-843127-3 devstack@placement-api.service[112095]: [pid: 112095|app: 0|req: 79/165] 10.222.0.58 () {60 vars in 1377 bytes} [Thu May 26 11:51:37 2022] GET /placement/allocations/edeb2ba1-67d0-4766-a678-dc22cc46f299 => generated 258 bytes in 36 msecs (HTTP/1.1 200) 8 headers in 296 bytes (1 switches on core 0)
May 26 11:51:39.309365 n-d-843127-3 devstack@placement-api.service[112094]: DEBUG placement.requestlog [req-e11fdbf7-bb15-45dc-a166-85757eac5ed2 req-9f371e1f-b655-4fda-a805-c8052f90a779 None None] Starting request: 10.222.0.46 "GET /placement/allocation_candidates?resources=DISK_GB%3A1%2CMEMORY_MB%3A1024%2CVCPU%3A1&root_required=%21COMPUTE_STATUS_DISABLED" {{(pid=112094) __call__ /opt/stack/placement/placement/requestlog.py:55}}
May 26 11:51:39.347197 n-d-843127-3 devstack@placement-api.service[112094]: DEBUG placement.objects.research_context [req-e11fdbf7-bb15-45dc-a166-85757eac5ed2 req-9f371e1f-b655-4fda-a805-c8052f90a779 service placement] getting providers with 1 DISK_GB {{(pid=112094) __init__ /opt/stack/placement/placement/objects/research_context.py:136}}
May 26 11:51:39.355294 n-d-843127-3 devstack@placement-api.service[112094]: DEBUG placement.objects.research_context [req-e11fdbf7-bb15-45dc-a166-85757eac5ed2 req-9f371e1f-b655-4fda-a805-c8052f90a779 service placement] getting providers with 1024 MEMORY_MB {{(pid=112094) __init__ /opt/stack/placement/placement/objects/research_context.py:136}}
May 26 11:51:39.360732 n-d-843127-3 devstack@placement-api.service[112094]: DEBUG placement.objects.research_context [req-e11fdbf7-bb15-45dc-a166-85757eac5ed2 req-9f371e1f-b655-4fda-a805-c8052f90a779 service placement] getting providers with 1 VCPU {{(pid=112094) __init__ /opt/stack/placement/placement/objects/research_context.py:136}}
May 26 11:51:39.371444 n-d-843127-3 devstack@placement-api.service[112094]: DEBUG placement.objects.research_context [req-e11fdbf7-bb15-45dc-a166-85757eac5ed2 req-9f371e1f-b655-4fda-a805-c8052f90a779 service placement] found 2 providers with available 1 DISK_GB {{(pid=112094) get_provider_ids_matching /opt/stack/placement/placement/objects/research_context.py:563}}
May 26 11:51:39.371736 n-d-843127-3 devstack@placement-api.service[112094]: DEBUG placement.objects.research_context [req-e11fdbf7-bb15-45dc-a166-85757eac5ed2 req-9f371e1f-b655-4fda-a805-c8052f90a779 service placement] found 2 providers with available 1024 MEMORY_MB {{(pid=112094) get_provider_ids_matching /opt/stack/placement/placement/objects/research_context.py:563}}
May 26 11:51:39.372014 n-d-843127-3 devstack@placement-api.service[112094]: DEBUG placement.objects.research_context [req-e11fdbf7-bb15-45dc-a166-85757eac5ed2 req-9f371e1f-b655-4fda-a805-c8052f90a779 service placement] found 2 providers after filtering by previous result {{(pid=112094) get_provider_ids_matching /opt/stack/placement/placement/objects/research_context.py:594}}
May 26 11:51:39.372274 n-d-843127-3 devstack@placement-api.service[112094]: DEBUG placement.objects.research_context [req-e11fdbf7-bb15-45dc-a166-85757eac5ed2 req-9f371e1f-b655-4fda-a805-c8052f90a779 service placement] found 2 providers with available 1 VCPU {{(pid=112094) get_provider_ids_matching /opt/stack/placement/placement/objects/research_context.py:563}}
May 26 11:51:39.379014 n-d-843127-3 devstack@placement-api.service[112094]: DEBUG placement.objects.research_context [req-e11fdbf7-bb15-45dc-a166-85757eac5ed2 req-9f371e1f-b655-4fda-a805-c8052f90a779 service placement] found 2 providers after filtering by previous result {{(pid=112094) get_provider_ids_matching /opt/stack/placement/placement/objects/research_context.py:594}}
May 26 11:51:39.384704 n-d-843127-3 devstack@placement-api.service[112094]: DEBUG placement.objects.allocation_candidate [req-e11fdbf7-bb15-45dc-a166-85757eac5ed2 req-9f371e1f-b655-4fda-a805-c8052f90a779 service placement] RequestGroup(use_same_provider=False, resources={DISK_GB:1, MEMORY_MB:1024, VCPU:1}, traits=(), aggregates=[]) (suffix '') returned 2 matches {{(pid=112094) _get_by_requests /opt/stack/placement/placement/objects/allocation_candidate.py:156}}
May 26 11:51:39.385082 n-d-843127-3 devstack@placement-api.service[112094]: DEBUG placement.objects.allocation_candidate [req-e11fdbf7-bb15-45dc-a166-85757eac5ed2 req-9f371e1f-b655-4fda-a805-c8052f90a779 service placement] Merging candidates yields 2 allocation requests and 2 provider summaries {{(pid=112094) _merge_candidates /opt/stack/placement/placement/objects/allocation_candidate.py:809}}
May 26 11:51:39.386866 n-d-843127-3 devstack@placement-api.service[112094]: INFO placement.requestlog [req-e11fdbf7-bb15-45dc-a166-85757eac5ed2 req-9f371e1f-b655-4fda-a805-c8052f90a779 service placement] 10.222.0.46 "GET /placement/allocation_candidates?resources=DISK_GB%3A1%2CMEMORY_MB%3A1024%2CVCPU%3A1&root_required=%21COMPUTE_STATUS_DISABLED" status: 200 len: 1309 microversion: 1.36
May 26 11:51:39.387260 n-d-843127-3 devstack@placement-api.service[112094]: [pid: 112094|app: 0|req: 87/166] 10.222.0.46 () {60 vars in 1484 bytes} [Thu May 26 11:51:39 2022] GET /placement/allocation_candidates?resources=DISK_GB%3A1%2CMEMORY_MB%3A1024%2CVCPU%3A1&root_required=%21COMPUTE_STATUS_DISABLED => generated 1309 bytes in 84 msecs (HTTP/1.1 200) 8 headers in 297 bytes (1 switches on core 0)
May 26 11:51:39.443776 n-d-843127-3 devstack@placement-api.service[112095]: DEBUG placement.requestlog [req-e11fdbf7-bb15-45dc-a166-85757eac5ed2 req-df384ef9-4eaa-4330-9cc9-d13bf2120819 None None] Starting request: 10.222.0.46 "GET /placement/allocations/e4440886-801f-4f2c-a88b-7b02fc0166ca" {{(pid=112095) __call__ /opt/stack/placement/placement/requestlog.py:55}}
May 26 11:51:39.455605 n-d-843127-3 devstack@placement-api.service[112095]: INFO placement.requestlog [req-e11fdbf7-bb15-45dc-a166-85757eac5ed2 req-df384ef9-4eaa-4330-9cc9-d13bf2120819 service placement] 10.222.0.46 "GET /placement/allocations/e4440886-801f-4f2c-a88b-7b02fc0166ca" status: 200 len: 19 microversion: 1.28
May 26 11:51:39.461294 n-d-843127-3 devstack@placement-api.service[112095]: [pid: 112095|app: 0|req: 80/167] 10.222.0.46 () {60 vars in 1380 bytes} [Thu May 26 11:51:39 2022] GET /placement/allocations/e4440886-801f-4f2c-a88b-7b02fc0166ca => generated 19 bytes in 18 msecs (HTTP/1.1 200) 8 headers in 295 bytes (1 switches on core 0)
May 26 11:51:39.462510 n-d-843127-3 devstack@placement-api.service[112094]: DEBUG placement.requestlog [req-e11fdbf7-bb15-45dc-a166-85757eac5ed2 req-1ac0a2eb-3224-42e9-b64d-338da1702214 None None] Starting request: 10.222.0.46 "PUT /placement/allocations/e4440886-801f-4f2c-a88b-7b02fc0166ca" {{(pid=112094) __call__ /opt/stack/placement/placement/requestlog.py:55}}
May 26 11:51:39.630729 n-d-843127-3 devstack@placement-api.service[112094]: DEBUG placement.handlers.allocation [req-e11fdbf7-bb15-45dc-a166-85757eac5ed2 req-1ac0a2eb-3224-42e9-b64d-338da1702214 service placement] Successfully wrote allocations [, , ] {{(pid=112094) _update_consumers_and_create_allocations /opt/stack/placement/placement/handlers/allocation.py:462}}
May 26 11:51:39.705504 n-d-843127-3 devstack@placement-api.service[112094]: INFO placement.requestlog [req-e11fdbf7-bb15-45dc-a166-85757eac5ed2 req-1ac0a2eb-3224-42e9-b64d-338da1702214 service placement] 10.222.0.46 "PUT /placement/allocations/e4440886-801f-4f2c-a88b-7b02fc0166ca" status: 204 len: 0 microversion: 1.36
May 26 11:51:39.706083 n-d-843127-3 devstack@placement-api.service[112094]: [pid: 112094|app: 0|req: 88/168] 10.222.0.46 () {64 vars in 1433 bytes} [Thu May 26 11:51:39 2022] PUT /placement/allocations/e4440886-801f-4f2c-a88b-7b02fc0166ca => generated 0 bytes in 244 msecs (HTTP/1.1 204) 5 headers in 199 bytes (1 switches on core 0)
May 26 11:51:41.517558 n-d-843127-3 devstack@placement-api.service[112095]: DEBUG placement.requestlog [req-e11fdbf7-bb15-45dc-a166-85757eac5ed2 req-356f5a2b-6f1a-4537-881a-5de14eea2c7c None None] Starting request: 10.222.0.50 "GET /placement/allocations/e4440886-801f-4f2c-a88b-7b02fc0166ca" {{(pid=112095) __call__ /opt/stack/placement/placement/requestlog.py:55}}
May 26 11:51:41.552178 n-d-843127-3 devstack@placement-api.service[112095]: INFO placement.requestlog [req-e11fdbf7-bb15-45dc-a166-85757eac5ed2 req-356f5a2b-6f1a-4537-881a-5de14eea2c7c service placement] 10.222.0.50 "GET /placement/allocations/e4440886-801f-4f2c-a88b-7b02fc0166ca" status: 200 len: 259 microversion: 1.28
May 26 11:51:41.552758 n-d-843127-3 devstack@placement-api.service[112095]: [pid: 112095|app: 0|req: 81/169] 10.222.0.50 () {60 vars in 1377 bytes} [Thu May 26 11:51:41 2022] GET /placement/allocations/e4440886-801f-4f2c-a88b-7b02fc0166ca => generated 259 bytes in 36 msecs (HTTP/1.1 200) 8 headers in 296 bytes (1 switches on core 0)
May 26 11:51:41.846886 n-d-843127-3 devstack@placement-api.service[112094]: DEBUG placement.requestlog [req-e7f47291-cfe1-4f32-a511-2d700f459964 req-e4aee9a1-5005-4345-bc01-326123b8a460 None None] Starting request: 10.222.0.46 "GET /placement/allocation_candidates?limit=1000&resources=DISK_GB%3A1%2CMEMORY_MB%3A1024%2CVCPU%3A1&root_required=%21COMPUTE_STATUS_DISABLED" {{(pid=112094) __call__ /opt/stack/placement/placement/requestlog.py:55}}
May 26 11:51:41.883348 n-d-843127-3 devstack@placement-api.service[112094]: DEBUG placement.objects.research_context [req-e7f47291-cfe1-4f32-a511-2d700f459964 req-e4aee9a1-5005-4345-bc01-326123b8a460 service placement] getting providers with 1 DISK_GB {{(pid=112094) __init__ /opt/stack/placement/placement/objects/research_context.py:136}}
May 26 11:51:41.891447 n-d-843127-3 devstack@placement-api.service[112094]: DEBUG placement.objects.research_context [req-e7f47291-cfe1-4f32-a511-2d700f459964 req-e4aee9a1-5005-4345-bc01-326123b8a460 service placement] getting providers with 1024 MEMORY_MB {{(pid=112094) __init__ /opt/stack/placement/placement/objects/research_context.py:136}}
May 26 11:51:41.900357 n-d-843127-3 devstack@placement-api.service[112094]: DEBUG placement.objects.research_context [req-e7f47291-cfe1-4f32-a511-2d700f459964 req-e4aee9a1-5005-4345-bc01-326123b8a460 service placement] getting providers with 1 VCPU {{(pid=112094) __init__ /opt/stack/placement/placement/objects/research_context.py:136}}
May 26 11:51:41.909521 n-d-843127-3 devstack@placement-api.service[112094]: DEBUG placement.objects.research_context [req-e7f47291-cfe1-4f32-a511-2d700f459964 req-e4aee9a1-5005-4345-bc01-326123b8a460 service placement] found 2 providers with available 1 DISK_GB {{(pid=112094) get_provider_ids_matching /opt/stack/placement/placement/objects/research_context.py:563}}
May 26 11:51:41.910230 n-d-843127-3 devstack@placement-api.service[112094]: DEBUG placement.objects.research_context [req-e7f47291-cfe1-4f32-a511-2d700f459964 req-e4aee9a1-5005-4345-bc01-326123b8a460 service placement] found 2 providers with available 1024 MEMORY_MB {{(pid=112094) get_provider_ids_matching /opt/stack/placement/placement/objects/research_context.py:563}}
May 26 11:51:41.910455 n-d-843127-3 devstack@placement-api.service[112094]: DEBUG placement.objects.research_context [req-e7f47291-cfe1-4f32-a511-2d700f459964 req-e4aee9a1-5005-4345-bc01-326123b8a460 service placement] found 2 providers after filtering by previous result {{(pid=112094) get_provider_ids_matching /opt/stack/placement/placement/objects/research_context.py:594}}
May 26 11:51:41.910719 n-d-843127-3 devstack@placement-api.service[112094]: DEBUG placement.objects.research_context [req-e7f47291-cfe1-4f32-a511-2d700f459964 req-e4aee9a1-5005-4345-bc01-326123b8a460 service placement] found 2 providers with available 1 VCPU {{(pid=112094) get_provider_ids_matching /opt/stack/placement/placement/objects/research_context.py:563}}
May 26 11:51:41.910990 n-d-843127-3 devstack@placement-api.service[112094]: DEBUG placement.objects.research_context [req-e7f47291-cfe1-4f32-a511-2d700f459964 req-e4aee9a1-5005-4345-bc01-326123b8a460 service placement] found 2 providers after filtering by previous result {{(pid=112094) get_provider_ids_matching /opt/stack/placement/placement/objects/research_context.py:594}}
May 26 11:51:41.930412 n-d-843127-3 devstack@placement-api.service[112094]: DEBUG placement.objects.allocation_candidate [req-e7f47291-cfe1-4f32-a511-2d700f459964 req-e4aee9a1-5005-4345-bc01-326123b8a460 service placement] RequestGroup(use_same_provider=False, resources={DISK_GB:1, MEMORY_MB:1024, VCPU:1}, traits=(), aggregates=[]) (suffix '') returned 2 matches {{(pid=112094) _get_by_requests /opt/stack/placement/placement/objects/allocation_candidate.py:156}}
May 26 11:51:41.930825 n-d-843127-3 devstack@placement-api.service[112094]: DEBUG placement.objects.allocation_candidate [req-e7f47291-cfe1-4f32-a511-2d700f459964 req-e4aee9a1-5005-4345-bc01-326123b8a460 service placement] Merging candidates yields 2 allocation requests and 2 provider summaries {{(pid=112094) _merge_candidates /opt/stack/placement/placement/objects/allocation_candidate.py:809}}
May 26 11:51:41.933031 n-d-843127-3 devstack@placement-api.service[112094]: INFO placement.requestlog [req-e7f47291-cfe1-4f32-a511-2d700f459964 req-e4aee9a1-5005-4345-bc01-326123b8a460 service placement] 10.222.0.46 "GET /placement/allocation_candidates?limit=1000&resources=DISK_GB%3A1%2CMEMORY_MB%3A1024%2CVCPU%3A1&root_required=%21COMPUTE_STATUS_DISABLED" status: 200 len: 1309 microversion: 1.36
May 26 11:51:41.933427 n-d-843127-3 devstack@placement-api.service[112094]: [pid: 112094|app: 0|req: 89/170] 10.222.0.46 () {60 vars in 1506 bytes} [Thu May 26 11:51:41 2022] GET /placement/allocation_candidates?limit=1000&resources=DISK_GB%3A1%2CMEMORY_MB%3A1024%2CVCPU%3A1&root_required=%21COMPUTE_STATUS_DISABLED => generated 1309 bytes in 87 msecs (HTTP/1.1 200) 8 headers in 297 bytes (1 switches on core 0)
May 26 11:51:42.008173 n-d-843127-3 devstack@placement-api.service[112095]: DEBUG placement.requestlog [req-e7f47291-cfe1-4f32-a511-2d700f459964 req-b9065c95-ad70-43a9-a31a-2d1b29b081a2 None None] Starting request: 10.222.0.46 "GET /placement/allocations/1ae0e71e-ddb9-4679-907a-110b4178934e" {{(pid=112095) __call__ /opt/stack/placement/placement/requestlog.py:55}}
May 26 11:51:42.026929 n-d-843127-3 devstack@placement-api.service[112095]: INFO placement.requestlog [req-e7f47291-cfe1-4f32-a511-2d700f459964 req-b9065c95-ad70-43a9-a31a-2d1b29b081a2 service placement] 10.222.0.46 "GET /placement/allocations/1ae0e71e-ddb9-4679-907a-110b4178934e" status: 200 len: 19 microversion: 1.28
May 26 11:51:42.031994 n-d-843127-3 devstack@placement-api.service[112095]: [pid: 112095|app: 0|req: 82/171] 10.222.0.46 () {60 vars in 1380 bytes} [Thu May 26 11:51:42 2022] GET /placement/allocations/1ae0e71e-ddb9-4679-907a-110b4178934e => generated 19 bytes in 24 msecs (HTTP/1.1 200) 8 headers in 295 bytes (1 switches on core 0)
May 26 11:51:42.035151 n-d-843127-3 devstack@placement-api.service[112094]: DEBUG placement.requestlog [req-e7f47291-cfe1-4f32-a511-2d700f459964 req-502601c5-3427-41f8-8440-fcab4e0fed89 None None] Starting request: 10.222.0.46 "PUT /placement/allocations/1ae0e71e-ddb9-4679-907a-110b4178934e" {{(pid=112094) __call__ /opt/stack/placement/placement/requestlog.py:55}}
May 26 11:51:42.090209 n-d-843127-3 devstack@placement-api.service[112094]: DEBUG dbcounter [-] [112094] Writing DB stats placement:SELECT=83,placement:INSERT=9,placement:DELETE=4,placement:UPDATE=4 {{(pid=112094) stat_writer /usr/local/lib/python3.8/dist-packages/dbcounter.py:114}}
May 26 11:51:42.341099 n-d-843127-3 devstack@placement-api.service[112094]: DEBUG placement.handlers.allocation [req-e7f47291-cfe1-4f32-a511-2d700f459964 req-502601c5-3427-41f8-8440-fcab4e0fed89 service placement] Successfully wrote allocations [, , ] {{(pid=112094) _update_consumers_and_create_allocations /opt/stack/placement/placement/handlers/allocation.py:462}}
May 26 11:51:42.420210 n-d-843127-3 devstack@placement-api.service[112094]: INFO placement.requestlog [req-e7f47291-cfe1-4f32-a511-2d700f459964 req-502601c5-3427-41f8-8440-fcab4e0fed89 service placement] 10.222.0.46 "PUT /placement/allocations/1ae0e71e-ddb9-4679-907a-110b4178934e" status: 204 len: 0 microversion: 1.36
May 26 11:51:42.420819 n-d-843127-3 devstack@placement-api.service[112094]: [pid: 112094|app: 0|req: 90/172] 10.222.0.46 () {64 vars in 1433 bytes} [Thu May 26 11:51:42 2022] PUT /placement/allocations/1ae0e71e-ddb9-4679-907a-110b4178934e => generated 0 bytes in 386 msecs (HTTP/1.1 204) 5 headers in 199 bytes (1 switches on core 0)
May 26 11:51:42.975027 n-d-843127-3 devstack@placement-api.service[112095]: DEBUG placement.requestlog [req-2e552d66-fe5c-4540-942b-cdc3240c8607 req-18c8c4ab-2e93-4e72-9d88-5a2b430be794 None None] Starting request: 10.222.0.46 "GET /placement/allocation_candidates?limit=1000&resources=DISK_GB%3A1%2CMEMORY_MB%3A1024%2CVCPU%3A1&root_required=%21COMPUTE_STATUS_DISABLED" {{(pid=112095) __call__ /opt/stack/placement/placement/requestlog.py:55}}
May 26 11:51:43.042186 n-d-843127-3 devstack@placement-api.service[112095]: DEBUG placement.objects.research_context [req-2e552d66-fe5c-4540-942b-cdc3240c8607 req-18c8c4ab-2e93-4e72-9d88-5a2b430be794 service placement] getting providers with 1 DISK_GB {{(pid=112095) __init__ /opt/stack/placement/placement/objects/research_context.py:136}}
May 26 11:51:43.050478 n-d-843127-3 devstack@placement-api.service[112095]: DEBUG placement.objects.research_context [req-2e552d66-fe5c-4540-942b-cdc3240c8607 req-18c8c4ab-2e93-4e72-9d88-5a2b430be794 service placement] getting providers with 1024 MEMORY_MB {{(pid=112095) __init__ /opt/stack/placement/placement/objects/research_context.py:136}}
May 26 11:51:43.056622 n-d-843127-3 devstack@placement-api.service[112095]: DEBUG placement.objects.research_context [req-2e552d66-fe5c-4540-942b-cdc3240c8607 req-18c8c4ab-2e93-4e72-9d88-5a2b430be794 service placement] getting providers with 1 VCPU {{(pid=112095) __init__ /opt/stack/placement/placement/objects/research_context.py:136}}
May 26 11:51:43.062571 n-d-843127-3 devstack@placement-api.service[112095]: DEBUG placement.objects.research_context [req-2e552d66-fe5c-4540-942b-cdc3240c8607 req-18c8c4ab-2e93-4e72-9d88-5a2b430be794 service placement] found 2 providers with available 1 DISK_GB {{(pid=112095) get_provider_ids_matching /opt/stack/placement/placement/objects/research_context.py:563}}
May 26 11:51:43.062859 n-d-843127-3 devstack@placement-api.service[112095]: DEBUG placement.objects.research_context [req-2e552d66-fe5c-4540-942b-cdc3240c8607 req-18c8c4ab-2e93-4e72-9d88-5a2b430be794 service placement] found 2 providers with available 1024 MEMORY_MB {{(pid=112095) get_provider_ids_matching /opt/stack/placement/placement/objects/research_context.py:563}}
May 26 11:51:43.063519 n-d-843127-3 devstack@placement-api.service[112095]: DEBUG placement.objects.research_context [req-2e552d66-fe5c-4540-942b-cdc3240c8607 req-18c8c4ab-2e93-4e72-9d88-5a2b430be794 service placement] found 2 providers after filtering by previous result {{(pid=112095) get_provider_ids_matching /opt/stack/placement/placement/objects/research_context.py:594}}
May 26 11:51:43.063519 n-d-843127-3 devstack@placement-api.service[112095]: DEBUG placement.objects.research_context [req-2e552d66-fe5c-4540-942b-cdc3240c8607 req-18c8c4ab-2e93-4e72-9d88-5a2b430be794 service placement] found 2 providers with available 1 VCPU {{(pid=112095) get_provider_ids_matching /opt/stack/placement/placement/objects/research_context.py:563}}
May 26 11:51:43.063690 n-d-843127-3 devstack@placement-api.service[112095]: DEBUG placement.objects.research_context [req-2e552d66-fe5c-4540-942b-cdc3240c8607 req-18c8c4ab-2e93-4e72-9d88-5a2b430be794 service placement] found 2 providers after filtering by previous result {{(pid=112095) get_provider_ids_matching /opt/stack/placement/placement/objects/research_context.py:594}}
May 26 11:51:43.074695 n-d-843127-3 devstack@placement-api.service[112095]: DEBUG placement.objects.allocation_candidate [req-2e552d66-fe5c-4540-942b-cdc3240c8607 req-18c8c4ab-2e93-4e72-9d88-5a2b430be794 service placement] RequestGroup(use_same_provider=False, resources={DISK_GB:1, MEMORY_MB:1024, VCPU:1}, traits=(), aggregates=[]) (suffix '') returned 2 matches {{(pid=112095) _get_by_requests /opt/stack/placement/placement/objects/allocation_candidate.py:156}}
