May 23 10:57:52.465776 n-d-842952-2 devstack@n-api.service[98545]: DEBUG nova.api.openstack.wsgi [None req-39a06ec0-c2e3-4062-8c82-4501ce94c8ce tempest-ServersAdminNegativeTestJSON-1031150744 tempest-ServersAdminNegativeTestJSON-1031150744-project] Calling method '>' {{(pid=98545) _process_stack /opt/stack/nova/nova/api/openstack/wsgi.py:513}}
May 23 10:57:52.478879 n-d-842952-2 devstack@n-api.service[98545]: DEBUG nova.compute.api [None req-39a06ec0-c2e3-4062-8c82-4501ce94c8ce tempest-ServersAdminNegativeTestJSON-1031150744 tempest-ServersAdminNegativeTestJSON-1031150744-project] [instance: 5489266f-eb6b-469e-889a-f6208b0e7923] Fetching instance by UUID {{(pid=98545) get /opt/stack/nova/nova/compute/api.py:2810}}
May 23 10:57:52.836951 n-d-842952-2 devstack@n-api.service[98545]: DEBUG nova.policy [None req-39a06ec0-c2e3-4062-8c82-4501ce94c8ce tempest-ServersAdminNegativeTestJSON-1031150744 tempest-ServersAdminNegativeTestJSON-1031150744-project] Policy check for os_compute_api:os-extended-server-attributes failed with credentials {'is_admin': False, 'user_id': 'bc0329e30eca4dc0aed61bbaa18bf031', 'user_domain_id': 'default', 'system_scope': None, 'domain_id': None, 'project_id': '338cf849e62a4b4eb1ce6edbb277404e', 'project_domain_id': 'default', 'roles': ['member', 'reader'], 'is_admin_project': True, 'service_user_id': None, 'service_user_domain_id': None, 'service_project_id': None, 'service_project_domain_id': None, 'service_roles': []} {{(pid=98545) authorize /opt/stack/nova/nova/policy.py:222}}
May 23 10:57:52.855469 n-d-842952-2 devstack@n-api.service[98545]: INFO nova.api.openstack.requestlog [None req-39a06ec0-c2e3-4062-8c82-4501ce94c8ce tempest-ServersAdminNegativeTestJSON-1031150744 tempest-ServersAdminNegativeTestJSON-1031150744-project] 10.222.0.79 "GET /compute/v2.1/servers/5489266f-eb6b-469e-889a-f6208b0e7923" status: 200 len: 1221 microversion: 2.1 time: 0.413486
May 23 10:57:52.856481 n-d-842952-2 devstack@n-api.service[98545]: [pid: 98545|app: 0|req: 114/235] 10.222.0.79 () {58 vars in 1235 bytes} [Mon May 23 10:57:52 2022] GET /compute/v2.1/servers/5489266f-eb6b-469e-889a-f6208b0e7923 => generated 1221 bytes in 416 msecs (HTTP/1.1 200) 9 headers in 358 bytes (1 switches on core 0)
May 23 10:57:52.883217 n-d-842952-2 devstack@n-api.service[98545]: DEBUG nova.api.openstack.wsgi [None req-01499735-ad93-49d8-9c90-0970dda1c81d tempest-QuotasAdminNegativeTest-1349675775 tempest-QuotasAdminNegativeTest-1349675775-project] Action: 'create', calling method: >, body: {"server": {"name": "tempest-QuotasAdminNegativeTest-server-1430944696", "imageRef": "f153f90f-50e3-4eb4-987d-66553f03b146", "flavorRef": "452"}} {{(pid=98545) _process_stack /opt/stack/nova/nova/api/openstack/wsgi.py:511}}
May 23 10:57:52.967192 n-d-842952-2 devstack@n-api.service[98545]: DEBUG nova.network.neutron [None req-01499735-ad93-49d8-9c90-0970dda1c81d tempest-QuotasAdminNegativeTest-1349675775 tempest-QuotasAdminNegativeTest-1349675775-project] validate_networks() for None {{(pid=98545) validate_networks /opt/stack/nova/nova/network/neutron.py:2348}}
May 23 10:57:53.482663 n-d-842952-2 devstack@n-api.service[98544]: DEBUG nova.policy [None req-bfbe3ece-1b85-4d5b-af6c-d4e86b966ad0 tempest-LiveMigrationTest-772844254 tempest-LiveMigrationTest-772844254-project] Policy check for os_compute_api:os-extended-server-attributes failed with credentials {'is_admin': False, 'user_id': '482c30aae2644730bb671db76ef4f200', 'user_domain_id': 'default', 'system_scope': None, 'domain_id': None, 'project_id': '90c9b14de9a447dbb2784bee3d7c6631', 'project_domain_id': 'default', 'roles': ['member', 'reader'], 'is_admin_project': True, 'service_user_id': None, 'service_user_domain_id': None, 'service_project_id': None, 'service_project_domain_id': None, 'service_roles': []} {{(pid=98544) authorize /opt/stack/nova/nova/policy.py:222}}
May 23 10:57:53.491309 n-d-842952-2 devstack@n-api.service[98544]: INFO nova.api.openstack.requestlog [None req-bfbe3ece-1b85-4d5b-af6c-d4e86b966ad0 tempest-LiveMigrationTest-772844254 tempest-LiveMigrationTest-772844254-project] 10.222.0.79 "GET /compute/v2.1/servers/d211e353-443f-46c8-98d7-ef0634b0cdbf" status: 200 len: 1504 microversion: 2.1 time: 1.638472
May 23 10:57:53.491972 n-d-842952-2 devstack@n-api.service[98544]: [pid: 98544|app: 0|req: 122/236] 10.222.0.79 () {58 vars in 1235 bytes} [Mon May 23 10:57:51 2022] GET /compute/v2.1/servers/d211e353-443f-46c8-98d7-ef0634b0cdbf => generated 1504 bytes in 1640 msecs (HTTP/1.1 200) 9 headers in 358 bytes (1 switches on core 0)
May 23 10:57:53.510768 n-d-842952-2 devstack@n-api.service[98544]: DEBUG nova.api.openstack.wsgi [None req-071f46b2-1995-4e10-a061-01143eb7ccac tempest-DeleteServersAdminTestJSON-738183384 tempest-DeleteServersAdminTestJSON-738183384-project] Calling method '>' {{(pid=98544) _process_stack /opt/stack/nova/nova/api/openstack/wsgi.py:513}}
May 23 10:57:53.512245 n-d-842952-2 devstack@n-api.service[98544]: DEBUG nova.compute.api [None req-071f46b2-1995-4e10-a061-01143eb7ccac tempest-DeleteServersAdminTestJSON-738183384 tempest-DeleteServersAdminTestJSON-738183384-project] [instance: f24eec5d-443d-422f-b41b-0c23d962770e] Fetching instance by UUID {{(pid=98544) get /opt/stack/nova/nova/compute/api.py:2810}}
May 23 10:57:53.526103 n-d-842952-2 devstack@n-api.service[98544]: DEBUG oslo_concurrency.lockutils [None req-071f46b2-1995-4e10-a061-01143eb7ccac tempest-DeleteServersAdminTestJSON-738183384 tempest-DeleteServersAdminTestJSON-738183384-project] Lock "950fa7c6-c787-4867-82c4-9cfe7decff15" acquired by "nova.context.set_target_cell..get_or_set_cached_cell_and_set_connections" :: waited 0.000s {{(pid=98544) inner /usr/local/lib/python3.8/dist-packages/oslo_concurrency/lockutils.py:355}}
May 23 10:57:53.527217 n-d-842952-2 devstack@n-api.service[98544]: DEBUG oslo_concurrency.lockutils [None req-071f46b2-1995-4e10-a061-01143eb7ccac tempest-DeleteServersAdminTestJSON-738183384 tempest-DeleteServersAdminTestJSON-738183384-project] Lock "950fa7c6-c787-4867-82c4-9cfe7decff15" released by "nova.context.set_target_cell..get_or_set_cached_cell_and_set_connections" :: held 0.001s {{(pid=98544) inner /usr/local/lib/python3.8/dist-packages/oslo_concurrency/lockutils.py:367}}
May 23 10:57:53.529254 n-d-842952-2 devstack@n-api.service[98544]: DEBUG oslo_concurrency.lockutils [None req-071f46b2-1995-4e10-a061-01143eb7ccac tempest-DeleteServersAdminTestJSON-738183384 tempest-DeleteServersAdminTestJSON-738183384-project] Lock "950fa7c6-c787-4867-82c4-9cfe7decff15" acquired by "nova.context.set_target_cell..get_or_set_cached_cell_and_set_connections" :: waited 0.000s {{(pid=98544) inner /usr/local/lib/python3.8/dist-packages/oslo_concurrency/lockutils.py:355}}
May 23 10:57:53.530460 n-d-842952-2 devstack@n-api.service[98544]: DEBUG oslo_concurrency.lockutils [None req-071f46b2-1995-4e10-a061-01143eb7ccac tempest-DeleteServersAdminTestJSON-738183384 tempest-DeleteServersAdminTestJSON-738183384-project] Lock "950fa7c6-c787-4867-82c4-9cfe7decff15" released by "nova.context.set_target_cell..get_or_set_cached_cell_and_set_connections" :: held 0.001s {{(pid=98544) inner /usr/local/lib/python3.8/dist-packages/oslo_concurrency/lockutils.py:367}}
May 23 10:57:53.813596 n-d-842952-2 devstack@n-api.service[98545]: DEBUG nova.virt.hardware [None req-01499735-ad93-49d8-9c90-0970dda1c81d tempest-QuotasAdminNegativeTest-1349675775 tempest-QuotasAdminNegativeTest-1349675775-project] Flavor limits 0:0:0 {{(pid=98545) get_cpu_topology_constraints /opt/stack/nova/nova/virt/hardware.py:345}}
May 23 10:57:53.814411 n-d-842952-2 devstack@n-api.service[98545]: DEBUG nova.virt.hardware [None req-01499735-ad93-49d8-9c90-0970dda1c81d tempest-QuotasAdminNegativeTest-1349675775 tempest-QuotasAdminNegativeTest-1349675775-project] Image limits 0:0:0 {{(pid=98545) get_cpu_topology_constraints /opt/stack/nova/nova/virt/hardware.py:349}}
May 23 10:57:53.815039 n-d-842952-2 devstack@n-api.service[98545]: DEBUG nova.virt.hardware [None req-01499735-ad93-49d8-9c90-0970dda1c81d tempest-QuotasAdminNegativeTest-1349675775 tempest-QuotasAdminNegativeTest-1349675775-project] Flavor pref 0:0:0 {{(pid=98545) get_cpu_topology_constraints /opt/stack/nova/nova/virt/hardware.py:385}}
May 23 10:57:53.815544 n-d-842952-2 devstack@n-api.service[98545]: DEBUG nova.virt.hardware [None req-01499735-ad93-49d8-9c90-0970dda1c81d tempest-QuotasAdminNegativeTest-1349675775 tempest-QuotasAdminNegativeTest-1349675775-project] Image pref 0:0:0 {{(pid=98545) get_cpu_topology_constraints /opt/stack/nova/nova/virt/hardware.py:389}}
May 23 10:57:53.816084 n-d-842952-2 devstack@n-api.service[98545]: DEBUG nova.virt.hardware [None req-01499735-ad93-49d8-9c90-0970dda1c81d tempest-QuotasAdminNegativeTest-1349675775 tempest-QuotasAdminNegativeTest-1349675775-project] Chose sockets=0, cores=0, threads=0; limits were sockets=65536, cores=65536, threads=65536 {{(pid=98545) get_cpu_topology_constraints /opt/stack/nova/nova/virt/hardware.py:427}}
May 23 10:57:53.836096 n-d-842952-2 devstack@n-api.service[98545]: DEBUG oslo_concurrency.lockutils [None req-01499735-ad93-49d8-9c90-0970dda1c81d tempest-QuotasAdminNegativeTest-1349675775 tempest-QuotasAdminNegativeTest-1349675775-project] Lock "00000000-0000-0000-0000-000000000000" acquired by "nova.context.set_target_cell..get_or_set_cached_cell_and_set_connections" :: waited 0.000s {{(pid=98545) inner /usr/local/lib/python3.8/dist-packages/oslo_concurrency/lockutils.py:355}}
May 23 10:57:53.836697 n-d-842952-2 devstack@n-api.service[98545]: DEBUG oslo_concurrency.lockutils [None req-01499735-ad93-49d8-9c90-0970dda1c81d tempest-QuotasAdminNegativeTest-1349675775 tempest-QuotasAdminNegativeTest-1349675775-project] Lock "00000000-0000-0000-0000-000000000000" released by "nova.context.set_target_cell..get_or_set_cached_cell_and_set_connections" :: held 0.001s {{(pid=98545) inner /usr/local/lib/python3.8/dist-packages/oslo_concurrency/lockutils.py:367}}
May 23 10:57:53.837789 n-d-842952-2 devstack@n-api.service[98545]: DEBUG oslo_concurrency.lockutils [None req-01499735-ad93-49d8-9c90-0970dda1c81d tempest-QuotasAdminNegativeTest-1349675775 tempest-QuotasAdminNegativeTest-1349675775-project] Lock "950fa7c6-c787-4867-82c4-9cfe7decff15" acquired by "nova.context.set_target_cell..get_or_set_cached_cell_and_set_connections" :: waited 0.000s {{(pid=98545) inner /usr/local/lib/python3.8/dist-packages/oslo_concurrency/lockutils.py:355}}
May 23 10:57:53.838297 n-d-842952-2 devstack@n-api.service[98545]: DEBUG oslo_concurrency.lockutils [None req-01499735-ad93-49d8-9c90-0970dda1c81d tempest-QuotasAdminNegativeTest-1349675775 tempest-QuotasAdminNegativeTest-1349675775-project] Lock "950fa7c6-c787-4867-82c4-9cfe7decff15" released by "nova.context.set_target_cell..get_or_set_cached_cell_and_set_connections" :: held 0.000s {{(pid=98545) inner /usr/local/lib/python3.8/dist-packages/oslo_concurrency/lockutils.py:367}}
May 23 10:57:53.854755 n-d-842952-2 devstack@n-api.service[98544]: DEBUG nova.policy [None req-071f46b2-1995-4e10-a061-01143eb7ccac tempest-DeleteServersAdminTestJSON-738183384 tempest-DeleteServersAdminTestJSON-738183384-project] Policy check for os_compute_api:os-extended-server-attributes failed with credentials {'is_admin': False, 'user_id': 'b08250239b164aeb8ab37a182d8c1e94', 'user_domain_id': 'default', 'system_scope': None, 'domain_id': None, 'project_id': 'c3816eac91704735985a084b7b8b8841', 'project_domain_id': 'default', 'roles': ['member', 'reader'], 'is_admin_project': True, 'service_user_id': None, 'service_user_domain_id': None, 'service_project_id': None, 'service_project_domain_id': None, 'service_roles': []} {{(pid=98544) authorize /opt/stack/nova/nova/policy.py:222}}
May 23 10:57:53.864935 n-d-842952-2 devstack@n-api.service[98544]: INFO nova.api.openstack.requestlog [None req-071f46b2-1995-4e10-a061-01143eb7ccac tempest-DeleteServersAdminTestJSON-738183384 tempest-DeleteServersAdminTestJSON-738183384-project] 10.222.0.79 "GET /compute/v2.1/servers/f24eec5d-443d-422f-b41b-0c23d962770e" status: 200 len: 1277 microversion: 2.1 time: 0.370451
May 23 10:57:53.865675 n-d-842952-2 devstack@n-api.service[98544]: [pid: 98544|app: 0|req: 123/237] 10.222.0.79 () {58 vars in 1235 bytes} [Mon May 23 10:57:53 2022] GET /compute/v2.1/servers/f24eec5d-443d-422f-b41b-0c23d962770e => generated 1277 bytes in 373 msecs (HTTP/1.1 200) 9 headers in 358 bytes (1 switches on core 0)
May 23 10:57:53.870982 n-d-842952-2 devstack@n-api.service[98545]: DEBUG nova.quota [None req-01499735-ad93-49d8-9c90-0970dda1c81d tempest-QuotasAdminNegativeTest-1349675775 tempest-QuotasAdminNegativeTest-1349675775-project] Getting quotas for project 084ba146845c42bb8b1d017901ee59f9. Resources: {'cores', 'ram', 'instances'} {{(pid=98545) _get_quotas /opt/stack/nova/nova/quota.py:387}}
May 23 10:57:53.875603 n-d-842952-2 devstack@n-api.service[98544]: DEBUG nova.api.openstack.wsgi [None req-d3419ba5-0184-4539-a1d7-bdeb2550e1da tempest-AggregatesAdminTestJSON-1466544297 tempest-AggregatesAdminTestJSON-1466544297-project-admin] Calling method '>' {{(pid=98544) _process_stack /opt/stack/nova/nova/api/openstack/wsgi.py:513}}
May 23 10:57:53.877794 n-d-842952-2 devstack@n-api.service[98545]: DEBUG nova.quota [None req-01499735-ad93-49d8-9c90-0970dda1c81d tempest-QuotasAdminNegativeTest-1349675775 tempest-QuotasAdminNegativeTest-1349675775-project] Getting quotas for user 96fcacc47b1b4f6c912a354808742d68 and project 084ba146845c42bb8b1d017901ee59f9. Resources: {'cores', 'ram', 'instances'} {{(pid=98545) _get_quotas /opt/stack/nova/nova/quota.py:377}}
May 23 10:57:53.881503 n-d-842952-2 devstack@n-api.service[98544]: /usr/local/lib/python3.8/dist-packages/oslo_policy/policy.py:1022: UserWarning: Policy os_compute_api:os-aggregates:delete failed scope check. The token used to make the request was project scoped but the policy requires ['system'] scope. This behavior may change in the future where using the intended scope is required
May 23 10:57:53.881503 n-d-842952-2 devstack@n-api.service[98544]: warnings.warn(msg)
May 23 10:57:53.892015 n-d-842952-2 devstack@n-api.service[98545]: DEBUG nova.compute.utils [None req-01499735-ad93-49d8-9c90-0970dda1c81d tempest-QuotasAdminNegativeTest-1349675775 tempest-QuotasAdminNegativeTest-1349675775-project] ram quota exceeded for 084ba146845c42bb8b1d017901ee59f9, tried to run 1 instances. Cannot run any more instances of this type. {{(pid=98545) check_num_instances_quota /opt/stack/nova/nova/compute/utils.py:1171}}
May 23 10:57:53.893216 n-d-842952-2 devstack@n-api.service[98545]: INFO nova.api.openstack.wsgi [None req-01499735-ad93-49d8-9c90-0970dda1c81d tempest-QuotasAdminNegativeTest-1349675775 tempest-QuotasAdminNegativeTest-1349675775-project] HTTP exception thrown: Quota exceeded for ram: Requested 1024, but already used 0 of 0 ram
May 23 10:57:53.893983 n-d-842952-2 devstack@n-api.service[98545]: DEBUG nova.api.openstack.wsgi [None req-01499735-ad93-49d8-9c90-0970dda1c81d tempest-QuotasAdminNegativeTest-1349675775 tempest-QuotasAdminNegativeTest-1349675775-project] Returning 403 to user: Quota exceeded for ram: Requested 1024, but already used 0 of 0 ram {{(pid=98545) __call__ /opt/stack/nova/nova/api/openstack/wsgi.py:926}}
May 23 10:57:53.894972 n-d-842952-2 devstack@n-api.service[98545]: INFO nova.api.openstack.requestlog [None req-01499735-ad93-49d8-9c90-0970dda1c81d tempest-QuotasAdminNegativeTest-1349675775 tempest-QuotasAdminNegativeTest-1349675775-project] 10.222.0.79 "POST /compute/v2.1/servers" status: 403 len: 110 microversion: 2.1 time: 1.033831
May 23 10:57:53.896168 n-d-842952-2 devstack@n-api.service[98545]: [pid: 98545|app: 0|req: 115/238] 10.222.0.79 () {60 vars in 1146 bytes} [Mon May 23 10:57:52 2022] POST /compute/v2.1/servers => generated 110 bytes in 1039 msecs (HTTP/1.1 403) 9 headers in 379 bytes (1 switches on core 0)
May 23 10:57:53.910904 n-d-842952-2 devstack@n-api.service[98544]: INFO nova.api.openstack.requestlog [None req-d3419ba5-0184-4539-a1d7-bdeb2550e1da tempest-AggregatesAdminTestJSON-1466544297 tempest-AggregatesAdminTestJSON-1466544297-project-admin] 10.222.0.79 "DELETE /compute/v2.1/os-aggregates/5" status: 200 len: 0 microversion: 2.1 time: 0.043997
May 23 10:57:53.911367 n-d-842952-2 devstack@n-api.service[98545]: DEBUG nova.api.openstack.wsgi [None req-c1d0f72a-7ccd-44f9-8330-4f13e0bc034f tempest-ServersAdminNegativeTestJSON-1031150744 tempest-ServersAdminNegativeTestJSON-1031150744-project] Calling method '>' {{(pid=98545) _process_stack /opt/stack/nova/nova/api/openstack/wsgi.py:513}}
May 23 10:57:53.912236 n-d-842952-2 devstack@n-api.service[98545]: DEBUG nova.compute.api [None req-c1d0f72a-7ccd-44f9-8330-4f13e0bc034f tempest-ServersAdminNegativeTestJSON-1031150744 tempest-ServersAdminNegativeTestJSON-1031150744-project] [instance: 5489266f-eb6b-469e-889a-f6208b0e7923] Fetching instance by UUID {{(pid=98545) get /opt/stack/nova/nova/compute/api.py:2810}}
May 23 10:57:53.916312 n-d-842952-2 devstack@n-api.service[98544]: [pid: 98544|app: 0|req: 124/239] 10.222.0.79 () {58 vars in 1151 bytes} [Mon May 23 10:57:53 2022] DELETE /compute/v2.1/os-aggregates/5 => generated 0 bytes in 50 msecs (HTTP/1.1 200) 9 headers in 355 bytes (1 switches on core 0)
May 23 10:57:53.923318 n-d-842952-2 devstack@n-api.service[98545]: DEBUG oslo_concurrency.lockutils [None req-c1d0f72a-7ccd-44f9-8330-4f13e0bc034f tempest-ServersAdminNegativeTestJSON-1031150744 tempest-ServersAdminNegativeTestJSON-1031150744-project] Lock "950fa7c6-c787-4867-82c4-9cfe7decff15" acquired by "nova.context.set_target_cell..get_or_set_cached_cell_and_set_connections" :: waited 0.000s {{(pid=98545) inner /usr/local/lib/python3.8/dist-packages/oslo_concurrency/lockutils.py:355}}
May 23 10:57:53.924260 n-d-842952-2 devstack@n-api.service[98545]: DEBUG oslo_concurrency.lockutils [None req-c1d0f72a-7ccd-44f9-8330-4f13e0bc034f tempest-ServersAdminNegativeTestJSON-1031150744 tempest-ServersAdminNegativeTestJSON-1031150744-project] Lock "950fa7c6-c787-4867-82c4-9cfe7decff15" released by "nova.context.set_target_cell..get_or_set_cached_cell_and_set_connections" :: held 0.001s {{(pid=98545) inner /usr/local/lib/python3.8/dist-packages/oslo_concurrency/lockutils.py:367}}
May 23 10:57:53.925331 n-d-842952-2 devstack@n-api.service[98545]: DEBUG oslo_concurrency.lockutils [None req-c1d0f72a-7ccd-44f9-8330-4f13e0bc034f tempest-ServersAdminNegativeTestJSON-1031150744 tempest-ServersAdminNegativeTestJSON-1031150744-project] Lock "950fa7c6-c787-4867-82c4-9cfe7decff15" acquired by "nova.context.set_target_cell..get_or_set_cached_cell_and_set_connections" :: waited 0.000s {{(pid=98545) inner /usr/local/lib/python3.8/dist-packages/oslo_concurrency/lockutils.py:355}}
May 23 10:57:53.926153 n-d-842952-2 devstack@n-api.service[98545]: DEBUG oslo_concurrency.lockutils [None req-c1d0f72a-7ccd-44f9-8330-4f13e0bc034f tempest-ServersAdminNegativeTestJSON-1031150744 tempest-ServersAdminNegativeTestJSON-1031150744-project] Lock "950fa7c6-c787-4867-82c4-9cfe7decff15" released by "nova.context.set_target_cell..get_or_set_cached_cell_and_set_connections" :: held 0.001s {{(pid=98545) inner /usr/local/lib/python3.8/dist-packages/oslo_concurrency/lockutils.py:367}}
May 23 10:57:53.927305 n-d-842952-2 devstack@n-api.service[98544]: DEBUG nova.api.openstack.wsgi [None req-4acdf300-88ed-4b17-af05-317e527ed92b tempest-QuotasAdminNegativeTest-1534032283 tempest-QuotasAdminNegativeTest-1534032283-project-admin] Action: 'update', calling method: .version_select at 0x7f8e1304e820>, body: {"quota_set": {"ram": 51200}} {{(pid=98544) _process_stack /opt/stack/nova/nova/api/openstack/wsgi.py:511}}
May 23 10:57:53.934140 n-d-842952-2 devstack@n-api.service[98544]: /usr/local/lib/python3.8/dist-packages/oslo_policy/policy.py:1022: UserWarning: Policy os_compute_api:os-quota-sets:update failed scope check. The token used to make the request was project scoped but the policy requires ['system'] scope. This behavior may change in the future where using the intended scope is required
May 23 10:57:53.934140 n-d-842952-2 devstack@n-api.service[98544]: warnings.warn(msg)
May 23 10:57:54.105803 n-d-842952-2 devstack@n-api.service[98545]: DEBUG nova.policy [None req-c1d0f72a-7ccd-44f9-8330-4f13e0bc034f tempest-ServersAdminNegativeTestJSON-1031150744 tempest-ServersAdminNegativeTestJSON-1031150744-project] Policy check for os_compute_api:os-extended-server-attributes failed with credentials {'is_admin': False, 'user_id': 'bc0329e30eca4dc0aed61bbaa18bf031', 'user_domain_id': 'default', 'system_scope': None, 'domain_id': None, 'project_id': '338cf849e62a4b4eb1ce6edbb277404e', 'project_domain_id': 'default', 'roles': ['member', 'reader'], 'is_admin_project': True, 'service_user_id': None, 'service_user_domain_id': None, 'service_project_id': None, 'service_project_domain_id': None, 'service_roles': []} {{(pid=98545) authorize /opt/stack/nova/nova/policy.py:222}}
May 23 10:57:54.119251 n-d-842952-2 devstack@n-api.service[98545]: INFO nova.api.openstack.requestlog [None req-c1d0f72a-7ccd-44f9-8330-4f13e0bc034f tempest-ServersAdminNegativeTestJSON-1031150744 tempest-ServersAdminNegativeTestJSON-1031150744-project] 10.222.0.79 "GET /compute/v2.1/servers/5489266f-eb6b-469e-889a-f6208b0e7923" status: 200 len: 1279 microversion: 2.1 time: 0.221676
May 23 10:57:54.121029 n-d-842952-2 devstack@n-api.service[98545]: [pid: 98545|app: 0|req: 116/240] 10.222.0.79 () {58 vars in 1235 bytes} [Mon May 23 10:57:53 2022] GET /compute/v2.1/servers/5489266f-eb6b-469e-889a-f6208b0e7923 => generated 1279 bytes in 224 msecs (HTTP/1.1 200) 9 headers in 358 bytes (1 switches on core 0)
May 23 10:57:54.134719 n-d-842952-2 devstack@n-api.service[98545]: DEBUG nova.api.openstack.wsgi [None req-4851b95f-760a-45ac-82d1-871759af3914 tempest-AggregatesAdminTestJSON-1466544297 tempest-AggregatesAdminTestJSON-1466544297-project-admin] Action: 'create', calling method: >, body: {"aggregate": {"name": "tempest-test_aggregate-1076165354"}} {{(pid=98545) _process_stack /opt/stack/nova/nova/api/openstack/wsgi.py:511}}
May 23 10:57:54.143987 n-d-842952-2 devstack@n-api.service[98545]: /usr/local/lib/python3.8/dist-packages/oslo_policy/policy.py:1022: UserWarning: Policy os_compute_api:os-aggregates:create failed scope check. The token used to make the request was project scoped but the policy requires ['system'] scope. This behavior may change in the future where using the intended scope is required
May 23 10:57:54.143987 n-d-842952-2 devstack@n-api.service[98545]: warnings.warn(msg)
May 23 10:57:54.145979 n-d-842952-2 devstack@n-api.service[98545]: DEBUG nova.objects.aggregate [None req-4851b95f-760a-45ac-82d1-871759af3914 tempest-AggregatesAdminTestJSON-1466544297 tempest-AggregatesAdminTestJSON-1466544297-project-admin] Generated uuid 5bd46734-64de-497b-99c8-bb2eac34038b for aggregate {{(pid=98545) create /opt/stack/nova/nova/objects/aggregate.py:299}}
May 23 10:57:54.178800 n-d-842952-2 devstack@n-api.service[98545]: INFO nova.api.openstack.requestlog [None req-4851b95f-760a-45ac-82d1-871759af3914 tempest-AggregatesAdminTestJSON-1466544297 tempest-AggregatesAdminTestJSON-1466544297-project-admin] 10.222.0.79 "POST /compute/v2.1/os-aggregates" status: 200 len: 198 microversion: 2.1 time: 0.056409
May 23 10:57:54.179968 n-d-842952-2 devstack@n-api.service[98545]: [pid: 98545|app: 0|req: 117/241] 10.222.0.79 () {60 vars in 1163 bytes} [Mon May 23 10:57:54 2022] POST /compute/v2.1/os-aggregates => generated 198 bytes in 58 msecs (HTTP/1.1 200) 9 headers in 357 bytes (1 switches on core 0)
May 23 10:57:54.197534 n-d-842952-2 devstack@n-api.service[98545]: DEBUG nova.api.openstack.wsgi [None req-c4f146c2-d507-429a-bd72-4449fad62746 tempest-HostsAdminTestJSON-2139725379 tempest-HostsAdminTestJSON-2139725379-project-admin] Calling method '.version_select at 0x7f8e130c8b80>' {{(pid=98545) _process_stack /opt/stack/nova/nova/api/openstack/wsgi.py:513}}
May 23 10:57:54.206639 n-d-842952-2 devstack@n-api.service[98545]: /usr/local/lib/python3.8/dist-packages/oslo_policy/policy.py:1022: UserWarning: Policy os_compute_api:os-hosts:list failed scope check. The token used to make the request was project scoped but the policy requires ['system'] scope. This behavior may change in the future where using the intended scope is required
May 23 10:57:54.206639 n-d-842952-2 devstack@n-api.service[98545]: warnings.warn(msg)
May 23 10:57:54.209616 n-d-842952-2 devstack@n-api.service[98545]: DEBUG oslo_concurrency.lockutils [None req-c4f146c2-d507-429a-bd72-4449fad62746 tempest-HostsAdminTestJSON-2139725379 tempest-HostsAdminTestJSON-2139725379-project-admin] Lock "00000000-0000-0000-0000-000000000000" acquired by "nova.context.set_target_cell..get_or_set_cached_cell_and_set_connections" :: waited 0.000s {{(pid=98545) inner /usr/local/lib/python3.8/dist-packages/oslo_concurrency/lockutils.py:355}}
May 23 10:57:54.210366 n-d-842952-2 devstack@n-api.service[98545]: DEBUG oslo_concurrency.lockutils [None req-c4f146c2-d507-429a-bd72-4449fad62746 tempest-HostsAdminTestJSON-2139725379 tempest-HostsAdminTestJSON-2139725379-project-admin] Lock "00000000-0000-0000-0000-000000000000" released by "nova.context.set_target_cell..get_or_set_cached_cell_and_set_connections" :: held 0.001s {{(pid=98545) inner /usr/local/lib/python3.8/dist-packages/oslo_concurrency/lockutils.py:367}}
May 23 10:57:54.211962 n-d-842952-2 devstack@n-api.service[98545]: DEBUG oslo_concurrency.lockutils [None req-c4f146c2-d507-429a-bd72-4449fad62746 tempest-HostsAdminTestJSON-2139725379 tempest-HostsAdminTestJSON-2139725379-project-admin] Lock "950fa7c6-c787-4867-82c4-9cfe7decff15" acquired by "nova.context.set_target_cell..get_or_set_cached_cell_and_set_connections" :: waited 0.000s {{(pid=98545) inner /usr/local/lib/python3.8/dist-packages/oslo_concurrency/lockutils.py:355}}
May 23 10:57:54.214076 n-d-842952-2 devstack@n-api.service[98545]: DEBUG oslo_concurrency.lockutils [None req-c4f146c2-d507-429a-bd72-4449fad62746 tempest-HostsAdminTestJSON-2139725379 tempest-HostsAdminTestJSON-2139725379-project-admin] Lock "950fa7c6-c787-4867-82c4-9cfe7decff15" released by "nova.context.set_target_cell..get_or_set_cached_cell_and_set_connections" :: held 0.001s {{(pid=98545) inner /usr/local/lib/python3.8/dist-packages/oslo_concurrency/lockutils.py:367}}
May 23 10:57:54.252336 n-d-842952-2 devstack@n-api.service[98544]: DEBUG oslo_concurrency.lockutils [None req-4acdf300-88ed-4b17-af05-317e527ed92b tempest-QuotasAdminNegativeTest-1534032283 tempest-QuotasAdminNegativeTest-1534032283-project-admin] Lock "00000000-0000-0000-0000-000000000000" acquired by "nova.context.set_target_cell..get_or_set_cached_cell_and_set_connections" :: waited 0.000s {{(pid=98544) inner /usr/local/lib/python3.8/dist-packages/oslo_concurrency/lockutils.py:355}}
May 23 10:57:54.252913 n-d-842952-2 devstack@n-api.service[98544]: DEBUG oslo_concurrency.lockutils [None req-4acdf300-88ed-4b17-af05-317e527ed92b tempest-QuotasAdminNegativeTest-1534032283 tempest-QuotasAdminNegativeTest-1534032283-project-admin] Lock "00000000-0000-0000-0000-000000000000" released by "nova.context.set_target_cell..get_or_set_cached_cell_and_set_connections" :: held 0.001s {{(pid=98544) inner /usr/local/lib/python3.8/dist-packages/oslo_concurrency/lockutils.py:367}}
May 23 10:57:54.254366 n-d-842952-2 devstack@n-api.service[98544]: DEBUG oslo_concurrency.lockutils [None req-4acdf300-88ed-4b17-af05-317e527ed92b tempest-QuotasAdminNegativeTest-1534032283 tempest-QuotasAdminNegativeTest-1534032283-project-admin] Lock "950fa7c6-c787-4867-82c4-9cfe7decff15" acquired by "nova.context.set_target_cell..get_or_set_cached_cell_and_set_connections" :: waited 0.000s {{(pid=98544) inner /usr/local/lib/python3.8/dist-packages/oslo_concurrency/lockutils.py:355}}
May 23 10:57:54.254366 n-d-842952-2 devstack@n-api.service[98544]: DEBUG oslo_concurrency.lockutils [None req-4acdf300-88ed-4b17-af05-317e527ed92b tempest-QuotasAdminNegativeTest-1534032283 tempest-QuotasAdminNegativeTest-1534032283-project-admin] Lock "950fa7c6-c787-4867-82c4-9cfe7decff15" released by "nova.context.set_target_cell..get_or_set_cached_cell_and_set_connections" :: held 0.000s {{(pid=98544) inner /usr/local/lib/python3.8/dist-packages/oslo_concurrency/lockutils.py:367}}
May 23 10:57:54.265890 n-d-842952-2 devstack@n-api.service[98545]: INFO nova.api.openstack.requestlog [None req-c4f146c2-d507-429a-bd72-4449fad62746 tempest-HostsAdminTestJSON-2139725379 tempest-HostsAdminTestJSON-2139725379-project-admin] 10.222.0.79 "GET /compute/v2.1/os-hosts" status: 200 len: 376 microversion: 2.1 time: 0.084039
May 23 10:57:54.271230 n-d-842952-2 devstack@n-api.service[98545]: [pid: 98545|app: 0|req: 118/242] 10.222.0.79 () {58 vars in 1127 bytes} [Mon May 23 10:57:54 2022] GET /compute/v2.1/os-hosts => generated 376 bytes in 90 msecs (HTTP/1.1 200) 9 headers in 357 bytes (1 switches on core 0)
May 23 10:57:54.280978 n-d-842952-2 devstack@n-api.service[98545]: DEBUG nova.api.openstack.wsgi [None req-e123b29e-a1f8-49b4-8a75-38ab8de88ddf tempest-AggregatesAdminTestJSON-1466544297 tempest-AggregatesAdminTestJSON-1466544297-project-admin] Calling method '>' {{(pid=98545) _process_stack /opt/stack/nova/nova/api/openstack/wsgi.py:513}}
May 23 10:57:54.286629 n-d-842952-2 devstack@n-api.service[98545]: /usr/local/lib/python3.8/dist-packages/oslo_policy/policy.py:1022: UserWarning: Policy os_compute_api:os-aggregates:delete failed scope check. The token used to make the request was project scoped but the policy requires ['system'] scope. This behavior may change in the future where using the intended scope is required
May 23 10:57:54.286629 n-d-842952-2 devstack@n-api.service[98545]: warnings.warn(msg)
May 23 10:57:54.313795 n-d-842952-2 devstack@n-api.service[98544]: INFO nova.api.openstack.requestlog [None req-4acdf300-88ed-4b17-af05-317e527ed92b tempest-QuotasAdminNegativeTest-1534032283 tempest-QuotasAdminNegativeTest-1534032283-project-admin] 10.222.0.79 "PUT /compute/v2.1/os-quota-sets/084ba146845c42bb8b1d017901ee59f9" status: 200 len: 329 microversion: 2.1 time: 0.396255
May 23 10:57:54.314204 n-d-842952-2 devstack@n-api.service[98545]: INFO nova.api.openstack.requestlog [None req-e123b29e-a1f8-49b4-8a75-38ab8de88ddf tempest-AggregatesAdminTestJSON-1466544297 tempest-AggregatesAdminTestJSON-1466544297-project-admin] 10.222.0.79 "DELETE /compute/v2.1/os-aggregates/6" status: 200 len: 0 microversion: 2.1 time: 0.041677
May 23 10:57:54.315118 n-d-842952-2 devstack@n-api.service[98545]: [pid: 98545|app: 0|req: 119/243] 10.222.0.79 () {58 vars in 1151 bytes} [Mon May 23 10:57:54 2022] DELETE /compute/v2.1/os-aggregates/6 => generated 0 bytes in 43 msecs (HTTP/1.1 200) 9 headers in 355 bytes (1 switches on core 0)
May 23 10:57:54.324471 n-d-842952-2 devstack@n-api.service[98544]: [pid: 98544|app: 0|req: 125/244] 10.222.0.79 () {60 vars in 1261 bytes} [Mon May 23 10:57:53 2022] PUT /compute/v2.1/os-quota-sets/084ba146845c42bb8b1d017901ee59f9 => generated 329 bytes in 407 msecs (HTTP/1.1 200) 9 headers in 357 bytes (1 switches on core 0)
May 23 10:57:54.331275 n-d-842952-2 devstack@n-api.service[98545]: DEBUG nova.api.openstack.wsgi [None req-0d5b4faf-1130-4f96-a85b-4e95c0828451 tempest-HostsAdminTestJSON-2139725379 tempest-HostsAdminTestJSON-2139725379-project-admin] Calling method '.version_select at 0x7f8e12f5ee50>' {{(pid=98545) _process_stack /opt/stack/nova/nova/api/openstack/wsgi.py:513}}
May 23 10:57:54.336093 n-d-842952-2 devstack@n-api.service[98544]: DEBUG nova.api.openstack.wsgi [None req-1c9c39f0-2588-4120-b6d3-ea3b446c0bb6 tempest-QuotasAdminNegativeTest-1349675775 tempest-QuotasAdminNegativeTest-1349675775-project] Action: 'update', calling method: .version_select at 0x7f8e12fd01f0>, body: {"quota_set": {"ram": 0}} {{(pid=98544) _process_stack /opt/stack/nova/nova/api/openstack/wsgi.py:511}}
May 23 10:57:54.339857 n-d-842952-2 devstack@n-api.service[98545]: /usr/local/lib/python3.8/dist-packages/oslo_policy/policy.py:1022: UserWarning: Policy os_compute_api:os-hosts:list failed scope check. The token used to make the request was project scoped but the policy requires ['system'] scope. This behavior may change in the future where using the intended scope is required
May 23 10:57:54.339857 n-d-842952-2 devstack@n-api.service[98545]: warnings.warn(msg)
May 23 10:57:54.341816 n-d-842952-2 devstack@n-api.service[98545]: DEBUG oslo_concurrency.lockutils [None req-0d5b4faf-1130-4f96-a85b-4e95c0828451 tempest-HostsAdminTestJSON-2139725379 tempest-HostsAdminTestJSON-2139725379-project-admin] Lock "00000000-0000-0000-0000-000000000000" acquired by "nova.context.set_target_cell..get_or_set_cached_cell_and_set_connections" :: waited 0.000s {{(pid=98545) inner /usr/local/lib/python3.8/dist-packages/oslo_concurrency/lockutils.py:355}}
May 23 10:57:54.342405 n-d-842952-2 devstack@n-api.service[98545]: DEBUG oslo_concurrency.lockutils [None req-0d5b4faf-1130-4f96-a85b-4e95c0828451 tempest-HostsAdminTestJSON-2139725379 tempest-HostsAdminTestJSON-2139725379-project-admin] Lock "00000000-0000-0000-0000-000000000000" released by "nova.context.set_target_cell..get_or_set_cached_cell_and_set_connections" :: held 0.001s {{(pid=98545) inner /usr/local/lib/python3.8/dist-packages/oslo_concurrency/lockutils.py:367}}
May 23 10:57:54.343805 n-d-842952-2 devstack@n-api.service[98545]: DEBUG oslo_concurrency.lockutils [None req-0d5b4faf-1130-4f96-a85b-4e95c0828451 tempest-HostsAdminTestJSON-2139725379 tempest-HostsAdminTestJSON-2139725379-project-admin] Lock "950fa7c6-c787-4867-82c4-9cfe7decff15" acquired by "nova.context.set_target_cell..get_or_set_cached_cell_and_set_connections" :: waited 0.000s {{(pid=98545) inner /usr/local/lib/python3.8/dist-packages/oslo_concurrency/lockutils.py:355}}
May 23 10:57:54.344267 n-d-842952-2 devstack@n-api.service[98545]: DEBUG oslo_concurrency.lockutils [None req-0d5b4faf-1130-4f96-a85b-4e95c0828451 tempest-HostsAdminTestJSON-2139725379 tempest-HostsAdminTestJSON-2139725379-project-admin] Lock "950fa7c6-c787-4867-82c4-9cfe7decff15" released by "nova.context.set_target_cell..get_or_set_cached_cell_and_set_connections" :: held 0.001s {{(pid=98545) inner /usr/local/lib/python3.8/dist-packages/oslo_concurrency/lockutils.py:367}}
May 23 10:57:54.345080 n-d-842952-2 devstack@n-api.service[98544]: DEBUG nova.policy [None req-1c9c39f0-2588-4120-b6d3-ea3b446c0bb6 tempest-QuotasAdminNegativeTest-1349675775 tempest-QuotasAdminNegativeTest-1349675775-project] Policy check for os_compute_api:os-quota-sets:update failed with credentials {'is_admin': False, 'user_id': '96fcacc47b1b4f6c912a354808742d68', 'user_domain_id': 'default', 'system_scope': None, 'domain_id': None, 'project_id': '084ba146845c42bb8b1d017901ee59f9', 'project_domain_id': 'default', 'roles': ['member', 'reader'], 'is_admin_project': True, 'service_user_id': None, 'service_user_domain_id': None, 'service_project_id': None, 'service_project_domain_id': None, 'service_roles': []} {{(pid=98544) authorize /opt/stack/nova/nova/policy.py:222}}
May 23 10:57:54.345860 n-d-842952-2 devstack@n-api.service[98544]: DEBUG nova.api.openstack.wsgi [None req-1c9c39f0-2588-4120-b6d3-ea3b446c0bb6 tempest-QuotasAdminNegativeTest-1349675775 tempest-QuotasAdminNegativeTest-1349675775-project] Returning 403 to user: Policy doesn't allow os_compute_api:os-quota-sets:update to be performed. {{(pid=98544) __call__ /opt/stack/nova/nova/api/openstack/wsgi.py:926}}
May 23 10:57:54.346761 n-d-842952-2 devstack@n-api.service[98544]: INFO nova.api.openstack.requestlog [None req-1c9c39f0-2588-4120-b6d3-ea3b446c0bb6 tempest-QuotasAdminNegativeTest-1349675775 tempest-QuotasAdminNegativeTest-1349675775-project] 10.222.0.79 "PUT /compute/v2.1/os-quota-sets/084ba146845c42bb8b1d017901ee59f9" status: 403 len: 116 microversion: 2.1 time: 0.021068
May 23 10:57:54.347535 n-d-842952-2 devstack@n-api.service[98544]: [pid: 98544|app: 0|req: 126/245] 10.222.0.79 () {60 vars in 1261 bytes} [Mon May 23 10:57:54 2022] PUT /compute/v2.1/os-quota-sets/084ba146845c42bb8b1d017901ee59f9 => generated 116 bytes in 23 msecs (HTTP/1.1 403) 9 headers in 379 bytes (1 switches on core 0)
May 23 10:57:54.384666 n-d-842952-2 devstack@n-api.service[98544]: DEBUG nova.api.openstack.wsgi [None req-1ba505db-db05-4286-ba8d-76a68cc1dfa6 tempest-AggregatesAdminTestJSON-1466544297 tempest-AggregatesAdminTestJSON-1466544297-project-admin] Calling method '>' {{(pid=98544) _process_stack /opt/stack/nova/nova/api/openstack/wsgi.py:513}}
May 23 10:57:54.385964 n-d-842952-2 devstack@n-api.service[98545]: INFO nova.api.openstack.requestlog [None req-0d5b4faf-1130-4f96-a85b-4e95c0828451 tempest-HostsAdminTestJSON-2139725379 tempest-HostsAdminTestJSON-2139725379-project-admin] 10.222.0.79 "GET /compute/v2.1/os-hosts?zone=internal" status: 200 len: 236 microversion: 2.1 time: 0.069599
May 23 10:57:54.386683 n-d-842952-2 devstack@n-api.service[98545]: [pid: 98545|app: 0|req: 120/246] 10.222.0.79 () {58 vars in 1154 bytes} [Mon May 23 10:57:54 2022] GET /compute/v2.1/os-hosts?zone=internal => generated 236 bytes in 71 msecs (HTTP/1.1 200) 9 headers in 357 bytes (1 switches on core 0)
May 23 10:57:54.398373 n-d-842952-2 devstack@n-api.service[98544]: /usr/local/lib/python3.8/dist-packages/oslo_policy/policy.py:1022: UserWarning: Policy os_compute_api:os-aggregates:show failed scope check. The token used to make the request was project scoped but the policy requires ['system'] scope. This behavior may change in the future where using the intended scope is required
May 23 10:57:54.398373 n-d-842952-2 devstack@n-api.service[98544]: warnings.warn(msg)
May 23 10:57:54.402960 n-d-842952-2 devstack@n-api.service[98545]: DEBUG nova.api.openstack.wsgi [None req-c273b86f-d221-43fd-8680-f2debdc416f6 tempest-HostsAdminTestJSON-2139725379 tempest-HostsAdminTestJSON-2139725379-project-admin] Calling method '.version_select at 0x7f8e130151f0>' {{(pid=98545) _process_stack /opt/stack/nova/nova/api/openstack/wsgi.py:513}}
May 23 10:57:54.409423 n-d-842952-2 devstack@n-api.service[98545]: /usr/local/lib/python3.8/dist-packages/oslo_policy/policy.py:1022: UserWarning: Policy os_compute_api:os-hosts:list failed scope check. The token used to make the request was project scoped but the policy requires ['system'] scope. This behavior may change in the future where using the intended scope is required
May 23 10:57:54.409423 n-d-842952-2 devstack@n-api.service[98545]: warnings.warn(msg)
May 23 10:57:54.410964 n-d-842952-2 devstack@n-api.service[98545]: DEBUG oslo_concurrency.lockutils [None req-c273b86f-d221-43fd-8680-f2debdc416f6 tempest-HostsAdminTestJSON-2139725379 tempest-HostsAdminTestJSON-2139725379-project-admin] Lock "00000000-0000-0000-0000-000000000000" acquired by "nova.context.set_target_cell..get_or_set_cached_cell_and_set_connections" :: waited 0.000s {{(pid=98545) inner /usr/local/lib/python3.8/dist-packages/oslo_concurrency/lockutils.py:355}}
May 23 10:57:54.411412 n-d-842952-2 devstack@n-api.service[98545]: DEBUG oslo_concurrency.lockutils [None req-c273b86f-d221-43fd-8680-f2debdc416f6 tempest-HostsAdminTestJSON-2139725379 tempest-HostsAdminTestJSON-2139725379-project-admin] Lock "00000000-0000-0000-0000-000000000000" released by "nova.context.set_target_cell..get_or_set_cached_cell_and_set_connections" :: held 0.001s {{(pid=98545) inner /usr/local/lib/python3.8/dist-packages/oslo_concurrency/lockutils.py:367}}
May 23 10:57:54.412275 n-d-842952-2 devstack@n-api.service[98545]: DEBUG oslo_concurrency.lockutils [None req-c273b86f-d221-43fd-8680-f2debdc416f6 tempest-HostsAdminTestJSON-2139725379 tempest-HostsAdminTestJSON-2139725379-project-admin] Lock "950fa7c6-c787-4867-82c4-9cfe7decff15" acquired by "nova.context.set_target_cell..get_or_set_cached_cell_and_set_connections" :: waited 0.000s {{(pid=98545) inner /usr/local/lib/python3.8/dist-packages/oslo_concurrency/lockutils.py:355}}
May 23 10:57:54.412734 n-d-842952-2 devstack@n-api.service[98545]: DEBUG oslo_concurrency.lockutils [None req-c273b86f-d221-43fd-8680-f2debdc416f6 tempest-HostsAdminTestJSON-2139725379 tempest-HostsAdminTestJSON-2139725379-project-admin] Lock "950fa7c6-c787-4867-82c4-9cfe7decff15" released by "nova.context.set_target_cell..get_or_set_cached_cell_and_set_connections" :: held 0.000s {{(pid=98545) inner /usr/local/lib/python3.8/dist-packages/oslo_concurrency/lockutils.py:367}}
May 23 10:57:54.430217 n-d-842952-2 devstack@n-api.service[98544]: INFO nova.api.openstack.wsgi [None req-1ba505db-db05-4286-ba8d-76a68cc1dfa6 tempest-AggregatesAdminTestJSON-1466544297 tempest-AggregatesAdminTestJSON-1466544297-project-admin] HTTP exception thrown: Aggregate 6 could not be found.
May 23 10:57:54.431812 n-d-842952-2 devstack@n-api.service[98544]: DEBUG nova.api.openstack.wsgi [None req-1ba505db-db05-4286-ba8d-76a68cc1dfa6 tempest-AggregatesAdminTestJSON-1466544297 tempest-AggregatesAdminTestJSON-1466544297-project-admin] Returning 404 to user: Aggregate 6 could not be found. {{(pid=98544) __call__ /opt/stack/nova/nova/api/openstack/wsgi.py:926}}
May 23 10:57:54.435524 n-d-842952-2 devstack@n-api.service[98544]: INFO nova.api.openstack.requestlog [None req-1ba505db-db05-4286-ba8d-76a68cc1dfa6 tempest-AggregatesAdminTestJSON-1466544297 tempest-AggregatesAdminTestJSON-1466544297-project-admin] 10.222.0.79 "GET /compute/v2.1/os-aggregates/6" status: 404 len: 77 microversion: 2.1 time: 0.072037
May 23 10:57:54.441182 n-d-842952-2 devstack@n-api.service[98544]: [pid: 98544|app: 0|req: 127/247] 10.222.0.79 () {58 vars in 1148 bytes} [Mon May 23 10:57:54 2022] GET /compute/v2.1/os-aggregates/6 => generated 77 bytes in 87 msecs (HTTP/1.1 404) 9 headers in 378 bytes (1 switches on core 0)
May 23 10:57:54.452960 n-d-842952-2 devstack@n-api.service[98545]: INFO nova.api.openstack.requestlog [None req-c273b86f-d221-43fd-8680-f2debdc416f6 tempest-HostsAdminTestJSON-2139725379 tempest-HostsAdminTestJSON-2139725379-project-admin] 10.222.0.79 "GET /compute/v2.1/os-hosts" status: 200 len: 376 microversion: 2.1 time: 0.058909
May 23 10:57:54.458686 n-d-842952-2 devstack@n-api.service[98544]: DEBUG nova.api.openstack.wsgi [None req-58e1c4ad-9eae-4fbd-a174-bcbd67abcf91 tempest-AggregatesAdminTestJSON-1466544297 tempest-AggregatesAdminTestJSON-1466544297-project-admin] Calling method '>' {{(pid=98544) _process_stack /opt/stack/nova/nova/api/openstack/wsgi.py:513}}
May 23 10:57:54.459620 n-d-842952-2 devstack@n-api.service[98545]: [pid: 98545|app: 0|req: 121/248] 10.222.0.79 () {58 vars in 1127 bytes} [Mon May 23 10:57:54 2022] GET /compute/v2.1/os-hosts => generated 376 bytes in 66 msecs (HTTP/1.1 200) 9 headers in 357 bytes (1 switches on core 0)
May 23 10:57:54.470943 n-d-842952-2 devstack@n-api.service[98545]: DEBUG nova.api.openstack.wsgi [None req-eaa08175-2cc4-4ba3-a4d8-91d3fbd0ad0f tempest-HostsAdminTestJSON-2139725379 tempest-HostsAdminTestJSON-2139725379-project-admin] Calling method '.version_select at 0x7f8e12f5e790>' {{(pid=98545) _process_stack /opt/stack/nova/nova/api/openstack/wsgi.py:513}}
May 23 10:57:54.474019 n-d-842952-2 devstack@n-api.service[98544]: /usr/local/lib/python3.8/dist-packages/oslo_policy/policy.py:1022: UserWarning: Policy os_compute_api:os-aggregates:delete failed scope check. The token used to make the request was project scoped but the policy requires ['system'] scope. This behavior may change in the future where using the intended scope is required
May 23 10:57:54.474019 n-d-842952-2 devstack@n-api.service[98544]: warnings.warn(msg)
May 23 10:57:54.477408 n-d-842952-2 devstack@n-api.service[98545]: /usr/local/lib/python3.8/dist-packages/oslo_policy/policy.py:1022: UserWarning: Policy os_compute_api:os-hosts:show failed scope check. The token used to make the request was project scoped but the policy requires ['system'] scope. This behavior may change in the future where using the intended scope is required
May 23 10:57:54.477408 n-d-842952-2 devstack@n-api.service[98545]: warnings.warn(msg)
May 23 10:57:54.488332 n-d-842952-2 devstack@n-api.service[98545]: DEBUG oslo_concurrency.lockutils [None req-eaa08175-2cc4-4ba3-a4d8-91d3fbd0ad0f tempest-HostsAdminTestJSON-2139725379 tempest-HostsAdminTestJSON-2139725379-project-admin] Lock "950fa7c6-c787-4867-82c4-9cfe7decff15" acquired by "nova.context.set_target_cell..get_or_set_cached_cell_and_set_connections" :: waited 0.000s {{(pid=98545) inner /usr/local/lib/python3.8/dist-packages/oslo_concurrency/lockutils.py:355}}
May 23 10:57:54.488777 n-d-842952-2 devstack@n-api.service[98545]: DEBUG oslo_concurrency.lockutils [None req-eaa08175-2cc4-4ba3-a4d8-91d3fbd0ad0f tempest-HostsAdminTestJSON-2139725379 tempest-HostsAdminTestJSON-2139725379-project-admin] Lock "950fa7c6-c787-4867-82c4-9cfe7decff15" released by "nova.context.set_target_cell..get_or_set_cached_cell_and_set_connections" :: held 0.001s {{(pid=98545) inner /usr/local/lib/python3.8/dist-packages/oslo_concurrency/lockutils.py:367}}
May 23 10:57:54.508448 n-d-842952-2 devstack@n-api.service[98544]: INFO nova.api.openstack.wsgi [None req-58e1c4ad-9eae-4fbd-a174-bcbd67abcf91 tempest-AggregatesAdminTestJSON-1466544297 tempest-AggregatesAdminTestJSON-1466544297-project-admin] HTTP exception thrown: Aggregate 6 could not be found.
May 23 10:57:54.509101 n-d-842952-2 devstack@n-api.service[98544]: DEBUG nova.api.openstack.wsgi [None req-58e1c4ad-9eae-4fbd-a174-bcbd67abcf91 tempest-AggregatesAdminTestJSON-1466544297 tempest-AggregatesAdminTestJSON-1466544297-project-admin] Returning 404 to user: Aggregate 6 could not be found. {{(pid=98544) __call__ /opt/stack/nova/nova/api/openstack/wsgi.py:926}}
May 23 10:57:54.512717 n-d-842952-2 devstack@n-api.service[98544]: INFO nova.api.openstack.requestlog [None req-58e1c4ad-9eae-4fbd-a174-bcbd67abcf91 tempest-AggregatesAdminTestJSON-1466544297 tempest-AggregatesAdminTestJSON-1466544297-project-admin] 10.222.0.79 "DELETE /compute/v2.1/os-aggregates/6" status: 404 len: 77 microversion: 2.1 time: 0.069929
May 23 10:57:54.513024 n-d-842952-2 devstack@n-api.service[98544]: [pid: 98544|app: 0|req: 128/249] 10.222.0.79 () {58 vars in 1151 bytes} [Mon May 23 10:57:54 2022] DELETE /compute/v2.1/os-aggregates/6 => generated 77 bytes in 71 msecs (HTTP/1.1 404) 9 headers in 378 bytes (1 switches on core 0)
May 23 10:57:54.524760 n-d-842952-2 devstack@n-api.service[98545]: DEBUG oslo_concurrency.lockutils [None req-eaa08175-2cc4-4ba3-a4d8-91d3fbd0ad0f tempest-HostsAdminTestJSON-2139725379 tempest-HostsAdminTestJSON-2139725379-project-admin] Lock "950fa7c6-c787-4867-82c4-9cfe7decff15" acquired by "nova.context.set_target_cell..get_or_set_cached_cell_and_set_connections" :: waited 0.000s {{(pid=98545) inner /usr/local/lib/python3.8/dist-packages/oslo_concurrency/lockutils.py:355}}
May 23 10:57:54.525240 n-d-842952-2 devstack@n-api.service[98545]: DEBUG oslo_concurrency.lockutils [None req-eaa08175-2cc4-4ba3-a4d8-91d3fbd0ad0f tempest-HostsAdminTestJSON-2139725379 tempest-HostsAdminTestJSON-2139725379-project-admin] Lock "950fa7c6-c787-4867-82c4-9cfe7decff15" released by "nova.context.set_target_cell..get_or_set_cached_cell_and_set_connections" :: held 0.002s {{(pid=98545) inner /usr/local/lib/python3.8/dist-packages/oslo_concurrency/lockutils.py:367}}
May 23 10:57:54.542570 n-d-842952-2 devstack@n-api.service[98544]: DEBUG nova.api.openstack.wsgi [None req-396b3899-5c99-4162-b5d6-d2f70ba0eb1d tempest-LiveMigrationTest-772844254 tempest-LiveMigrationTest-772844254-project] Calling method '>' {{(pid=98544) _process_stack /opt/stack/nova/nova/api/openstack/wsgi.py:513}}
May 23 10:57:54.545199 n-d-842952-2 devstack@n-api.service[98544]: DEBUG nova.compute.api [None req-396b3899-5c99-4162-b5d6-d2f70ba0eb1d tempest-LiveMigrationTest-772844254 tempest-LiveMigrationTest-772844254-project] [instance: d211e353-443f-46c8-98d7-ef0634b0cdbf] Fetching instance by UUID {{(pid=98544) get /opt/stack/nova/nova/compute/api.py:2810}}
May 23 10:57:54.564900 n-d-842952-2 devstack@n-api.service[98544]: DEBUG oslo_concurrency.lockutils [None req-396b3899-5c99-4162-b5d6-d2f70ba0eb1d tempest-LiveMigrationTest-772844254 tempest-LiveMigrationTest-772844254-project] Lock "950fa7c6-c787-4867-82c4-9cfe7decff15" acquired by "nova.context.set_target_cell..get_or_set_cached_cell_and_set_connections" :: waited 0.000s {{(pid=98544) inner /usr/local/lib/python3.8/dist-packages/oslo_concurrency/lockutils.py:355}}
May 23 10:57:54.565612 n-d-842952-2 devstack@n-api.service[98544]: DEBUG oslo_concurrency.lockutils [None req-396b3899-5c99-4162-b5d6-d2f70ba0eb1d tempest-LiveMigrationTest-772844254 tempest-LiveMigrationTest-772844254-project] Lock "950fa7c6-c787-4867-82c4-9cfe7decff15" released by "nova.context.set_target_cell..get_or_set_cached_cell_and_set_connections" :: held 0.006s {{(pid=98544) inner /usr/local/lib/python3.8/dist-packages/oslo_concurrency/lockutils.py:367}}
May 23 10:57:54.567902 n-d-842952-2 devstack@n-api.service[98544]: DEBUG oslo_concurrency.lockutils [None req-396b3899-5c99-4162-b5d6-d2f70ba0eb1d tempest-LiveMigrationTest-772844254 tempest-LiveMigrationTest-772844254-project] Lock "950fa7c6-c787-4867-82c4-9cfe7decff15" acquired by "nova.context.set_target_cell..get_or_set_cached_cell_and_set_connections" :: waited 0.000s {{(pid=98544) inner /usr/local/lib/python3.8/dist-packages/oslo_concurrency/lockutils.py:355}}
May 23 10:57:54.568486 n-d-842952-2 devstack@n-api.service[98544]: DEBUG oslo_concurrency.lockutils [None req-396b3899-5c99-4162-b5d6-d2f70ba0eb1d tempest-LiveMigrationTest-772844254 tempest-LiveMigrationTest-772844254-project] Lock "950fa7c6-c787-4867-82c4-9cfe7decff15" released by "nova.context.set_target_cell..get_or_set_cached_cell_and_set_connections" :: held 0.001s {{(pid=98544) inner /usr/local/lib/python3.8/dist-packages/oslo_concurrency/lockutils.py:367}}
