May 20 20:48:46.854642 n-d-842733-1 devstack@placement-api.service[103646]: INFO placement.requestlog [req-8bfa8a1d-7152-4519-9ec3-e046563b0815 req-237a6bc6-1406-45de-8929-bcd71f015d25 service placement] 10.222.0.35 "GET /placement/allocation_candidates?limit=1000&resources=DISK_GB%3A1%2CMEMORY_MB%3A1024%2CVCPU%3A1&root_required=%21COMPUTE_STATUS_DISABLED" status: 200 len: 1309 microversion: 1.36
May 20 20:48:46.854642 n-d-842733-1 devstack@placement-api.service[103646]: [pid: 103646|app: 0|req: 351/714] 10.222.0.35 () {60 vars in 1506 bytes} [Fri May 20 20:48:46 2022] GET /placement/allocation_candidates?limit=1000&resources=DISK_GB%3A1%2CMEMORY_MB%3A1024%2CVCPU%3A1&root_required=%21COMPUTE_STATUS_DISABLED => generated 1309 bytes in 102 msecs (HTTP/1.1 200) 8 headers in 297 bytes (1 switches on core 0)
May 20 20:48:46.906158 n-d-842733-1 devstack@placement-api.service[103647]: DEBUG placement.requestlog [req-8bfa8a1d-7152-4519-9ec3-e046563b0815 req-f6464772-db4e-4caf-ab82-5508e64c2ec8 None None] Starting request: 10.222.0.35 "GET /placement/allocations/f1af9e82-3f83-4962-b252-d66a988678f9" {{(pid=103647) __call__ /opt/stack/placement/placement/requestlog.py:55}}
May 20 20:48:46.923337 n-d-842733-1 devstack@placement-api.service[103647]: INFO placement.requestlog [req-8bfa8a1d-7152-4519-9ec3-e046563b0815 req-f6464772-db4e-4caf-ab82-5508e64c2ec8 service placement] 10.222.0.35 "GET /placement/allocations/f1af9e82-3f83-4962-b252-d66a988678f9" status: 200 len: 19 microversion: 1.28
May 20 20:48:46.924102 n-d-842733-1 devstack@placement-api.service[103647]: [pid: 103647|app: 0|req: 364/715] 10.222.0.35 () {60 vars in 1380 bytes} [Fri May 20 20:48:46 2022] GET /placement/allocations/f1af9e82-3f83-4962-b252-d66a988678f9 => generated 19 bytes in 18 msecs (HTTP/1.1 200) 8 headers in 295 bytes (1 switches on core 0)
May 20 20:48:46.930740 n-d-842733-1 devstack@placement-api.service[103646]: DEBUG placement.requestlog [req-8bfa8a1d-7152-4519-9ec3-e046563b0815 req-2871513a-eda9-44b5-8817-a315808974fb None None] Starting request: 10.222.0.35 "PUT /placement/allocations/f1af9e82-3f83-4962-b252-d66a988678f9" {{(pid=103646) __call__ /opt/stack/placement/placement/requestlog.py:55}}
May 20 20:48:47.079426 n-d-842733-1 devstack@placement-api.service[103646]: DEBUG placement.handlers.allocation [req-8bfa8a1d-7152-4519-9ec3-e046563b0815 req-2871513a-eda9-44b5-8817-a315808974fb service placement] Successfully wrote allocations [, , ] {{(pid=103646) _update_consumers_and_create_allocations /opt/stack/placement/placement/handlers/allocation.py:462}}
May 20 20:48:47.140409 n-d-842733-1 devstack@placement-api.service[103646]: INFO placement.requestlog [req-8bfa8a1d-7152-4519-9ec3-e046563b0815 req-2871513a-eda9-44b5-8817-a315808974fb service placement] 10.222.0.35 "PUT /placement/allocations/f1af9e82-3f83-4962-b252-d66a988678f9" status: 204 len: 0 microversion: 1.36
May 20 20:48:47.140724 n-d-842733-1 devstack@placement-api.service[103646]: [pid: 103646|app: 0|req: 352/716] 10.222.0.35 () {64 vars in 1433 bytes} [Fri May 20 20:48:46 2022] PUT /placement/allocations/f1af9e82-3f83-4962-b252-d66a988678f9 => generated 0 bytes in 211 msecs (HTTP/1.1 204) 5 headers in 199 bytes (2 switches on core 0)
May 20 20:48:47.896966 n-d-842733-1 devstack@placement-api.service[103647]: DEBUG placement.requestlog [req-8bfa8a1d-7152-4519-9ec3-e046563b0815 req-02a97402-1723-4094-a400-99c3078e2c6e None None] Starting request: 10.222.0.24 "GET /placement/allocations/f1af9e82-3f83-4962-b252-d66a988678f9" {{(pid=103647) __call__ /opt/stack/placement/placement/requestlog.py:55}}
May 20 20:48:47.922615 n-d-842733-1 devstack@placement-api.service[103647]: INFO placement.requestlog [req-8bfa8a1d-7152-4519-9ec3-e046563b0815 req-02a97402-1723-4094-a400-99c3078e2c6e service placement] 10.222.0.24 "GET /placement/allocations/f1af9e82-3f83-4962-b252-d66a988678f9" status: 200 len: 259 microversion: 1.28
May 20 20:48:47.923424 n-d-842733-1 devstack@placement-api.service[103647]: [pid: 103647|app: 0|req: 365/717] 10.222.0.24 () {60 vars in 1377 bytes} [Fri May 20 20:48:47 2022] GET /placement/allocations/f1af9e82-3f83-4962-b252-d66a988678f9 => generated 259 bytes in 27 msecs (HTTP/1.1 200) 8 headers in 296 bytes (1 switches on core 0)
May 20 20:49:10.029994 n-d-842733-1 devstack@placement-api.service[103646]: DEBUG placement.requestlog [req-87f5e9d2-233e-4918-b304-15fec06dd2b6 req-99e4770c-6369-4676-9303-02b63bbe7b30 None None] Starting request: 10.222.0.24 "GET /placement/resource_providers/f964c98b-5cc8-4635-81cc-cb06412c0f1a/allocations" {{(pid=103646) __call__ /opt/stack/placement/placement/requestlog.py:55}}
May 20 20:49:10.116101 n-d-842733-1 devstack@placement-api.service[103646]: INFO placement.requestlog [req-87f5e9d2-233e-4918-b304-15fec06dd2b6 req-99e4770c-6369-4676-9303-02b63bbe7b30 service placement] 10.222.0.24 "GET /placement/resource_providers/f964c98b-5cc8-4635-81cc-cb06412c0f1a/allocations" status: 200 len: 356 microversion: 1.0
May 20 20:49:10.116849 n-d-842733-1 devstack@placement-api.service[103646]: [pid: 103646|app: 0|req: 353/718] 10.222.0.24 () {58 vars in 1390 bytes} [Fri May 20 20:49:10 2022] GET /placement/resource_providers/f964c98b-5cc8-4635-81cc-cb06412c0f1a/allocations => generated 356 bytes in 87 msecs (HTTP/1.1 200) 6 headers in 224 bytes (1 switches on core 0)
May 20 20:49:15.807761 n-d-842733-1 devstack@placement-api.service[103647]: DEBUG placement.requestlog [req-c7218715-dc76-4f65-ab4d-12ee75284372 req-b9483d1b-4af4-4c40-a847-91c0fcd8a629 None None] Starting request: 10.222.0.13 "DELETE /placement/allocations/eae40ff4-074e-48c3-9704-393975de631b" {{(pid=103647) __call__ /opt/stack/placement/placement/requestlog.py:55}}
May 20 20:49:16.042019 n-d-842733-1 devstack@placement-api.service[103647]: DEBUG placement.handlers.allocation [req-c7218715-dc76-4f65-ab4d-12ee75284372 req-b9483d1b-4af4-4c40-a847-91c0fcd8a629 service placement] Successfully deleted allocations [, , ] {{(pid=103647) delete_allocations /opt/stack/placement/placement/handlers/allocation.py:627}}
May 20 20:49:16.042738 n-d-842733-1 devstack@placement-api.service[103647]: INFO placement.requestlog [req-c7218715-dc76-4f65-ab4d-12ee75284372 req-b9483d1b-4af4-4c40-a847-91c0fcd8a629 service placement] 10.222.0.13 "DELETE /placement/allocations/eae40ff4-074e-48c3-9704-393975de631b" status: 204 len: 0 microversion: 1.0
May 20 20:49:16.043074 n-d-842733-1 devstack@placement-api.service[103647]: [pid: 103647|app: 0|req: 366/719] 10.222.0.13 () {60 vars in 1355 bytes} [Fri May 20 20:49:15 2022] DELETE /placement/allocations/eae40ff4-074e-48c3-9704-393975de631b => generated 0 bytes in 236 msecs (HTTP/1.1 204) 5 headers in 198 bytes (1 switches on core 0)
May 20 20:49:16.257985 n-d-842733-1 devstack@placement-api.service[103646]: DEBUG placement.requestlog [req-ef513fd3-d5cd-42eb-ba6f-6125773e27cf req-6d71a5f7-3f63-4bac-9802-b77b0115eab8 None None] Starting request: 10.222.0.24 "DELETE /placement/allocations/a4ab3ddf-2fe5-4063-a4f6-456e0eb3138f" {{(pid=103646) __call__ /opt/stack/placement/placement/requestlog.py:55}}
May 20 20:49:16.264667 n-d-842733-1 devstack@placement-api.service[103647]: DEBUG placement.requestlog [req-0d299bf9-21be-4490-a37f-be9e7acae640 req-f8cdcaf9-aaa9-4f01-b0bc-9994ac040d6a None None] Starting request: 10.222.0.13 "GET /placement/resource_providers/e1da995f-a580-4c66-b3f2-685999c7b140/allocations" {{(pid=103647) __call__ /opt/stack/placement/placement/requestlog.py:55}}
May 20 20:49:16.310549 n-d-842733-1 devstack@placement-api.service[103647]: INFO placement.requestlog [req-0d299bf9-21be-4490-a37f-be9e7acae640 req-f8cdcaf9-aaa9-4f01-b0bc-9994ac040d6a service placement] 10.222.0.13 "GET /placement/resource_providers/e1da995f-a580-4c66-b3f2-685999c7b140/allocations" status: 200 len: 356 microversion: 1.0
May 20 20:49:16.311341 n-d-842733-1 devstack@placement-api.service[103647]: [pid: 103647|app: 0|req: 367/720] 10.222.0.13 () {58 vars in 1390 bytes} [Fri May 20 20:49:16 2022] GET /placement/resource_providers/e1da995f-a580-4c66-b3f2-685999c7b140/allocations => generated 356 bytes in 47 msecs (HTTP/1.1 200) 6 headers in 224 bytes (1 switches on core 0)
May 20 20:49:16.466040 n-d-842733-1 devstack@placement-api.service[103646]: DEBUG placement.handlers.allocation [req-ef513fd3-d5cd-42eb-ba6f-6125773e27cf req-6d71a5f7-3f63-4bac-9802-b77b0115eab8 service placement] Successfully deleted allocations [, , ] {{(pid=103646) delete_allocations /opt/stack/placement/placement/handlers/allocation.py:627}}
May 20 20:49:16.466765 n-d-842733-1 devstack@placement-api.service[103646]: INFO placement.requestlog [req-ef513fd3-d5cd-42eb-ba6f-6125773e27cf req-6d71a5f7-3f63-4bac-9802-b77b0115eab8 service placement] 10.222.0.24 "DELETE /placement/allocations/a4ab3ddf-2fe5-4063-a4f6-456e0eb3138f" status: 204 len: 0 microversion: 1.0
May 20 20:49:16.467123 n-d-842733-1 devstack@placement-api.service[103646]: [pid: 103646|app: 0|req: 354/721] 10.222.0.24 () {60 vars in 1355 bytes} [Fri May 20 20:49:16 2022] DELETE /placement/allocations/a4ab3ddf-2fe5-4063-a4f6-456e0eb3138f => generated 0 bytes in 209 msecs (HTTP/1.1 204) 5 headers in 198 bytes (1 switches on core 0)
May 20 20:49:21.255521 n-d-842733-1 devstack@placement-api.service[103647]: DEBUG placement.requestlog [req-ec56cdf0-8eb2-45c2-abfc-6a844afdd60c req-3d0e3b64-3beb-41a5-bf56-a21b872da85c None None] Starting request: 10.222.0.24 "DELETE /placement/allocations/f1af9e82-3f83-4962-b252-d66a988678f9" {{(pid=103647) __call__ /opt/stack/placement/placement/requestlog.py:55}}
May 20 20:49:21.494328 n-d-842733-1 devstack@placement-api.service[103647]: DEBUG placement.handlers.allocation [req-ec56cdf0-8eb2-45c2-abfc-6a844afdd60c req-3d0e3b64-3beb-41a5-bf56-a21b872da85c service placement] Successfully deleted allocations [, , ] {{(pid=103647) delete_allocations /opt/stack/placement/placement/handlers/allocation.py:627}}
May 20 20:49:21.494823 n-d-842733-1 devstack@placement-api.service[103647]: INFO placement.requestlog [req-ec56cdf0-8eb2-45c2-abfc-6a844afdd60c req-3d0e3b64-3beb-41a5-bf56-a21b872da85c service placement] 10.222.0.24 "DELETE /placement/allocations/f1af9e82-3f83-4962-b252-d66a988678f9" status: 204 len: 0 microversion: 1.0
May 20 20:49:21.495313 n-d-842733-1 devstack@placement-api.service[103647]: [pid: 103647|app: 0|req: 368/722] 10.222.0.24 () {60 vars in 1355 bytes} [Fri May 20 20:49:21 2022] DELETE /placement/allocations/f1af9e82-3f83-4962-b252-d66a988678f9 => generated 0 bytes in 240 msecs (HTTP/1.1 204) 5 headers in 198 bytes (1 switches on core 0)
May 20 20:49:23.051962 n-d-842733-1 devstack@placement-api.service[103646]: DEBUG placement.requestlog [req-44999038-e689-437a-8f62-e2d6c3b359db req-3dfae9bc-89c3-40dd-b8d6-fce4ae034c87 None None] Starting request: 10.222.0.35 "GET /placement/allocation_candidates?limit=1000&resources=DISK_GB%3A1%2CMEMORY_MB%3A1024%2CVCPU%3A1&root_required=%21COMPUTE_STATUS_DISABLED" {{(pid=103646) __call__ /opt/stack/placement/placement/requestlog.py:55}}
May 20 20:49:23.106202 n-d-842733-1 devstack@placement-api.service[103646]: DEBUG placement.objects.research_context [req-44999038-e689-437a-8f62-e2d6c3b359db req-3dfae9bc-89c3-40dd-b8d6-fce4ae034c87 service placement] getting providers with 1 DISK_GB {{(pid=103646) __init__ /opt/stack/placement/placement/objects/research_context.py:126}}
May 20 20:49:23.129427 n-d-842733-1 devstack@placement-api.service[103646]: DEBUG placement.objects.research_context [req-44999038-e689-437a-8f62-e2d6c3b359db req-3dfae9bc-89c3-40dd-b8d6-fce4ae034c87 service placement] getting providers with 1024 MEMORY_MB {{(pid=103646) __init__ /opt/stack/placement/placement/objects/research_context.py:126}}
May 20 20:49:23.146562 n-d-842733-1 devstack@placement-api.service[103646]: DEBUG placement.objects.research_context [req-44999038-e689-437a-8f62-e2d6c3b359db req-3dfae9bc-89c3-40dd-b8d6-fce4ae034c87 service placement] getting providers with 1 VCPU {{(pid=103646) __init__ /opt/stack/placement/placement/objects/research_context.py:126}}
May 20 20:49:23.168046 n-d-842733-1 devstack@placement-api.service[103646]: DEBUG placement.objects.research_context [req-44999038-e689-437a-8f62-e2d6c3b359db req-3dfae9bc-89c3-40dd-b8d6-fce4ae034c87 service placement] found 2 providers with available 1 DISK_GB {{(pid=103646) get_provider_ids_matching /opt/stack/placement/placement/objects/research_context.py:549}}
May 20 20:49:23.168330 n-d-842733-1 devstack@placement-api.service[103646]: DEBUG placement.objects.research_context [req-44999038-e689-437a-8f62-e2d6c3b359db req-3dfae9bc-89c3-40dd-b8d6-fce4ae034c87 service placement] found 2 providers with available 1024 MEMORY_MB {{(pid=103646) get_provider_ids_matching /opt/stack/placement/placement/objects/research_context.py:549}}
May 20 20:49:23.168607 n-d-842733-1 devstack@placement-api.service[103646]: DEBUG placement.objects.research_context [req-44999038-e689-437a-8f62-e2d6c3b359db req-3dfae9bc-89c3-40dd-b8d6-fce4ae034c87 service placement] found 2 providers after filtering by previous result {{(pid=103646) get_provider_ids_matching /opt/stack/placement/placement/objects/research_context.py:580}}
May 20 20:49:23.168875 n-d-842733-1 devstack@placement-api.service[103646]: DEBUG placement.objects.research_context [req-44999038-e689-437a-8f62-e2d6c3b359db req-3dfae9bc-89c3-40dd-b8d6-fce4ae034c87 service placement] found 2 providers with available 1 VCPU {{(pid=103646) get_provider_ids_matching /opt/stack/placement/placement/objects/research_context.py:549}}
May 20 20:49:23.169139 n-d-842733-1 devstack@placement-api.service[103646]: DEBUG placement.objects.research_context [req-44999038-e689-437a-8f62-e2d6c3b359db req-3dfae9bc-89c3-40dd-b8d6-fce4ae034c87 service placement] found 2 providers after filtering by previous result {{(pid=103646) get_provider_ids_matching /opt/stack/placement/placement/objects/research_context.py:580}}
May 20 20:49:23.185855 n-d-842733-1 devstack@placement-api.service[103646]: DEBUG placement.objects.allocation_candidate [req-44999038-e689-437a-8f62-e2d6c3b359db req-3dfae9bc-89c3-40dd-b8d6-fce4ae034c87 service placement] RequestGroup(use_same_provider=False, resources={DISK_GB:1, MEMORY_MB:1024, VCPU:1}, traits=[], aggregates=[]) (suffix '') returned 2 matches {{(pid=103646) _get_by_requests /opt/stack/placement/placement/objects/allocation_candidate.py:145}}
May 20 20:49:23.186227 n-d-842733-1 devstack@placement-api.service[103646]: DEBUG placement.objects.allocation_candidate [req-44999038-e689-437a-8f62-e2d6c3b359db req-3dfae9bc-89c3-40dd-b8d6-fce4ae034c87 service placement] Merging candidates yields 2 allocation requests and 2 provider summaries {{(pid=103646) _merge_candidates /opt/stack/placement/placement/objects/allocation_candidate.py:783}}
May 20 20:49:23.187819 n-d-842733-1 devstack@placement-api.service[103646]: INFO placement.requestlog [req-44999038-e689-437a-8f62-e2d6c3b359db req-3dfae9bc-89c3-40dd-b8d6-fce4ae034c87 service placement] 10.222.0.35 "GET /placement/allocation_candidates?limit=1000&resources=DISK_GB%3A1%2CMEMORY_MB%3A1024%2CVCPU%3A1&root_required=%21COMPUTE_STATUS_DISABLED" status: 200 len: 1309 microversion: 1.36
May 20 20:49:23.197598 n-d-842733-1 devstack@placement-api.service[103646]: [pid: 103646|app: 0|req: 355/723] 10.222.0.35 () {60 vars in 1506 bytes} [Fri May 20 20:49:23 2022] GET /placement/allocation_candidates?limit=1000&resources=DISK_GB%3A1%2CMEMORY_MB%3A1024%2CVCPU%3A1&root_required=%21COMPUTE_STATUS_DISABLED => generated 1309 bytes in 146 msecs (HTTP/1.1 200) 8 headers in 297 bytes (1 switches on core 0)
May 20 20:49:23.280882 n-d-842733-1 devstack@placement-api.service[103647]: DEBUG placement.requestlog [req-44999038-e689-437a-8f62-e2d6c3b359db req-8edab440-245c-4da4-ab62-adfc86e9cf33 None None] Starting request: 10.222.0.35 "GET /placement/allocations/367ac43c-c0d5-4081-b0b0-90c7efefd89d" {{(pid=103647) __call__ /opt/stack/placement/placement/requestlog.py:55}}
May 20 20:49:23.295670 n-d-842733-1 devstack@placement-api.service[103647]: INFO placement.requestlog [req-44999038-e689-437a-8f62-e2d6c3b359db req-8edab440-245c-4da4-ab62-adfc86e9cf33 service placement] 10.222.0.35 "GET /placement/allocations/367ac43c-c0d5-4081-b0b0-90c7efefd89d" status: 200 len: 19 microversion: 1.28
May 20 20:49:23.296777 n-d-842733-1 devstack@placement-api.service[103647]: [pid: 103647|app: 0|req: 369/724] 10.222.0.35 () {60 vars in 1380 bytes} [Fri May 20 20:49:23 2022] GET /placement/allocations/367ac43c-c0d5-4081-b0b0-90c7efefd89d => generated 19 bytes in 16 msecs (HTTP/1.1 200) 8 headers in 295 bytes (1 switches on core 0)
May 20 20:49:23.340998 n-d-842733-1 devstack@placement-api.service[103646]: DEBUG placement.requestlog [req-44999038-e689-437a-8f62-e2d6c3b359db req-19843892-7b76-4da7-86d7-5f9063961cab None None] Starting request: 10.222.0.35 "PUT /placement/allocations/367ac43c-c0d5-4081-b0b0-90c7efefd89d" {{(pid=103646) __call__ /opt/stack/placement/placement/requestlog.py:55}}
May 20 20:49:23.549860 n-d-842733-1 devstack@placement-api.service[103646]: DEBUG placement.handlers.allocation [req-44999038-e689-437a-8f62-e2d6c3b359db req-19843892-7b76-4da7-86d7-5f9063961cab service placement] Successfully wrote allocations [, , ] {{(pid=103646) _update_consumers_and_create_allocations /opt/stack/placement/placement/handlers/allocation.py:462}}
May 20 20:49:23.620409 n-d-842733-1 devstack@placement-api.service[103646]: INFO placement.requestlog [req-44999038-e689-437a-8f62-e2d6c3b359db req-19843892-7b76-4da7-86d7-5f9063961cab service placement] 10.222.0.35 "PUT /placement/allocations/367ac43c-c0d5-4081-b0b0-90c7efefd89d" status: 204 len: 0 microversion: 1.36
May 20 20:49:23.620409 n-d-842733-1 devstack@placement-api.service[103646]: [pid: 103646|app: 0|req: 356/725] 10.222.0.35 () {64 vars in 1433 bytes} [Fri May 20 20:49:23 2022] PUT /placement/allocations/367ac43c-c0d5-4081-b0b0-90c7efefd89d => generated 0 bytes in 275 msecs (HTTP/1.1 204) 5 headers in 199 bytes (1 switches on core 0)
May 20 20:49:24.056459 n-d-842733-1 devstack@placement-api.service[103647]: DEBUG placement.requestlog [req-e36ef8df-9305-4d53-b2b7-29b4495e730a req-3eca3987-f4e2-4640-bfbc-2c0cf20a83a1 None None] Starting request: 10.222.0.24 "DELETE /placement/allocations/0f535575-dc81-4139-bc1e-db9fe0d7c5b9" {{(pid=103647) __call__ /opt/stack/placement/placement/requestlog.py:55}}
May 20 20:49:24.260381 n-d-842733-1 devstack@placement-api.service[103646]: DEBUG placement.requestlog [req-70303936-7dec-4bb0-a84a-cdd267a06dd4 req-fecbbc66-86c2-4b67-8ad7-fdc9ad4a25cc None None] Starting request: 10.222.0.35 "GET /placement/allocation_candidates?limit=1000&resources=DISK_GB%3A1%2CMEMORY_MB%3A1024%2CVCPU%3A1&root_required=%21COMPUTE_STATUS_DISABLED" {{(pid=103646) __call__ /opt/stack/placement/placement/requestlog.py:55}}
May 20 20:49:24.276506 n-d-842733-1 devstack@placement-api.service[103647]: DEBUG placement.handlers.allocation [req-e36ef8df-9305-4d53-b2b7-29b4495e730a req-3eca3987-f4e2-4640-bfbc-2c0cf20a83a1 service placement] Successfully deleted allocations [, , ] {{(pid=103647) delete_allocations /opt/stack/placement/placement/handlers/allocation.py:627}}
May 20 20:49:24.277154 n-d-842733-1 devstack@placement-api.service[103647]: INFO placement.requestlog [req-e36ef8df-9305-4d53-b2b7-29b4495e730a req-3eca3987-f4e2-4640-bfbc-2c0cf20a83a1 service placement] 10.222.0.24 "DELETE /placement/allocations/0f535575-dc81-4139-bc1e-db9fe0d7c5b9" status: 204 len: 0 microversion: 1.0
May 20 20:49:24.277527 n-d-842733-1 devstack@placement-api.service[103647]: [pid: 103647|app: 0|req: 370/726] 10.222.0.24 () {60 vars in 1355 bytes} [Fri May 20 20:49:24 2022] DELETE /placement/allocations/0f535575-dc81-4139-bc1e-db9fe0d7c5b9 => generated 0 bytes in 221 msecs (HTTP/1.1 204) 5 headers in 198 bytes (1 switches on core 0)
May 20 20:49:24.379469 n-d-842733-1 devstack@placement-api.service[103646]: DEBUG placement.objects.research_context [req-70303936-7dec-4bb0-a84a-cdd267a06dd4 req-fecbbc66-86c2-4b67-8ad7-fdc9ad4a25cc service placement] getting providers with 1 DISK_GB {{(pid=103646) __init__ /opt/stack/placement/placement/objects/research_context.py:126}}
May 20 20:49:24.399369 n-d-842733-1 devstack@placement-api.service[103646]: DEBUG placement.objects.research_context [req-70303936-7dec-4bb0-a84a-cdd267a06dd4 req-fecbbc66-86c2-4b67-8ad7-fdc9ad4a25cc service placement] getting providers with 1024 MEMORY_MB {{(pid=103646) __init__ /opt/stack/placement/placement/objects/research_context.py:126}}
May 20 20:49:24.418298 n-d-842733-1 devstack@placement-api.service[103646]: DEBUG placement.objects.research_context [req-70303936-7dec-4bb0-a84a-cdd267a06dd4 req-fecbbc66-86c2-4b67-8ad7-fdc9ad4a25cc service placement] getting providers with 1 VCPU {{(pid=103646) __init__ /opt/stack/placement/placement/objects/research_context.py:126}}
May 20 20:49:24.438740 n-d-842733-1 devstack@placement-api.service[103646]: DEBUG placement.objects.research_context [req-70303936-7dec-4bb0-a84a-cdd267a06dd4 req-fecbbc66-86c2-4b67-8ad7-fdc9ad4a25cc service placement] found 2 providers with available 1 DISK_GB {{(pid=103646) get_provider_ids_matching /opt/stack/placement/placement/objects/research_context.py:549}}
May 20 20:49:24.439029 n-d-842733-1 devstack@placement-api.service[103646]: DEBUG placement.objects.research_context [req-70303936-7dec-4bb0-a84a-cdd267a06dd4 req-fecbbc66-86c2-4b67-8ad7-fdc9ad4a25cc service placement] found 2 providers with available 1024 MEMORY_MB {{(pid=103646) get_provider_ids_matching /opt/stack/placement/placement/objects/research_context.py:549}}
May 20 20:49:24.439306 n-d-842733-1 devstack@placement-api.service[103646]: DEBUG placement.objects.research_context [req-70303936-7dec-4bb0-a84a-cdd267a06dd4 req-fecbbc66-86c2-4b67-8ad7-fdc9ad4a25cc service placement] found 2 providers after filtering by previous result {{(pid=103646) get_provider_ids_matching /opt/stack/placement/placement/objects/research_context.py:580}}
May 20 20:49:24.439567 n-d-842733-1 devstack@placement-api.service[103646]: DEBUG placement.objects.research_context [req-70303936-7dec-4bb0-a84a-cdd267a06dd4 req-fecbbc66-86c2-4b67-8ad7-fdc9ad4a25cc service placement] found 2 providers with available 1 VCPU {{(pid=103646) get_provider_ids_matching /opt/stack/placement/placement/objects/research_context.py:549}}
May 20 20:49:24.439879 n-d-842733-1 devstack@placement-api.service[103646]: DEBUG placement.objects.research_context [req-70303936-7dec-4bb0-a84a-cdd267a06dd4 req-fecbbc66-86c2-4b67-8ad7-fdc9ad4a25cc service placement] found 2 providers after filtering by previous result {{(pid=103646) get_provider_ids_matching /opt/stack/placement/placement/objects/research_context.py:580}}
May 20 20:49:24.462704 n-d-842733-1 devstack@placement-api.service[103646]: DEBUG placement.objects.allocation_candidate [req-70303936-7dec-4bb0-a84a-cdd267a06dd4 req-fecbbc66-86c2-4b67-8ad7-fdc9ad4a25cc service placement] RequestGroup(use_same_provider=False, resources={DISK_GB:1, MEMORY_MB:1024, VCPU:1}, traits=[], aggregates=[]) (suffix '') returned 2 matches {{(pid=103646) _get_by_requests /opt/stack/placement/placement/objects/allocation_candidate.py:145}}
May 20 20:49:24.464242 n-d-842733-1 devstack@placement-api.service[103646]: DEBUG placement.objects.allocation_candidate [req-70303936-7dec-4bb0-a84a-cdd267a06dd4 req-fecbbc66-86c2-4b67-8ad7-fdc9ad4a25cc service placement] Merging candidates yields 2 allocation requests and 2 provider summaries {{(pid=103646) _merge_candidates /opt/stack/placement/placement/objects/allocation_candidate.py:783}}
May 20 20:49:24.467027 n-d-842733-1 devstack@placement-api.service[103646]: INFO placement.requestlog [req-70303936-7dec-4bb0-a84a-cdd267a06dd4 req-fecbbc66-86c2-4b67-8ad7-fdc9ad4a25cc service placement] 10.222.0.35 "GET /placement/allocation_candidates?limit=1000&resources=DISK_GB%3A1%2CMEMORY_MB%3A1024%2CVCPU%3A1&root_required=%21COMPUTE_STATUS_DISABLED" status: 200 len: 1309 microversion: 1.36
May 20 20:49:24.469183 n-d-842733-1 devstack@placement-api.service[103646]: [pid: 103646|app: 0|req: 357/727] 10.222.0.35 () {60 vars in 1506 bytes} [Fri May 20 20:49:24 2022] GET /placement/allocation_candidates?limit=1000&resources=DISK_GB%3A1%2CMEMORY_MB%3A1024%2CVCPU%3A1&root_required=%21COMPUTE_STATUS_DISABLED => generated 1309 bytes in 210 msecs (HTTP/1.1 200) 8 headers in 297 bytes (2 switches on core 0)
May 20 20:49:24.616212 n-d-842733-1 devstack@placement-api.service[103647]: DEBUG placement.requestlog [req-70303936-7dec-4bb0-a84a-cdd267a06dd4 req-7e89d707-adec-404b-9f45-c05f1b978be8 None None] Starting request: 10.222.0.35 "GET /placement/allocations/0856d7c7-f2cf-45a1-9bb8-efb615854f4d" {{(pid=103647) __call__ /opt/stack/placement/placement/requestlog.py:55}}
May 20 20:49:24.626589 n-d-842733-1 devstack@placement-api.service[103647]: INFO placement.requestlog [req-70303936-7dec-4bb0-a84a-cdd267a06dd4 req-7e89d707-adec-404b-9f45-c05f1b978be8 service placement] 10.222.0.35 "GET /placement/allocations/0856d7c7-f2cf-45a1-9bb8-efb615854f4d" status: 200 len: 19 microversion: 1.28
May 20 20:49:24.631533 n-d-842733-1 devstack@placement-api.service[103647]: [pid: 103647|app: 0|req: 371/728] 10.222.0.35 () {60 vars in 1380 bytes} [Fri May 20 20:49:24 2022] GET /placement/allocations/0856d7c7-f2cf-45a1-9bb8-efb615854f4d => generated 19 bytes in 19 msecs (HTTP/1.1 200) 8 headers in 295 bytes (1 switches on core 0)
May 20 20:49:24.643954 n-d-842733-1 devstack@placement-api.service[103646]: DEBUG placement.requestlog [req-70303936-7dec-4bb0-a84a-cdd267a06dd4 req-6e5e5499-6dd5-4a89-ae96-f3f0ed963a75 None None] Starting request: 10.222.0.35 "PUT /placement/allocations/0856d7c7-f2cf-45a1-9bb8-efb615854f4d" {{(pid=103646) __call__ /opt/stack/placement/placement/requestlog.py:55}}
May 20 20:49:24.984988 n-d-842733-1 devstack@placement-api.service[103646]: DEBUG placement.handlers.allocation [req-70303936-7dec-4bb0-a84a-cdd267a06dd4 req-6e5e5499-6dd5-4a89-ae96-f3f0ed963a75 service placement] Successfully wrote allocations [, , ] {{(pid=103646) _update_consumers_and_create_allocations /opt/stack/placement/placement/handlers/allocation.py:462}}
May 20 20:49:24.993770 n-d-842733-1 devstack@placement-api.service[103647]: DEBUG placement.requestlog [req-44999038-e689-437a-8f62-e2d6c3b359db req-0972ae2f-2e8a-48a5-a60d-e450542428eb None None] Starting request: 10.222.0.24 "GET /placement/allocations/367ac43c-c0d5-4081-b0b0-90c7efefd89d" {{(pid=103647) __call__ /opt/stack/placement/placement/requestlog.py:55}}
May 20 20:49:25.014099 n-d-842733-1 devstack@placement-api.service[103647]: INFO placement.requestlog [req-44999038-e689-437a-8f62-e2d6c3b359db req-0972ae2f-2e8a-48a5-a60d-e450542428eb service placement] 10.222.0.24 "GET /placement/allocations/367ac43c-c0d5-4081-b0b0-90c7efefd89d" status: 200 len: 259 microversion: 1.28
May 20 20:49:25.015662 n-d-842733-1 devstack@placement-api.service[103647]: [pid: 103647|app: 0|req: 372/729] 10.222.0.24 () {60 vars in 1377 bytes} [Fri May 20 20:49:24 2022] GET /placement/allocations/367ac43c-c0d5-4081-b0b0-90c7efefd89d => generated 259 bytes in 22 msecs (HTTP/1.1 200) 8 headers in 296 bytes (1 switches on core 0)
May 20 20:49:25.071987 n-d-842733-1 devstack@placement-api.service[103646]: INFO placement.requestlog [req-70303936-7dec-4bb0-a84a-cdd267a06dd4 req-6e5e5499-6dd5-4a89-ae96-f3f0ed963a75 service placement] 10.222.0.35 "PUT /placement/allocations/0856d7c7-f2cf-45a1-9bb8-efb615854f4d" status: 204 len: 0 microversion: 1.36
May 20 20:49:25.072304 n-d-842733-1 devstack@placement-api.service[103646]: [pid: 103646|app: 0|req: 358/730] 10.222.0.35 () {64 vars in 1433 bytes} [Fri May 20 20:49:24 2022] PUT /placement/allocations/0856d7c7-f2cf-45a1-9bb8-efb615854f4d => generated 0 bytes in 429 msecs (HTTP/1.1 204) 5 headers in 199 bytes (1 switches on core 0)
May 20 20:49:27.106620 n-d-842733-1 devstack@placement-api.service[103647]: DEBUG placement.requestlog [req-70303936-7dec-4bb0-a84a-cdd267a06dd4 req-31a527c4-ddd6-4b1b-8c45-f0af97e6043a None None] Starting request: 10.222.0.24 "GET /placement/allocations/0856d7c7-f2cf-45a1-9bb8-efb615854f4d" {{(pid=103647) __call__ /opt/stack/placement/placement/requestlog.py:55}}
May 20 20:49:27.144642 n-d-842733-1 devstack@placement-api.service[103647]: INFO placement.requestlog [req-70303936-7dec-4bb0-a84a-cdd267a06dd4 req-31a527c4-ddd6-4b1b-8c45-f0af97e6043a service placement] 10.222.0.24 "GET /placement/allocations/0856d7c7-f2cf-45a1-9bb8-efb615854f4d" status: 200 len: 259 microversion: 1.28
May 20 20:49:27.144893 n-d-842733-1 devstack@placement-api.service[103647]: [pid: 103647|app: 0|req: 373/731] 10.222.0.24 () {60 vars in 1377 bytes} [Fri May 20 20:49:27 2022] GET /placement/allocations/0856d7c7-f2cf-45a1-9bb8-efb615854f4d => generated 259 bytes in 39 msecs (HTTP/1.1 200) 8 headers in 296 bytes (1 switches on core 0)
May 20 20:49:42.180398 n-d-842733-1 devstack@placement-api.service[103646]: DEBUG placement.requestlog [req-1ac8ec6e-d077-42c6-8e13-21d5521dd5ce req-c5b2884e-8ae3-4000-862f-9a9f6617ca8f None None] Starting request: 10.222.0.24 "GET /placement/allocations/0856d7c7-f2cf-45a1-9bb8-efb615854f4d" {{(pid=103646) __call__ /opt/stack/placement/placement/requestlog.py:55}}
May 20 20:49:42.208567 n-d-842733-1 devstack@placement-api.service[103646]: INFO placement.requestlog [req-1ac8ec6e-d077-42c6-8e13-21d5521dd5ce req-c5b2884e-8ae3-4000-862f-9a9f6617ca8f service placement] 10.222.0.24 "GET /placement/allocations/0856d7c7-f2cf-45a1-9bb8-efb615854f4d" status: 200 len: 259 microversion: 1.28
May 20 20:49:42.209419 n-d-842733-1 devstack@placement-api.service[103646]: [pid: 103646|app: 0|req: 359/732] 10.222.0.24 () {60 vars in 1377 bytes} [Fri May 20 20:49:42 2022] GET /placement/allocations/0856d7c7-f2cf-45a1-9bb8-efb615854f4d => generated 259 bytes in 31 msecs (HTTP/1.1 200) 8 headers in 296 bytes (1 switches on core 0)
May 20 20:49:42.546878 n-d-842733-1 devstack@placement-api.service[103647]: DEBUG placement.requestlog [req-bce92065-2be7-4ef4-8d97-3161e790351c req-47cf33f7-d841-444e-bfd9-f773ab739b6b None None] Starting request: 10.222.0.35 "GET /placement/allocation_candidates?limit=1000&resources=DISK_GB%3A1%2CMEMORY_MB%3A1024%2CVCPU%3A1&root_required=%21COMPUTE_STATUS_DISABLED" {{(pid=103647) __call__ /opt/stack/placement/placement/requestlog.py:55}}
May 20 20:49:42.607622 n-d-842733-1 devstack@placement-api.service[103647]: DEBUG placement.objects.research_context [req-bce92065-2be7-4ef4-8d97-3161e790351c req-47cf33f7-d841-444e-bfd9-f773ab739b6b service placement] getting providers with 1 DISK_GB {{(pid=103647) __init__ /opt/stack/placement/placement/objects/research_context.py:126}}
May 20 20:49:42.624125 n-d-842733-1 devstack@placement-api.service[103647]: DEBUG placement.objects.research_context [req-bce92065-2be7-4ef4-8d97-3161e790351c req-47cf33f7-d841-444e-bfd9-f773ab739b6b service placement] getting providers with 1024 MEMORY_MB {{(pid=103647) __init__ /opt/stack/placement/placement/objects/research_context.py:126}}
May 20 20:49:42.634680 n-d-842733-1 devstack@placement-api.service[103647]: DEBUG placement.objects.research_context [req-bce92065-2be7-4ef4-8d97-3161e790351c req-47cf33f7-d841-444e-bfd9-f773ab739b6b service placement] getting providers with 1 VCPU {{(pid=103647) __init__ /opt/stack/placement/placement/objects/research_context.py:126}}
May 20 20:49:42.650783 n-d-842733-1 devstack@placement-api.service[103647]: DEBUG placement.objects.research_context [req-bce92065-2be7-4ef4-8d97-3161e790351c req-47cf33f7-d841-444e-bfd9-f773ab739b6b service placement] found 2 providers with available 1 DISK_GB {{(pid=103647) get_provider_ids_matching /opt/stack/placement/placement/objects/research_context.py:549}}
May 20 20:49:42.651061 n-d-842733-1 devstack@placement-api.service[103647]: DEBUG placement.objects.research_context [req-bce92065-2be7-4ef4-8d97-3161e790351c req-47cf33f7-d841-444e-bfd9-f773ab739b6b service placement] found 2 providers with available 1024 MEMORY_MB {{(pid=103647) get_provider_ids_matching /opt/stack/placement/placement/objects/research_context.py:549}}
May 20 20:49:42.651337 n-d-842733-1 devstack@placement-api.service[103647]: DEBUG placement.objects.research_context [req-bce92065-2be7-4ef4-8d97-3161e790351c req-47cf33f7-d841-444e-bfd9-f773ab739b6b service placement] found 2 providers after filtering by previous result {{(pid=103647) get_provider_ids_matching /opt/stack/placement/placement/objects/research_context.py:580}}
May 20 20:49:42.651596 n-d-842733-1 devstack@placement-api.service[103647]: DEBUG placement.objects.research_context [req-bce92065-2be7-4ef4-8d97-3161e790351c req-47cf33f7-d841-444e-bfd9-f773ab739b6b service placement] found 2 providers with available 1 VCPU {{(pid=103647) get_provider_ids_matching /opt/stack/placement/placement/objects/research_context.py:549}}
May 20 20:49:42.651858 n-d-842733-1 devstack@placement-api.service[103647]: DEBUG placement.objects.research_context [req-bce92065-2be7-4ef4-8d97-3161e790351c req-47cf33f7-d841-444e-bfd9-f773ab739b6b service placement] found 2 providers after filtering by previous result {{(pid=103647) get_provider_ids_matching /opt/stack/placement/placement/objects/research_context.py:580}}
May 20 20:49:42.697085 n-d-842733-1 devstack@placement-api.service[103647]: DEBUG placement.objects.allocation_candidate [req-bce92065-2be7-4ef4-8d97-3161e790351c req-47cf33f7-d841-444e-bfd9-f773ab739b6b service placement] RequestGroup(use_same_provider=False, resources={DISK_GB:1, MEMORY_MB:1024, VCPU:1}, traits=[], aggregates=[]) (suffix '') returned 2 matches {{(pid=103647) _get_by_requests /opt/stack/placement/placement/objects/allocation_candidate.py:145}}
May 20 20:49:42.697870 n-d-842733-1 devstack@placement-api.service[103647]: DEBUG placement.objects.allocation_candidate [req-bce92065-2be7-4ef4-8d97-3161e790351c req-47cf33f7-d841-444e-bfd9-f773ab739b6b service placement] Merging candidates yields 2 allocation requests and 2 provider summaries {{(pid=103647) _merge_candidates /opt/stack/placement/placement/objects/allocation_candidate.py:783}}
May 20 20:49:42.699906 n-d-842733-1 devstack@placement-api.service[103647]: INFO placement.requestlog [req-bce92065-2be7-4ef4-8d97-3161e790351c req-47cf33f7-d841-444e-bfd9-f773ab739b6b service placement] 10.222.0.35 "GET /placement/allocation_candidates?limit=1000&resources=DISK_GB%3A1%2CMEMORY_MB%3A1024%2CVCPU%3A1&root_required=%21COMPUTE_STATUS_DISABLED" status: 200 len: 1309 microversion: 1.36
May 20 20:49:42.700715 n-d-842733-1 devstack@placement-api.service[103647]: [pid: 103647|app: 0|req: 374/733] 10.222.0.35 () {60 vars in 1506 bytes} [Fri May 20 20:49:42 2022] GET /placement/allocation_candidates?limit=1000&resources=DISK_GB%3A1%2CMEMORY_MB%3A1024%2CVCPU%3A1&root_required=%21COMPUTE_STATUS_DISABLED => generated 1309 bytes in 154 msecs (HTTP/1.1 200) 8 headers in 297 bytes (1 switches on core 0)
May 20 20:49:42.802300 n-d-842733-1 devstack@placement-api.service[103646]: DEBUG placement.requestlog [req-bce92065-2be7-4ef4-8d97-3161e790351c req-5ad6a3e5-468e-4d55-bd18-87d0a1474d7b None None] Starting request: 10.222.0.35 "GET /placement/allocations/a01bab84-e721-453a-a62b-39aee7a43ec2" {{(pid=103646) __call__ /opt/stack/placement/placement/requestlog.py:55}}
May 20 20:49:42.817079 n-d-842733-1 devstack@placement-api.service[103646]: INFO placement.requestlog [req-bce92065-2be7-4ef4-8d97-3161e790351c req-5ad6a3e5-468e-4d55-bd18-87d0a1474d7b service placement] 10.222.0.35 "GET /placement/allocations/a01bab84-e721-453a-a62b-39aee7a43ec2" status: 200 len: 19 microversion: 1.28
May 20 20:49:42.819665 n-d-842733-1 devstack@placement-api.service[103646]: [pid: 103646|app: 0|req: 360/734] 10.222.0.35 () {60 vars in 1380 bytes} [Fri May 20 20:49:42 2022] GET /placement/allocations/a01bab84-e721-453a-a62b-39aee7a43ec2 => generated 19 bytes in 18 msecs (HTTP/1.1 200) 8 headers in 295 bytes (1 switches on core 0)
May 20 20:49:42.830176 n-d-842733-1 devstack@placement-api.service[103647]: DEBUG placement.requestlog [req-bce92065-2be7-4ef4-8d97-3161e790351c req-0cf9bdef-5728-40e9-b232-dae66f894929 None None] Starting request: 10.222.0.35 "PUT /placement/allocations/a01bab84-e721-453a-a62b-39aee7a43ec2" {{(pid=103647) __call__ /opt/stack/placement/placement/requestlog.py:55}}
May 20 20:49:43.018676 n-d-842733-1 devstack@placement-api.service[103647]: DEBUG placement.handlers.allocation [req-bce92065-2be7-4ef4-8d97-3161e790351c req-0cf9bdef-5728-40e9-b232-dae66f894929 service placement] Successfully wrote allocations [, , ] {{(pid=103647) _update_consumers_and_create_allocations /opt/stack/placement/placement/handlers/allocation.py:462}}
May 20 20:49:43.106835 n-d-842733-1 devstack@placement-api.service[103647]: INFO placement.requestlog [req-bce92065-2be7-4ef4-8d97-3161e790351c req-0cf9bdef-5728-40e9-b232-dae66f894929 service placement] 10.222.0.35 "PUT /placement/allocations/a01bab84-e721-453a-a62b-39aee7a43ec2" status: 204 len: 0 microversion: 1.36
May 20 20:49:43.108709 n-d-842733-1 devstack@placement-api.service[103647]: [pid: 103647|app: 0|req: 375/735] 10.222.0.35 () {64 vars in 1433 bytes} [Fri May 20 20:49:42 2022] PUT /placement/allocations/a01bab84-e721-453a-a62b-39aee7a43ec2 => generated 0 bytes in 278 msecs (HTTP/1.1 204) 5 headers in 199 bytes (1 switches on core 0)
May 20 20:49:44.457739 n-d-842733-1 devstack@placement-api.service[103646]: DEBUG placement.requestlog [req-bce92065-2be7-4ef4-8d97-3161e790351c req-6791c0c2-2205-4531-a77d-e608ad666c7f None None] Starting request: 10.222.0.13 "GET /placement/allocations/a01bab84-e721-453a-a62b-39aee7a43ec2" {{(pid=103646) __call__ /opt/stack/placement/placement/requestlog.py:55}}
May 20 20:49:44.474477 n-d-842733-1 devstack@placement-api.service[103646]: INFO placement.requestlog [req-bce92065-2be7-4ef4-8d97-3161e790351c req-6791c0c2-2205-4531-a77d-e608ad666c7f service placement] 10.222.0.13 "GET /placement/allocations/a01bab84-e721-453a-a62b-39aee7a43ec2" status: 200 len: 259 microversion: 1.28
May 20 20:49:44.474983 n-d-842733-1 devstack@placement-api.service[103646]: [pid: 103646|app: 0|req: 361/736] 10.222.0.13 () {60 vars in 1377 bytes} [Fri May 20 20:49:44 2022] GET /placement/allocations/a01bab84-e721-453a-a62b-39aee7a43ec2 => generated 259 bytes in 17 msecs (HTTP/1.1 200) 8 headers in 296 bytes (1 switches on core 0)
May 20 20:49:44.817892 n-d-842733-1 devstack@placement-api.service[103647]: DEBUG placement.requestlog [req-d91c4f6c-4d31-4f7f-b00f-c6bd2462add8 req-c1fa0a52-9b46-44ba-b805-3479c3955ecb None None] Starting request: 10.222.0.13 "DELETE /placement/allocations/3674afb5-fa57-4c40-b6ee-249d678d06fa" {{(pid=103647) __call__ /opt/stack/placement/placement/requestlog.py:55}}
May 20 20:49:45.052285 n-d-842733-1 devstack@placement-api.service[103647]: DEBUG placement.handlers.allocation [req-d91c4f6c-4d31-4f7f-b00f-c6bd2462add8 req-c1fa0a52-9b46-44ba-b805-3479c3955ecb service placement] Successfully deleted allocations [, , ] {{(pid=103647) delete_allocations /opt/stack/placement/placement/handlers/allocation.py:627}}
May 20 20:49:45.052775 n-d-842733-1 devstack@placement-api.service[103647]: INFO placement.requestlog [req-d91c4f6c-4d31-4f7f-b00f-c6bd2462add8 req-c1fa0a52-9b46-44ba-b805-3479c3955ecb service placement] 10.222.0.13 "DELETE /placement/allocations/3674afb5-fa57-4c40-b6ee-249d678d06fa" status: 204 len: 0 microversion: 1.0
May 20 20:49:45.054138 n-d-842733-1 devstack@placement-api.service[103647]: [pid: 103647|app: 0|req: 376/737] 10.222.0.13 () {60 vars in 1355 bytes} [Fri May 20 20:49:44 2022] DELETE /placement/allocations/3674afb5-fa57-4c40-b6ee-249d678d06fa => generated 0 bytes in 236 msecs (HTTP/1.1 204) 5 headers in 198 bytes (2 switches on core 0)
May 20 20:49:48.573546 n-d-842733-1 devstack@placement-api.service[103646]: DEBUG placement.requestlog [req-bbf006ad-8ab4-4845-9eea-5f61035210a3 req-c65d5265-edbc-4dcd-85ac-a318b60f18ac None None] Starting request: 10.222.0.24 "GET /placement/allocations/367ac43c-c0d5-4081-b0b0-90c7efefd89d" {{(pid=103646) __call__ /opt/stack/placement/placement/requestlog.py:55}}
May 20 20:49:48.593799 n-d-842733-1 devstack@placement-api.service[103646]: INFO placement.requestlog [req-bbf006ad-8ab4-4845-9eea-5f61035210a3 req-c65d5265-edbc-4dcd-85ac-a318b60f18ac service placement] 10.222.0.24 "GET /placement/allocations/367ac43c-c0d5-4081-b0b0-90c7efefd89d" status: 200 len: 259 microversion: 1.28
May 20 20:49:48.594465 n-d-842733-1 devstack@placement-api.service[103646]: [pid: 103646|app: 0|req: 362/738] 10.222.0.24 () {60 vars in 1377 bytes} [Fri May 20 20:49:48 2022] GET /placement/allocations/367ac43c-c0d5-4081-b0b0-90c7efefd89d => generated 259 bytes in 21 msecs (HTTP/1.1 200) 8 headers in 296 bytes (2 switches on core 0)
May 20 20:49:49.122674 n-d-842733-1 devstack@placement-api.service[103647]: DEBUG placement.requestlog [req-049f1116-ef31-400e-a1d0-55aeaf2e6943 req-84f345e1-c1f4-45b9-baf4-83c48754bb6d None None] Starting request: 10.222.0.35 "GET /placement/allocation_candidates?limit=1000&resources=DISK_GB%3A1%2CMEMORY_MB%3A1024%2CVCPU%3A1&root_required=%21COMPUTE_STATUS_DISABLED" {{(pid=103647) __call__ /opt/stack/placement/placement/requestlog.py:55}}
May 20 20:49:49.156061 n-d-842733-1 devstack@placement-api.service[103647]: DEBUG placement.objects.research_context [req-049f1116-ef31-400e-a1d0-55aeaf2e6943 req-84f345e1-c1f4-45b9-baf4-83c48754bb6d service placement] getting providers with 1 DISK_GB {{(pid=103647) __init__ /opt/stack/placement/placement/objects/research_context.py:126}}
May 20 20:49:49.164877 n-d-842733-1 devstack@placement-api.service[103647]: DEBUG placement.objects.research_context [req-049f1116-ef31-400e-a1d0-55aeaf2e6943 req-84f345e1-c1f4-45b9-baf4-83c48754bb6d service placement] getting providers with 1024 MEMORY_MB {{(pid=103647) __init__ /opt/stack/placement/placement/objects/research_context.py:126}}
May 20 20:49:49.170783 n-d-842733-1 devstack@placement-api.service[103647]: DEBUG placement.objects.research_context [req-049f1116-ef31-400e-a1d0-55aeaf2e6943 req-84f345e1-c1f4-45b9-baf4-83c48754bb6d service placement] getting providers with 1 VCPU {{(pid=103647) __init__ /opt/stack/placement/placement/objects/research_context.py:126}}
May 20 20:49:49.177573 n-d-842733-1 devstack@placement-api.service[103647]: DEBUG placement.objects.research_context [req-049f1116-ef31-400e-a1d0-55aeaf2e6943 req-84f345e1-c1f4-45b9-baf4-83c48754bb6d service placement] found 2 providers with available 1 DISK_GB {{(pid=103647) get_provider_ids_matching /opt/stack/placement/placement/objects/research_context.py:549}}
May 20 20:49:49.186426 n-d-842733-1 devstack@placement-api.service[103647]: DEBUG placement.objects.research_context [req-049f1116-ef31-400e-a1d0-55aeaf2e6943 req-84f345e1-c1f4-45b9-baf4-83c48754bb6d service placement] found 2 providers with available 1024 MEMORY_MB {{(pid=103647) get_provider_ids_matching /opt/stack/placement/placement/objects/research_context.py:549}}
May 20 20:49:49.186426 n-d-842733-1 devstack@placement-api.service[103647]: DEBUG placement.objects.research_context [req-049f1116-ef31-400e-a1d0-55aeaf2e6943 req-84f345e1-c1f4-45b9-baf4-83c48754bb6d service placement] found 2 providers after filtering by previous result {{(pid=103647) get_provider_ids_matching /opt/stack/placement/placement/objects/research_context.py:580}}
May 20 20:49:49.186426 n-d-842733-1 devstack@placement-api.service[103647]: DEBUG placement.objects.research_context [req-049f1116-ef31-400e-a1d0-55aeaf2e6943 req-84f345e1-c1f4-45b9-baf4-83c48754bb6d service placement] found 2 providers with available 1 VCPU {{(pid=103647) get_provider_ids_matching /opt/stack/placement/placement/objects/research_context.py:549}}
May 20 20:49:49.186426 n-d-842733-1 devstack@placement-api.service[103647]: DEBUG placement.objects.research_context [req-049f1116-ef31-400e-a1d0-55aeaf2e6943 req-84f345e1-c1f4-45b9-baf4-83c48754bb6d service placement] found 2 providers after filtering by previous result {{(pid=103647) get_provider_ids_matching /opt/stack/placement/placement/objects/research_context.py:580}}
May 20 20:49:49.195799 n-d-842733-1 devstack@placement-api.service[103647]: DEBUG placement.objects.allocation_candidate [req-049f1116-ef31-400e-a1d0-55aeaf2e6943 req-84f345e1-c1f4-45b9-baf4-83c48754bb6d service placement] RequestGroup(use_same_provider=False, resources={DISK_GB:1, MEMORY_MB:1024, VCPU:1}, traits=[], aggregates=[]) (suffix '') returned 2 matches {{(pid=103647) _get_by_requests /opt/stack/placement/placement/objects/allocation_candidate.py:145}}
May 20 20:49:49.196498 n-d-842733-1 devstack@placement-api.service[103647]: DEBUG placement.objects.allocation_candidate [req-049f1116-ef31-400e-a1d0-55aeaf2e6943 req-84f345e1-c1f4-45b9-baf4-83c48754bb6d service placement] Merging candidates yields 2 allocation requests and 2 provider summaries {{(pid=103647) _merge_candidates /opt/stack/placement/placement/objects/allocation_candidate.py:783}}
May 20 20:49:49.198561 n-d-842733-1 devstack@placement-api.service[103647]: INFO placement.requestlog [req-049f1116-ef31-400e-a1d0-55aeaf2e6943 req-84f345e1-c1f4-45b9-baf4-83c48754bb6d service placement] 10.222.0.35 "GET /placement/allocation_candidates?limit=1000&resources=DISK_GB%3A1%2CMEMORY_MB%3A1024%2CVCPU%3A1&root_required=%21COMPUTE_STATUS_DISABLED" status: 200 len: 1309 microversion: 1.36
May 20 20:49:49.199182 n-d-842733-1 devstack@placement-api.service[103647]: [pid: 103647|app: 0|req: 377/739] 10.222.0.35 () {60 vars in 1506 bytes} [Fri May 20 20:49:49 2022] GET /placement/allocation_candidates?limit=1000&resources=DISK_GB%3A1%2CMEMORY_MB%3A1024%2CVCPU%3A1&root_required=%21COMPUTE_STATUS_DISABLED => generated 1309 bytes in 77 msecs (HTTP/1.1 200) 8 headers in 297 bytes (1 switches on core 0)
May 20 20:49:49.253451 n-d-842733-1 devstack@placement-api.service[103646]: DEBUG placement.requestlog [req-049f1116-ef31-400e-a1d0-55aeaf2e6943 req-cea412a9-2347-4c95-929b-3e31b27ed87f None None] Starting request: 10.222.0.35 "GET /placement/allocations/3674afb5-fa57-4c40-b6ee-249d678d06fa" {{(pid=103646) __call__ /opt/stack/placement/placement/requestlog.py:55}}
May 20 20:49:49.264818 n-d-842733-1 devstack@placement-api.service[103646]: INFO placement.requestlog [req-049f1116-ef31-400e-a1d0-55aeaf2e6943 req-cea412a9-2347-4c95-929b-3e31b27ed87f service placement] 10.222.0.35 "GET /placement/allocations/3674afb5-fa57-4c40-b6ee-249d678d06fa" status: 200 len: 19 microversion: 1.28
May 20 20:49:49.265575 n-d-842733-1 devstack@placement-api.service[103646]: [pid: 103646|app: 0|req: 363/740] 10.222.0.35 () {60 vars in 1380 bytes} [Fri May 20 20:49:49 2022] GET /placement/allocations/3674afb5-fa57-4c40-b6ee-249d678d06fa => generated 19 bytes in 12 msecs (HTTP/1.1 200) 8 headers in 295 bytes (1 switches on core 0)
May 20 20:49:49.271479 n-d-842733-1 devstack@placement-api.service[103647]: DEBUG placement.requestlog [req-049f1116-ef31-400e-a1d0-55aeaf2e6943 req-f531d710-805d-4e7e-874a-27560179b2a3 None None] Starting request: 10.222.0.35 "PUT /placement/allocations/3674afb5-fa57-4c40-b6ee-249d678d06fa" {{(pid=103647) __call__ /opt/stack/placement/placement/requestlog.py:55}}
May 20 20:49:49.347185 n-d-842733-1 devstack@placement-api.service[103646]: DEBUG placement.requestlog [req-f677e9c0-823a-40b9-8889-6ad11ac5092b req-2df266b4-5198-48e0-be53-75216c776fbb None None] Starting request: 10.222.0.13 "DELETE /placement/allocations/e8ef1482-fa91-4d44-abb9-3994eeeefcf5" {{(pid=103646) __call__ /opt/stack/placement/placement/requestlog.py:55}}
May 20 20:49:49.402328 n-d-842733-1 devstack@placement-api.service[103647]: DEBUG placement.handlers.allocation [req-049f1116-ef31-400e-a1d0-55aeaf2e6943 req-f531d710-805d-4e7e-874a-27560179b2a3 service placement] Successfully wrote allocations [, , ] {{(pid=103647) _update_consumers_and_create_allocations /opt/stack/placement/placement/handlers/allocation.py:462}}
May 20 20:49:49.545900 n-d-842733-1 devstack@placement-api.service[103647]: INFO placement.requestlog [req-049f1116-ef31-400e-a1d0-55aeaf2e6943 req-f531d710-805d-4e7e-874a-27560179b2a3 service placement] 10.222.0.35 "PUT /placement/allocations/3674afb5-fa57-4c40-b6ee-249d678d06fa" status: 204 len: 0 microversion: 1.36
May 20 20:49:49.546249 n-d-842733-1 devstack@placement-api.service[103647]: [pid: 103647|app: 0|req: 378/741] 10.222.0.35 () {64 vars in 1433 bytes} [Fri May 20 20:49:49 2022] PUT /placement/allocations/3674afb5-fa57-4c40-b6ee-249d678d06fa => generated 0 bytes in 275 msecs (HTTP/1.1 204) 5 headers in 199 bytes (2 switches on core 0)
May 20 20:49:49.574546 n-d-842733-1 devstack@placement-api.service[103646]: DEBUG placement.handlers.allocation [req-f677e9c0-823a-40b9-8889-6ad11ac5092b req-2df266b4-5198-48e0-be53-75216c776fbb service placement] Successfully deleted allocations [, , ] {{(pid=103646) delete_allocations /opt/stack/placement/placement/handlers/allocation.py:627}}
May 20 20:49:49.575994 n-d-842733-1 devstack@placement-api.service[103646]: INFO placement.requestlog [req-f677e9c0-823a-40b9-8889-6ad11ac5092b req-2df266b4-5198-48e0-be53-75216c776fbb service placement] 10.222.0.13 "DELETE /placement/allocations/e8ef1482-fa91-4d44-abb9-3994eeeefcf5" status: 204 len: 0 microversion: 1.0
May 20 20:49:49.577896 n-d-842733-1 devstack@placement-api.service[103646]: [pid: 103646|app: 0|req: 364/742] 10.222.0.13 () {60 vars in 1355 bytes} [Fri May 20 20:49:49 2022] DELETE /placement/allocations/e8ef1482-fa91-4d44-abb9-3994eeeefcf5 => generated 0 bytes in 231 msecs (HTTP/1.1 204) 5 headers in 198 bytes (2 switches on core 0)
May 20 20:49:56.358536 n-d-842733-1 devstack@placement-api.service[103647]: DEBUG placement.requestlog [req-049f1116-ef31-400e-a1d0-55aeaf2e6943 req-df91b980-6aa2-4709-977c-6153c85797de None None] Starting request: 10.222.0.13 "GET /placement/allocations/3674afb5-fa57-4c40-b6ee-249d678d06fa" {{(pid=103647) __call__ /opt/stack/placement/placement/requestlog.py:55}}
