May 20 20:36:43.629175 n-d-842733-1 devstack@placement-api.service[103646]: INFO placement.requestlog [req-0f053f1e-8ebc-4cb5-be19-b8ae47e06e79 req-98fd5141-5840-4e52-9982-4bf0a5a9848f service placement] 10.222.0.35 "GET /placement/allocations/15403929-020e-4cba-8203-91654f1a9017" status: 200 len: 19 microversion: 1.28
May 20 20:36:43.633515 n-d-842733-1 devstack@placement-api.service[103646]: [pid: 103646|app: 0|req: 48/98] 10.222.0.35 () {60 vars in 1380 bytes} [Fri May 20 20:36:43 2022] GET /placement/allocations/15403929-020e-4cba-8203-91654f1a9017 => generated 19 bytes in 18 msecs (HTTP/1.1 200) 8 headers in 295 bytes (1 switches on core 0)
May 20 20:36:43.637144 n-d-842733-1 devstack@placement-api.service[103647]: DEBUG placement.requestlog [req-0f053f1e-8ebc-4cb5-be19-b8ae47e06e79 req-373b4612-b94d-4b23-ae7e-f8b7f88ee334 None None] Starting request: 10.222.0.35 "PUT /placement/allocations/15403929-020e-4cba-8203-91654f1a9017" {{(pid=103647) __call__ /opt/stack/placement/placement/requestlog.py:55}}
May 20 20:36:43.769172 n-d-842733-1 devstack@placement-api.service[103647]: DEBUG placement.handlers.allocation [req-0f053f1e-8ebc-4cb5-be19-b8ae47e06e79 req-373b4612-b94d-4b23-ae7e-f8b7f88ee334 service placement] Successfully wrote allocations [, , ] {{(pid=103647) _update_consumers_and_create_allocations /opt/stack/placement/placement/handlers/allocation.py:462}}
May 20 20:36:43.827050 n-d-842733-1 devstack@placement-api.service[103647]: INFO placement.requestlog [req-0f053f1e-8ebc-4cb5-be19-b8ae47e06e79 req-373b4612-b94d-4b23-ae7e-f8b7f88ee334 service placement] 10.222.0.35 "PUT /placement/allocations/15403929-020e-4cba-8203-91654f1a9017" status: 204 len: 0 microversion: 1.36
May 20 20:36:43.827457 n-d-842733-1 devstack@placement-api.service[103647]: [pid: 103647|app: 0|req: 51/99] 10.222.0.35 () {64 vars in 1433 bytes} [Fri May 20 20:36:43 2022] PUT /placement/allocations/15403929-020e-4cba-8203-91654f1a9017 => generated 0 bytes in 191 msecs (HTTP/1.1 204) 5 headers in 199 bytes (2 switches on core 0)
May 20 20:36:44.842168 n-d-842733-1 devstack@placement-api.service[103646]: DEBUG placement.requestlog [req-0f053f1e-8ebc-4cb5-be19-b8ae47e06e79 req-d670ba4e-46a4-4921-a206-8cde5827e4e7 None None] Starting request: 10.222.0.13 "GET /placement/allocations/15403929-020e-4cba-8203-91654f1a9017" {{(pid=103646) __call__ /opt/stack/placement/placement/requestlog.py:55}}
May 20 20:36:44.864675 n-d-842733-1 devstack@placement-api.service[103646]: INFO placement.requestlog [req-0f053f1e-8ebc-4cb5-be19-b8ae47e06e79 req-d670ba4e-46a4-4921-a206-8cde5827e4e7 service placement] 10.222.0.13 "GET /placement/allocations/15403929-020e-4cba-8203-91654f1a9017" status: 200 len: 258 microversion: 1.28
May 20 20:36:44.865929 n-d-842733-1 devstack@placement-api.service[103646]: [pid: 103646|app: 0|req: 49/100] 10.222.0.13 () {60 vars in 1377 bytes} [Fri May 20 20:36:44 2022] GET /placement/allocations/15403929-020e-4cba-8203-91654f1a9017 => generated 258 bytes in 24 msecs (HTTP/1.1 200) 8 headers in 296 bytes (1 switches on core 0)
May 20 20:36:52.659973 n-d-842733-1 devstack@placement-api.service[103647]: DEBUG placement.requestlog [req-fe07620f-8871-4822-813b-4076a039b871 req-57581f29-d41a-4d4c-b9d9-da0860783afc None None] Starting request: 10.222.0.35 "GET /placement/allocation_candidates?limit=1000&resources=DISK_GB%3A1%2CMEMORY_MB%3A1024%2CVCPU%3A1&root_required=%21COMPUTE_STATUS_DISABLED" {{(pid=103647) __call__ /opt/stack/placement/placement/requestlog.py:55}}
May 20 20:36:52.887620 n-d-842733-1 devstack@placement-api.service[103647]: DEBUG placement.objects.research_context [req-fe07620f-8871-4822-813b-4076a039b871 req-57581f29-d41a-4d4c-b9d9-da0860783afc service placement] getting providers with 1 DISK_GB {{(pid=103647) __init__ /opt/stack/placement/placement/objects/research_context.py:126}}
May 20 20:36:52.887620 n-d-842733-1 devstack@placement-api.service[103647]: DEBUG placement.objects.research_context [req-fe07620f-8871-4822-813b-4076a039b871 req-57581f29-d41a-4d4c-b9d9-da0860783afc service placement] getting providers with 1024 MEMORY_MB {{(pid=103647) __init__ /opt/stack/placement/placement/objects/research_context.py:126}}
May 20 20:36:52.887620 n-d-842733-1 devstack@placement-api.service[103647]: DEBUG placement.objects.research_context [req-fe07620f-8871-4822-813b-4076a039b871 req-57581f29-d41a-4d4c-b9d9-da0860783afc service placement] getting providers with 1 VCPU {{(pid=103647) __init__ /opt/stack/placement/placement/objects/research_context.py:126}}
May 20 20:36:52.887620 n-d-842733-1 devstack@placement-api.service[103647]: DEBUG placement.objects.research_context [req-fe07620f-8871-4822-813b-4076a039b871 req-57581f29-d41a-4d4c-b9d9-da0860783afc service placement] found 2 providers with available 1 DISK_GB {{(pid=103647) get_provider_ids_matching /opt/stack/placement/placement/objects/research_context.py:549}}
May 20 20:36:52.887620 n-d-842733-1 devstack@placement-api.service[103647]: DEBUG placement.objects.research_context [req-fe07620f-8871-4822-813b-4076a039b871 req-57581f29-d41a-4d4c-b9d9-da0860783afc service placement] found 2 providers with available 1024 MEMORY_MB {{(pid=103647) get_provider_ids_matching /opt/stack/placement/placement/objects/research_context.py:549}}
May 20 20:36:52.887620 n-d-842733-1 devstack@placement-api.service[103647]: DEBUG placement.objects.research_context [req-fe07620f-8871-4822-813b-4076a039b871 req-57581f29-d41a-4d4c-b9d9-da0860783afc service placement] found 2 providers after filtering by previous result {{(pid=103647) get_provider_ids_matching /opt/stack/placement/placement/objects/research_context.py:580}}
May 20 20:36:52.887620 n-d-842733-1 devstack@placement-api.service[103647]: DEBUG placement.objects.research_context [req-fe07620f-8871-4822-813b-4076a039b871 req-57581f29-d41a-4d4c-b9d9-da0860783afc service placement] found 2 providers with available 1 VCPU {{(pid=103647) get_provider_ids_matching /opt/stack/placement/placement/objects/research_context.py:549}}
May 20 20:36:52.887620 n-d-842733-1 devstack@placement-api.service[103647]: DEBUG placement.objects.research_context [req-fe07620f-8871-4822-813b-4076a039b871 req-57581f29-d41a-4d4c-b9d9-da0860783afc service placement] found 2 providers after filtering by previous result {{(pid=103647) get_provider_ids_matching /opt/stack/placement/placement/objects/research_context.py:580}}
May 20 20:36:52.887620 n-d-842733-1 devstack@placement-api.service[103647]: DEBUG placement.objects.allocation_candidate [req-fe07620f-8871-4822-813b-4076a039b871 req-57581f29-d41a-4d4c-b9d9-da0860783afc service placement] RequestGroup(use_same_provider=False, resources={DISK_GB:1, MEMORY_MB:1024, VCPU:1}, traits=[], aggregates=[]) (suffix '') returned 2 matches {{(pid=103647) _get_by_requests /opt/stack/placement/placement/objects/allocation_candidate.py:145}}
May 20 20:36:52.887620 n-d-842733-1 devstack@placement-api.service[103647]: DEBUG placement.objects.allocation_candidate [req-fe07620f-8871-4822-813b-4076a039b871 req-57581f29-d41a-4d4c-b9d9-da0860783afc service placement] Merging candidates yields 2 allocation requests and 2 provider summaries {{(pid=103647) _merge_candidates /opt/stack/placement/placement/objects/allocation_candidate.py:783}}
May 20 20:36:52.887620 n-d-842733-1 devstack@placement-api.service[103647]: INFO placement.requestlog [req-fe07620f-8871-4822-813b-4076a039b871 req-57581f29-d41a-4d4c-b9d9-da0860783afc service placement] 10.222.0.35 "GET /placement/allocation_candidates?limit=1000&resources=DISK_GB%3A1%2CMEMORY_MB%3A1024%2CVCPU%3A1&root_required=%21COMPUTE_STATUS_DISABLED" status: 200 len: 1309 microversion: 1.36
May 20 20:36:52.887620 n-d-842733-1 devstack@placement-api.service[103647]: [pid: 103647|app: 0|req: 52/101] 10.222.0.35 () {60 vars in 1506 bytes} [Fri May 20 20:36:52 2022] GET /placement/allocation_candidates?limit=1000&resources=DISK_GB%3A1%2CMEMORY_MB%3A1024%2CVCPU%3A1&root_required=%21COMPUTE_STATUS_DISABLED => generated 1309 bytes in 147 msecs (HTTP/1.1 200) 8 headers in 297 bytes (1 switches on core 0)
May 20 20:36:52.890288 n-d-842733-1 devstack@placement-api.service[103646]: DEBUG placement.requestlog [req-fe07620f-8871-4822-813b-4076a039b871 req-26654f5c-827f-4b28-882c-049a9de522e7 None None] Starting request: 10.222.0.35 "GET /placement/allocations/e8242be7-517a-4c2d-a6a7-26bb03d4cb82" {{(pid=103646) __call__ /opt/stack/placement/placement/requestlog.py:55}}
May 20 20:36:52.890288 n-d-842733-1 devstack@placement-api.service[103646]: INFO placement.requestlog [req-fe07620f-8871-4822-813b-4076a039b871 req-26654f5c-827f-4b28-882c-049a9de522e7 service placement] 10.222.0.35 "GET /placement/allocations/e8242be7-517a-4c2d-a6a7-26bb03d4cb82" status: 200 len: 19 microversion: 1.28
May 20 20:36:52.890288 n-d-842733-1 devstack@placement-api.service[103646]: [pid: 103646|app: 0|req: 50/102] 10.222.0.35 () {60 vars in 1380 bytes} [Fri May 20 20:36:52 2022] GET /placement/allocations/e8242be7-517a-4c2d-a6a7-26bb03d4cb82 => generated 19 bytes in 21 msecs (HTTP/1.1 200) 8 headers in 295 bytes (1 switches on core 0)
May 20 20:36:52.893290 n-d-842733-1 devstack@placement-api.service[103647]: DEBUG placement.requestlog [req-fe07620f-8871-4822-813b-4076a039b871 req-bd97e323-b074-4773-8d71-9821e1650312 None None] Starting request: 10.222.0.35 "PUT /placement/allocations/e8242be7-517a-4c2d-a6a7-26bb03d4cb82" {{(pid=103647) __call__ /opt/stack/placement/placement/requestlog.py:55}}
May 20 20:36:53.251664 n-d-842733-1 devstack@placement-api.service[103647]: DEBUG placement.handlers.allocation [req-fe07620f-8871-4822-813b-4076a039b871 req-bd97e323-b074-4773-8d71-9821e1650312 service placement] Successfully wrote allocations [, , ] {{(pid=103647) _update_consumers_and_create_allocations /opt/stack/placement/placement/handlers/allocation.py:462}}
May 20 20:36:53.330112 n-d-842733-1 devstack@placement-api.service[103647]: INFO placement.requestlog [req-fe07620f-8871-4822-813b-4076a039b871 req-bd97e323-b074-4773-8d71-9821e1650312 service placement] 10.222.0.35 "PUT /placement/allocations/e8242be7-517a-4c2d-a6a7-26bb03d4cb82" status: 204 len: 0 microversion: 1.36
May 20 20:36:53.330733 n-d-842733-1 devstack@placement-api.service[103647]: [pid: 103647|app: 0|req: 53/103] 10.222.0.35 () {64 vars in 1433 bytes} [Fri May 20 20:36:52 2022] PUT /placement/allocations/e8242be7-517a-4c2d-a6a7-26bb03d4cb82 => generated 0 bytes in 449 msecs (HTTP/1.1 204) 5 headers in 199 bytes (1 switches on core 0)
May 20 20:36:54.612315 n-d-842733-1 devstack@placement-api.service[103646]: DEBUG placement.requestlog [req-fe07620f-8871-4822-813b-4076a039b871 req-d2392770-33c4-441e-a9f7-a41cfc28d289 None None] Starting request: 10.222.0.24 "GET /placement/allocations/e8242be7-517a-4c2d-a6a7-26bb03d4cb82" {{(pid=103646) __call__ /opt/stack/placement/placement/requestlog.py:55}}
May 20 20:36:54.628174 n-d-842733-1 devstack@placement-api.service[103646]: INFO placement.requestlog [req-fe07620f-8871-4822-813b-4076a039b871 req-d2392770-33c4-441e-a9f7-a41cfc28d289 service placement] 10.222.0.24 "GET /placement/allocations/e8242be7-517a-4c2d-a6a7-26bb03d4cb82" status: 200 len: 259 microversion: 1.28
May 20 20:36:54.628750 n-d-842733-1 devstack@placement-api.service[103646]: [pid: 103646|app: 0|req: 51/104] 10.222.0.24 () {60 vars in 1377 bytes} [Fri May 20 20:36:54 2022] GET /placement/allocations/e8242be7-517a-4c2d-a6a7-26bb03d4cb82 => generated 259 bytes in 16 msecs (HTTP/1.1 200) 8 headers in 296 bytes (1 switches on core 0)
May 20 20:36:59.750263 n-d-842733-1 devstack@placement-api.service[103647]: DEBUG placement.requestlog [req-01414902-7b13-4bcd-bedf-e07ff83cdc0e req-b3b04647-0182-4e78-8613-69443adbff8c None None] Starting request: 10.222.0.24 "GET /placement/resource_providers/f964c98b-5cc8-4635-81cc-cb06412c0f1a/allocations" {{(pid=103647) __call__ /opt/stack/placement/placement/requestlog.py:55}}
May 20 20:36:59.807722 n-d-842733-1 devstack@placement-api.service[103647]: INFO placement.requestlog [req-01414902-7b13-4bcd-bedf-e07ff83cdc0e req-b3b04647-0182-4e78-8613-69443adbff8c service placement] 10.222.0.24 "GET /placement/resource_providers/f964c98b-5cc8-4635-81cc-cb06412c0f1a/allocations" status: 200 len: 356 microversion: 1.0
May 20 20:36:59.807967 n-d-842733-1 devstack@placement-api.service[103647]: [pid: 103647|app: 0|req: 54/105] 10.222.0.24 () {58 vars in 1390 bytes} [Fri May 20 20:36:59 2022] GET /placement/resource_providers/f964c98b-5cc8-4635-81cc-cb06412c0f1a/allocations => generated 356 bytes in 58 msecs (HTTP/1.1 200) 6 headers in 224 bytes (1 switches on core 0)
May 20 20:37:00.726713 n-d-842733-1 devstack@placement-api.service[103646]: DEBUG placement.requestlog [req-6262c0bb-a657-4e60-b0b4-4a8a71b7ff34 req-5f40821a-a4c5-407a-9213-ededcc98f69b None None] Starting request: 10.222.0.35 "GET /placement/allocation_candidates?limit=1000&resources=DISK_GB%3A1%2CMEMORY_MB%3A1024%2CVCPU%3A1&root_required=%21COMPUTE_STATUS_DISABLED" {{(pid=103646) __call__ /opt/stack/placement/placement/requestlog.py:55}}
May 20 20:37:00.789471 n-d-842733-1 devstack@placement-api.service[103646]: DEBUG placement.objects.research_context [req-6262c0bb-a657-4e60-b0b4-4a8a71b7ff34 req-5f40821a-a4c5-407a-9213-ededcc98f69b service placement] getting providers with 1 DISK_GB {{(pid=103646) __init__ /opt/stack/placement/placement/objects/research_context.py:126}}
May 20 20:37:00.800315 n-d-842733-1 devstack@placement-api.service[103646]: DEBUG placement.objects.research_context [req-6262c0bb-a657-4e60-b0b4-4a8a71b7ff34 req-5f40821a-a4c5-407a-9213-ededcc98f69b service placement] getting providers with 1024 MEMORY_MB {{(pid=103646) __init__ /opt/stack/placement/placement/objects/research_context.py:126}}
May 20 20:37:00.816629 n-d-842733-1 devstack@placement-api.service[103646]: DEBUG placement.objects.research_context [req-6262c0bb-a657-4e60-b0b4-4a8a71b7ff34 req-5f40821a-a4c5-407a-9213-ededcc98f69b service placement] getting providers with 1 VCPU {{(pid=103646) __init__ /opt/stack/placement/placement/objects/research_context.py:126}}
May 20 20:37:00.826217 n-d-842733-1 devstack@placement-api.service[103646]: DEBUG placement.objects.research_context [req-6262c0bb-a657-4e60-b0b4-4a8a71b7ff34 req-5f40821a-a4c5-407a-9213-ededcc98f69b service placement] found 2 providers with available 1 DISK_GB {{(pid=103646) get_provider_ids_matching /opt/stack/placement/placement/objects/research_context.py:549}}
May 20 20:37:00.829433 n-d-842733-1 devstack@placement-api.service[103646]: DEBUG placement.objects.research_context [req-6262c0bb-a657-4e60-b0b4-4a8a71b7ff34 req-5f40821a-a4c5-407a-9213-ededcc98f69b service placement] found 2 providers with available 1024 MEMORY_MB {{(pid=103646) get_provider_ids_matching /opt/stack/placement/placement/objects/research_context.py:549}}
May 20 20:37:00.829433 n-d-842733-1 devstack@placement-api.service[103646]: DEBUG placement.objects.research_context [req-6262c0bb-a657-4e60-b0b4-4a8a71b7ff34 req-5f40821a-a4c5-407a-9213-ededcc98f69b service placement] found 2 providers after filtering by previous result {{(pid=103646) get_provider_ids_matching /opt/stack/placement/placement/objects/research_context.py:580}}
May 20 20:37:00.829758 n-d-842733-1 devstack@placement-api.service[103646]: DEBUG placement.objects.research_context [req-6262c0bb-a657-4e60-b0b4-4a8a71b7ff34 req-5f40821a-a4c5-407a-9213-ededcc98f69b service placement] found 2 providers with available 1 VCPU {{(pid=103646) get_provider_ids_matching /opt/stack/placement/placement/objects/research_context.py:549}}
May 20 20:37:00.830224 n-d-842733-1 devstack@placement-api.service[103646]: DEBUG placement.objects.research_context [req-6262c0bb-a657-4e60-b0b4-4a8a71b7ff34 req-5f40821a-a4c5-407a-9213-ededcc98f69b service placement] found 2 providers after filtering by previous result {{(pid=103646) get_provider_ids_matching /opt/stack/placement/placement/objects/research_context.py:580}}
May 20 20:37:00.858281 n-d-842733-1 devstack@placement-api.service[103646]: DEBUG placement.objects.allocation_candidate [req-6262c0bb-a657-4e60-b0b4-4a8a71b7ff34 req-5f40821a-a4c5-407a-9213-ededcc98f69b service placement] RequestGroup(use_same_provider=False, resources={DISK_GB:1, MEMORY_MB:1024, VCPU:1}, traits=[], aggregates=[]) (suffix '') returned 2 matches {{(pid=103646) _get_by_requests /opt/stack/placement/placement/objects/allocation_candidate.py:145}}
May 20 20:37:00.858654 n-d-842733-1 devstack@placement-api.service[103646]: DEBUG placement.objects.allocation_candidate [req-6262c0bb-a657-4e60-b0b4-4a8a71b7ff34 req-5f40821a-a4c5-407a-9213-ededcc98f69b service placement] Merging candidates yields 2 allocation requests and 2 provider summaries {{(pid=103646) _merge_candidates /opt/stack/placement/placement/objects/allocation_candidate.py:783}}
May 20 20:37:00.863644 n-d-842733-1 devstack@placement-api.service[103646]: INFO placement.requestlog [req-6262c0bb-a657-4e60-b0b4-4a8a71b7ff34 req-5f40821a-a4c5-407a-9213-ededcc98f69b service placement] 10.222.0.35 "GET /placement/allocation_candidates?limit=1000&resources=DISK_GB%3A1%2CMEMORY_MB%3A1024%2CVCPU%3A1&root_required=%21COMPUTE_STATUS_DISABLED" status: 200 len: 1309 microversion: 1.36
May 20 20:37:00.865906 n-d-842733-1 devstack@placement-api.service[103646]: [pid: 103646|app: 0|req: 52/106] 10.222.0.35 () {60 vars in 1506 bytes} [Fri May 20 20:37:00 2022] GET /placement/allocation_candidates?limit=1000&resources=DISK_GB%3A1%2CMEMORY_MB%3A1024%2CVCPU%3A1&root_required=%21COMPUTE_STATUS_DISABLED => generated 1309 bytes in 137 msecs (HTTP/1.1 200) 8 headers in 297 bytes (1 switches on core 0)
May 20 20:37:00.923240 n-d-842733-1 devstack@placement-api.service[103647]: DEBUG placement.requestlog [req-6262c0bb-a657-4e60-b0b4-4a8a71b7ff34 req-f10d8846-7e37-4e74-aec8-00108e6de976 None None] Starting request: 10.222.0.35 "GET /placement/allocations/52c18748-2cc2-40bf-a3a4-f9db6e725ba2" {{(pid=103647) __call__ /opt/stack/placement/placement/requestlog.py:55}}
May 20 20:37:00.935787 n-d-842733-1 devstack@placement-api.service[103647]: INFO placement.requestlog [req-6262c0bb-a657-4e60-b0b4-4a8a71b7ff34 req-f10d8846-7e37-4e74-aec8-00108e6de976 service placement] 10.222.0.35 "GET /placement/allocations/52c18748-2cc2-40bf-a3a4-f9db6e725ba2" status: 200 len: 19 microversion: 1.28
May 20 20:37:00.936139 n-d-842733-1 devstack@placement-api.service[103647]: [pid: 103647|app: 0|req: 55/107] 10.222.0.35 () {60 vars in 1380 bytes} [Fri May 20 20:37:00 2022] GET /placement/allocations/52c18748-2cc2-40bf-a3a4-f9db6e725ba2 => generated 19 bytes in 14 msecs (HTTP/1.1 200) 8 headers in 295 bytes (2 switches on core 0)
May 20 20:37:00.943720 n-d-842733-1 devstack@placement-api.service[103646]: DEBUG placement.requestlog [req-6262c0bb-a657-4e60-b0b4-4a8a71b7ff34 req-24063720-4ab4-48db-b33b-e4d0aaea52ea None None] Starting request: 10.222.0.35 "PUT /placement/allocations/52c18748-2cc2-40bf-a3a4-f9db6e725ba2" {{(pid=103646) __call__ /opt/stack/placement/placement/requestlog.py:55}}
May 20 20:37:01.264606 n-d-842733-1 devstack@placement-api.service[103646]: DEBUG placement.handlers.allocation [req-6262c0bb-a657-4e60-b0b4-4a8a71b7ff34 req-24063720-4ab4-48db-b33b-e4d0aaea52ea service placement] Successfully wrote allocations [, , ] {{(pid=103646) _update_consumers_and_create_allocations /opt/stack/placement/placement/handlers/allocation.py:462}}
May 20 20:37:01.321786 n-d-842733-1 devstack@placement-api.service[103646]: INFO placement.requestlog [req-6262c0bb-a657-4e60-b0b4-4a8a71b7ff34 req-24063720-4ab4-48db-b33b-e4d0aaea52ea service placement] 10.222.0.35 "PUT /placement/allocations/52c18748-2cc2-40bf-a3a4-f9db6e725ba2" status: 204 len: 0 microversion: 1.36
May 20 20:37:01.322410 n-d-842733-1 devstack@placement-api.service[103646]: [pid: 103646|app: 0|req: 53/108] 10.222.0.35 () {64 vars in 1433 bytes} [Fri May 20 20:37:00 2022] PUT /placement/allocations/52c18748-2cc2-40bf-a3a4-f9db6e725ba2 => generated 0 bytes in 379 msecs (HTTP/1.1 204) 5 headers in 199 bytes (1 switches on core 0)
May 20 20:37:02.685944 n-d-842733-1 devstack@placement-api.service[103647]: DEBUG placement.requestlog [req-6262c0bb-a657-4e60-b0b4-4a8a71b7ff34 req-2fe6063d-fded-45c9-ae8d-a22d685b1a9b None None] Starting request: 10.222.0.13 "GET /placement/allocations/52c18748-2cc2-40bf-a3a4-f9db6e725ba2" {{(pid=103647) __call__ /opt/stack/placement/placement/requestlog.py:55}}
May 20 20:37:02.722630 n-d-842733-1 devstack@placement-api.service[103647]: INFO placement.requestlog [req-6262c0bb-a657-4e60-b0b4-4a8a71b7ff34 req-2fe6063d-fded-45c9-ae8d-a22d685b1a9b service placement] 10.222.0.13 "GET /placement/allocations/52c18748-2cc2-40bf-a3a4-f9db6e725ba2" status: 200 len: 258 microversion: 1.28
May 20 20:37:02.724218 n-d-842733-1 devstack@placement-api.service[103647]: [pid: 103647|app: 0|req: 56/109] 10.222.0.13 () {60 vars in 1377 bytes} [Fri May 20 20:37:02 2022] GET /placement/allocations/52c18748-2cc2-40bf-a3a4-f9db6e725ba2 => generated 258 bytes in 38 msecs (HTTP/1.1 200) 8 headers in 296 bytes (2 switches on core 0)
May 20 20:37:02.749349 n-d-842733-1 devstack@placement-api.service[103646]: DEBUG placement.requestlog [req-ccf93bb9-6252-4d15-809b-11eb99e67045 req-c6364091-0788-41d4-b592-9febb7204125 None None] Starting request: 10.222.0.35 "GET /placement/allocation_candidates?limit=1000&resources=DISK_GB%3A2%2CMEMORY_MB%3A1024%2CVCPU%3A1&root_required=%21COMPUTE_STATUS_DISABLED" {{(pid=103646) __call__ /opt/stack/placement/placement/requestlog.py:55}}
May 20 20:37:02.805849 n-d-842733-1 devstack@placement-api.service[103646]: DEBUG placement.objects.research_context [req-ccf93bb9-6252-4d15-809b-11eb99e67045 req-c6364091-0788-41d4-b592-9febb7204125 service placement] getting providers with 2 DISK_GB {{(pid=103646) __init__ /opt/stack/placement/placement/objects/research_context.py:126}}
May 20 20:37:02.821473 n-d-842733-1 devstack@placement-api.service[103646]: DEBUG placement.objects.research_context [req-ccf93bb9-6252-4d15-809b-11eb99e67045 req-c6364091-0788-41d4-b592-9febb7204125 service placement] getting providers with 1024 MEMORY_MB {{(pid=103646) __init__ /opt/stack/placement/placement/objects/research_context.py:126}}
May 20 20:37:02.836277 n-d-842733-1 devstack@placement-api.service[103646]: DEBUG placement.objects.research_context [req-ccf93bb9-6252-4d15-809b-11eb99e67045 req-c6364091-0788-41d4-b592-9febb7204125 service placement] getting providers with 1 VCPU {{(pid=103646) __init__ /opt/stack/placement/placement/objects/research_context.py:126}}
May 20 20:37:02.847801 n-d-842733-1 devstack@placement-api.service[103646]: DEBUG placement.objects.research_context [req-ccf93bb9-6252-4d15-809b-11eb99e67045 req-c6364091-0788-41d4-b592-9febb7204125 service placement] found 2 providers with available 2 DISK_GB {{(pid=103646) get_provider_ids_matching /opt/stack/placement/placement/objects/research_context.py:549}}
May 20 20:37:02.848155 n-d-842733-1 devstack@placement-api.service[103646]: DEBUG placement.objects.research_context [req-ccf93bb9-6252-4d15-809b-11eb99e67045 req-c6364091-0788-41d4-b592-9febb7204125 service placement] found 2 providers with available 1024 MEMORY_MB {{(pid=103646) get_provider_ids_matching /opt/stack/placement/placement/objects/research_context.py:549}}
May 20 20:37:02.849027 n-d-842733-1 devstack@placement-api.service[103646]: DEBUG placement.objects.research_context [req-ccf93bb9-6252-4d15-809b-11eb99e67045 req-c6364091-0788-41d4-b592-9febb7204125 service placement] found 2 providers after filtering by previous result {{(pid=103646) get_provider_ids_matching /opt/stack/placement/placement/objects/research_context.py:580}}
May 20 20:37:02.850089 n-d-842733-1 devstack@placement-api.service[103646]: DEBUG placement.objects.research_context [req-ccf93bb9-6252-4d15-809b-11eb99e67045 req-c6364091-0788-41d4-b592-9febb7204125 service placement] found 2 providers with available 1 VCPU {{(pid=103646) get_provider_ids_matching /opt/stack/placement/placement/objects/research_context.py:549}}
May 20 20:37:02.850376 n-d-842733-1 devstack@placement-api.service[103646]: DEBUG placement.objects.research_context [req-ccf93bb9-6252-4d15-809b-11eb99e67045 req-c6364091-0788-41d4-b592-9febb7204125 service placement] found 2 providers after filtering by previous result {{(pid=103646) get_provider_ids_matching /opt/stack/placement/placement/objects/research_context.py:580}}
May 20 20:37:02.900387 n-d-842733-1 devstack@placement-api.service[103646]: DEBUG placement.objects.allocation_candidate [req-ccf93bb9-6252-4d15-809b-11eb99e67045 req-c6364091-0788-41d4-b592-9febb7204125 service placement] RequestGroup(use_same_provider=False, resources={DISK_GB:2, MEMORY_MB:1024, VCPU:1}, traits=[], aggregates=[]) (suffix '') returned 2 matches {{(pid=103646) _get_by_requests /opt/stack/placement/placement/objects/allocation_candidate.py:145}}
May 20 20:37:02.900768 n-d-842733-1 devstack@placement-api.service[103646]: DEBUG placement.objects.allocation_candidate [req-ccf93bb9-6252-4d15-809b-11eb99e67045 req-c6364091-0788-41d4-b592-9febb7204125 service placement] Merging candidates yields 2 allocation requests and 2 provider summaries {{(pid=103646) _merge_candidates /opt/stack/placement/placement/objects/allocation_candidate.py:783}}
May 20 20:37:02.905712 n-d-842733-1 devstack@placement-api.service[103646]: INFO placement.requestlog [req-ccf93bb9-6252-4d15-809b-11eb99e67045 req-c6364091-0788-41d4-b592-9febb7204125 service placement] 10.222.0.35 "GET /placement/allocation_candidates?limit=1000&resources=DISK_GB%3A2%2CMEMORY_MB%3A1024%2CVCPU%3A1&root_required=%21COMPUTE_STATUS_DISABLED" status: 200 len: 1309 microversion: 1.36
May 20 20:37:02.907553 n-d-842733-1 devstack@placement-api.service[103646]: [pid: 103646|app: 0|req: 54/110] 10.222.0.35 () {60 vars in 1506 bytes} [Fri May 20 20:37:02 2022] GET /placement/allocation_candidates?limit=1000&resources=DISK_GB%3A2%2CMEMORY_MB%3A1024%2CVCPU%3A1&root_required=%21COMPUTE_STATUS_DISABLED => generated 1309 bytes in 158 msecs (HTTP/1.1 200) 8 headers in 297 bytes (1 switches on core 0)
May 20 20:37:03.027834 n-d-842733-1 devstack@placement-api.service[103647]: DEBUG placement.requestlog [req-ccf93bb9-6252-4d15-809b-11eb99e67045 req-b6cdfe7e-dc21-4ff2-b26a-5fe58cd3b5e8 None None] Starting request: 10.222.0.35 "GET /placement/allocations/b4070de9-726e-4300-9952-8e4a88742aac" {{(pid=103647) __call__ /opt/stack/placement/placement/requestlog.py:55}}
May 20 20:37:03.039869 n-d-842733-1 devstack@placement-api.service[103647]: INFO placement.requestlog [req-ccf93bb9-6252-4d15-809b-11eb99e67045 req-b6cdfe7e-dc21-4ff2-b26a-5fe58cd3b5e8 service placement] 10.222.0.35 "GET /placement/allocations/b4070de9-726e-4300-9952-8e4a88742aac" status: 200 len: 19 microversion: 1.28
May 20 20:37:03.040800 n-d-842733-1 devstack@placement-api.service[103647]: [pid: 103647|app: 0|req: 57/111] 10.222.0.35 () {60 vars in 1380 bytes} [Fri May 20 20:37:03 2022] GET /placement/allocations/b4070de9-726e-4300-9952-8e4a88742aac => generated 19 bytes in 13 msecs (HTTP/1.1 200) 8 headers in 295 bytes (1 switches on core 0)
May 20 20:37:03.048340 n-d-842733-1 devstack@placement-api.service[103646]: DEBUG placement.requestlog [req-ccf93bb9-6252-4d15-809b-11eb99e67045 req-df0c3a99-0126-4d13-84f2-a73cbfc51911 None None] Starting request: 10.222.0.35 "PUT /placement/allocations/b4070de9-726e-4300-9952-8e4a88742aac" {{(pid=103646) __call__ /opt/stack/placement/placement/requestlog.py:55}}
May 20 20:37:03.189326 n-d-842733-1 devstack@placement-api.service[103646]: DEBUG placement.handlers.allocation [req-ccf93bb9-6252-4d15-809b-11eb99e67045 req-df0c3a99-0126-4d13-84f2-a73cbfc51911 service placement] Successfully wrote allocations [, , ] {{(pid=103646) _update_consumers_and_create_allocations /opt/stack/placement/placement/handlers/allocation.py:462}}
May 20 20:37:03.380193 n-d-842733-1 devstack@placement-api.service[103646]: INFO placement.requestlog [req-ccf93bb9-6252-4d15-809b-11eb99e67045 req-df0c3a99-0126-4d13-84f2-a73cbfc51911 service placement] 10.222.0.35 "PUT /placement/allocations/b4070de9-726e-4300-9952-8e4a88742aac" status: 204 len: 0 microversion: 1.36
May 20 20:37:03.389821 n-d-842733-1 devstack@placement-api.service[103646]: [pid: 103646|app: 0|req: 55/112] 10.222.0.35 () {64 vars in 1433 bytes} [Fri May 20 20:37:03 2022] PUT /placement/allocations/b4070de9-726e-4300-9952-8e4a88742aac => generated 0 bytes in 335 msecs (HTTP/1.1 204) 5 headers in 199 bytes (2 switches on core 0)
May 20 20:37:04.724190 n-d-842733-1 devstack@placement-api.service[103647]: DEBUG placement.requestlog [req-ccf93bb9-6252-4d15-809b-11eb99e67045 req-434306e0-cc2f-4628-8a52-e1c3bddd9f2c None None] Starting request: 10.222.0.13 "GET /placement/allocations/b4070de9-726e-4300-9952-8e4a88742aac" {{(pid=103647) __call__ /opt/stack/placement/placement/requestlog.py:55}}
May 20 20:37:04.778696 n-d-842733-1 devstack@placement-api.service[103647]: INFO placement.requestlog [req-ccf93bb9-6252-4d15-809b-11eb99e67045 req-434306e0-cc2f-4628-8a52-e1c3bddd9f2c service placement] 10.222.0.13 "GET /placement/allocations/b4070de9-726e-4300-9952-8e4a88742aac" status: 200 len: 258 microversion: 1.28
May 20 20:37:04.783971 n-d-842733-1 devstack@placement-api.service[103647]: [pid: 103647|app: 0|req: 58/113] 10.222.0.13 () {60 vars in 1377 bytes} [Fri May 20 20:37:04 2022] GET /placement/allocations/b4070de9-726e-4300-9952-8e4a88742aac => generated 258 bytes in 56 msecs (HTTP/1.1 200) 8 headers in 296 bytes (1 switches on core 0)
May 20 20:37:05.940205 n-d-842733-1 devstack@placement-api.service[103646]: DEBUG placement.requestlog [req-9b085a3e-f7e6-4a96-99fe-32b53f805daa req-43cb70cc-068e-4e82-a931-0f353d96b5d1 None None] Starting request: 10.222.0.13 "DELETE /placement/allocations/dcc37251-fe20-4f7e-aa5f-f8a826d9ed0d" {{(pid=103646) __call__ /opt/stack/placement/placement/requestlog.py:55}}
May 20 20:37:06.024860 n-d-842733-1 devstack@placement-api.service[103647]: DEBUG placement.requestlog [req-72636d2e-7372-4224-9398-ad6821bbd090 req-eee69acf-ecb9-405a-a778-7ab3d9611e58 None None] Starting request: 10.222.0.13 "GET /placement/resource_providers/e1da995f-a580-4c66-b3f2-685999c7b140/allocations" {{(pid=103647) __call__ /opt/stack/placement/placement/requestlog.py:55}}
May 20 20:37:06.077770 n-d-842733-1 devstack@placement-api.service[103647]: INFO placement.requestlog [req-72636d2e-7372-4224-9398-ad6821bbd090 req-eee69acf-ecb9-405a-a778-7ab3d9611e58 service placement] 10.222.0.13 "GET /placement/resource_providers/e1da995f-a580-4c66-b3f2-685999c7b140/allocations" status: 200 len: 355 microversion: 1.0
May 20 20:37:06.078534 n-d-842733-1 devstack@placement-api.service[103647]: [pid: 103647|app: 0|req: 59/114] 10.222.0.13 () {58 vars in 1390 bytes} [Fri May 20 20:37:06 2022] GET /placement/resource_providers/e1da995f-a580-4c66-b3f2-685999c7b140/allocations => generated 355 bytes in 54 msecs (HTTP/1.1 200) 6 headers in 224 bytes (2 switches on core 0)
May 20 20:37:06.144668 n-d-842733-1 devstack@placement-api.service[103646]: DEBUG placement.handlers.allocation [req-9b085a3e-f7e6-4a96-99fe-32b53f805daa req-43cb70cc-068e-4e82-a931-0f353d96b5d1 service placement] Successfully deleted allocations [, , ] {{(pid=103646) delete_allocations /opt/stack/placement/placement/handlers/allocation.py:627}}
May 20 20:37:06.145512 n-d-842733-1 devstack@placement-api.service[103646]: INFO placement.requestlog [req-9b085a3e-f7e6-4a96-99fe-32b53f805daa req-43cb70cc-068e-4e82-a931-0f353d96b5d1 service placement] 10.222.0.13 "DELETE /placement/allocations/dcc37251-fe20-4f7e-aa5f-f8a826d9ed0d" status: 204 len: 0 microversion: 1.0
May 20 20:37:06.146214 n-d-842733-1 devstack@placement-api.service[103646]: [pid: 103646|app: 0|req: 56/115] 10.222.0.13 () {60 vars in 1355 bytes} [Fri May 20 20:37:05 2022] DELETE /placement/allocations/dcc37251-fe20-4f7e-aa5f-f8a826d9ed0d => generated 0 bytes in 211 msecs (HTTP/1.1 204) 5 headers in 198 bytes (1 switches on core 0)
May 20 20:37:06.697823 n-d-842733-1 devstack@placement-api.service[103647]: DEBUG placement.requestlog [None req-6693eefe-1c32-4e10-9b48-dd2d7956089a None None] Starting request: 10.222.0.35 "GET /placement/" {{(pid=103647) __call__ /opt/stack/placement/placement/requestlog.py:55}}
May 20 20:37:06.698817 n-d-842733-1 devstack@placement-api.service[103647]: INFO placement.requestlog [None req-6693eefe-1c32-4e10-9b48-dd2d7956089a None None] 10.222.0.35 "GET /placement/" status: 200 len: 136 microversion: 1.0
May 20 20:37:06.699517 n-d-842733-1 devstack@placement-api.service[103647]: [pid: 103647|app: 0|req: 60/116] 10.222.0.35 () {54 vars in 916 bytes} [Fri May 20 20:37:06 2022] GET /placement => generated 136 bytes in 2 msecs (HTTP/1.1 200) 6 headers in 224 bytes (1 switches on core 0)
May 20 20:37:06.713954 n-d-842733-1 devstack@placement-api.service[103646]: DEBUG placement.requestlog [req-e57f0d05-c6a9-472d-ba34-9dc9d0bf9650 req-fcb6fa95-1c04-4cf2-9695-213caf7f8008 None None] Starting request: 10.222.0.35 "GET /placement/allocations/15403929-020e-4cba-8203-91654f1a9017" {{(pid=103646) __call__ /opt/stack/placement/placement/requestlog.py:55}}
May 20 20:37:06.865841 n-d-842733-1 devstack@placement-api.service[103646]: INFO placement.requestlog [req-e57f0d05-c6a9-472d-ba34-9dc9d0bf9650 req-fcb6fa95-1c04-4cf2-9695-213caf7f8008 service placement] 10.222.0.35 "GET /placement/allocations/15403929-020e-4cba-8203-91654f1a9017" status: 200 len: 258 microversion: 1.28
May 20 20:37:06.866628 n-d-842733-1 devstack@placement-api.service[103646]: [pid: 103646|app: 0|req: 57/117] 10.222.0.35 () {60 vars in 1380 bytes} [Fri May 20 20:37:06 2022] GET /placement/allocations/15403929-020e-4cba-8203-91654f1a9017 => generated 258 bytes in 153 msecs (HTTP/1.1 200) 8 headers in 296 bytes (1 switches on core 0)
May 20 20:37:06.873992 n-d-842733-1 devstack@placement-api.service[103647]: DEBUG placement.requestlog [req-e57f0d05-c6a9-472d-ba34-9dc9d0bf9650 req-dd6f5f90-577e-4999-8994-24093cf105b7 None None] Starting request: 10.222.0.35 "GET /placement/allocations/15403929-020e-4cba-8203-91654f1a9017" {{(pid=103647) __call__ /opt/stack/placement/placement/requestlog.py:55}}
May 20 20:37:06.907828 n-d-842733-1 devstack@placement-api.service[103647]: INFO placement.requestlog [req-e57f0d05-c6a9-472d-ba34-9dc9d0bf9650 req-dd6f5f90-577e-4999-8994-24093cf105b7 service placement] 10.222.0.35 "GET /placement/allocations/15403929-020e-4cba-8203-91654f1a9017" status: 200 len: 258 microversion: 1.28
May 20 20:37:06.923145 n-d-842733-1 devstack@placement-api.service[103646]: DEBUG placement.requestlog [req-e57f0d05-c6a9-472d-ba34-9dc9d0bf9650 req-f4590fb4-064d-484a-b386-47d357b06d15 None None] Starting request: 10.222.0.35 "GET /placement/allocations/2f3b24d0-551d-4bcf-95bc-11fbde7b172d" {{(pid=103646) __call__ /opt/stack/placement/placement/requestlog.py:55}}
May 20 20:37:06.926645 n-d-842733-1 devstack@placement-api.service[103647]: [pid: 103647|app: 0|req: 61/118] 10.222.0.35 () {60 vars in 1380 bytes} [Fri May 20 20:37:06 2022] GET /placement/allocations/15403929-020e-4cba-8203-91654f1a9017 => generated 258 bytes in 53 msecs (HTTP/1.1 200) 8 headers in 296 bytes (1 switches on core 0)
May 20 20:37:06.944331 n-d-842733-1 devstack@placement-api.service[103646]: INFO placement.requestlog [req-e57f0d05-c6a9-472d-ba34-9dc9d0bf9650 req-f4590fb4-064d-484a-b386-47d357b06d15 service placement] 10.222.0.35 "GET /placement/allocations/2f3b24d0-551d-4bcf-95bc-11fbde7b172d" status: 200 len: 19 microversion: 1.28
May 20 20:37:06.951398 n-d-842733-1 devstack@placement-api.service[103647]: DEBUG placement.requestlog [req-e57f0d05-c6a9-472d-ba34-9dc9d0bf9650 req-c58347a6-b031-4921-9620-e10cad913114 None None] Starting request: 10.222.0.35 "POST /placement/allocations" {{(pid=103647) __call__ /opt/stack/placement/placement/requestlog.py:55}}
May 20 20:37:06.957598 n-d-842733-1 devstack@placement-api.service[103646]: [pid: 103646|app: 0|req: 58/119] 10.222.0.35 () {60 vars in 1380 bytes} [Fri May 20 20:37:06 2022] GET /placement/allocations/2f3b24d0-551d-4bcf-95bc-11fbde7b172d => generated 19 bytes in 34 msecs (HTTP/1.1 200) 8 headers in 295 bytes (1 switches on core 0)
May 20 20:37:07.116734 n-d-842733-1 devstack@placement-api.service[103647]: DEBUG placement.handlers.allocation [req-e57f0d05-c6a9-472d-ba34-9dc9d0bf9650 req-c58347a6-b031-4921-9620-e10cad913114 service placement] Successfully wrote allocations [, , , , , ] {{(pid=103647) _update_consumers_and_create_allocations /opt/stack/placement/placement/handlers/allocation.py:572}}
May 20 20:37:07.175055 n-d-842733-1 devstack@placement-api.service[103647]: INFO placement.requestlog [req-e57f0d05-c6a9-472d-ba34-9dc9d0bf9650 req-c58347a6-b031-4921-9620-e10cad913114 service placement] 10.222.0.35 "POST /placement/allocations" status: 204 len: 0 microversion: 1.28
May 20 20:37:07.178001 n-d-842733-1 devstack@placement-api.service[103647]: [pid: 103647|app: 0|req: 62/120] 10.222.0.35 () {64 vars in 1323 bytes} [Fri May 20 20:37:06 2022] POST /placement/allocations => generated 0 bytes in 224 msecs (HTTP/1.1 204) 5 headers in 199 bytes (1 switches on core 0)
May 20 20:37:07.215619 n-d-842733-1 devstack@placement-api.service[103646]: DEBUG placement.requestlog [req-e57f0d05-c6a9-472d-ba34-9dc9d0bf9650 req-f4c24af0-4683-44f9-a8fc-3cb5523e52ae None None] Starting request: 10.222.0.35 "GET /placement/allocations/15403929-020e-4cba-8203-91654f1a9017" {{(pid=103646) __call__ /opt/stack/placement/placement/requestlog.py:55}}
May 20 20:37:07.232042 n-d-842733-1 devstack@placement-api.service[103646]: INFO placement.requestlog [req-e57f0d05-c6a9-472d-ba34-9dc9d0bf9650 req-f4c24af0-4683-44f9-a8fc-3cb5523e52ae service placement] 10.222.0.35 "GET /placement/allocations/15403929-020e-4cba-8203-91654f1a9017" status: 200 len: 19 microversion: 1.28
May 20 20:37:07.232736 n-d-842733-1 devstack@placement-api.service[103646]: [pid: 103646|app: 0|req: 59/121] 10.222.0.35 () {60 vars in 1380 bytes} [Fri May 20 20:37:07 2022] GET /placement/allocations/15403929-020e-4cba-8203-91654f1a9017 => generated 19 bytes in 17 msecs (HTTP/1.1 200) 8 headers in 295 bytes (1 switches on core 0)
May 20 20:37:07.240118 n-d-842733-1 devstack@placement-api.service[103647]: DEBUG placement.requestlog [req-e57f0d05-c6a9-472d-ba34-9dc9d0bf9650 req-f06cd1b8-5539-4fbe-9a0c-6d3e2d97115c None None] Starting request: 10.222.0.35 "PUT /placement/allocations/15403929-020e-4cba-8203-91654f1a9017" {{(pid=103647) __call__ /opt/stack/placement/placement/requestlog.py:55}}
May 20 20:37:07.401049 n-d-842733-1 devstack@placement-api.service[103647]: DEBUG placement.handlers.allocation [req-e57f0d05-c6a9-472d-ba34-9dc9d0bf9650 req-f06cd1b8-5539-4fbe-9a0c-6d3e2d97115c service placement] Successfully wrote allocations [, , ] {{(pid=103647) _update_consumers_and_create_allocations /opt/stack/placement/placement/handlers/allocation.py:462}}
May 20 20:37:07.533808 n-d-842733-1 devstack@placement-api.service[103647]: INFO placement.requestlog [req-e57f0d05-c6a9-472d-ba34-9dc9d0bf9650 req-f06cd1b8-5539-4fbe-9a0c-6d3e2d97115c service placement] 10.222.0.35 "PUT /placement/allocations/15403929-020e-4cba-8203-91654f1a9017" status: 204 len: 0 microversion: 1.28
May 20 20:37:07.534412 n-d-842733-1 devstack@placement-api.service[103647]: [pid: 103647|app: 0|req: 63/122] 10.222.0.35 () {64 vars in 1433 bytes} [Fri May 20 20:37:07 2022] PUT /placement/allocations/15403929-020e-4cba-8203-91654f1a9017 => generated 0 bytes in 295 msecs (HTTP/1.1 204) 5 headers in 199 bytes (1 switches on core 0)
May 20 20:37:07.743940 n-d-842733-1 devstack@placement-api.service[103646]: DEBUG placement.requestlog [req-71f0a0ce-e389-498c-8cd1-3e137fdd0e4e req-9c041ac4-043d-4ff2-b5d8-7f0bccb65804 None None] Starting request: 10.222.0.35 "GET /placement/allocation_candidates?limit=1000&resources=DISK_GB%3A1%2CMEMORY_MB%3A1024%2CVCPU%3A1&root_required=%21COMPUTE_STATUS_DISABLED" {{(pid=103646) __call__ /opt/stack/placement/placement/requestlog.py:55}}
May 20 20:37:07.803122 n-d-842733-1 devstack@placement-api.service[103646]: DEBUG placement.objects.research_context [req-71f0a0ce-e389-498c-8cd1-3e137fdd0e4e req-9c041ac4-043d-4ff2-b5d8-7f0bccb65804 service placement] getting providers with 1 DISK_GB {{(pid=103646) __init__ /opt/stack/placement/placement/objects/research_context.py:126}}
May 20 20:37:07.807228 n-d-842733-1 devstack@placement-api.service[103647]: DEBUG placement.requestlog [req-e57f0d05-c6a9-472d-ba34-9dc9d0bf9650 req-ef1c561b-f8be-4b41-b9fe-6f887d5877ff None None] Starting request: 10.222.0.24 "GET /placement/allocations/15403929-020e-4cba-8203-91654f1a9017" {{(pid=103647) __call__ /opt/stack/placement/placement/requestlog.py:55}}
May 20 20:37:07.820317 n-d-842733-1 devstack@placement-api.service[103646]: DEBUG placement.objects.research_context [req-71f0a0ce-e389-498c-8cd1-3e137fdd0e4e req-9c041ac4-043d-4ff2-b5d8-7f0bccb65804 service placement] getting providers with 1024 MEMORY_MB {{(pid=103646) __init__ /opt/stack/placement/placement/objects/research_context.py:126}}
May 20 20:37:07.826467 n-d-842733-1 devstack@placement-api.service[103646]: DEBUG placement.objects.research_context [req-71f0a0ce-e389-498c-8cd1-3e137fdd0e4e req-9c041ac4-043d-4ff2-b5d8-7f0bccb65804 service placement] getting providers with 1 VCPU {{(pid=103646) __init__ /opt/stack/placement/placement/objects/research_context.py:126}}
May 20 20:37:07.827275 n-d-842733-1 devstack@placement-api.service[103647]: INFO placement.requestlog [req-e57f0d05-c6a9-472d-ba34-9dc9d0bf9650 req-ef1c561b-f8be-4b41-b9fe-6f887d5877ff service placement] 10.222.0.24 "GET /placement/allocations/15403929-020e-4cba-8203-91654f1a9017" status: 200 len: 259 microversion: 1.28
May 20 20:37:07.827797 n-d-842733-1 devstack@placement-api.service[103647]: [pid: 103647|app: 0|req: 64/123] 10.222.0.24 () {60 vars in 1377 bytes} [Fri May 20 20:37:07 2022] GET /placement/allocations/15403929-020e-4cba-8203-91654f1a9017 => generated 259 bytes in 21 msecs (HTTP/1.1 200) 8 headers in 296 bytes (2 switches on core 0)
May 20 20:37:07.834107 n-d-842733-1 devstack@placement-api.service[103646]: DEBUG placement.objects.research_context [req-71f0a0ce-e389-498c-8cd1-3e137fdd0e4e req-9c041ac4-043d-4ff2-b5d8-7f0bccb65804 service placement] found 2 providers with available 1 DISK_GB {{(pid=103646) get_provider_ids_matching /opt/stack/placement/placement/objects/research_context.py:549}}
May 20 20:37:07.834619 n-d-842733-1 devstack@placement-api.service[103646]: DEBUG placement.objects.research_context [req-71f0a0ce-e389-498c-8cd1-3e137fdd0e4e req-9c041ac4-043d-4ff2-b5d8-7f0bccb65804 service placement] found 2 providers with available 1024 MEMORY_MB {{(pid=103646) get_provider_ids_matching /opt/stack/placement/placement/objects/research_context.py:549}}
May 20 20:37:07.835026 n-d-842733-1 devstack@placement-api.service[103646]: DEBUG placement.objects.research_context [req-71f0a0ce-e389-498c-8cd1-3e137fdd0e4e req-9c041ac4-043d-4ff2-b5d8-7f0bccb65804 service placement] found 2 providers after filtering by previous result {{(pid=103646) get_provider_ids_matching /opt/stack/placement/placement/objects/research_context.py:580}}
May 20 20:37:07.835429 n-d-842733-1 devstack@placement-api.service[103646]: DEBUG placement.objects.research_context [req-71f0a0ce-e389-498c-8cd1-3e137fdd0e4e req-9c041ac4-043d-4ff2-b5d8-7f0bccb65804 service placement] found 2 providers with available 1 VCPU {{(pid=103646) get_provider_ids_matching /opt/stack/placement/placement/objects/research_context.py:549}}
May 20 20:37:07.835832 n-d-842733-1 devstack@placement-api.service[103646]: DEBUG placement.objects.research_context [req-71f0a0ce-e389-498c-8cd1-3e137fdd0e4e req-9c041ac4-043d-4ff2-b5d8-7f0bccb65804 service placement] found 2 providers after filtering by previous result {{(pid=103646) get_provider_ids_matching /opt/stack/placement/placement/objects/research_context.py:580}}
May 20 20:37:07.853379 n-d-842733-1 devstack@placement-api.service[103646]: DEBUG placement.objects.allocation_candidate [req-71f0a0ce-e389-498c-8cd1-3e137fdd0e4e req-9c041ac4-043d-4ff2-b5d8-7f0bccb65804 service placement] RequestGroup(use_same_provider=False, resources={DISK_GB:1, MEMORY_MB:1024, VCPU:1}, traits=[], aggregates=[]) (suffix '') returned 2 matches {{(pid=103646) _get_by_requests /opt/stack/placement/placement/objects/allocation_candidate.py:145}}
May 20 20:37:07.853967 n-d-842733-1 devstack@placement-api.service[103646]: DEBUG placement.objects.allocation_candidate [req-71f0a0ce-e389-498c-8cd1-3e137fdd0e4e req-9c041ac4-043d-4ff2-b5d8-7f0bccb65804 service placement] Merging candidates yields 2 allocation requests and 2 provider summaries {{(pid=103646) _merge_candidates /opt/stack/placement/placement/objects/allocation_candidate.py:783}}
May 20 20:37:07.862382 n-d-842733-1 devstack@placement-api.service[103646]: INFO placement.requestlog [req-71f0a0ce-e389-498c-8cd1-3e137fdd0e4e req-9c041ac4-043d-4ff2-b5d8-7f0bccb65804 service placement] 10.222.0.35 "GET /placement/allocation_candidates?limit=1000&resources=DISK_GB%3A1%2CMEMORY_MB%3A1024%2CVCPU%3A1&root_required=%21COMPUTE_STATUS_DISABLED" status: 200 len: 1309 microversion: 1.36
May 20 20:37:07.862637 n-d-842733-1 devstack@placement-api.service[103646]: [pid: 103646|app: 0|req: 60/124] 10.222.0.35 () {60 vars in 1506 bytes} [Fri May 20 20:37:07 2022] GET /placement/allocation_candidates?limit=1000&resources=DISK_GB%3A1%2CMEMORY_MB%3A1024%2CVCPU%3A1&root_required=%21COMPUTE_STATUS_DISABLED => generated 1309 bytes in 119 msecs (HTTP/1.1 200) 8 headers in 297 bytes (1 switches on core 0)
May 20 20:37:07.919519 n-d-842733-1 devstack@placement-api.service[103647]: DEBUG placement.requestlog [req-71f0a0ce-e389-498c-8cd1-3e137fdd0e4e req-7454d2f8-651f-4dbf-a2a5-c9510463f9bd None None] Starting request: 10.222.0.35 "GET /placement/allocations/076de625-2a49-46b5-9344-19509d3a2557" {{(pid=103647) __call__ /opt/stack/placement/placement/requestlog.py:55}}
May 20 20:37:07.970812 n-d-842733-1 devstack@placement-api.service[103647]: INFO placement.requestlog [req-71f0a0ce-e389-498c-8cd1-3e137fdd0e4e req-7454d2f8-651f-4dbf-a2a5-c9510463f9bd service placement] 10.222.0.35 "GET /placement/allocations/076de625-2a49-46b5-9344-19509d3a2557" status: 200 len: 19 microversion: 1.28
May 20 20:37:07.977096 n-d-842733-1 devstack@placement-api.service[103646]: DEBUG placement.requestlog [req-71f0a0ce-e389-498c-8cd1-3e137fdd0e4e req-3b4d3cfd-a09b-400c-bc4e-6dfbcc12afc9 None None] Starting request: 10.222.0.35 "PUT /placement/allocations/076de625-2a49-46b5-9344-19509d3a2557" {{(pid=103646) __call__ /opt/stack/placement/placement/requestlog.py:55}}
May 20 20:37:07.987897 n-d-842733-1 devstack@placement-api.service[103647]: [pid: 103647|app: 0|req: 65/125] 10.222.0.35 () {60 vars in 1380 bytes} [Fri May 20 20:37:07 2022] GET /placement/allocations/076de625-2a49-46b5-9344-19509d3a2557 => generated 19 bytes in 68 msecs (HTTP/1.1 200) 8 headers in 295 bytes (1 switches on core 0)
May 20 20:37:08.336811 n-d-842733-1 devstack@placement-api.service[103646]: DEBUG placement.handlers.allocation [req-71f0a0ce-e389-498c-8cd1-3e137fdd0e4e req-3b4d3cfd-a09b-400c-bc4e-6dfbcc12afc9 service placement] Successfully wrote allocations [, , ] {{(pid=103646) _update_consumers_and_create_allocations /opt/stack/placement/placement/handlers/allocation.py:462}}
May 20 20:37:08.438688 n-d-842733-1 devstack@placement-api.service[103646]: INFO placement.requestlog [req-71f0a0ce-e389-498c-8cd1-3e137fdd0e4e req-3b4d3cfd-a09b-400c-bc4e-6dfbcc12afc9 service placement] 10.222.0.35 "PUT /placement/allocations/076de625-2a49-46b5-9344-19509d3a2557" status: 204 len: 0 microversion: 1.36
May 20 20:37:08.438936 n-d-842733-1 devstack@placement-api.service[103646]: [pid: 103646|app: 0|req: 61/126] 10.222.0.35 () {64 vars in 1433 bytes} [Fri May 20 20:37:07 2022] PUT /placement/allocations/076de625-2a49-46b5-9344-19509d3a2557 => generated 0 bytes in 462 msecs (HTTP/1.1 204) 5 headers in 199 bytes (2 switches on core 0)
May 20 20:37:09.783968 n-d-842733-1 devstack@placement-api.service[103647]: DEBUG placement.requestlog [req-71f0a0ce-e389-498c-8cd1-3e137fdd0e4e req-96515c5c-bc5c-4799-abc1-9f1da9f62efe None None] Starting request: 10.222.0.24 "GET /placement/allocations/076de625-2a49-46b5-9344-19509d3a2557" {{(pid=103647) __call__ /opt/stack/placement/placement/requestlog.py:55}}
May 20 20:37:09.832534 n-d-842733-1 devstack@placement-api.service[103647]: INFO placement.requestlog [req-71f0a0ce-e389-498c-8cd1-3e137fdd0e4e req-96515c5c-bc5c-4799-abc1-9f1da9f62efe service placement] 10.222.0.24 "GET /placement/allocations/076de625-2a49-46b5-9344-19509d3a2557" status: 200 len: 259 microversion: 1.28
May 20 20:37:09.832918 n-d-842733-1 devstack@placement-api.service[103647]: [pid: 103647|app: 0|req: 66/127] 10.222.0.24 () {60 vars in 1377 bytes} [Fri May 20 20:37:09 2022] GET /placement/allocations/076de625-2a49-46b5-9344-19509d3a2557 => generated 259 bytes in 49 msecs (HTTP/1.1 200) 8 headers in 296 bytes (1 switches on core 0)
May 20 20:37:12.027410 n-d-842733-1 devstack@placement-api.service[103646]: DEBUG placement.requestlog [req-cf654191-5e3f-43c1-8a35-6d9316577685 req-fc69f1fa-d8f9-45af-bdbb-3c458482040a None None] Starting request: 10.222.0.35 "GET /placement/allocation_candidates?limit=1000&resources=DISK_GB%3A1%2CMEMORY_MB%3A1024%2CVCPU%3A1&root_required=%21COMPUTE_STATUS_DISABLED" {{(pid=103646) __call__ /opt/stack/placement/placement/requestlog.py:55}}
May 20 20:37:12.193385 n-d-842733-1 devstack@placement-api.service[103646]: DEBUG placement.objects.research_context [req-cf654191-5e3f-43c1-8a35-6d9316577685 req-fc69f1fa-d8f9-45af-bdbb-3c458482040a service placement] getting providers with 1 DISK_GB {{(pid=103646) __init__ /opt/stack/placement/placement/objects/research_context.py:126}}
