Aug 04 22:40:06.060403 n-d-842687-4 devstack@n-api.service[110753]: DEBUG oslo_concurrency.lockutils [None req-6782c396-253e-4abd-9fdc-558dc7809d8e None None] Acquiring lock "00000000-0000-0000-0000-000000000000" by "nova.context.set_target_cell..get_or_set_cached_cell_and_set_connections" {{(pid=110753) inner /usr/local/lib/python3.8/dist-packages/oslo_concurrency/lockutils.py:385}}
Aug 04 22:40:06.060885 n-d-842687-4 devstack@n-api.service[110753]: DEBUG oslo_concurrency.lockutils [None req-6782c396-253e-4abd-9fdc-558dc7809d8e None None] Lock "00000000-0000-0000-0000-000000000000" acquired by "nova.context.set_target_cell..get_or_set_cached_cell_and_set_connections" :: waited 0.001s {{(pid=110753) inner /usr/local/lib/python3.8/dist-packages/oslo_concurrency/lockutils.py:390}}
Aug 04 22:40:06.061652 n-d-842687-4 devstack@n-api.service[110754]: DEBUG oslo_concurrency.lockutils [None req-3022b9aa-263e-4de3-b8f1-d2e0e926e26b None None] Lock "00000000-0000-0000-0000-000000000000" "released" by "nova.context.set_target_cell..get_or_set_cached_cell_and_set_connections" :: held 0.002s {{(pid=110754) inner /usr/local/lib/python3.8/dist-packages/oslo_concurrency/lockutils.py:404}}
Aug 04 22:40:06.062453 n-d-842687-4 devstack@n-api.service[110754]: DEBUG oslo_concurrency.lockutils [None req-3022b9aa-263e-4de3-b8f1-d2e0e926e26b None None] Acquiring lock "92ff039c-576b-4f0f-b17c-e801be3568a0" by "nova.context.set_target_cell..get_or_set_cached_cell_and_set_connections" {{(pid=110754) inner /usr/local/lib/python3.8/dist-packages/oslo_concurrency/lockutils.py:385}}
Aug 04 22:40:06.062554 n-d-842687-4 devstack@n-api.service[110753]: DEBUG oslo_concurrency.lockutils [None req-6782c396-253e-4abd-9fdc-558dc7809d8e None None] Lock "00000000-0000-0000-0000-000000000000" "released" by "nova.context.set_target_cell..get_or_set_cached_cell_and_set_connections" :: held 0.002s {{(pid=110753) inner /usr/local/lib/python3.8/dist-packages/oslo_concurrency/lockutils.py:404}}
Aug 04 22:40:06.062837 n-d-842687-4 devstack@n-api.service[110754]: DEBUG oslo_concurrency.lockutils [None req-3022b9aa-263e-4de3-b8f1-d2e0e926e26b None None] Lock "92ff039c-576b-4f0f-b17c-e801be3568a0" acquired by "nova.context.set_target_cell..get_or_set_cached_cell_and_set_connections" :: waited 0.000s {{(pid=110754) inner /usr/local/lib/python3.8/dist-packages/oslo_concurrency/lockutils.py:390}}
Aug 04 22:40:06.063219 n-d-842687-4 devstack@n-api.service[110753]: DEBUG oslo_concurrency.lockutils [None req-6782c396-253e-4abd-9fdc-558dc7809d8e None None] Acquiring lock "92ff039c-576b-4f0f-b17c-e801be3568a0" by "nova.context.set_target_cell..get_or_set_cached_cell_and_set_connections" {{(pid=110753) inner /usr/local/lib/python3.8/dist-packages/oslo_concurrency/lockutils.py:385}}
Aug 04 22:40:06.063693 n-d-842687-4 devstack@n-api.service[110753]: DEBUG oslo_concurrency.lockutils [None req-6782c396-253e-4abd-9fdc-558dc7809d8e None None] Lock "92ff039c-576b-4f0f-b17c-e801be3568a0" acquired by "nova.context.set_target_cell..get_or_set_cached_cell_and_set_connections" :: waited 0.000s {{(pid=110753) inner /usr/local/lib/python3.8/dist-packages/oslo_concurrency/lockutils.py:390}}
Aug 04 22:40:06.064879 n-d-842687-4 devstack@n-api.service[110754]: DEBUG oslo_concurrency.lockutils [None req-3022b9aa-263e-4de3-b8f1-d2e0e926e26b None None] Lock "92ff039c-576b-4f0f-b17c-e801be3568a0" "released" by "nova.context.set_target_cell..get_or_set_cached_cell_and_set_connections" :: held 0.002s {{(pid=110754) inner /usr/local/lib/python3.8/dist-packages/oslo_concurrency/lockutils.py:404}}
Aug 04 22:40:06.065701 n-d-842687-4 devstack@n-api.service[110753]: DEBUG oslo_concurrency.lockutils [None req-6782c396-253e-4abd-9fdc-558dc7809d8e None None] Lock "92ff039c-576b-4f0f-b17c-e801be3568a0" "released" by "nova.context.set_target_cell..get_or_set_cached_cell_and_set_connections" :: held 0.002s {{(pid=110753) inner /usr/local/lib/python3.8/dist-packages/oslo_concurrency/lockutils.py:404}}
Aug 04 22:40:06.066889 n-d-842687-4 devstack@n-api.service[110754]: INFO dbcounter [None req-3022b9aa-263e-4de3-b8f1-d2e0e926e26b None None] Registered counter for database nova_cell0
Aug 04 22:40:06.067708 n-d-842687-4 devstack@n-api.service[110753]: INFO dbcounter [None req-6782c396-253e-4abd-9fdc-558dc7809d8e None None] Registered counter for database nova_cell0
Aug 04 22:40:06.072550 n-d-842687-4 devstack@n-api.service[110754]: INFO dbcounter [None req-3022b9aa-263e-4de3-b8f1-d2e0e926e26b None None] Registered counter for database nova_cell1
Aug 04 22:40:06.073319 n-d-842687-4 devstack@n-api.service[110753]: INFO dbcounter [None req-6782c396-253e-4abd-9fdc-558dc7809d8e None None] Registered counter for database nova_cell1
Aug 04 22:40:06.079570 n-d-842687-4 devstack@n-api.service[110754]: DEBUG oslo_db.sqlalchemy.engines [None req-3022b9aa-263e-4de3-b8f1-d2e0e926e26b None None] MySQL server mode set to STRICT_TRANS_TABLES,STRICT_ALL_TABLES,NO_ZERO_IN_DATE,NO_ZERO_DATE,ERROR_FOR_DIVISION_BY_ZERO,TRADITIONAL,NO_ENGINE_SUBSTITUTION {{(pid=110754) _check_effective_sql_mode /usr/local/lib/python3.8/dist-packages/oslo_db/sqlalchemy/engines.py:314}}
Aug 04 22:40:06.081877 n-d-842687-4 devstack@n-api.service[110754]: DEBUG oslo_db.sqlalchemy.engines [None req-3022b9aa-263e-4de3-b8f1-d2e0e926e26b None None] MySQL server mode set to STRICT_TRANS_TABLES,STRICT_ALL_TABLES,NO_ZERO_IN_DATE,NO_ZERO_DATE,ERROR_FOR_DIVISION_BY_ZERO,TRADITIONAL,NO_ENGINE_SUBSTITUTION {{(pid=110754) _check_effective_sql_mode /usr/local/lib/python3.8/dist-packages/oslo_db/sqlalchemy/engines.py:314}}
Aug 04 22:40:06.083476 n-d-842687-4 devstack@n-api.service[110753]: DEBUG oslo_db.sqlalchemy.engines [None req-6782c396-253e-4abd-9fdc-558dc7809d8e None None] MySQL server mode set to STRICT_TRANS_TABLES,STRICT_ALL_TABLES,NO_ZERO_IN_DATE,NO_ZERO_DATE,ERROR_FOR_DIVISION_BY_ZERO,TRADITIONAL,NO_ENGINE_SUBSTITUTION {{(pid=110753) _check_effective_sql_mode /usr/local/lib/python3.8/dist-packages/oslo_db/sqlalchemy/engines.py:314}}
Aug 04 22:40:06.085415 n-d-842687-4 devstack@n-api.service[110753]: DEBUG oslo_db.sqlalchemy.engines [None req-6782c396-253e-4abd-9fdc-558dc7809d8e None None] MySQL server mode set to STRICT_TRANS_TABLES,STRICT_ALL_TABLES,NO_ZERO_IN_DATE,NO_ZERO_DATE,ERROR_FOR_DIVISION_BY_ZERO,TRADITIONAL,NO_ENGINE_SUBSTITUTION {{(pid=110753) _check_effective_sql_mode /usr/local/lib/python3.8/dist-packages/oslo_db/sqlalchemy/engines.py:314}}
Aug 04 22:40:06.085534 n-d-842687-4 devstack@n-api.service[110754]: DEBUG dbcounter [-] [110754] Writer thread running {{(pid=110754) stat_writer /usr/local/lib/python3.8/dist-packages/dbcounter.py:99}}
Aug 04 22:40:06.091144 n-d-842687-4 devstack@n-api.service[110753]: DEBUG dbcounter [-] [110753] Writer thread running {{(pid=110753) stat_writer /usr/local/lib/python3.8/dist-packages/dbcounter.py:99}}
Aug 04 22:40:06.094039 n-d-842687-4 devstack@n-api.service[110753]: DEBUG dbcounter [-] [110753] Writer thread running {{(pid=110753) stat_writer /usr/local/lib/python3.8/dist-packages/dbcounter.py:99}}
Aug 04 22:40:06.233041 n-d-842687-4 devstack@n-api.service[110754]: DEBUG dbcounter [-] [110754] Writer thread running {{(pid=110754) stat_writer /usr/local/lib/python3.8/dist-packages/dbcounter.py:99}}
Aug 04 22:40:06.242001 n-d-842687-4 devstack@n-api.service[110754]: INFO dbcounter [None req-3022b9aa-263e-4de3-b8f1-d2e0e926e26b None None] Registered counter for database nova_cell0
Aug 04 22:40:06.242381 n-d-842687-4 devstack@n-api.service[110753]: INFO dbcounter [None req-6782c396-253e-4abd-9fdc-558dc7809d8e None None] Registered counter for database nova_cell0
Aug 04 22:40:06.250954 n-d-842687-4 devstack@n-api.service[110754]: DEBUG oslo_db.sqlalchemy.engines [None req-3022b9aa-263e-4de3-b8f1-d2e0e926e26b None None] MySQL server mode set to STRICT_TRANS_TABLES,STRICT_ALL_TABLES,NO_ZERO_IN_DATE,NO_ZERO_DATE,ERROR_FOR_DIVISION_BY_ZERO,TRADITIONAL,NO_ENGINE_SUBSTITUTION {{(pid=110754) _check_effective_sql_mode /usr/local/lib/python3.8/dist-packages/oslo_db/sqlalchemy/engines.py:314}}
Aug 04 22:40:06.254561 n-d-842687-4 devstack@n-api.service[110753]: DEBUG oslo_db.sqlalchemy.engines [None req-6782c396-253e-4abd-9fdc-558dc7809d8e None None] MySQL server mode set to STRICT_TRANS_TABLES,STRICT_ALL_TABLES,NO_ZERO_IN_DATE,NO_ZERO_DATE,ERROR_FOR_DIVISION_BY_ZERO,TRADITIONAL,NO_ENGINE_SUBSTITUTION {{(pid=110753) _check_effective_sql_mode /usr/local/lib/python3.8/dist-packages/oslo_db/sqlalchemy/engines.py:314}}
Aug 04 22:40:06.255949 n-d-842687-4 devstack@n-api.service[110754]: DEBUG dbcounter [-] [110754] Writer thread running {{(pid=110754) stat_writer /usr/local/lib/python3.8/dist-packages/dbcounter.py:99}}
Aug 04 22:40:06.259007 n-d-842687-4 devstack@n-api.service[110753]: DEBUG dbcounter [-] [110753] Writer thread running {{(pid=110753) stat_writer /usr/local/lib/python3.8/dist-packages/dbcounter.py:99}}
Aug 04 22:40:06.595611 n-d-842687-4 devstack@n-api.service[110753]: WARNING keystonemiddleware.auth_token [None req-6782c396-253e-4abd-9fdc-558dc7809d8e None None] AuthToken middleware is set with keystone_authtoken.service_token_roles_required set to False. This is backwards compatible but deprecated behaviour. Please set this to True.
Aug 04 22:40:06.596643 n-d-842687-4 devstack@n-api.service[110754]: WARNING keystonemiddleware.auth_token [None req-3022b9aa-263e-4de3-b8f1-d2e0e926e26b None None] AuthToken middleware is set with keystone_authtoken.service_token_roles_required set to False. This is backwards compatible but deprecated behaviour. Please set this to True.
Aug 04 22:40:06.602829 n-d-842687-4 devstack@n-api.service[110753]: WARNING keystonemiddleware.auth_token [None req-6782c396-253e-4abd-9fdc-558dc7809d8e None None] Configuring www_authenticate_uri to point to the public identity endpoint is required; clients may not be able to authenticate against an admin endpoint
Aug 04 22:40:06.603862 n-d-842687-4 devstack@n-api.service[110754]: WARNING keystonemiddleware.auth_token [None req-3022b9aa-263e-4de3-b8f1-d2e0e926e26b None None] Configuring www_authenticate_uri to point to the public identity endpoint is required; clients may not be able to authenticate against an admin endpoint
Aug 04 22:40:06.945944 n-d-842687-4 devstack@n-api.service[110753]: WARNING keystonemiddleware.auth_token [None req-6782c396-253e-4abd-9fdc-558dc7809d8e None None] AuthToken middleware is set with keystone_authtoken.service_token_roles_required set to False. This is backwards compatible but deprecated behaviour. Please set this to True.
Aug 04 22:40:06.946515 n-d-842687-4 devstack@n-api.service[110754]: WARNING keystonemiddleware.auth_token [None req-3022b9aa-263e-4de3-b8f1-d2e0e926e26b None None] AuthToken middleware is set with keystone_authtoken.service_token_roles_required set to False. This is backwards compatible but deprecated behaviour. Please set this to True.
Aug 04 22:40:06.951911 n-d-842687-4 devstack@n-api.service[110753]: WARNING keystonemiddleware.auth_token [None req-6782c396-253e-4abd-9fdc-558dc7809d8e None None] Configuring www_authenticate_uri to point to the public identity endpoint is required; clients may not be able to authenticate against an admin endpoint
Aug 04 22:40:06.952508 n-d-842687-4 devstack@n-api.service[110754]: WARNING keystonemiddleware.auth_token [None req-3022b9aa-263e-4de3-b8f1-d2e0e926e26b None None] Configuring www_authenticate_uri to point to the public identity endpoint is required; clients may not be able to authenticate against an admin endpoint
Aug 04 22:40:06.957180 n-d-842687-4 devstack@n-api.service[110753]: WSGI app 0 (mountpoint='') ready in 5 seconds on interpreter 0x55ca387929c0 pid: 110753 (default app)
Aug 04 22:40:06.957773 n-d-842687-4 devstack@n-api.service[110754]: WSGI app 0 (mountpoint='') ready in 5 seconds on interpreter 0x55ca387929c0 pid: 110754 (default app)
Aug 04 22:40:06.959251 n-d-842687-4 devstack@n-api.service[110753]: DEBUG nova.api.openstack.wsgi [None req-6782c396-253e-4abd-9fdc-558dc7809d8e None None] Calling method '>' {{(pid=110753) _process_stack /opt/stack/nova/nova/api/openstack/wsgi.py:513}}
Aug 04 22:40:06.960464 n-d-842687-4 devstack@n-api.service[110753]: INFO nova.api.openstack.requestlog [None req-6782c396-253e-4abd-9fdc-558dc7809d8e None None] 10.222.0.66 "GET /compute/v2.1/" status: 200 len: 388 microversion: 2.1 time: 0.001719
Aug 04 22:40:06.960869 n-d-842687-4 devstack@n-api.service[110753]: [pid: 110753|app: 0|req: 1/1] 10.222.0.66 () {50 vars in 788 bytes} [Thu Aug 4 22:40:06 2022] GET /compute/v2.1/ => generated 388 bytes in 3 msecs (HTTP/1.1 200) 9 headers in 357 bytes (1 switches on core 0)
Aug 04 22:41:23.961662 n-d-842687-4 devstack@n-api.service[110754]: DEBUG nova.api.openstack.wsgi [None req-3022b9aa-263e-4de3-b8f1-d2e0e926e26b None None] Calling method '>' {{(pid=110754) _process_stack /opt/stack/nova/nova/api/openstack/wsgi.py:513}}
Aug 04 22:41:23.962894 n-d-842687-4 devstack@n-api.service[110754]: INFO nova.api.openstack.requestlog [None req-3022b9aa-263e-4de3-b8f1-d2e0e926e26b None None] 10.222.0.66 "GET /compute/v2.1" status: 200 len: 388 microversion: 2.1 time: 0.001948
Aug 04 22:41:23.963308 n-d-842687-4 devstack@n-api.service[110754]: [pid: 110754|app: 0|req: 1/2] 10.222.0.66 () {54 vars in 931 bytes} [Thu Aug 4 22:41:23 2022] GET /compute/v2.1 => generated 388 bytes in 3 msecs (HTTP/1.1 200) 9 headers in 357 bytes (1 switches on core 0)
Aug 04 22:41:23.975611 n-d-842687-4 devstack@n-api.service[110753]: DEBUG dbcounter [-] [110753] Writing DB stats nova_api:SELECT=3 {{(pid=110753) stat_writer /usr/local/lib/python3.8/dist-packages/dbcounter.py:114}}
Aug 04 22:41:23.976818 n-d-842687-4 devstack@n-api.service[110753]: DEBUG dbcounter [-] [110753] Writing DB stats nova_cell0:SELECT=3 {{(pid=110753) stat_writer /usr/local/lib/python3.8/dist-packages/dbcounter.py:114}}
Aug 04 22:41:23.977880 n-d-842687-4 devstack@n-api.service[110753]: DEBUG dbcounter [-] [110753] Writing DB stats nova_cell1:SELECT=3 {{(pid=110753) stat_writer /usr/local/lib/python3.8/dist-packages/dbcounter.py:114}}
Aug 04 22:41:23.978807 n-d-842687-4 devstack@n-api.service[110753]: DEBUG dbcounter [-] [110753] Writing DB stats nova_cell0:SELECT=6,nova_cell0:INSERT=1 {{(pid=110753) stat_writer /usr/local/lib/python3.8/dist-packages/dbcounter.py:114}}
Aug 04 22:41:24.905200 n-d-842687-4 devstack@n-api.service[110753]: DEBUG nova.api.openstack.wsgi [None req-33e9ee21-9f34-4a86-a9a3-b07c3086c489 admin admin] Calling method '>' {{(pid=110753) _process_stack /opt/stack/nova/nova/api/openstack/wsgi.py:513}}
Aug 04 22:41:24.938293 n-d-842687-4 devstack@n-api.service[110753]: INFO nova.api.openstack.requestlog [None req-33e9ee21-9f34-4a86-a9a3-b07c3086c489 admin admin] 10.222.0.66 "GET /compute/v2.1/flavors/detail?is_public=True" status: 200 len: 15 microversion: 2.61 time: 0.968285
Aug 04 22:41:24.939246 n-d-842687-4 devstack@n-api.service[110753]: [pid: 110753|app: 0|req: 2/3] 10.222.0.66 () {60 vars in 1292 bytes} [Thu Aug 4 22:41:23 2022] GET /compute/v2.1/flavors/detail?is_public=True => generated 15 bytes in 970 msecs (HTTP/1.1 200) 9 headers in 358 bytes (1 switches on core 0)
Aug 04 22:41:27.200155 n-d-842687-4 devstack@n-api.service[110754]: DEBUG nova.api.openstack.wsgi [None req-3022b9aa-263e-4de3-b8f1-d2e0e926e26b None None] Calling method '>' {{(pid=110754) _process_stack /opt/stack/nova/nova/api/openstack/wsgi.py:513}}
Aug 04 22:41:27.201262 n-d-842687-4 devstack@n-api.service[110754]: INFO nova.api.openstack.requestlog [None req-3022b9aa-263e-4de3-b8f1-d2e0e926e26b None None] 10.222.0.66 "GET /compute/v2.1" status: 200 len: 388 microversion: 2.1 time: 0.001467
Aug 04 22:41:27.201557 n-d-842687-4 devstack@n-api.service[110754]: [pid: 110754|app: 0|req: 2/4] 10.222.0.66 () {54 vars in 931 bytes} [Thu Aug 4 22:41:27 2022] GET /compute/v2.1 => generated 388 bytes in 2 msecs (HTTP/1.1 200) 9 headers in 357 bytes (2 switches on core 0)
Aug 04 22:41:27.962812 n-d-842687-4 devstack@n-api.service[110753]: DEBUG nova.api.openstack.wsgi [None req-b235394e-0175-4184-bb18-7889e09b1bb0 admin admin] Action: 'create', calling method: >, body: {"flavor": {"ram": 256, "rxtx_factor": 1.0, "os-flavor-access:is_public": true, "vcpus": 1, "OS-FLV-EXT-DATA:ephemeral": 0, "disk": 1, "name": "cirros256", "swap": 0, "id": "c1"}} {{(pid=110753) _process_stack /opt/stack/nova/nova/api/openstack/wsgi.py:511}}
Aug 04 22:41:28.001802 n-d-842687-4 devstack@n-api.service[110753]: /usr/local/lib/python3.8/dist-packages/oslo_policy/policy.py:1129: UserWarning: Policy "os_compute_api:os-flavor-manage:create": "rule:context_is_admin" failed scope check. The token used to make the request was project scoped but the policy requires ['system'] scope. This behavior may change in the future where using the intended scope is required
Aug 04 22:41:28.001802 n-d-842687-4 devstack@n-api.service[110753]: warnings.warn(msg)
Aug 04 22:41:28.050652 n-d-842687-4 devstack@n-api.service[110753]: INFO nova.api.openstack.requestlog [None req-b235394e-0175-4184-bb18-7889e09b1bb0 admin admin] 10.222.0.66 "POST /compute/v2.1/flavors" status: 200 len: 407 microversion: 2.61 time: 0.841730
Aug 04 22:41:28.051861 n-d-842687-4 devstack@n-api.service[110753]: [pid: 110753|app: 0|req: 3/5] 10.222.0.66 () {64 vars in 1283 bytes} [Thu Aug 4 22:41:27 2022] POST /compute/v2.1/flavors => generated 407 bytes in 844 msecs (HTTP/1.1 200) 9 headers in 359 bytes (1 switches on core 0)
Aug 04 22:41:28.075486 n-d-842687-4 devstack@n-api.service[110754]: DEBUG dbcounter [-] [110754] Writing DB stats nova_api:SELECT=3 {{(pid=110754) stat_writer /usr/local/lib/python3.8/dist-packages/dbcounter.py:114}}
Aug 04 22:41:28.077234 n-d-842687-4 devstack@n-api.service[110754]: DEBUG dbcounter [-] [110754] Writing DB stats nova_cell1:SELECT=3 {{(pid=110754) stat_writer /usr/local/lib/python3.8/dist-packages/dbcounter.py:114}}
Aug 04 22:41:28.079078 n-d-842687-4 devstack@n-api.service[110754]: DEBUG dbcounter [-] [110754] Writing DB stats nova_cell0:SELECT=3 {{(pid=110754) stat_writer /usr/local/lib/python3.8/dist-packages/dbcounter.py:114}}
Aug 04 22:41:28.080248 n-d-842687-4 devstack@n-api.service[110754]: DEBUG dbcounter [-] [110754] Writing DB stats nova_cell0:SELECT=6,nova_cell0:INSERT=1 {{(pid=110754) stat_writer /usr/local/lib/python3.8/dist-packages/dbcounter.py:114}}
Aug 04 22:41:28.447008 n-d-842687-4 devstack@n-api.service[110754]: DEBUG nova.api.openstack.wsgi [None req-0a994b3b-742d-4f03-b8e7-3adf86b3ff3f admin admin] Action: 'create', calling method: >, body: {"extra_specs": {"hw_rng:allowed": "True"}} {{(pid=110754) _process_stack /opt/stack/nova/nova/api/openstack/wsgi.py:511}}
Aug 04 22:41:28.451835 n-d-842687-4 devstack@n-api.service[110754]: /usr/local/lib/python3.8/dist-packages/oslo_policy/policy.py:1129: UserWarning: Policy "os_compute_api:os-flavor-extra-specs:create": "rule:context_is_admin" failed scope check. The token used to make the request was project scoped but the policy requires ['system'] scope. This behavior may change in the future where using the intended scope is required
Aug 04 22:41:28.451835 n-d-842687-4 devstack@n-api.service[110754]: warnings.warn(msg)
Aug 04 22:41:28.522515 n-d-842687-4 devstack@n-api.service[110754]: INFO nova.api.openstack.requestlog [None req-0a994b3b-742d-4f03-b8e7-3adf86b3ff3f admin admin] 10.222.0.66 "POST /compute/v2.1/flavors/c1/os-extra_specs" status: 200 len: 43 microversion: 2.61 time: 0.456717
Aug 04 22:41:28.523483 n-d-842687-4 devstack@n-api.service[110754]: [pid: 110754|app: 0|req: 3/6] 10.222.0.66 () {64 vars in 1336 bytes} [Thu Aug 4 22:41:28 2022] POST /compute/v2.1/flavors/c1/os-extra_specs => generated 43 bytes in 459 msecs (HTTP/1.1 200) 9 headers in 358 bytes (1 switches on core 0)
Aug 04 22:41:31.100167 n-d-842687-4 devstack@n-api.service[110753]: DEBUG nova.api.openstack.wsgi [None req-b235394e-0175-4184-bb18-7889e09b1bb0 admin admin] Calling method '>' {{(pid=110753) _process_stack /opt/stack/nova/nova/api/openstack/wsgi.py:513}}
Aug 04 22:41:31.101707 n-d-842687-4 devstack@n-api.service[110753]: INFO nova.api.openstack.requestlog [None req-b235394e-0175-4184-bb18-7889e09b1bb0 admin admin] 10.222.0.66 "GET /compute/v2.1" status: 200 len: 388 microversion: 2.1 time: 0.001964
Aug 04 22:41:31.102701 n-d-842687-4 devstack@n-api.service[110753]: [pid: 110753|app: 0|req: 4/7] 10.222.0.66 () {54 vars in 931 bytes} [Thu Aug 4 22:41:31 2022] GET /compute/v2.1 => generated 388 bytes in 4 msecs (HTTP/1.1 200) 9 headers in 357 bytes (2 switches on core 0)
Aug 04 22:41:32.124427 n-d-842687-4 devstack@n-api.service[110754]: DEBUG nova.api.openstack.wsgi [None req-a19143cb-3c92-4618-86c8-fed94c348a7a admin admin] Action: 'create', calling method: >, body: {"flavor": {"swap": 0, "rxtx_factor": 1.0, "vcpus": 1, "ram": 512, "disk": 5, "id": "d1", "os-flavor-access:is_public": true, "name": "ds512M", "OS-FLV-EXT-DATA:ephemeral": 0}} {{(pid=110754) _process_stack /opt/stack/nova/nova/api/openstack/wsgi.py:511}}
Aug 04 22:41:32.162098 n-d-842687-4 devstack@n-api.service[110754]: /usr/local/lib/python3.8/dist-packages/oslo_policy/policy.py:1129: UserWarning: Policy "os_compute_api:os-flavor-manage:create": "rule:context_is_admin" failed scope check. The token used to make the request was project scoped but the policy requires ['system'] scope. This behavior may change in the future where using the intended scope is required
Aug 04 22:41:32.162098 n-d-842687-4 devstack@n-api.service[110754]: warnings.warn(msg)
Aug 04 22:41:32.188170 n-d-842687-4 devstack@n-api.service[110754]: INFO nova.api.openstack.requestlog [None req-a19143cb-3c92-4618-86c8-fed94c348a7a admin admin] 10.222.0.66 "POST /compute/v2.1/flavors" status: 200 len: 404 microversion: 2.61 time: 1.076858
Aug 04 22:41:32.192509 n-d-842687-4 devstack@n-api.service[110754]: [pid: 110754|app: 0|req: 4/8] 10.222.0.66 () {64 vars in 1283 bytes} [Thu Aug 4 22:41:31 2022] POST /compute/v2.1/flavors => generated 404 bytes in 1082 msecs (HTTP/1.1 200) 9 headers in 359 bytes (1 switches on core 0)
Aug 04 22:41:32.204401 n-d-842687-4 devstack@n-api.service[110753]: DEBUG nova.api.openstack.wsgi [None req-18fad1e1-da30-4201-b88a-f23885e0e2e7 admin admin] Action: 'create', calling method: >, body: {"extra_specs": {"hw_rng:allowed": "True"}} {{(pid=110753) _process_stack /opt/stack/nova/nova/api/openstack/wsgi.py:511}}
Aug 04 22:41:32.207213 n-d-842687-4 devstack@n-api.service[110753]: /usr/local/lib/python3.8/dist-packages/oslo_policy/policy.py:1129: UserWarning: Policy "os_compute_api:os-flavor-extra-specs:create": "rule:context_is_admin" failed scope check. The token used to make the request was project scoped but the policy requires ['system'] scope. This behavior may change in the future where using the intended scope is required
Aug 04 22:41:32.207213 n-d-842687-4 devstack@n-api.service[110753]: warnings.warn(msg)
Aug 04 22:41:32.253109 n-d-842687-4 devstack@n-api.service[110753]: INFO nova.api.openstack.requestlog [None req-18fad1e1-da30-4201-b88a-f23885e0e2e7 admin admin] 10.222.0.66 "POST /compute/v2.1/flavors/d1/os-extra_specs" status: 200 len: 43 microversion: 2.61 time: 0.052638
Aug 04 22:41:32.253965 n-d-842687-4 devstack@n-api.service[110753]: [pid: 110753|app: 0|req: 5/9] 10.222.0.66 () {64 vars in 1336 bytes} [Thu Aug 4 22:41:32 2022] POST /compute/v2.1/flavors/d1/os-extra_specs => generated 43 bytes in 54 msecs (HTTP/1.1 200) 9 headers in 358 bytes (1 switches on core 0)
Aug 04 22:41:35.601812 n-d-842687-4 devstack@n-api.service[110754]: DEBUG nova.api.openstack.wsgi [None req-a19143cb-3c92-4618-86c8-fed94c348a7a admin admin] Calling method '>' {{(pid=110754) _process_stack /opt/stack/nova/nova/api/openstack/wsgi.py:513}}
Aug 04 22:41:35.603500 n-d-842687-4 devstack@n-api.service[110754]: INFO nova.api.openstack.requestlog [None req-a19143cb-3c92-4618-86c8-fed94c348a7a admin admin] 10.222.0.66 "GET /compute/v2.1" status: 200 len: 388 microversion: 2.1 time: 0.002109
Aug 04 22:41:35.614962 n-d-842687-4 devstack@n-api.service[110754]: [pid: 110754|app: 0|req: 5/10] 10.222.0.66 () {54 vars in 931 bytes} [Thu Aug 4 22:41:35 2022] GET /compute/v2.1 => generated 388 bytes in 14 msecs (HTTP/1.1 200) 9 headers in 357 bytes (1 switches on core 0)
Aug 04 22:41:36.167822 n-d-842687-4 devstack@n-api.service[110753]: DEBUG nova.api.openstack.wsgi [None req-0946b42f-029a-4d10-a66f-167be8fc8b89 admin admin] Action: 'create', calling method: >, body: {"flavor": {"OS-FLV-EXT-DATA:ephemeral": 0, "swap": 0, "name": "ds1G", "os-flavor-access:is_public": true, "disk": 10, "id": "d2", "rxtx_factor": 1.0, "vcpus": 1, "ram": 1024}} {{(pid=110753) _process_stack /opt/stack/nova/nova/api/openstack/wsgi.py:511}}
Aug 04 22:41:36.193686 n-d-842687-4 devstack@n-api.service[110753]: INFO nova.api.openstack.requestlog [None req-0946b42f-029a-4d10-a66f-167be8fc8b89 admin admin] 10.222.0.66 "POST /compute/v2.1/flavors" status: 200 len: 404 microversion: 2.61 time: 0.582810
Aug 04 22:41:36.201229 n-d-842687-4 devstack@n-api.service[110753]: [pid: 110753|app: 0|req: 6/11] 10.222.0.66 () {64 vars in 1283 bytes} [Thu Aug 4 22:41:35 2022] POST /compute/v2.1/flavors => generated 404 bytes in 591 msecs (HTTP/1.1 200) 9 headers in 359 bytes (1 switches on core 0)
Aug 04 22:41:36.208274 n-d-842687-4 devstack@n-api.service[110754]: DEBUG nova.api.openstack.wsgi [None req-07295ef4-93c8-407e-b44b-7fcecd8071b5 admin admin] Action: 'create', calling method: >, body: {"extra_specs": {"hw_rng:allowed": "True"}} {{(pid=110754) _process_stack /opt/stack/nova/nova/api/openstack/wsgi.py:511}}
Aug 04 22:41:36.238997 n-d-842687-4 devstack@n-api.service[110754]: INFO nova.api.openstack.requestlog [None req-07295ef4-93c8-407e-b44b-7fcecd8071b5 admin admin] 10.222.0.66 "POST /compute/v2.1/flavors/d2/os-extra_specs" status: 200 len: 43 microversion: 2.61 time: 0.034527
Aug 04 22:41:36.249792 n-d-842687-4 devstack@n-api.service[110754]: [pid: 110754|app: 0|req: 6/12] 10.222.0.66 () {64 vars in 1336 bytes} [Thu Aug 4 22:41:36 2022] POST /compute/v2.1/flavors/d2/os-extra_specs => generated 43 bytes in 46 msecs (HTTP/1.1 200) 9 headers in 358 bytes (1 switches on core 0)
Aug 04 22:41:38.696731 n-d-842687-4 devstack@n-api.service[110753]: DEBUG nova.api.openstack.wsgi [None req-0946b42f-029a-4d10-a66f-167be8fc8b89 admin admin] Calling method '>' {{(pid=110753) _process_stack /opt/stack/nova/nova/api/openstack/wsgi.py:513}}
Aug 04 22:41:38.697786 n-d-842687-4 devstack@n-api.service[110753]: INFO nova.api.openstack.requestlog [None req-0946b42f-029a-4d10-a66f-167be8fc8b89 admin admin] 10.222.0.66 "GET /compute/v2.1" status: 200 len: 388 microversion: 2.1 time: 0.001495
Aug 04 22:41:38.698164 n-d-842687-4 devstack@n-api.service[110753]: [pid: 110753|app: 0|req: 7/13] 10.222.0.66 () {54 vars in 931 bytes} [Thu Aug 4 22:41:38 2022] GET /compute/v2.1 => generated 388 bytes in 2 msecs (HTTP/1.1 200) 9 headers in 357 bytes (1 switches on core 0)
Aug 04 22:41:39.198901 n-d-842687-4 devstack@n-api.service[110754]: DEBUG nova.api.openstack.wsgi [None req-3554504d-28a2-4419-b1ef-862810e258c6 admin admin] Action: 'create', calling method: >, body: {"flavor": {"swap": 0, "rxtx_factor": 1.0, "id": "d3", "disk": 10, "vcpus": 2, "os-flavor-access:is_public": true, "name": "ds2G", "OS-FLV-EXT-DATA:ephemeral": 0, "ram": 2048}} {{(pid=110754) _process_stack /opt/stack/nova/nova/api/openstack/wsgi.py:511}}
Aug 04 22:41:39.245603 n-d-842687-4 devstack@n-api.service[110754]: INFO nova.api.openstack.requestlog [None req-3554504d-28a2-4419-b1ef-862810e258c6 admin admin] 10.222.0.66 "POST /compute/v2.1/flavors" status: 200 len: 404 microversion: 2.61 time: 0.540550
Aug 04 22:41:39.254641 n-d-842687-4 devstack@n-api.service[110754]: [pid: 110754|app: 0|req: 7/14] 10.222.0.66 () {64 vars in 1283 bytes} [Thu Aug 4 22:41:38 2022] POST /compute/v2.1/flavors => generated 404 bytes in 543 msecs (HTTP/1.1 200) 9 headers in 359 bytes (1 switches on core 0)
Aug 04 22:41:39.262949 n-d-842687-4 devstack@n-api.service[110753]: DEBUG nova.api.openstack.wsgi [None req-4ed05b8a-50ac-46b8-abae-0cfaf8c7db7c admin admin] Action: 'create', calling method: >, body: {"extra_specs": {"hw_rng:allowed": "True"}} {{(pid=110753) _process_stack /opt/stack/nova/nova/api/openstack/wsgi.py:511}}
Aug 04 22:41:39.297858 n-d-842687-4 devstack@n-api.service[110753]: INFO nova.api.openstack.requestlog [None req-4ed05b8a-50ac-46b8-abae-0cfaf8c7db7c admin admin] 10.222.0.66 "POST /compute/v2.1/flavors/d3/os-extra_specs" status: 200 len: 43 microversion: 2.61 time: 0.039170
Aug 04 22:41:39.299042 n-d-842687-4 devstack@n-api.service[110753]: [pid: 110753|app: 0|req: 8/15] 10.222.0.66 () {64 vars in 1336 bytes} [Thu Aug 4 22:41:39 2022] POST /compute/v2.1/flavors/d3/os-extra_specs => generated 43 bytes in 41 msecs (HTTP/1.1 200) 9 headers in 358 bytes (1 switches on core 0)
Aug 04 22:41:41.585992 n-d-842687-4 devstack@n-api.service[110754]: DEBUG nova.api.openstack.wsgi [None req-3554504d-28a2-4419-b1ef-862810e258c6 admin admin] Calling method '>' {{(pid=110754) _process_stack /opt/stack/nova/nova/api/openstack/wsgi.py:513}}
Aug 04 22:41:41.587024 n-d-842687-4 devstack@n-api.service[110754]: INFO nova.api.openstack.requestlog [None req-3554504d-28a2-4419-b1ef-862810e258c6 admin admin] 10.222.0.66 "GET /compute/v2.1" status: 200 len: 388 microversion: 2.1 time: 0.001489
Aug 04 22:41:41.587878 n-d-842687-4 devstack@n-api.service[110754]: [pid: 110754|app: 0|req: 8/16] 10.222.0.66 () {54 vars in 931 bytes} [Thu Aug 4 22:41:41 2022] GET /compute/v2.1 => generated 388 bytes in 3 msecs (HTTP/1.1 200) 9 headers in 357 bytes (1 switches on core 0)
Aug 04 22:41:42.230515 n-d-842687-4 devstack@n-api.service[110753]: DEBUG nova.api.openstack.wsgi [None req-e4909b42-f3d6-4bf9-b983-edd43f4077fa admin admin] Action: 'create', calling method: >, body: {"flavor": {"os-flavor-access:is_public": true, "OS-FLV-EXT-DATA:ephemeral": 0, "disk": 20, "ram": 4096, "id": "d4", "swap": 0, "name": "ds4G", "vcpus": 4, "rxtx_factor": 1.0}} {{(pid=110753) _process_stack /opt/stack/nova/nova/api/openstack/wsgi.py:511}}
Aug 04 22:41:42.253109 n-d-842687-4 devstack@n-api.service[110753]: INFO nova.api.openstack.requestlog [None req-e4909b42-f3d6-4bf9-b983-edd43f4077fa admin admin] 10.222.0.66 "POST /compute/v2.1/flavors" status: 200 len: 404 microversion: 2.61 time: 0.658741
Aug 04 22:41:42.253799 n-d-842687-4 devstack@n-api.service[110753]: [pid: 110753|app: 0|req: 9/17] 10.222.0.66 () {64 vars in 1283 bytes} [Thu Aug 4 22:41:41 2022] POST /compute/v2.1/flavors => generated 404 bytes in 660 msecs (HTTP/1.1 200) 9 headers in 359 bytes (1 switches on core 0)
Aug 04 22:41:42.271605 n-d-842687-4 devstack@n-api.service[110754]: DEBUG nova.api.openstack.wsgi [None req-bab16ab2-9477-44a4-8d74-22782d94df27 admin admin] Action: 'create', calling method: >, body: {"extra_specs": {"hw_rng:allowed": "True"}} {{(pid=110754) _process_stack /opt/stack/nova/nova/api/openstack/wsgi.py:511}}
Aug 04 22:41:42.313446 n-d-842687-4 devstack@n-api.service[110754]: INFO nova.api.openstack.requestlog [None req-bab16ab2-9477-44a4-8d74-22782d94df27 admin admin] 10.222.0.66 "POST /compute/v2.1/flavors/d4/os-extra_specs" status: 200 len: 43 microversion: 2.61 time: 0.049554
Aug 04 22:41:42.344444 n-d-842687-4 devstack@n-api.service[110754]: [pid: 110754|app: 0|req: 9/18] 10.222.0.66 () {64 vars in 1336 bytes} [Thu Aug 4 22:41:42 2022] POST /compute/v2.1/flavors/d4/os-extra_specs => generated 43 bytes in 52 msecs (HTTP/1.1 200) 9 headers in 358 bytes (1 switches on core 0)
Aug 04 22:41:45.007511 n-d-842687-4 devstack@n-api.service[110753]: DEBUG nova.api.openstack.wsgi [None req-e4909b42-f3d6-4bf9-b983-edd43f4077fa admin admin] Calling method '>' {{(pid=110753) _process_stack /opt/stack/nova/nova/api/openstack/wsgi.py:513}}
Aug 04 22:41:45.009349 n-d-842687-4 devstack@n-api.service[110753]: INFO nova.api.openstack.requestlog [None req-e4909b42-f3d6-4bf9-b983-edd43f4077fa admin admin] 10.222.0.66 "GET /compute/v2.1" status: 200 len: 388 microversion: 2.1 time: 0.002263
Aug 04 22:41:45.009973 n-d-842687-4 devstack@n-api.service[110753]: [pid: 110753|app: 0|req: 10/19] 10.222.0.66 () {54 vars in 931 bytes} [Thu Aug 4 22:41:45 2022] GET /compute/v2.1 => generated 388 bytes in 3 msecs (HTTP/1.1 200) 9 headers in 357 bytes (2 switches on core 0)
Aug 04 22:41:45.515444 n-d-842687-4 devstack@n-api.service[110754]: DEBUG nova.api.openstack.wsgi [None req-19674096-1b19-4ebe-a34f-842631e9826e admin admin] Calling method '>' {{(pid=110754) _process_stack /opt/stack/nova/nova/api/openstack/wsgi.py:513}}
Aug 04 22:41:45.546289 n-d-842687-4 devstack@n-api.service[110754]: INFO nova.api.openstack.requestlog [None req-19674096-1b19-4ebe-a34f-842631e9826e admin admin] 10.222.0.66 "GET /compute/v2.1/flavors/detail?is_public=True" status: 200 len: 2106 microversion: 2.61 time: 0.528641
Aug 04 22:41:45.562083 n-d-842687-4 devstack@n-api.service[110754]: [pid: 110754|app: 0|req: 10/20] 10.222.0.66 () {60 vars in 1292 bytes} [Thu Aug 4 22:41:45 2022] GET /compute/v2.1/flavors/detail?is_public=True => generated 2106 bytes in 545 msecs (HTTP/1.1 200) 9 headers in 360 bytes (1 switches on core 0)
Aug 04 22:41:47.836743 n-d-842687-4 devstack@n-api.service[110753]: DEBUG nova.api.openstack.wsgi [None req-e4909b42-f3d6-4bf9-b983-edd43f4077fa admin admin] Calling method '>' {{(pid=110753) _process_stack /opt/stack/nova/nova/api/openstack/wsgi.py:513}}
Aug 04 22:41:47.837761 n-d-842687-4 devstack@n-api.service[110753]: INFO nova.api.openstack.requestlog [None req-e4909b42-f3d6-4bf9-b983-edd43f4077fa admin admin] 10.222.0.66 "GET /compute/v2.1" status: 200 len: 388 microversion: 2.1 time: 0.001521
Aug 04 22:41:47.838164 n-d-842687-4 devstack@n-api.service[110753]: [pid: 110753|app: 0|req: 11/21] 10.222.0.66 () {54 vars in 931 bytes} [Thu Aug 4 22:41:47 2022] GET /compute/v2.1 => generated 388 bytes in 2 msecs (HTTP/1.1 200) 9 headers in 357 bytes (2 switches on core 0)
Aug 04 22:41:48.271197 n-d-842687-4 devstack@n-api.service[110754]: DEBUG nova.api.openstack.wsgi [None req-075920b5-f06b-4574-b196-bd3abd0c5509 admin admin] Action: 'create', calling method: >, body: {"flavor": {"rxtx_factor": 1.0, "OS-FLV-EXT-DATA:ephemeral": 0, "swap": 0, "os-flavor-access:is_public": true, "ram": 512, "disk": 1, "id": "1", "vcpus": 1, "name": "m1.tiny"}} {{(pid=110754) _process_stack /opt/stack/nova/nova/api/openstack/wsgi.py:511}}
Aug 04 22:41:48.290692 n-d-842687-4 devstack@n-api.service[110754]: INFO nova.api.openstack.requestlog [None req-075920b5-f06b-4574-b196-bd3abd0c5509 admin admin] 10.222.0.66 "POST /compute/v2.1/flavors" status: 200 len: 402 microversion: 2.61 time: 0.446387
Aug 04 22:41:48.291247 n-d-842687-4 devstack@n-api.service[110754]: [pid: 110754|app: 0|req: 11/22] 10.222.0.66 () {64 vars in 1283 bytes} [Thu Aug 4 22:41:47 2022] POST /compute/v2.1/flavors => generated 402 bytes in 448 msecs (HTTP/1.1 200) 9 headers in 359 bytes (1 switches on core 0)
Aug 04 22:41:48.303244 n-d-842687-4 devstack@n-api.service[110753]: DEBUG nova.api.openstack.wsgi [None req-18b36e13-ae83-40b9-ba47-a6bc48e9edd2 admin admin] Action: 'create', calling method: >, body: {"extra_specs": {"hw_rng:allowed": "True"}} {{(pid=110753) _process_stack /opt/stack/nova/nova/api/openstack/wsgi.py:511}}
Aug 04 22:41:48.328090 n-d-842687-4 devstack@n-api.service[110753]: INFO nova.api.openstack.requestlog [None req-18b36e13-ae83-40b9-ba47-a6bc48e9edd2 admin admin] 10.222.0.66 "POST /compute/v2.1/flavors/1/os-extra_specs" status: 200 len: 43 microversion: 2.61 time: 0.028494
Aug 04 22:41:48.328765 n-d-842687-4 devstack@n-api.service[110753]: [pid: 110753|app: 0|req: 12/23] 10.222.0.66 () {64 vars in 1333 bytes} [Thu Aug 4 22:41:48 2022] POST /compute/v2.1/flavors/1/os-extra_specs => generated 43 bytes in 30 msecs (HTTP/1.1 200) 9 headers in 358 bytes (1 switches on core 0)
Aug 04 22:41:51.096684 n-d-842687-4 devstack@n-api.service[110754]: DEBUG nova.api.openstack.wsgi [None req-075920b5-f06b-4574-b196-bd3abd0c5509 admin admin] Calling method '>' {{(pid=110754) _process_stack /opt/stack/nova/nova/api/openstack/wsgi.py:513}}
Aug 04 22:41:51.097885 n-d-842687-4 devstack@n-api.service[110754]: INFO nova.api.openstack.requestlog [None req-075920b5-f06b-4574-b196-bd3abd0c5509 admin admin] 10.222.0.66 "GET /compute/v2.1" status: 200 len: 388 microversion: 2.1 time: 0.002016
Aug 04 22:41:51.098391 n-d-842687-4 devstack@n-api.service[110754]: [pid: 110754|app: 0|req: 12/24] 10.222.0.66 () {54 vars in 931 bytes} [Thu Aug 4 22:41:51 2022] GET /compute/v2.1 => generated 388 bytes in 3 msecs (HTTP/1.1 200) 9 headers in 357 bytes (1 switches on core 0)
Aug 04 22:41:51.554288 n-d-842687-4 devstack@n-api.service[110753]: DEBUG nova.api.openstack.wsgi [None req-ac540383-49e9-4b51-a015-073d790e81dc admin admin] Action: 'create', calling method: >, body: {"flavor": {"disk": 20, "ram": 2048, "name": "m1.small", "os-flavor-access:is_public": true, "OS-FLV-EXT-DATA:ephemeral": 0, "id": "2", "swap": 0, "vcpus": 1, "rxtx_factor": 1.0}} {{(pid=110753) _process_stack /opt/stack/nova/nova/api/openstack/wsgi.py:511}}
Aug 04 22:41:51.574730 n-d-842687-4 devstack@n-api.service[110753]: INFO nova.api.openstack.requestlog [None req-ac540383-49e9-4b51-a015-073d790e81dc admin admin] 10.222.0.66 "POST /compute/v2.1/flavors" status: 200 len: 405 microversion: 2.61 time: 0.468130
Aug 04 22:41:51.575430 n-d-842687-4 devstack@n-api.service[110753]: [pid: 110753|app: 0|req: 13/25] 10.222.0.66 () {64 vars in 1283 bytes} [Thu Aug 4 22:41:51 2022] POST /compute/v2.1/flavors => generated 405 bytes in 470 msecs (HTTP/1.1 200) 9 headers in 359 bytes (2 switches on core 0)
Aug 04 22:41:51.590884 n-d-842687-4 devstack@n-api.service[110754]: DEBUG nova.api.openstack.wsgi [None req-97e2735f-1abd-4f70-a0bc-6d9c921777de admin admin] Action: 'create', calling method: >, body: {"extra_specs": {"hw_rng:allowed": "True"}} {{(pid=110754) _process_stack /opt/stack/nova/nova/api/openstack/wsgi.py:511}}
Aug 04 22:41:51.623414 n-d-842687-4 devstack@n-api.service[110754]: INFO nova.api.openstack.requestlog [None req-97e2735f-1abd-4f70-a0bc-6d9c921777de admin admin] 10.222.0.66 "POST /compute/v2.1/flavors/2/os-extra_specs" status: 200 len: 43 microversion: 2.61 time: 0.037073
Aug 04 22:41:51.624142 n-d-842687-4 devstack@n-api.service[110754]: [pid: 110754|app: 0|req: 13/26] 10.222.0.66 () {64 vars in 1333 bytes} [Thu Aug 4 22:41:51 2022] POST /compute/v2.1/flavors/2/os-extra_specs => generated 43 bytes in 39 msecs (HTTP/1.1 200) 9 headers in 358 bytes (1 switches on core 0)
Aug 04 22:41:54.128756 n-d-842687-4 devstack@n-api.service[110753]: DEBUG nova.api.openstack.wsgi [None req-ac540383-49e9-4b51-a015-073d790e81dc admin admin] Calling method '>' {{(pid=110753) _process_stack /opt/stack/nova/nova/api/openstack/wsgi.py:513}}
Aug 04 22:41:54.129809 n-d-842687-4 devstack@n-api.service[110753]: INFO nova.api.openstack.requestlog [None req-ac540383-49e9-4b51-a015-073d790e81dc admin admin] 10.222.0.66 "GET /compute/v2.1" status: 200 len: 388 microversion: 2.1 time: 0.001532
Aug 04 22:41:54.130219 n-d-842687-4 devstack@n-api.service[110753]: [pid: 110753|app: 0|req: 14/27] 10.222.0.66 () {54 vars in 931 bytes} [Thu Aug 4 22:41:54 2022] GET /compute/v2.1 => generated 388 bytes in 2 msecs (HTTP/1.1 200) 9 headers in 357 bytes (1 switches on core 0)
Aug 04 22:41:54.545425 n-d-842687-4 devstack@n-api.service[110754]: DEBUG nova.api.openstack.wsgi [None req-9d9bbc40-9f33-42b9-9355-d2e8c6441c80 admin admin] Action: 'create', calling method: >, body: {"flavor": {"rxtx_factor": 1.0, "id": "3", "name": "m1.medium", "OS-FLV-EXT-DATA:ephemeral": 0, "swap": 0, "os-flavor-access:is_public": true, "ram": 4096, "disk": 40, "vcpus": 2}} {{(pid=110754) _process_stack /opt/stack/nova/nova/api/openstack/wsgi.py:511}}
Aug 04 22:41:54.564540 n-d-842687-4 devstack@n-api.service[110754]: INFO nova.api.openstack.requestlog [None req-9d9bbc40-9f33-42b9-9355-d2e8c6441c80 admin admin] 10.222.0.66 "POST /compute/v2.1/flavors" status: 200 len: 406 microversion: 2.61 time: 0.428023
Aug 04 22:41:54.565325 n-d-842687-4 devstack@n-api.service[110754]: [pid: 110754|app: 0|req: 14/28] 10.222.0.66 () {64 vars in 1283 bytes} [Thu Aug 4 22:41:54 2022] POST /compute/v2.1/flavors => generated 406 bytes in 429 msecs (HTTP/1.1 200) 9 headers in 359 bytes (2 switches on core 0)
Aug 04 22:41:54.578394 n-d-842687-4 devstack@n-api.service[110753]: DEBUG nova.api.openstack.wsgi [None req-dc6a1b34-d2d3-4cc1-9417-23c37def3674 admin admin] Action: 'create', calling method: >, body: {"extra_specs": {"hw_rng:allowed": "True"}} {{(pid=110753) _process_stack /opt/stack/nova/nova/api/openstack/wsgi.py:511}}
Aug 04 22:41:54.584063 n-d-842687-4 devstack@n-api.service[110753]: DEBUG dbcounter [-] [110753] Writing DB stats nova_api:SELECT=33,nova_api:INSERT=7,nova_api:SAVEPOINT=3,nova_api:RELEASE=3 {{(pid=110753) stat_writer /usr/local/lib/python3.8/dist-packages/dbcounter.py:114}}
Aug 04 22:41:54.607899 n-d-842687-4 devstack@n-api.service[110753]: INFO nova.api.openstack.requestlog [None req-dc6a1b34-d2d3-4cc1-9417-23c37def3674 admin admin] 10.222.0.66 "POST /compute/v2.1/flavors/3/os-extra_specs" status: 200 len: 43 microversion: 2.61 time: 0.033488
Aug 04 22:41:54.608690 n-d-842687-4 devstack@n-api.service[110753]: [pid: 110753|app: 0|req: 15/29] 10.222.0.66 () {64 vars in 1333 bytes} [Thu Aug 4 22:41:54 2022] POST /compute/v2.1/flavors/3/os-extra_specs => generated 43 bytes in 35 msecs (HTTP/1.1 200) 9 headers in 358 bytes (1 switches on core 0)
Aug 04 22:41:56.834522 n-d-842687-4 devstack@n-api.service[110754]: DEBUG nova.api.openstack.wsgi [None req-9d9bbc40-9f33-42b9-9355-d2e8c6441c80 admin admin] Calling method '>' {{(pid=110754) _process_stack /opt/stack/nova/nova/api/openstack/wsgi.py:513}}
Aug 04 22:41:56.835573 n-d-842687-4 devstack@n-api.service[110754]: INFO nova.api.openstack.requestlog [None req-9d9bbc40-9f33-42b9-9355-d2e8c6441c80 admin admin] 10.222.0.66 "GET /compute/v2.1" status: 200 len: 388 microversion: 2.1 time: 0.001477
Aug 04 22:41:56.836044 n-d-842687-4 devstack@n-api.service[110754]: [pid: 110754|app: 0|req: 15/30] 10.222.0.66 () {54 vars in 931 bytes} [Thu Aug 4 22:41:56 2022] GET /compute/v2.1 => generated 388 bytes in 2 msecs (HTTP/1.1 200) 9 headers in 357 bytes (1 switches on core 0)
Aug 04 22:41:57.234623 n-d-842687-4 devstack@n-api.service[110753]: DEBUG nova.api.openstack.wsgi [None req-6895269e-9728-4510-a7c5-374239b87bbf admin admin] Action: 'create', calling method: >, body: {"flavor": {"name": "m1.large", "ram": 8192, "disk": 80, "id": "4", "os-flavor-access:is_public": true, "rxtx_factor": 1.0, "swap": 0, "vcpus": 4, "OS-FLV-EXT-DATA:ephemeral": 0}} {{(pid=110753) _process_stack /opt/stack/nova/nova/api/openstack/wsgi.py:511}}
Aug 04 22:41:57.256236 n-d-842687-4 devstack@n-api.service[110753]: INFO nova.api.openstack.requestlog [None req-6895269e-9728-4510-a7c5-374239b87bbf admin admin] 10.222.0.66 "POST /compute/v2.1/flavors" status: 200 len: 405 microversion: 2.61 time: 0.413351
Aug 04 22:41:57.257094 n-d-842687-4 devstack@n-api.service[110753]: [pid: 110753|app: 0|req: 16/31] 10.222.0.66 () {64 vars in 1283 bytes} [Thu Aug 4 22:41:56 2022] POST /compute/v2.1/flavors => generated 405 bytes in 415 msecs (HTTP/1.1 200) 9 headers in 359 bytes (1 switches on core 0)
Aug 04 22:41:57.275742 n-d-842687-4 devstack@n-api.service[110754]: DEBUG nova.api.openstack.wsgi [None req-b499ba48-199c-4217-ad73-1f786c6211c1 admin admin] Action: 'create', calling method: >, body: {"extra_specs": {"hw_rng:allowed": "True"}} {{(pid=110754) _process_stack /opt/stack/nova/nova/api/openstack/wsgi.py:511}}
Aug 04 22:41:57.306516 n-d-842687-4 devstack@n-api.service[110754]: INFO nova.api.openstack.requestlog [None req-b499ba48-199c-4217-ad73-1f786c6211c1 admin admin] 10.222.0.66 "POST /compute/v2.1/flavors/4/os-extra_specs" status: 200 len: 43 microversion: 2.61 time: 0.035872
Aug 04 22:41:57.307436 n-d-842687-4 devstack@n-api.service[110754]: [pid: 110754|app: 0|req: 16/32] 10.222.0.66 () {64 vars in 1333 bytes} [Thu Aug 4 22:41:57 2022] POST /compute/v2.1/flavors/4/os-extra_specs => generated 43 bytes in 37 msecs (HTTP/1.1 200) 9 headers in 358 bytes (1 switches on core 0)
Aug 04 22:41:59.719168 n-d-842687-4 devstack@n-api.service[110753]: DEBUG nova.api.openstack.wsgi [None req-6895269e-9728-4510-a7c5-374239b87bbf admin admin] Calling method '>' {{(pid=110753) _process_stack /opt/stack/nova/nova/api/openstack/wsgi.py:513}}
Aug 04 22:41:59.720634 n-d-842687-4 devstack@n-api.service[110753]: INFO nova.api.openstack.requestlog [None req-6895269e-9728-4510-a7c5-374239b87bbf admin admin] 10.222.0.66 "GET /compute/v2.1" status: 200 len: 388 microversion: 2.1 time: 0.001825
Aug 04 22:41:59.721226 n-d-842687-4 devstack@n-api.service[110753]: [pid: 110753|app: 0|req: 17/33] 10.222.0.66 () {54 vars in 931 bytes} [Thu Aug 4 22:41:59 2022] GET /compute/v2.1 => generated 388 bytes in 3 msecs (HTTP/1.1 200) 9 headers in 357 bytes (1 switches on core 0)
Aug 04 22:42:00.295645 n-d-842687-4 devstack@n-api.service[110754]: DEBUG nova.api.openstack.wsgi [None req-384b0254-5394-42f3-95ae-87a893fd00b3 admin admin] Action: 'create', calling method: >, body: {"flavor": {"ram": 16384, "id": "5", "OS-FLV-EXT-DATA:ephemeral": 0, "os-flavor-access:is_public": true, "disk": 160, "swap": 0, "rxtx_factor": 1.0, "name": "m1.xlarge", "vcpus": 8}} {{(pid=110754) _process_stack /opt/stack/nova/nova/api/openstack/wsgi.py:511}}
Aug 04 22:42:00.301698 n-d-842687-4 devstack@n-api.service[110754]: DEBUG dbcounter [-] [110754] Writing DB stats nova_api:SELECT=45,nova_api:SAVEPOINT=5,nova_api:INSERT=9,nova_api:RELEASE=5 {{(pid=110754) stat_writer /usr/local/lib/python3.8/dist-packages/dbcounter.py:114}}
Aug 04 22:42:00.319058 n-d-842687-4 devstack@n-api.service[110754]: INFO nova.api.openstack.requestlog [None req-384b0254-5394-42f3-95ae-87a893fd00b3 admin admin] 10.222.0.66 "POST /compute/v2.1/flavors" status: 200 len: 408 microversion: 2.61 time: 0.590120
Aug 04 22:42:00.319913 n-d-842687-4 devstack@n-api.service[110754]: [pid: 110754|app: 0|req: 17/34] 10.222.0.66 () {64 vars in 1283 bytes} [Thu Aug 4 22:41:59 2022] POST /compute/v2.1/flavors => generated 408 bytes in 592 msecs (HTTP/1.1 200) 9 headers in 359 bytes (1 switches on core 0)
Aug 04 22:42:00.332242 n-d-842687-4 devstack@n-api.service[110753]: DEBUG nova.api.openstack.wsgi [None req-9addd81b-8d6f-4e00-89b2-95aeadf7ecac admin admin] Action: 'create', calling method: >, body: {"extra_specs": {"hw_rng:allowed": "True"}} {{(pid=110753) _process_stack /opt/stack/nova/nova/api/openstack/wsgi.py:511}}
Aug 04 22:42:00.359203 n-d-842687-4 devstack@n-api.service[110753]: INFO nova.api.openstack.requestlog [None req-9addd81b-8d6f-4e00-89b2-95aeadf7ecac admin admin] 10.222.0.66 "POST /compute/v2.1/flavors/5/os-extra_specs" status: 200 len: 43 microversion: 2.61 time: 0.030708
Aug 04 22:42:00.359821 n-d-842687-4 devstack@n-api.service[110753]: [pid: 110753|app: 0|req: 18/35] 10.222.0.66 () {64 vars in 1333 bytes} [Thu Aug 4 22:42:00 2022] POST /compute/v2.1/flavors/5/os-extra_specs => generated 43 bytes in 32 msecs (HTTP/1.1 200) 9 headers in 358 bytes (2 switches on core 0)
Aug 04 22:42:24.210862 n-d-842687-4 devstack@n-api.service[110754]: DEBUG nova.api.openstack.wsgi [None req-384b0254-5394-42f3-95ae-87a893fd00b3 admin admin] Calling method '>' {{(pid=110754) _process_stack /opt/stack/nova/nova/api/openstack/wsgi.py:513}}
Aug 04 22:42:24.211879 n-d-842687-4 devstack@n-api.service[110754]: INFO nova.api.openstack.requestlog [None req-384b0254-5394-42f3-95ae-87a893fd00b3 admin admin] 10.222.0.66 "GET /compute/v2.1" status: 200 len: 388 microversion: 2.1 time: 0.001476
Aug 04 22:42:24.212304 n-d-842687-4 devstack@n-api.service[110754]: [pid: 110754|app: 0|req: 18/36] 10.222.0.66 () {54 vars in 931 bytes} [Thu Aug 4 22:42:24 2022] GET /compute/v2.1 => generated 388 bytes in 2 msecs (HTTP/1.1 200) 9 headers in 357 bytes (1 switches on core 0)
Aug 04 22:42:24.224258 n-d-842687-4 devstack@n-api.service[110753]: DEBUG dbcounter [-] [110753] Writing DB stats nova_api:SELECT=14,nova_api:SAVEPOINT=2,nova_api:INSERT=3,nova_api:RELEASE=2 {{(pid=110753) stat_writer /usr/local/lib/python3.8/dist-packages/dbcounter.py:114}}
Aug 04 22:42:24.729550 n-d-842687-4 devstack@n-api.service[110753]: DEBUG nova.api.openstack.wsgi [None req-ac44cec6-f4b6-401f-aa56-ad397e026bc0 admin admin] Calling method '>' {{(pid=110753) _process_stack /opt/stack/nova/nova/api/openstack/wsgi.py:513}}
Aug 04 22:42:24.747684 n-d-842687-4 devstack@n-api.service[110753]: INFO nova.api.openstack.requestlog [None req-ac44cec6-f4b6-401f-aa56-ad397e026bc0 admin admin] 10.222.0.66 "GET /compute/v2.1/flavors/detail?is_public=True" status: 200 len: 4202 microversion: 2.61 time: 0.529053
Aug 04 22:42:24.748247 n-d-842687-4 devstack@n-api.service[110753]: [pid: 110753|app: 0|req: 19/37] 10.222.0.66 () {60 vars in 1292 bytes} [Thu Aug 4 22:42:24 2022] GET /compute/v2.1/flavors/detail?is_public=True => generated 4202 bytes in 530 msecs (HTTP/1.1 200) 9 headers in 360 bytes (1 switches on core 0)
Aug 04 22:42:25.826496 n-d-842687-4 devstack@n-api.service[110754]: DEBUG nova.api.openstack.wsgi [None req-384b0254-5394-42f3-95ae-87a893fd00b3 admin admin] Calling method '>' {{(pid=110754) _process_stack /opt/stack/nova/nova/api/openstack/wsgi.py:513}}
Aug 04 22:42:25.827493 n-d-842687-4 devstack@n-api.service[110754]: INFO nova.api.openstack.requestlog [None req-384b0254-5394-42f3-95ae-87a893fd00b3 admin admin] 10.222.0.66 "GET /compute/v2.1" status: 200 len: 388 microversion: 2.1 time: 0.001425
Aug 04 22:42:25.827885 n-d-842687-4 devstack@n-api.service[110754]: [pid: 110754|app: 0|req: 19/38] 10.222.0.66 () {56 vars in 1074 bytes} [Thu Aug 4 22:42:25 2022] GET /compute/v2.1 => generated 388 bytes in 2 msecs (HTTP/1.1 200) 9 headers in 357 bytes (1 switches on core 0)
