Jul 20 08:03:27.927670 n-d-842687-3 devstack@placement-api.service[112548]: DEBUG placement.requestlog [None req-9eb94f97-a3d4-4751-acf3-11c8ab700172 None None] Starting request: 10.222.0.40 "DELETE /placement/resource_providers/8f77a988-b505-434c-9ede-e262f2b24ff2" {{(pid=112548) __call__ /opt/stack/placement/placement/requestlog.py:55}}
Jul 20 08:03:27.946082 n-d-842687-3 devstack@placement-api.service[112548]: DEBUG placement.wsgi_wrapper [None req-9eb94f97-a3d4-4751-acf3-11c8ab700172 service placement] Placement API returning an error response: No resource provider with uuid 8f77a988-b505-434c-9ede-e262f2b24ff2 found for delete {{(pid=112548) call_func /opt/stack/placement/placement/wsgi_wrapper.py:31}}
Jul 20 08:03:27.947388 n-d-842687-3 devstack@placement-api.service[112548]: INFO placement.requestlog [None req-9eb94f97-a3d4-4751-acf3-11c8ab700172 service placement] 10.222.0.40 "DELETE /placement/resource_providers/8f77a988-b505-434c-9ede-e262f2b24ff2" status: 404 len: 246 microversion: 1.1
Jul 20 08:03:27.947986 n-d-842687-3 devstack@placement-api.service[112548]: [pid: 112548|app: 0|req: 427/849] 10.222.0.40 () {60 vars in 1351 bytes} [Wed Jul 20 08:03:27 2022] DELETE /placement/resource_providers/8f77a988-b505-434c-9ede-e262f2b24ff2 => generated 246 bytes in 21 msecs (HTTP/1.1 404) 6 headers in 231 bytes (1 switches on core 0)
Jul 20 08:03:28.160617 n-d-842687-3 devstack@placement-api.service[112547]: DEBUG placement.requestlog [req-fabb8449-aab7-41f6-b2e4-6c650dd456aa req-7c612e3d-1209-4860-beb3-7b68d1d763ab None None] Starting request: 10.222.0.105 "GET /placement/resource_providers?in_tree=1af6be72-a459-46f6-b753-b7a0a14849c2" {{(pid=112547) __call__ /opt/stack/placement/placement/requestlog.py:55}}
Jul 20 08:03:28.188492 n-d-842687-3 devstack@placement-api.service[112547]: INFO placement.requestlog [req-fabb8449-aab7-41f6-b2e4-6c650dd456aa req-7c612e3d-1209-4860-beb3-7b68d1d763ab service placement] 10.222.0.105 "GET /placement/resource_providers?in_tree=1af6be72-a459-46f6-b753-b7a0a14849c2" status: 200 len: 863 microversion: 1.14
Jul 20 08:03:28.191619 n-d-842687-3 devstack@placement-api.service[112547]: [pid: 112547|app: 0|req: 423/850] 10.222.0.105 () {60 vars in 1377 bytes} [Wed Jul 20 08:03:28 2022] GET /placement/resource_providers?in_tree=1af6be72-a459-46f6-b753-b7a0a14849c2 => generated 863 bytes in 31 msecs (HTTP/1.1 200) 6 headers in 225 bytes (1 switches on core 0)
Jul 20 08:03:28.206195 n-d-842687-3 devstack@placement-api.service[112548]: DEBUG placement.requestlog [req-fabb8449-aab7-41f6-b2e4-6c650dd456aa req-5b6fe8c8-da70-4b9b-aafc-be41b44801ab None None] Starting request: 10.222.0.105 "GET /placement/resource_providers/1af6be72-a459-46f6-b753-b7a0a14849c2/inventories" {{(pid=112548) __call__ /opt/stack/placement/placement/requestlog.py:55}}
Jul 20 08:03:28.221460 n-d-842687-3 devstack@placement-api.service[112548]: DEBUG dbcounter [-] [112548] Writing DB stats placement:SELECT=82,placement:INSERT=10,placement:DELETE=4,placement:UPDATE=4 {{(pid=112548) stat_writer /usr/local/lib/python3.8/dist-packages/dbcounter.py:114}}
Jul 20 08:03:28.245336 n-d-842687-3 devstack@placement-api.service[112548]: INFO placement.requestlog [req-fabb8449-aab7-41f6-b2e4-6c650dd456aa req-5b6fe8c8-da70-4b9b-aafc-be41b44801ab service placement] 10.222.0.105 "GET /placement/resource_providers/1af6be72-a459-46f6-b753-b7a0a14849c2/inventories" status: 200 len: 398 microversion: 1.0
Jul 20 08:03:28.248643 n-d-842687-3 devstack@placement-api.service[112548]: [pid: 112548|app: 0|req: 428/851] 10.222.0.105 () {58 vars in 1391 bytes} [Wed Jul 20 08:03:28 2022] GET /placement/resource_providers/1af6be72-a459-46f6-b753-b7a0a14849c2/inventories => generated 398 bytes in 40 msecs (HTTP/1.1 200) 6 headers in 224 bytes (1 switches on core 0)
Jul 20 08:03:28.257290 n-d-842687-3 devstack@placement-api.service[112547]: DEBUG placement.requestlog [req-fabb8449-aab7-41f6-b2e4-6c650dd456aa req-a79468fe-8f18-483b-9dd2-43748cae1dd9 None None] Starting request: 10.222.0.105 "GET /placement/resource_providers/1af6be72-a459-46f6-b753-b7a0a14849c2/aggregates" {{(pid=112547) __call__ /opt/stack/placement/placement/requestlog.py:55}}
Jul 20 08:03:28.294000 n-d-842687-3 devstack@placement-api.service[112547]: INFO placement.requestlog [req-fabb8449-aab7-41f6-b2e4-6c650dd456aa req-a79468fe-8f18-483b-9dd2-43748cae1dd9 service placement] 10.222.0.105 "GET /placement/resource_providers/1af6be72-a459-46f6-b753-b7a0a14849c2/aggregates" status: 200 len: 54 microversion: 1.19
Jul 20 08:03:28.294658 n-d-842687-3 devstack@placement-api.service[112547]: [pid: 112547|app: 0|req: 424/852] 10.222.0.105 () {60 vars in 1432 bytes} [Wed Jul 20 08:03:28 2022] GET /placement/resource_providers/1af6be72-a459-46f6-b753-b7a0a14849c2/aggregates => generated 54 bytes in 38 msecs (HTTP/1.1 200) 8 headers in 295 bytes (1 switches on core 0)
Jul 20 08:03:28.309196 n-d-842687-3 devstack@placement-api.service[112548]: DEBUG placement.requestlog [req-fabb8449-aab7-41f6-b2e4-6c650dd456aa req-bf2b6bea-199b-4a14-8416-ea39819d050a None None] Starting request: 10.222.0.105 "GET /placement/resource_providers/1af6be72-a459-46f6-b753-b7a0a14849c2/traits" {{(pid=112548) __call__ /opt/stack/placement/placement/requestlog.py:55}}
Jul 20 08:03:28.349787 n-d-842687-3 devstack@placement-api.service[112548]: INFO placement.requestlog [req-fabb8449-aab7-41f6-b2e4-6c650dd456aa req-bf2b6bea-199b-4a14-8416-ea39819d050a service placement] 10.222.0.105 "GET /placement/resource_providers/1af6be72-a459-46f6-b753-b7a0a14849c2/traits" status: 200 len: 212 microversion: 1.6
Jul 20 08:03:28.350267 n-d-842687-3 devstack@placement-api.service[112548]: [pid: 112548|app: 0|req: 429/853] 10.222.0.105 () {60 vars in 1419 bytes} [Wed Jul 20 08:03:28 2022] GET /placement/resource_providers/1af6be72-a459-46f6-b753-b7a0a14849c2/traits => generated 212 bytes in 41 msecs (HTTP/1.1 200) 6 headers in 224 bytes (1 switches on core 0)
Jul 20 08:03:28.719786 n-d-842687-3 devstack@placement-api.service[112547]: DEBUG placement.requestlog [req-fabb8449-aab7-41f6-b2e4-6c650dd456aa req-28590d3f-a061-4745-9450-3d7457ac51c3 None None] Starting request: 10.222.0.105 "DELETE /placement/allocations/01363c9c-acd9-4b43-ab30-e10158eab4d4" {{(pid=112547) __call__ /opt/stack/placement/placement/requestlog.py:55}}
Jul 20 08:03:29.017552 n-d-842687-3 devstack@placement-api.service[112547]: DEBUG placement.handlers.allocation [req-fabb8449-aab7-41f6-b2e4-6c650dd456aa req-28590d3f-a061-4745-9450-3d7457ac51c3 service placement] Successfully deleted allocations [, , ] {{(pid=112547) delete_allocations /opt/stack/placement/placement/handlers/allocation.py:627}}
Jul 20 08:03:29.018881 n-d-842687-3 devstack@placement-api.service[112547]: INFO placement.requestlog [req-fabb8449-aab7-41f6-b2e4-6c650dd456aa req-28590d3f-a061-4745-9450-3d7457ac51c3 service placement] 10.222.0.105 "DELETE /placement/allocations/01363c9c-acd9-4b43-ab30-e10158eab4d4" status: 204 len: 0 microversion: 1.0
Jul 20 08:03:29.020134 n-d-842687-3 devstack@placement-api.service[112547]: [pid: 112547|app: 0|req: 425/854] 10.222.0.105 () {60 vars in 1356 bytes} [Wed Jul 20 08:03:28 2022] DELETE /placement/allocations/01363c9c-acd9-4b43-ab30-e10158eab4d4 => generated 0 bytes in 300 msecs (HTTP/1.1 204) 5 headers in 198 bytes (1 switches on core 0)
Jul 20 08:03:29.090715 n-d-842687-3 devstack@placement-api.service[112548]: DEBUG placement.requestlog [req-f6596e8a-c037-47f8-9c5d-569a61036dcb req-82a0c4c5-4ec3-4ace-a34e-e6cc1ab016d2 None None] Starting request: 10.222.0.40 "GET /placement/allocation_candidates?limit=1000&resources=DISK_GB%3A1%2CMEMORY_MB%3A1024%2CVCPU%3A1&root_required=%21COMPUTE_STATUS_DISABLED" {{(pid=112548) __call__ /opt/stack/placement/placement/requestlog.py:55}}
Jul 20 08:03:29.140621 n-d-842687-3 devstack@placement-api.service[112548]: DEBUG placement.objects.research_context [req-f6596e8a-c037-47f8-9c5d-569a61036dcb req-82a0c4c5-4ec3-4ace-a34e-e6cc1ab016d2 service placement] getting providers with 1 DISK_GB {{(pid=112548) __init__ /opt/stack/placement/placement/objects/research_context.py:136}}
Jul 20 08:03:29.150818 n-d-842687-3 devstack@placement-api.service[112548]: DEBUG placement.objects.research_context [req-f6596e8a-c037-47f8-9c5d-569a61036dcb req-82a0c4c5-4ec3-4ace-a34e-e6cc1ab016d2 service placement] getting providers with 1024 MEMORY_MB {{(pid=112548) __init__ /opt/stack/placement/placement/objects/research_context.py:136}}
Jul 20 08:03:29.166564 n-d-842687-3 devstack@placement-api.service[112548]: DEBUG placement.objects.research_context [req-f6596e8a-c037-47f8-9c5d-569a61036dcb req-82a0c4c5-4ec3-4ace-a34e-e6cc1ab016d2 service placement] getting providers with 1 VCPU {{(pid=112548) __init__ /opt/stack/placement/placement/objects/research_context.py:136}}
Jul 20 08:03:29.176478 n-d-842687-3 devstack@placement-api.service[112548]: DEBUG placement.objects.research_context [req-f6596e8a-c037-47f8-9c5d-569a61036dcb req-82a0c4c5-4ec3-4ace-a34e-e6cc1ab016d2 service placement] found 2 providers with available 1 DISK_GB {{(pid=112548) get_provider_ids_matching /opt/stack/placement/placement/objects/research_context.py:563}}
Jul 20 08:03:29.179175 n-d-842687-3 devstack@placement-api.service[112548]: DEBUG placement.objects.research_context [req-f6596e8a-c037-47f8-9c5d-569a61036dcb req-82a0c4c5-4ec3-4ace-a34e-e6cc1ab016d2 service placement] found 2 providers with available 1024 MEMORY_MB {{(pid=112548) get_provider_ids_matching /opt/stack/placement/placement/objects/research_context.py:563}}
Jul 20 08:03:29.179175 n-d-842687-3 devstack@placement-api.service[112548]: DEBUG placement.objects.research_context [req-f6596e8a-c037-47f8-9c5d-569a61036dcb req-82a0c4c5-4ec3-4ace-a34e-e6cc1ab016d2 service placement] found 2 providers after filtering by previous result {{(pid=112548) get_provider_ids_matching /opt/stack/placement/placement/objects/research_context.py:594}}
Jul 20 08:03:29.183996 n-d-842687-3 devstack@placement-api.service[112548]: DEBUG placement.objects.research_context [req-f6596e8a-c037-47f8-9c5d-569a61036dcb req-82a0c4c5-4ec3-4ace-a34e-e6cc1ab016d2 service placement] found 2 providers with available 1 VCPU {{(pid=112548) get_provider_ids_matching /opt/stack/placement/placement/objects/research_context.py:563}}
Jul 20 08:03:29.184306 n-d-842687-3 devstack@placement-api.service[112548]: DEBUG placement.objects.research_context [req-f6596e8a-c037-47f8-9c5d-569a61036dcb req-82a0c4c5-4ec3-4ace-a34e-e6cc1ab016d2 service placement] found 2 providers after filtering by previous result {{(pid=112548) get_provider_ids_matching /opt/stack/placement/placement/objects/research_context.py:594}}
Jul 20 08:03:29.216840 n-d-842687-3 devstack@placement-api.service[112548]: DEBUG placement.objects.allocation_candidate [req-f6596e8a-c037-47f8-9c5d-569a61036dcb req-82a0c4c5-4ec3-4ace-a34e-e6cc1ab016d2 service placement] RequestGroup(use_same_provider=False, resources={DISK_GB:1, MEMORY_MB:1024, VCPU:1}, traits=(), aggregates=[]) (suffix '') returned 2 matches {{(pid=112548) _get_by_requests /opt/stack/placement/placement/objects/allocation_candidate.py:156}}
Jul 20 08:03:29.217214 n-d-842687-3 devstack@placement-api.service[112548]: DEBUG placement.objects.allocation_candidate [req-f6596e8a-c037-47f8-9c5d-569a61036dcb req-82a0c4c5-4ec3-4ace-a34e-e6cc1ab016d2 service placement] Merging candidates yields 2 allocation requests and 2 provider summaries {{(pid=112548) _merge_candidates /opt/stack/placement/placement/objects/allocation_candidate.py:809}}
Jul 20 08:03:29.219641 n-d-842687-3 devstack@placement-api.service[112548]: INFO placement.requestlog [req-f6596e8a-c037-47f8-9c5d-569a61036dcb req-82a0c4c5-4ec3-4ace-a34e-e6cc1ab016d2 service placement] 10.222.0.40 "GET /placement/allocation_candidates?limit=1000&resources=DISK_GB%3A1%2CMEMORY_MB%3A1024%2CVCPU%3A1&root_required=%21COMPUTE_STATUS_DISABLED" status: 200 len: 1309 microversion: 1.36
Jul 20 08:03:29.221396 n-d-842687-3 devstack@placement-api.service[112548]: [pid: 112548|app: 0|req: 430/855] 10.222.0.40 () {60 vars in 1506 bytes} [Wed Jul 20 08:03:29 2022] GET /placement/allocation_candidates?limit=1000&resources=DISK_GB%3A1%2CMEMORY_MB%3A1024%2CVCPU%3A1&root_required=%21COMPUTE_STATUS_DISABLED => generated 1309 bytes in 131 msecs (HTTP/1.1 200) 8 headers in 297 bytes (1 switches on core 0)
Jul 20 08:03:29.338062 n-d-842687-3 devstack@placement-api.service[112547]: DEBUG placement.requestlog [req-f6596e8a-c037-47f8-9c5d-569a61036dcb req-f6f71cce-6390-4709-9a3f-10555e519644 None None] Starting request: 10.222.0.40 "GET /placement/allocations/66652a75-dbce-4868-b762-4fa9ee4be3d8" {{(pid=112547) __call__ /opt/stack/placement/placement/requestlog.py:55}}
Jul 20 08:03:29.347246 n-d-842687-3 devstack@placement-api.service[112547]: DEBUG dbcounter [-] [112547] Writing DB stats placement:SELECT=86,placement:DELETE=8,placement:INSERT=4,placement:UPDATE=2 {{(pid=112547) stat_writer /usr/local/lib/python3.8/dist-packages/dbcounter.py:114}}
Jul 20 08:03:29.350044 n-d-842687-3 devstack@placement-api.service[112547]: INFO placement.requestlog [req-f6596e8a-c037-47f8-9c5d-569a61036dcb req-f6f71cce-6390-4709-9a3f-10555e519644 service placement] 10.222.0.40 "GET /placement/allocations/66652a75-dbce-4868-b762-4fa9ee4be3d8" status: 200 len: 19 microversion: 1.28
Jul 20 08:03:29.350440 n-d-842687-3 devstack@placement-api.service[112547]: [pid: 112547|app: 0|req: 426/856] 10.222.0.40 () {60 vars in 1380 bytes} [Wed Jul 20 08:03:29 2022] GET /placement/allocations/66652a75-dbce-4868-b762-4fa9ee4be3d8 => generated 19 bytes in 13 msecs (HTTP/1.1 200) 8 headers in 295 bytes (1 switches on core 0)
Jul 20 08:03:29.356661 n-d-842687-3 devstack@placement-api.service[112548]: DEBUG placement.requestlog [req-f6596e8a-c037-47f8-9c5d-569a61036dcb req-5bd6036a-e7af-40a3-a187-9ec0a178d71a None None] Starting request: 10.222.0.40 "PUT /placement/allocations/66652a75-dbce-4868-b762-4fa9ee4be3d8" {{(pid=112548) __call__ /opt/stack/placement/placement/requestlog.py:55}}
Jul 20 08:03:29.517177 n-d-842687-3 devstack@placement-api.service[112548]: DEBUG placement.handlers.allocation [req-f6596e8a-c037-47f8-9c5d-569a61036dcb req-5bd6036a-e7af-40a3-a187-9ec0a178d71a service placement] Successfully wrote allocations [, , ] {{(pid=112548) _update_consumers_and_create_allocations /opt/stack/placement/placement/handlers/allocation.py:462}}
Jul 20 08:03:29.769249 n-d-842687-3 devstack@placement-api.service[112548]: INFO placement.requestlog [req-f6596e8a-c037-47f8-9c5d-569a61036dcb req-5bd6036a-e7af-40a3-a187-9ec0a178d71a service placement] 10.222.0.40 "PUT /placement/allocations/66652a75-dbce-4868-b762-4fa9ee4be3d8" status: 204 len: 0 microversion: 1.36
Jul 20 08:03:29.769249 n-d-842687-3 devstack@placement-api.service[112548]: [pid: 112548|app: 0|req: 431/857] 10.222.0.40 () {64 vars in 1433 bytes} [Wed Jul 20 08:03:29 2022] PUT /placement/allocations/66652a75-dbce-4868-b762-4fa9ee4be3d8 => generated 0 bytes in 384 msecs (HTTP/1.1 204) 5 headers in 199 bytes (1 switches on core 0)
Jul 20 08:03:31.057402 n-d-842687-3 devstack@placement-api.service[112547]: DEBUG placement.requestlog [req-a1215e49-2df4-4d0a-a986-3ea29ef78d1f req-651492f0-4423-4c0c-9e02-663a94d23ef4 None None] Starting request: 10.222.0.40 "GET /placement/allocation_candidates?limit=1000&resources=DISK_GB%3A1%2CMEMORY_MB%3A1024%2CVCPU%3A1&root_required=%21COMPUTE_STATUS_DISABLED" {{(pid=112547) __call__ /opt/stack/placement/placement/requestlog.py:55}}
Jul 20 08:03:31.105121 n-d-842687-3 devstack@placement-api.service[112547]: DEBUG placement.objects.research_context [req-a1215e49-2df4-4d0a-a986-3ea29ef78d1f req-651492f0-4423-4c0c-9e02-663a94d23ef4 service placement] getting providers with 1 DISK_GB {{(pid=112547) __init__ /opt/stack/placement/placement/objects/research_context.py:136}}
Jul 20 08:03:31.112893 n-d-842687-3 devstack@placement-api.service[112547]: DEBUG placement.objects.research_context [req-a1215e49-2df4-4d0a-a986-3ea29ef78d1f req-651492f0-4423-4c0c-9e02-663a94d23ef4 service placement] getting providers with 1024 MEMORY_MB {{(pid=112547) __init__ /opt/stack/placement/placement/objects/research_context.py:136}}
Jul 20 08:03:31.120895 n-d-842687-3 devstack@placement-api.service[112547]: DEBUG placement.objects.research_context [req-a1215e49-2df4-4d0a-a986-3ea29ef78d1f req-651492f0-4423-4c0c-9e02-663a94d23ef4 service placement] getting providers with 1 VCPU {{(pid=112547) __init__ /opt/stack/placement/placement/objects/research_context.py:136}}
Jul 20 08:03:31.128193 n-d-842687-3 devstack@placement-api.service[112547]: DEBUG placement.objects.research_context [req-a1215e49-2df4-4d0a-a986-3ea29ef78d1f req-651492f0-4423-4c0c-9e02-663a94d23ef4 service placement] found 2 providers with available 1 DISK_GB {{(pid=112547) get_provider_ids_matching /opt/stack/placement/placement/objects/research_context.py:563}}
Jul 20 08:03:31.128758 n-d-842687-3 devstack@placement-api.service[112547]: DEBUG placement.objects.research_context [req-a1215e49-2df4-4d0a-a986-3ea29ef78d1f req-651492f0-4423-4c0c-9e02-663a94d23ef4 service placement] found 2 providers with available 1024 MEMORY_MB {{(pid=112547) get_provider_ids_matching /opt/stack/placement/placement/objects/research_context.py:563}}
Jul 20 08:03:31.130844 n-d-842687-3 devstack@placement-api.service[112547]: DEBUG placement.objects.research_context [req-a1215e49-2df4-4d0a-a986-3ea29ef78d1f req-651492f0-4423-4c0c-9e02-663a94d23ef4 service placement] found 2 providers after filtering by previous result {{(pid=112547) get_provider_ids_matching /opt/stack/placement/placement/objects/research_context.py:594}}
Jul 20 08:03:31.130844 n-d-842687-3 devstack@placement-api.service[112547]: DEBUG placement.objects.research_context [req-a1215e49-2df4-4d0a-a986-3ea29ef78d1f req-651492f0-4423-4c0c-9e02-663a94d23ef4 service placement] found 2 providers with available 1 VCPU {{(pid=112547) get_provider_ids_matching /opt/stack/placement/placement/objects/research_context.py:563}}
Jul 20 08:03:31.130844 n-d-842687-3 devstack@placement-api.service[112547]: DEBUG placement.objects.research_context [req-a1215e49-2df4-4d0a-a986-3ea29ef78d1f req-651492f0-4423-4c0c-9e02-663a94d23ef4 service placement] found 2 providers after filtering by previous result {{(pid=112547) get_provider_ids_matching /opt/stack/placement/placement/objects/research_context.py:594}}
Jul 20 08:03:31.144703 n-d-842687-3 devstack@placement-api.service[112547]: DEBUG placement.objects.allocation_candidate [req-a1215e49-2df4-4d0a-a986-3ea29ef78d1f req-651492f0-4423-4c0c-9e02-663a94d23ef4 service placement] RequestGroup(use_same_provider=False, resources={DISK_GB:1, MEMORY_MB:1024, VCPU:1}, traits=(), aggregates=[]) (suffix '') returned 2 matches {{(pid=112547) _get_by_requests /opt/stack/placement/placement/objects/allocation_candidate.py:156}}
Jul 20 08:03:31.145511 n-d-842687-3 devstack@placement-api.service[112547]: DEBUG placement.objects.allocation_candidate [req-a1215e49-2df4-4d0a-a986-3ea29ef78d1f req-651492f0-4423-4c0c-9e02-663a94d23ef4 service placement] Merging candidates yields 2 allocation requests and 2 provider summaries {{(pid=112547) _merge_candidates /opt/stack/placement/placement/objects/allocation_candidate.py:809}}
Jul 20 08:03:31.147275 n-d-842687-3 devstack@placement-api.service[112547]: INFO placement.requestlog [req-a1215e49-2df4-4d0a-a986-3ea29ef78d1f req-651492f0-4423-4c0c-9e02-663a94d23ef4 service placement] 10.222.0.40 "GET /placement/allocation_candidates?limit=1000&resources=DISK_GB%3A1%2CMEMORY_MB%3A1024%2CVCPU%3A1&root_required=%21COMPUTE_STATUS_DISABLED" status: 200 len: 1309 microversion: 1.36
Jul 20 08:03:31.147656 n-d-842687-3 devstack@placement-api.service[112547]: [pid: 112547|app: 0|req: 427/858] 10.222.0.40 () {60 vars in 1506 bytes} [Wed Jul 20 08:03:31 2022] GET /placement/allocation_candidates?limit=1000&resources=DISK_GB%3A1%2CMEMORY_MB%3A1024%2CVCPU%3A1&root_required=%21COMPUTE_STATUS_DISABLED => generated 1309 bytes in 91 msecs (HTTP/1.1 200) 8 headers in 297 bytes (2 switches on core 0)
Jul 20 08:03:31.226464 n-d-842687-3 devstack@placement-api.service[112548]: DEBUG placement.requestlog [req-a1215e49-2df4-4d0a-a986-3ea29ef78d1f req-f250dc66-4e46-4e79-acb3-eb35c6377320 None None] Starting request: 10.222.0.40 "GET /placement/allocations/e54036ca-49bb-4620-83ef-78947895435b" {{(pid=112548) __call__ /opt/stack/placement/placement/requestlog.py:55}}
Jul 20 08:03:31.238849 n-d-842687-3 devstack@placement-api.service[112548]: INFO placement.requestlog [req-a1215e49-2df4-4d0a-a986-3ea29ef78d1f req-f250dc66-4e46-4e79-acb3-eb35c6377320 service placement] 10.222.0.40 "GET /placement/allocations/e54036ca-49bb-4620-83ef-78947895435b" status: 200 len: 19 microversion: 1.28
Jul 20 08:03:31.239533 n-d-842687-3 devstack@placement-api.service[112548]: [pid: 112548|app: 0|req: 432/859] 10.222.0.40 () {60 vars in 1380 bytes} [Wed Jul 20 08:03:31 2022] GET /placement/allocations/e54036ca-49bb-4620-83ef-78947895435b => generated 19 bytes in 13 msecs (HTTP/1.1 200) 8 headers in 295 bytes (1 switches on core 0)
Jul 20 08:03:31.246343 n-d-842687-3 devstack@placement-api.service[112547]: DEBUG placement.requestlog [req-a1215e49-2df4-4d0a-a986-3ea29ef78d1f req-13f0fa03-b1b3-4d78-ad99-e94252443702 None None] Starting request: 10.222.0.40 "PUT /placement/allocations/e54036ca-49bb-4620-83ef-78947895435b" {{(pid=112547) __call__ /opt/stack/placement/placement/requestlog.py:55}}
Jul 20 08:03:31.336235 n-d-842687-3 devstack@placement-api.service[112548]: DEBUG placement.requestlog [req-f6596e8a-c037-47f8-9c5d-569a61036dcb req-f0d463ee-1faf-4e74-a3cc-804c856485eb None None] Starting request: 10.222.0.105 "GET /placement/allocations/66652a75-dbce-4868-b762-4fa9ee4be3d8" {{(pid=112548) __call__ /opt/stack/placement/placement/requestlog.py:55}}
Jul 20 08:03:31.377124 n-d-842687-3 devstack@placement-api.service[112548]: INFO placement.requestlog [req-f6596e8a-c037-47f8-9c5d-569a61036dcb req-f0d463ee-1faf-4e74-a3cc-804c856485eb service placement] 10.222.0.105 "GET /placement/allocations/66652a75-dbce-4868-b762-4fa9ee4be3d8" status: 200 len: 259 microversion: 1.28
Jul 20 08:03:31.377466 n-d-842687-3 devstack@placement-api.service[112548]: [pid: 112548|app: 0|req: 433/860] 10.222.0.105 () {60 vars in 1378 bytes} [Wed Jul 20 08:03:31 2022] GET /placement/allocations/66652a75-dbce-4868-b762-4fa9ee4be3d8 => generated 259 bytes in 42 msecs (HTTP/1.1 200) 8 headers in 296 bytes (2 switches on core 0)
Jul 20 08:03:31.417842 n-d-842687-3 devstack@placement-api.service[112547]: DEBUG placement.handlers.allocation [req-a1215e49-2df4-4d0a-a986-3ea29ef78d1f req-13f0fa03-b1b3-4d78-ad99-e94252443702 service placement] Successfully wrote allocations [, , ] {{(pid=112547) _update_consumers_and_create_allocations /opt/stack/placement/placement/handlers/allocation.py:462}}
Jul 20 08:03:31.508467 n-d-842687-3 devstack@placement-api.service[112547]: INFO placement.requestlog [req-a1215e49-2df4-4d0a-a986-3ea29ef78d1f req-13f0fa03-b1b3-4d78-ad99-e94252443702 service placement] 10.222.0.40 "PUT /placement/allocations/e54036ca-49bb-4620-83ef-78947895435b" status: 204 len: 0 microversion: 1.36
Jul 20 08:03:31.509163 n-d-842687-3 devstack@placement-api.service[112547]: [pid: 112547|app: 0|req: 428/861] 10.222.0.40 () {64 vars in 1433 bytes} [Wed Jul 20 08:03:31 2022] PUT /placement/allocations/e54036ca-49bb-4620-83ef-78947895435b => generated 0 bytes in 263 msecs (HTTP/1.1 204) 5 headers in 199 bytes (1 switches on core 0)
Jul 20 08:03:32.671576 n-d-842687-3 devstack@placement-api.service[112548]: DEBUG placement.requestlog [req-a1215e49-2df4-4d0a-a986-3ea29ef78d1f req-7a98c351-d64a-4704-9a03-ba2b0b723617 None None] Starting request: 10.222.0.105 "GET /placement/allocations/e54036ca-49bb-4620-83ef-78947895435b" {{(pid=112548) __call__ /opt/stack/placement/placement/requestlog.py:55}}
Jul 20 08:03:32.719772 n-d-842687-3 devstack@placement-api.service[112548]: INFO placement.requestlog [req-a1215e49-2df4-4d0a-a986-3ea29ef78d1f req-7a98c351-d64a-4704-9a03-ba2b0b723617 service placement] 10.222.0.105 "GET /placement/allocations/e54036ca-49bb-4620-83ef-78947895435b" status: 200 len: 259 microversion: 1.28
Jul 20 08:03:32.720821 n-d-842687-3 devstack@placement-api.service[112548]: [pid: 112548|app: 0|req: 434/862] 10.222.0.105 () {60 vars in 1378 bytes} [Wed Jul 20 08:03:32 2022] GET /placement/allocations/e54036ca-49bb-4620-83ef-78947895435b => generated 259 bytes in 50 msecs (HTTP/1.1 200) 8 headers in 296 bytes (1 switches on core 0)
Jul 20 08:03:33.979707 n-d-842687-3 devstack@placement-api.service[112547]: DEBUG placement.requestlog [req-ab490618-b14e-4ba4-ba06-6d950bc6fbf9 req-ec60b0a9-e90e-4367-81bc-f4a92e8e6b10 None None] Starting request: 10.222.0.60 "DELETE /placement/allocations/a6419b56-b911-4eda-b1c5-074f3105e3bf" {{(pid=112547) __call__ /opt/stack/placement/placement/requestlog.py:55}}
Jul 20 08:03:34.287712 n-d-842687-3 devstack@placement-api.service[112547]: DEBUG placement.handlers.allocation [req-ab490618-b14e-4ba4-ba06-6d950bc6fbf9 req-ec60b0a9-e90e-4367-81bc-f4a92e8e6b10 service placement] Successfully deleted allocations [, , ] {{(pid=112547) delete_allocations /opt/stack/placement/placement/handlers/allocation.py:627}}
Jul 20 08:03:34.288504 n-d-842687-3 devstack@placement-api.service[112547]: INFO placement.requestlog [req-ab490618-b14e-4ba4-ba06-6d950bc6fbf9 req-ec60b0a9-e90e-4367-81bc-f4a92e8e6b10 service placement] 10.222.0.60 "DELETE /placement/allocations/a6419b56-b911-4eda-b1c5-074f3105e3bf" status: 204 len: 0 microversion: 1.0
Jul 20 08:03:34.288950 n-d-842687-3 devstack@placement-api.service[112547]: [pid: 112547|app: 0|req: 429/863] 10.222.0.60 () {60 vars in 1355 bytes} [Wed Jul 20 08:03:33 2022] DELETE /placement/allocations/a6419b56-b911-4eda-b1c5-074f3105e3bf => generated 0 bytes in 309 msecs (HTTP/1.1 204) 5 headers in 198 bytes (1 switches on core 0)
Jul 20 08:03:39.466041 n-d-842687-3 devstack@placement-api.service[112548]: DEBUG placement.requestlog [None req-559ba69b-4f76-4845-8497-01029aec5597 None None] Starting request: 10.222.0.40 "GET /placement/resource_providers/be3d5623-7e28-4ea4-ab1d-7b7efb782bea/aggregates" {{(pid=112548) __call__ /opt/stack/placement/placement/requestlog.py:55}}
Jul 20 08:03:39.481814 n-d-842687-3 devstack@placement-api.service[112548]: INFO placement.requestlog [None req-559ba69b-4f76-4845-8497-01029aec5597 service placement] 10.222.0.40 "GET /placement/resource_providers/be3d5623-7e28-4ea4-ab1d-7b7efb782bea/aggregates" status: 404 len: 235 microversion: 1.1
Jul 20 08:03:39.482200 n-d-842687-3 devstack@placement-api.service[112548]: [pid: 112548|app: 0|req: 435/864] 10.222.0.40 () {58 vars in 1362 bytes} [Wed Jul 20 08:03:39 2022] GET /placement/resource_providers/be3d5623-7e28-4ea4-ab1d-7b7efb782bea/aggregates => generated 235 bytes in 16 msecs (HTTP/1.1 404) 5 headers in 202 bytes (2 switches on core 0)
Jul 20 08:03:39.507768 n-d-842687-3 devstack@placement-api.service[112547]: DEBUG placement.requestlog [None req-f9db08c9-3421-4413-bb7f-aae60b08cb1c None None] Starting request: 10.222.0.40 "DELETE /placement/resource_providers/be3d5623-7e28-4ea4-ab1d-7b7efb782bea" {{(pid=112547) __call__ /opt/stack/placement/placement/requestlog.py:55}}
Jul 20 08:03:39.521301 n-d-842687-3 devstack@placement-api.service[112547]: DEBUG placement.wsgi_wrapper [None req-f9db08c9-3421-4413-bb7f-aae60b08cb1c service placement] Placement API returning an error response: No resource provider with uuid be3d5623-7e28-4ea4-ab1d-7b7efb782bea found for delete {{(pid=112547) call_func /opt/stack/placement/placement/wsgi_wrapper.py:31}}
Jul 20 08:03:39.522646 n-d-842687-3 devstack@placement-api.service[112547]: INFO placement.requestlog [None req-f9db08c9-3421-4413-bb7f-aae60b08cb1c service placement] 10.222.0.40 "DELETE /placement/resource_providers/be3d5623-7e28-4ea4-ab1d-7b7efb782bea" status: 404 len: 246 microversion: 1.1
Jul 20 08:03:39.523236 n-d-842687-3 devstack@placement-api.service[112547]: [pid: 112547|app: 0|req: 430/865] 10.222.0.40 () {60 vars in 1351 bytes} [Wed Jul 20 08:03:39 2022] DELETE /placement/resource_providers/be3d5623-7e28-4ea4-ab1d-7b7efb782bea => generated 246 bytes in 16 msecs (HTTP/1.1 404) 6 headers in 231 bytes (1 switches on core 0)
Jul 20 08:03:40.919567 n-d-842687-3 devstack@placement-api.service[112548]: DEBUG placement.requestlog [req-156fbb6e-107c-4d95-91b5-bf14300998de req-a41890c9-3df3-4897-bc31-3f7b18e9d630 None None] Starting request: 10.222.0.105 "DELETE /placement/allocations/935c004b-c358-4f61-8803-c45c6901274a" {{(pid=112548) __call__ /opt/stack/placement/placement/requestlog.py:55}}
Jul 20 08:03:41.161904 n-d-842687-3 devstack@placement-api.service[112548]: DEBUG placement.handlers.allocation [req-156fbb6e-107c-4d95-91b5-bf14300998de req-a41890c9-3df3-4897-bc31-3f7b18e9d630 service placement] Successfully deleted allocations [, , ] {{(pid=112548) delete_allocations /opt/stack/placement/placement/handlers/allocation.py:627}}
Jul 20 08:03:41.162637 n-d-842687-3 devstack@placement-api.service[112548]: INFO placement.requestlog [req-156fbb6e-107c-4d95-91b5-bf14300998de req-a41890c9-3df3-4897-bc31-3f7b18e9d630 service placement] 10.222.0.105 "DELETE /placement/allocations/935c004b-c358-4f61-8803-c45c6901274a" status: 204 len: 0 microversion: 1.0
Jul 20 08:03:41.163234 n-d-842687-3 devstack@placement-api.service[112548]: [pid: 112548|app: 0|req: 436/866] 10.222.0.105 () {60 vars in 1356 bytes} [Wed Jul 20 08:03:40 2022] DELETE /placement/allocations/935c004b-c358-4f61-8803-c45c6901274a => generated 0 bytes in 244 msecs (HTTP/1.1 204) 5 headers in 198 bytes (1 switches on core 0)
Jul 20 08:03:43.867536 n-d-842687-3 devstack@placement-api.service[112547]: DEBUG placement.requestlog [None req-b84deeca-e45b-4ec8-aa8a-38c2cfcbc482 None None] Starting request: 10.222.0.40 "GET /placement/resource_providers/05d72469-db2f-419e-b739-732820d24b63/aggregates" {{(pid=112547) __call__ /opt/stack/placement/placement/requestlog.py:55}}
Jul 20 08:03:44.118898 n-d-842687-3 devstack@placement-api.service[112547]: INFO placement.requestlog [None req-b84deeca-e45b-4ec8-aa8a-38c2cfcbc482 service placement] 10.222.0.40 "GET /placement/resource_providers/05d72469-db2f-419e-b739-732820d24b63/aggregates" status: 404 len: 235 microversion: 1.1
Jul 20 08:03:44.120096 n-d-842687-3 devstack@placement-api.service[112547]: [pid: 112547|app: 0|req: 431/867] 10.222.0.40 () {58 vars in 1362 bytes} [Wed Jul 20 08:03:43 2022] GET /placement/resource_providers/05d72469-db2f-419e-b739-732820d24b63/aggregates => generated 235 bytes in 253 msecs (HTTP/1.1 404) 5 headers in 202 bytes (1 switches on core 0)
Jul 20 08:03:44.134909 n-d-842687-3 devstack@placement-api.service[112548]: DEBUG placement.requestlog [None req-908f4da6-c7d1-4a4f-9777-778f5235d7aa None None] Starting request: 10.222.0.40 "DELETE /placement/resource_providers/05d72469-db2f-419e-b739-732820d24b63" {{(pid=112548) __call__ /opt/stack/placement/placement/requestlog.py:55}}
Jul 20 08:03:44.152843 n-d-842687-3 devstack@placement-api.service[112548]: DEBUG placement.wsgi_wrapper [None req-908f4da6-c7d1-4a4f-9777-778f5235d7aa service placement] Placement API returning an error response: No resource provider with uuid 05d72469-db2f-419e-b739-732820d24b63 found for delete {{(pid=112548) call_func /opt/stack/placement/placement/wsgi_wrapper.py:31}}
Jul 20 08:03:44.154474 n-d-842687-3 devstack@placement-api.service[112548]: INFO placement.requestlog [None req-908f4da6-c7d1-4a4f-9777-778f5235d7aa service placement] 10.222.0.40 "DELETE /placement/resource_providers/05d72469-db2f-419e-b739-732820d24b63" status: 404 len: 246 microversion: 1.1
Jul 20 08:03:44.155413 n-d-842687-3 devstack@placement-api.service[112548]: [pid: 112548|app: 0|req: 437/868] 10.222.0.40 () {60 vars in 1351 bytes} [Wed Jul 20 08:03:44 2022] DELETE /placement/resource_providers/05d72469-db2f-419e-b739-732820d24b63 => generated 246 bytes in 21 msecs (HTTP/1.1 404) 6 headers in 231 bytes (1 switches on core 0)
Jul 20 08:03:46.677280 n-d-842687-3 devstack@placement-api.service[112547]: DEBUG placement.requestlog [req-d2b88706-48b1-44cd-9684-5755dd230a41 req-c8d35a96-d33e-4a48-a552-2fc16a9218c5 None None] Starting request: 10.222.0.60 "DELETE /placement/allocations/7f75d2a5-6e16-4605-9169-300cffba9c5e" {{(pid=112547) __call__ /opt/stack/placement/placement/requestlog.py:55}}
Jul 20 08:03:46.937475 n-d-842687-3 devstack@placement-api.service[112547]: DEBUG placement.handlers.allocation [req-d2b88706-48b1-44cd-9684-5755dd230a41 req-c8d35a96-d33e-4a48-a552-2fc16a9218c5 service placement] Successfully deleted allocations [, , ] {{(pid=112547) delete_allocations /opt/stack/placement/placement/handlers/allocation.py:627}}
Jul 20 08:03:46.938198 n-d-842687-3 devstack@placement-api.service[112547]: INFO placement.requestlog [req-d2b88706-48b1-44cd-9684-5755dd230a41 req-c8d35a96-d33e-4a48-a552-2fc16a9218c5 service placement] 10.222.0.60 "DELETE /placement/allocations/7f75d2a5-6e16-4605-9169-300cffba9c5e" status: 204 len: 0 microversion: 1.0
Jul 20 08:03:46.940415 n-d-842687-3 devstack@placement-api.service[112547]: [pid: 112547|app: 0|req: 432/869] 10.222.0.60 () {60 vars in 1355 bytes} [Wed Jul 20 08:03:46 2022] DELETE /placement/allocations/7f75d2a5-6e16-4605-9169-300cffba9c5e => generated 0 bytes in 263 msecs (HTTP/1.1 204) 5 headers in 198 bytes (1 switches on core 0)
Jul 20 08:03:49.351456 n-d-842687-3 devstack@placement-api.service[112548]: DEBUG placement.requestlog [None req-656cc635-0a75-461a-874b-fec109d0b363 None None] Starting request: 10.222.0.40 "GET /placement/resource_providers/b8dcc862-dce8-40be-a1c2-bb8f76858370/aggregates" {{(pid=112548) __call__ /opt/stack/placement/placement/requestlog.py:55}}
Jul 20 08:03:49.442816 n-d-842687-3 devstack@placement-api.service[112548]: INFO placement.requestlog [None req-656cc635-0a75-461a-874b-fec109d0b363 service placement] 10.222.0.40 "GET /placement/resource_providers/b8dcc862-dce8-40be-a1c2-bb8f76858370/aggregates" status: 404 len: 235 microversion: 1.1
Jul 20 08:03:49.449001 n-d-842687-3 devstack@placement-api.service[112548]: [pid: 112548|app: 0|req: 438/870] 10.222.0.40 () {58 vars in 1362 bytes} [Wed Jul 20 08:03:49 2022] GET /placement/resource_providers/b8dcc862-dce8-40be-a1c2-bb8f76858370/aggregates => generated 235 bytes in 97 msecs (HTTP/1.1 404) 5 headers in 202 bytes (1 switches on core 0)
Jul 20 08:03:49.484849 n-d-842687-3 devstack@placement-api.service[112547]: DEBUG placement.requestlog [None req-2e21556d-0b2e-4904-bc67-1cbe4ce123ab None None] Starting request: 10.222.0.40 "DELETE /placement/resource_providers/b8dcc862-dce8-40be-a1c2-bb8f76858370" {{(pid=112547) __call__ /opt/stack/placement/placement/requestlog.py:55}}
Jul 20 08:03:49.512758 n-d-842687-3 devstack@placement-api.service[112547]: DEBUG placement.wsgi_wrapper [None req-2e21556d-0b2e-4904-bc67-1cbe4ce123ab service placement] Placement API returning an error response: No resource provider with uuid b8dcc862-dce8-40be-a1c2-bb8f76858370 found for delete {{(pid=112547) call_func /opt/stack/placement/placement/wsgi_wrapper.py:31}}
Jul 20 08:03:49.517546 n-d-842687-3 devstack@placement-api.service[112547]: INFO placement.requestlog [None req-2e21556d-0b2e-4904-bc67-1cbe4ce123ab service placement] 10.222.0.40 "DELETE /placement/resource_providers/b8dcc862-dce8-40be-a1c2-bb8f76858370" status: 404 len: 246 microversion: 1.1
Jul 20 08:03:49.523052 n-d-842687-3 devstack@placement-api.service[112547]: [pid: 112547|app: 0|req: 433/871] 10.222.0.40 () {60 vars in 1351 bytes} [Wed Jul 20 08:03:49 2022] DELETE /placement/resource_providers/b8dcc862-dce8-40be-a1c2-bb8f76858370 => generated 246 bytes in 38 msecs (HTTP/1.1 404) 6 headers in 231 bytes (1 switches on core 0)
Jul 20 08:03:50.423554 n-d-842687-3 devstack@placement-api.service[112548]: DEBUG placement.requestlog [req-ace9cbc2-a4b1-46cb-ac02-8ce695723544 req-114c676b-f8c7-4b12-b03b-1be47e51482f None None] Starting request: 10.222.0.60 "DELETE /placement/allocations/1efc8886-4122-4618-8559-c770d45f39c2" {{(pid=112548) __call__ /opt/stack/placement/placement/requestlog.py:55}}
Jul 20 08:03:50.710189 n-d-842687-3 devstack@placement-api.service[112548]: DEBUG placement.handlers.allocation [req-ace9cbc2-a4b1-46cb-ac02-8ce695723544 req-114c676b-f8c7-4b12-b03b-1be47e51482f service placement] Successfully deleted allocations [, , ] {{(pid=112548) delete_allocations /opt/stack/placement/placement/handlers/allocation.py:627}}
Jul 20 08:03:50.710926 n-d-842687-3 devstack@placement-api.service[112548]: INFO placement.requestlog [req-ace9cbc2-a4b1-46cb-ac02-8ce695723544 req-114c676b-f8c7-4b12-b03b-1be47e51482f service placement] 10.222.0.60 "DELETE /placement/allocations/1efc8886-4122-4618-8559-c770d45f39c2" status: 204 len: 0 microversion: 1.0
Jul 20 08:03:50.711856 n-d-842687-3 devstack@placement-api.service[112548]: [pid: 112548|app: 0|req: 439/872] 10.222.0.60 () {60 vars in 1355 bytes} [Wed Jul 20 08:03:50 2022] DELETE /placement/allocations/1efc8886-4122-4618-8559-c770d45f39c2 => generated 0 bytes in 288 msecs (HTTP/1.1 204) 5 headers in 198 bytes (1 switches on core 0)
Jul 20 08:03:53.735076 n-d-842687-3 devstack@placement-api.service[112547]: DEBUG placement.requestlog [None req-f7683cab-0a91-4b82-8fad-21e675a4dc90 None None] Starting request: 10.222.0.40 "GET /placement/resource_providers/ea1914e6-cca5-48ac-8686-f62552fcc1c7/aggregates" {{(pid=112547) __call__ /opt/stack/placement/placement/requestlog.py:55}}
Jul 20 08:03:53.755057 n-d-842687-3 devstack@placement-api.service[112547]: INFO placement.requestlog [None req-f7683cab-0a91-4b82-8fad-21e675a4dc90 service placement] 10.222.0.40 "GET /placement/resource_providers/ea1914e6-cca5-48ac-8686-f62552fcc1c7/aggregates" status: 404 len: 235 microversion: 1.1
Jul 20 08:03:53.755916 n-d-842687-3 devstack@placement-api.service[112547]: [pid: 112547|app: 0|req: 434/873] 10.222.0.40 () {58 vars in 1362 bytes} [Wed Jul 20 08:03:53 2022] GET /placement/resource_providers/ea1914e6-cca5-48ac-8686-f62552fcc1c7/aggregates => generated 235 bytes in 21 msecs (HTTP/1.1 404) 5 headers in 202 bytes (1 switches on core 0)
Jul 20 08:03:53.769991 n-d-842687-3 devstack@placement-api.service[112548]: DEBUG placement.requestlog [None req-54675d58-464e-4339-b769-ba844549afe5 None None] Starting request: 10.222.0.40 "DELETE /placement/resource_providers/ea1914e6-cca5-48ac-8686-f62552fcc1c7" {{(pid=112548) __call__ /opt/stack/placement/placement/requestlog.py:55}}
Jul 20 08:03:53.782076 n-d-842687-3 devstack@placement-api.service[112548]: DEBUG placement.wsgi_wrapper [None req-54675d58-464e-4339-b769-ba844549afe5 service placement] Placement API returning an error response: No resource provider with uuid ea1914e6-cca5-48ac-8686-f62552fcc1c7 found for delete {{(pid=112548) call_func /opt/stack/placement/placement/wsgi_wrapper.py:31}}
Jul 20 08:03:53.783718 n-d-842687-3 devstack@placement-api.service[112548]: INFO placement.requestlog [None req-54675d58-464e-4339-b769-ba844549afe5 service placement] 10.222.0.40 "DELETE /placement/resource_providers/ea1914e6-cca5-48ac-8686-f62552fcc1c7" status: 404 len: 246 microversion: 1.1
Jul 20 08:03:53.784073 n-d-842687-3 devstack@placement-api.service[112548]: [pid: 112548|app: 0|req: 440/874] 10.222.0.40 () {60 vars in 1351 bytes} [Wed Jul 20 08:03:53 2022] DELETE /placement/resource_providers/ea1914e6-cca5-48ac-8686-f62552fcc1c7 => generated 246 bytes in 15 msecs (HTTP/1.1 404) 6 headers in 231 bytes (1 switches on core 0)
Jul 20 08:03:54.645654 n-d-842687-3 devstack@placement-api.service[112547]: DEBUG placement.requestlog [req-a16a78ac-82c8-4792-970c-548b606ca1e9 req-246d8d94-21b7-473e-8884-2c7abd1c3aa8 None None] Starting request: 10.222.0.40 "GET /placement/allocation_candidates?limit=1000&resources=DISK_GB%3A1%2CMEMORY_MB%3A1024%2CVCPU%3A1&root_required=%21COMPUTE_STATUS_DISABLED" {{(pid=112547) __call__ /opt/stack/placement/placement/requestlog.py:55}}
Jul 20 08:03:54.690507 n-d-842687-3 devstack@placement-api.service[112547]: DEBUG placement.objects.research_context [req-a16a78ac-82c8-4792-970c-548b606ca1e9 req-246d8d94-21b7-473e-8884-2c7abd1c3aa8 service placement] getting providers with 1 DISK_GB {{(pid=112547) __init__ /opt/stack/placement/placement/objects/research_context.py:136}}
Jul 20 08:03:54.698236 n-d-842687-3 devstack@placement-api.service[112547]: DEBUG placement.objects.research_context [req-a16a78ac-82c8-4792-970c-548b606ca1e9 req-246d8d94-21b7-473e-8884-2c7abd1c3aa8 service placement] getting providers with 1024 MEMORY_MB {{(pid=112547) __init__ /opt/stack/placement/placement/objects/research_context.py:136}}
Jul 20 08:03:54.704477 n-d-842687-3 devstack@placement-api.service[112547]: DEBUG placement.objects.research_context [req-a16a78ac-82c8-4792-970c-548b606ca1e9 req-246d8d94-21b7-473e-8884-2c7abd1c3aa8 service placement] getting providers with 1 VCPU {{(pid=112547) __init__ /opt/stack/placement/placement/objects/research_context.py:136}}
Jul 20 08:03:54.711007 n-d-842687-3 devstack@placement-api.service[112547]: DEBUG placement.objects.research_context [req-a16a78ac-82c8-4792-970c-548b606ca1e9 req-246d8d94-21b7-473e-8884-2c7abd1c3aa8 service placement] found 2 providers with available 1 DISK_GB {{(pid=112547) get_provider_ids_matching /opt/stack/placement/placement/objects/research_context.py:563}}
Jul 20 08:03:54.711443 n-d-842687-3 devstack@placement-api.service[112547]: DEBUG placement.objects.research_context [req-a16a78ac-82c8-4792-970c-548b606ca1e9 req-246d8d94-21b7-473e-8884-2c7abd1c3aa8 service placement] found 2 providers with available 1024 MEMORY_MB {{(pid=112547) get_provider_ids_matching /opt/stack/placement/placement/objects/research_context.py:563}}
Jul 20 08:03:54.716013 n-d-842687-3 devstack@placement-api.service[112547]: DEBUG placement.objects.research_context [req-a16a78ac-82c8-4792-970c-548b606ca1e9 req-246d8d94-21b7-473e-8884-2c7abd1c3aa8 service placement] found 2 providers after filtering by previous result {{(pid=112547) get_provider_ids_matching /opt/stack/placement/placement/objects/research_context.py:594}}
Jul 20 08:03:54.716013 n-d-842687-3 devstack@placement-api.service[112547]: DEBUG placement.objects.research_context [req-a16a78ac-82c8-4792-970c-548b606ca1e9 req-246d8d94-21b7-473e-8884-2c7abd1c3aa8 service placement] found 2 providers with available 1 VCPU {{(pid=112547) get_provider_ids_matching /opt/stack/placement/placement/objects/research_context.py:563}}
Jul 20 08:03:54.716013 n-d-842687-3 devstack@placement-api.service[112547]: DEBUG placement.objects.research_context [req-a16a78ac-82c8-4792-970c-548b606ca1e9 req-246d8d94-21b7-473e-8884-2c7abd1c3aa8 service placement] found 2 providers after filtering by previous result {{(pid=112547) get_provider_ids_matching /opt/stack/placement/placement/objects/research_context.py:594}}
Jul 20 08:03:54.726222 n-d-842687-3 devstack@placement-api.service[112547]: DEBUG placement.objects.allocation_candidate [req-a16a78ac-82c8-4792-970c-548b606ca1e9 req-246d8d94-21b7-473e-8884-2c7abd1c3aa8 service placement] RequestGroup(use_same_provider=False, resources={DISK_GB:1, MEMORY_MB:1024, VCPU:1}, traits=(), aggregates=[]) (suffix '') returned 2 matches {{(pid=112547) _get_by_requests /opt/stack/placement/placement/objects/allocation_candidate.py:156}}
Jul 20 08:03:54.726614 n-d-842687-3 devstack@placement-api.service[112547]: DEBUG placement.objects.allocation_candidate [req-a16a78ac-82c8-4792-970c-548b606ca1e9 req-246d8d94-21b7-473e-8884-2c7abd1c3aa8 service placement] Merging candidates yields 2 allocation requests and 2 provider summaries {{(pid=112547) _merge_candidates /opt/stack/placement/placement/objects/allocation_candidate.py:809}}
Jul 20 08:03:54.728227 n-d-842687-3 devstack@placement-api.service[112547]: INFO placement.requestlog [req-a16a78ac-82c8-4792-970c-548b606ca1e9 req-246d8d94-21b7-473e-8884-2c7abd1c3aa8 service placement] 10.222.0.40 "GET /placement/allocation_candidates?limit=1000&resources=DISK_GB%3A1%2CMEMORY_MB%3A1024%2CVCPU%3A1&root_required=%21COMPUTE_STATUS_DISABLED" status: 200 len: 1309 microversion: 1.36
Jul 20 08:03:54.741596 n-d-842687-3 devstack@placement-api.service[112547]: [pid: 112547|app: 0|req: 435/875] 10.222.0.40 () {60 vars in 1506 bytes} [Wed Jul 20 08:03:54 2022] GET /placement/allocation_candidates?limit=1000&resources=DISK_GB%3A1%2CMEMORY_MB%3A1024%2CVCPU%3A1&root_required=%21COMPUTE_STATUS_DISABLED => generated 1309 bytes in 96 msecs (HTTP/1.1 200) 8 headers in 297 bytes (1 switches on core 0)
Jul 20 08:03:54.808204 n-d-842687-3 devstack@placement-api.service[112548]: DEBUG placement.requestlog [req-a16a78ac-82c8-4792-970c-548b606ca1e9 req-f68f6934-c373-4fe9-b43d-e8448cd26a2e None None] Starting request: 10.222.0.40 "GET /placement/allocations/23270377-8da0-49e6-93ec-fa6d37460179" {{(pid=112548) __call__ /opt/stack/placement/placement/requestlog.py:55}}
Jul 20 08:03:54.824715 n-d-842687-3 devstack@placement-api.service[112548]: INFO placement.requestlog [req-a16a78ac-82c8-4792-970c-548b606ca1e9 req-f68f6934-c373-4fe9-b43d-e8448cd26a2e service placement] 10.222.0.40 "GET /placement/allocations/23270377-8da0-49e6-93ec-fa6d37460179" status: 200 len: 19 microversion: 1.28
Jul 20 08:03:54.833911 n-d-842687-3 devstack@placement-api.service[112547]: DEBUG placement.requestlog [req-a16a78ac-82c8-4792-970c-548b606ca1e9 req-f5f71c2a-1d2c-4899-91c9-bd335cb8eefb None None] Starting request: 10.222.0.40 "PUT /placement/allocations/23270377-8da0-49e6-93ec-fa6d37460179" {{(pid=112547) __call__ /opt/stack/placement/placement/requestlog.py:55}}
Jul 20 08:03:54.837976 n-d-842687-3 devstack@placement-api.service[112548]: [pid: 112548|app: 0|req: 441/876] 10.222.0.40 () {60 vars in 1380 bytes} [Wed Jul 20 08:03:54 2022] GET /placement/allocations/23270377-8da0-49e6-93ec-fa6d37460179 => generated 19 bytes in 26 msecs (HTTP/1.1 200) 8 headers in 295 bytes (1 switches on core 0)
Jul 20 08:03:55.080071 n-d-842687-3 devstack@placement-api.service[112547]: DEBUG placement.handlers.allocation [req-a16a78ac-82c8-4792-970c-548b606ca1e9 req-f5f71c2a-1d2c-4899-91c9-bd335cb8eefb service placement] Successfully wrote allocations [, , ] {{(pid=112547) _update_consumers_and_create_allocations /opt/stack/placement/placement/handlers/allocation.py:462}}
Jul 20 08:03:55.087117 n-d-842687-3 devstack@placement-api.service[112548]: DEBUG placement.requestlog [req-aac9c893-5e3d-4c09-bf57-735c7d3fc73e req-a9f73f01-d704-441a-914c-934f36fc5f88 None None] Starting request: 10.222.0.60 "DELETE /placement/allocations/08454816-bef9-472a-9b33-dd65cbcec224" {{(pid=112548) __call__ /opt/stack/placement/placement/requestlog.py:55}}
Jul 20 08:03:55.231227 n-d-842687-3 devstack@placement-api.service[112547]: INFO placement.requestlog [req-a16a78ac-82c8-4792-970c-548b606ca1e9 req-f5f71c2a-1d2c-4899-91c9-bd335cb8eefb service placement] 10.222.0.40 "PUT /placement/allocations/23270377-8da0-49e6-93ec-fa6d37460179" status: 204 len: 0 microversion: 1.36
Jul 20 08:03:55.237107 n-d-842687-3 devstack@placement-api.service[112547]: [pid: 112547|app: 0|req: 436/877] 10.222.0.40 () {64 vars in 1433 bytes} [Wed Jul 20 08:03:54 2022] PUT /placement/allocations/23270377-8da0-49e6-93ec-fa6d37460179 => generated 0 bytes in 402 msecs (HTTP/1.1 204) 5 headers in 199 bytes (2 switches on core 0)
Jul 20 08:03:55.377634 n-d-842687-3 devstack@placement-api.service[112548]: DEBUG placement.handlers.allocation [req-aac9c893-5e3d-4c09-bf57-735c7d3fc73e req-a9f73f01-d704-441a-914c-934f36fc5f88 service placement] Successfully deleted allocations [, , ] {{(pid=112548) delete_allocations /opt/stack/placement/placement/handlers/allocation.py:627}}
Jul 20 08:03:55.378518 n-d-842687-3 devstack@placement-api.service[112548]: INFO placement.requestlog [req-aac9c893-5e3d-4c09-bf57-735c7d3fc73e req-a9f73f01-d704-441a-914c-934f36fc5f88 service placement] 10.222.0.60 "DELETE /placement/allocations/08454816-bef9-472a-9b33-dd65cbcec224" status: 204 len: 0 microversion: 1.0
Jul 20 08:03:55.379428 n-d-842687-3 devstack@placement-api.service[112548]: [pid: 112548|app: 0|req: 442/878] 10.222.0.60 () {60 vars in 1355 bytes} [Wed Jul 20 08:03:55 2022] DELETE /placement/allocations/08454816-bef9-472a-9b33-dd65cbcec224 => generated 0 bytes in 292 msecs (HTTP/1.1 204) 5 headers in 198 bytes (1 switches on core 0)
Jul 20 08:03:55.865191 n-d-842687-3 devstack@placement-api.service[112547]: DEBUG placement.requestlog [None req-83d4edc8-e642-45c1-80fc-aa9b78958c18 None None] Starting request: 10.222.0.40 "GET /placement/resource_providers/65ff5322-653d-4e82-a3ab-c808fd760534/aggregates" {{(pid=112547) __call__ /opt/stack/placement/placement/requestlog.py:55}}
Jul 20 08:03:55.881662 n-d-842687-3 devstack@placement-api.service[112547]: INFO placement.requestlog [None req-83d4edc8-e642-45c1-80fc-aa9b78958c18 service placement] 10.222.0.40 "GET /placement/resource_providers/65ff5322-653d-4e82-a3ab-c808fd760534/aggregates" status: 404 len: 235 microversion: 1.1
Jul 20 08:03:55.882013 n-d-842687-3 devstack@placement-api.service[112547]: [pid: 112547|app: 0|req: 437/879] 10.222.0.40 () {58 vars in 1362 bytes} [Wed Jul 20 08:03:55 2022] GET /placement/resource_providers/65ff5322-653d-4e82-a3ab-c808fd760534/aggregates => generated 235 bytes in 17 msecs (HTTP/1.1 404) 5 headers in 202 bytes (1 switches on core 0)
Jul 20 08:03:55.905258 n-d-842687-3 devstack@placement-api.service[112548]: DEBUG placement.requestlog [None req-268707e9-25c8-450e-9cc7-d1e60f4ec040 None None] Starting request: 10.222.0.40 "DELETE /placement/resource_providers/65ff5322-653d-4e82-a3ab-c808fd760534" {{(pid=112548) __call__ /opt/stack/placement/placement/requestlog.py:55}}
