May 26 17:38:05.714518 n-d-842687-2 devstack@placement-api.service[105662]: DEBUG placement.requestlog [req-b7fde3e7-5b47-419b-9b57-67c39a570188 req-3c244344-3121-4293-bac1-99933d1dfb13 None None] Starting request: 10.222.0.113 "GET /placement/allocations/719d5a7e-40d1-4790-89e9-33377a9b1104" {{(pid=105662) __call__ /opt/stack/placement/placement/requestlog.py:55}}
May 26 17:38:05.766262 n-d-842687-2 devstack@placement-api.service[105662]: INFO placement.requestlog [req-b7fde3e7-5b47-419b-9b57-67c39a570188 req-3c244344-3121-4293-bac1-99933d1dfb13 service placement] 10.222.0.113 "GET /placement/allocations/719d5a7e-40d1-4790-89e9-33377a9b1104" status: 200 len: 19 microversion: 1.28
May 26 17:38:05.767172 n-d-842687-2 devstack@placement-api.service[105662]: [pid: 105662|app: 0|req: 80/161] 10.222.0.113 () {60 vars in 1385 bytes} [Thu May 26 17:38:05 2022] GET /placement/allocations/719d5a7e-40d1-4790-89e9-33377a9b1104 => generated 19 bytes in 53 msecs (HTTP/1.1 200) 8 headers in 295 bytes (1 switches on core 0)
May 26 17:38:05.773256 n-d-842687-2 devstack@placement-api.service[105663]: DEBUG placement.requestlog [req-b7fde3e7-5b47-419b-9b57-67c39a570188 req-f4e81dfe-9ef6-43df-8afa-edc8af0b4fd0 None None] Starting request: 10.222.0.113 "PUT /placement/allocations/719d5a7e-40d1-4790-89e9-33377a9b1104" {{(pid=105663) __call__ /opt/stack/placement/placement/requestlog.py:55}}
May 26 17:38:05.939932 n-d-842687-2 devstack@placement-api.service[105662]: DEBUG placement.requestlog [req-10c57fcf-9bef-425f-a5a6-4c8a833d0c7d req-a08f8a5c-5253-4609-81fa-cbea46262df8 None None] Starting request: 10.222.0.97 "GET /placement/allocations/7c78c929-c02a-42c1-9fb5-038461bd2b04" {{(pid=105662) __call__ /opt/stack/placement/placement/requestlog.py:55}}
May 26 17:38:05.943826 n-d-842687-2 devstack@placement-api.service[105663]: DEBUG dbcounter [-] [105663] Writing DB stats placement:SELECT=90,placement:INSERT=5,placement:DELETE=3,placement:UPDATE=2 {{(pid=105663) stat_writer /usr/local/lib/python3.8/dist-packages/dbcounter.py:114}}
May 26 17:38:05.959574 n-d-842687-2 devstack@placement-api.service[105663]: DEBUG placement.handlers.allocation [req-b7fde3e7-5b47-419b-9b57-67c39a570188 req-f4e81dfe-9ef6-43df-8afa-edc8af0b4fd0 service placement] Successfully wrote allocations [, , ] {{(pid=105663) _update_consumers_and_create_allocations /opt/stack/placement/placement/handlers/allocation.py:462}}
May 26 17:38:05.960620 n-d-842687-2 devstack@placement-api.service[105662]: INFO placement.requestlog [req-10c57fcf-9bef-425f-a5a6-4c8a833d0c7d req-a08f8a5c-5253-4609-81fa-cbea46262df8 service placement] 10.222.0.97 "GET /placement/allocations/7c78c929-c02a-42c1-9fb5-038461bd2b04" status: 200 len: 259 microversion: 1.28
May 26 17:38:05.961068 n-d-842687-2 devstack@placement-api.service[105662]: [pid: 105662|app: 0|req: 81/162] 10.222.0.97 () {60 vars in 1381 bytes} [Thu May 26 17:38:05 2022] GET /placement/allocations/7c78c929-c02a-42c1-9fb5-038461bd2b04 => generated 259 bytes in 21 msecs (HTTP/1.1 200) 8 headers in 296 bytes (1 switches on core 0)
May 26 17:38:06.058981 n-d-842687-2 devstack@placement-api.service[105663]: INFO placement.requestlog [req-b7fde3e7-5b47-419b-9b57-67c39a570188 req-f4e81dfe-9ef6-43df-8afa-edc8af0b4fd0 service placement] 10.222.0.113 "PUT /placement/allocations/719d5a7e-40d1-4790-89e9-33377a9b1104" status: 204 len: 0 microversion: 1.36
May 26 17:38:06.059626 n-d-842687-2 devstack@placement-api.service[105663]: [pid: 105663|app: 0|req: 82/163] 10.222.0.113 () {64 vars in 1438 bytes} [Thu May 26 17:38:05 2022] PUT /placement/allocations/719d5a7e-40d1-4790-89e9-33377a9b1104 => generated 0 bytes in 287 msecs (HTTP/1.1 204) 5 headers in 199 bytes (1 switches on core 0)
May 26 17:38:08.938611 n-d-842687-2 devstack@placement-api.service[105662]: DEBUG placement.requestlog [req-b7fde3e7-5b47-419b-9b57-67c39a570188 req-ac4da49d-5c29-4695-b738-5f9f35e227d7 None None] Starting request: 10.222.0.97 "GET /placement/allocations/719d5a7e-40d1-4790-89e9-33377a9b1104" {{(pid=105662) __call__ /opt/stack/placement/placement/requestlog.py:55}}
May 26 17:38:08.975347 n-d-842687-2 devstack@placement-api.service[105662]: INFO placement.requestlog [req-b7fde3e7-5b47-419b-9b57-67c39a570188 req-ac4da49d-5c29-4695-b738-5f9f35e227d7 service placement] 10.222.0.97 "GET /placement/allocations/719d5a7e-40d1-4790-89e9-33377a9b1104" status: 200 len: 259 microversion: 1.28
May 26 17:38:08.975806 n-d-842687-2 devstack@placement-api.service[105662]: [pid: 105662|app: 0|req: 82/164] 10.222.0.97 () {60 vars in 1381 bytes} [Thu May 26 17:38:08 2022] GET /placement/allocations/719d5a7e-40d1-4790-89e9-33377a9b1104 => generated 259 bytes in 38 msecs (HTTP/1.1 200) 8 headers in 296 bytes (2 switches on core 0)
May 26 17:38:09.117011 n-d-842687-2 devstack@placement-api.service[105663]: DEBUG placement.requestlog [req-2d328b13-e609-465b-aab8-cf9de3a33417 req-c44738d8-411c-44c7-b192-946a548a3cb8 None None] Starting request: 10.222.0.113 "GET /placement/allocation_candidates?limit=1000&resources=DISK_GB%3A1%2CMEMORY_MB%3A1024%2CVCPU%3A1&root_required=%21COMPUTE_STATUS_DISABLED" {{(pid=105663) __call__ /opt/stack/placement/placement/requestlog.py:55}}
May 26 17:38:09.231947 n-d-842687-2 devstack@placement-api.service[105663]: DEBUG placement.objects.research_context [req-2d328b13-e609-465b-aab8-cf9de3a33417 req-c44738d8-411c-44c7-b192-946a548a3cb8 service placement] getting providers with 1 DISK_GB {{(pid=105663) __init__ /opt/stack/placement/placement/objects/research_context.py:136}}
May 26 17:38:09.241312 n-d-842687-2 devstack@placement-api.service[105663]: DEBUG placement.objects.research_context [req-2d328b13-e609-465b-aab8-cf9de3a33417 req-c44738d8-411c-44c7-b192-946a548a3cb8 service placement] getting providers with 1024 MEMORY_MB {{(pid=105663) __init__ /opt/stack/placement/placement/objects/research_context.py:136}}
May 26 17:38:09.247802 n-d-842687-2 devstack@placement-api.service[105663]: DEBUG placement.objects.research_context [req-2d328b13-e609-465b-aab8-cf9de3a33417 req-c44738d8-411c-44c7-b192-946a548a3cb8 service placement] getting providers with 1 VCPU {{(pid=105663) __init__ /opt/stack/placement/placement/objects/research_context.py:136}}
May 26 17:38:09.254210 n-d-842687-2 devstack@placement-api.service[105663]: DEBUG placement.objects.research_context [req-2d328b13-e609-465b-aab8-cf9de3a33417 req-c44738d8-411c-44c7-b192-946a548a3cb8 service placement] found 2 providers with available 1 DISK_GB {{(pid=105663) get_provider_ids_matching /opt/stack/placement/placement/objects/research_context.py:563}}
May 26 17:38:09.254864 n-d-842687-2 devstack@placement-api.service[105663]: DEBUG placement.objects.research_context [req-2d328b13-e609-465b-aab8-cf9de3a33417 req-c44738d8-411c-44c7-b192-946a548a3cb8 service placement] found 2 providers with available 1024 MEMORY_MB {{(pid=105663) get_provider_ids_matching /opt/stack/placement/placement/objects/research_context.py:563}}
May 26 17:38:09.255287 n-d-842687-2 devstack@placement-api.service[105663]: DEBUG placement.objects.research_context [req-2d328b13-e609-465b-aab8-cf9de3a33417 req-c44738d8-411c-44c7-b192-946a548a3cb8 service placement] found 2 providers after filtering by previous result {{(pid=105663) get_provider_ids_matching /opt/stack/placement/placement/objects/research_context.py:594}}
May 26 17:38:09.255702 n-d-842687-2 devstack@placement-api.service[105663]: DEBUG placement.objects.research_context [req-2d328b13-e609-465b-aab8-cf9de3a33417 req-c44738d8-411c-44c7-b192-946a548a3cb8 service placement] found 2 providers with available 1 VCPU {{(pid=105663) get_provider_ids_matching /opt/stack/placement/placement/objects/research_context.py:563}}
May 26 17:38:09.256123 n-d-842687-2 devstack@placement-api.service[105663]: DEBUG placement.objects.research_context [req-2d328b13-e609-465b-aab8-cf9de3a33417 req-c44738d8-411c-44c7-b192-946a548a3cb8 service placement] found 2 providers after filtering by previous result {{(pid=105663) get_provider_ids_matching /opt/stack/placement/placement/objects/research_context.py:594}}
May 26 17:38:09.270888 n-d-842687-2 devstack@placement-api.service[105663]: DEBUG placement.objects.allocation_candidate [req-2d328b13-e609-465b-aab8-cf9de3a33417 req-c44738d8-411c-44c7-b192-946a548a3cb8 service placement] RequestGroup(use_same_provider=False, resources={DISK_GB:1, MEMORY_MB:1024, VCPU:1}, traits=(), aggregates=[]) (suffix '') returned 2 matches {{(pid=105663) _get_by_requests /opt/stack/placement/placement/objects/allocation_candidate.py:156}}
May 26 17:38:09.271474 n-d-842687-2 devstack@placement-api.service[105663]: DEBUG placement.objects.allocation_candidate [req-2d328b13-e609-465b-aab8-cf9de3a33417 req-c44738d8-411c-44c7-b192-946a548a3cb8 service placement] Merging candidates yields 2 allocation requests and 2 provider summaries {{(pid=105663) _merge_candidates /opt/stack/placement/placement/objects/allocation_candidate.py:809}}
May 26 17:38:09.273372 n-d-842687-2 devstack@placement-api.service[105663]: INFO placement.requestlog [req-2d328b13-e609-465b-aab8-cf9de3a33417 req-c44738d8-411c-44c7-b192-946a548a3cb8 service placement] 10.222.0.113 "GET /placement/allocation_candidates?limit=1000&resources=DISK_GB%3A1%2CMEMORY_MB%3A1024%2CVCPU%3A1&root_required=%21COMPUTE_STATUS_DISABLED" status: 200 len: 1306 microversion: 1.36
May 26 17:38:09.279787 n-d-842687-2 devstack@placement-api.service[105663]: [pid: 105663|app: 0|req: 83/165] 10.222.0.113 () {60 vars in 1511 bytes} [Thu May 26 17:38:09 2022] GET /placement/allocation_candidates?limit=1000&resources=DISK_GB%3A1%2CMEMORY_MB%3A1024%2CVCPU%3A1&root_required=%21COMPUTE_STATUS_DISABLED => generated 1306 bytes in 163 msecs (HTTP/1.1 200) 8 headers in 297 bytes (1 switches on core 0)
May 26 17:38:09.428558 n-d-842687-2 devstack@placement-api.service[105662]: DEBUG placement.requestlog [req-2d328b13-e609-465b-aab8-cf9de3a33417 req-17b9bb2e-a269-408a-8ee5-538a612787d9 None None] Starting request: 10.222.0.113 "GET /placement/allocations/14c94cc2-3b45-4acb-ae76-acdfb8a9e92d" {{(pid=105662) __call__ /opt/stack/placement/placement/requestlog.py:55}}
May 26 17:38:09.452965 n-d-842687-2 devstack@placement-api.service[105662]: INFO placement.requestlog [req-2d328b13-e609-465b-aab8-cf9de3a33417 req-17b9bb2e-a269-408a-8ee5-538a612787d9 service placement] 10.222.0.113 "GET /placement/allocations/14c94cc2-3b45-4acb-ae76-acdfb8a9e92d" status: 200 len: 19 microversion: 1.28
May 26 17:38:09.458155 n-d-842687-2 devstack@placement-api.service[105662]: [pid: 105662|app: 0|req: 83/166] 10.222.0.113 () {60 vars in 1385 bytes} [Thu May 26 17:38:09 2022] GET /placement/allocations/14c94cc2-3b45-4acb-ae76-acdfb8a9e92d => generated 19 bytes in 30 msecs (HTTP/1.1 200) 8 headers in 295 bytes (1 switches on core 0)
May 26 17:38:09.460822 n-d-842687-2 devstack@placement-api.service[105663]: DEBUG placement.requestlog [req-2d328b13-e609-465b-aab8-cf9de3a33417 req-5c1ae159-594d-4581-8dcc-a70107d67a95 None None] Starting request: 10.222.0.113 "PUT /placement/allocations/14c94cc2-3b45-4acb-ae76-acdfb8a9e92d" {{(pid=105663) __call__ /opt/stack/placement/placement/requestlog.py:55}}
May 26 17:38:09.795424 n-d-842687-2 devstack@placement-api.service[105663]: DEBUG placement.handlers.allocation [req-2d328b13-e609-465b-aab8-cf9de3a33417 req-5c1ae159-594d-4581-8dcc-a70107d67a95 service placement] Successfully wrote allocations [, , ] {{(pid=105663) _update_consumers_and_create_allocations /opt/stack/placement/placement/handlers/allocation.py:462}}
May 26 17:38:09.861013 n-d-842687-2 devstack@placement-api.service[105662]: DEBUG placement.requestlog [req-ab7ca76a-8a9a-41c2-8dd4-5f4e3d4e8365 req-9c3ad651-9502-466b-9334-b7214dcbf065 None None] Starting request: 10.222.0.75 "GET /placement/resource_providers/f833a3aa-6dad-46bf-b51b-c7e5601f66a8/allocations" {{(pid=105662) __call__ /opt/stack/placement/placement/requestlog.py:55}}
May 26 17:38:09.881757 n-d-842687-2 devstack@placement-api.service[105662]: INFO placement.requestlog [req-ab7ca76a-8a9a-41c2-8dd4-5f4e3d4e8365 req-9c3ad651-9502-466b-9334-b7214dcbf065 service placement] 10.222.0.75 "GET /placement/resource_providers/f833a3aa-6dad-46bf-b51b-c7e5601f66a8/allocations" status: 200 len: 54 microversion: 1.0
May 26 17:38:09.882652 n-d-842687-2 devstack@placement-api.service[105662]: [pid: 105662|app: 0|req: 84/167] 10.222.0.75 () {58 vars in 1394 bytes} [Thu May 26 17:38:09 2022] GET /placement/resource_providers/f833a3aa-6dad-46bf-b51b-c7e5601f66a8/allocations => generated 54 bytes in 22 msecs (HTTP/1.1 200) 6 headers in 223 bytes (2 switches on core 0)
May 26 17:38:09.905359 n-d-842687-2 devstack@placement-api.service[105663]: INFO placement.requestlog [req-2d328b13-e609-465b-aab8-cf9de3a33417 req-5c1ae159-594d-4581-8dcc-a70107d67a95 service placement] 10.222.0.113 "PUT /placement/allocations/14c94cc2-3b45-4acb-ae76-acdfb8a9e92d" status: 204 len: 0 microversion: 1.36
May 26 17:38:09.905963 n-d-842687-2 devstack@placement-api.service[105663]: [pid: 105663|app: 0|req: 84/168] 10.222.0.113 () {64 vars in 1438 bytes} [Thu May 26 17:38:09 2022] PUT /placement/allocations/14c94cc2-3b45-4acb-ae76-acdfb8a9e92d => generated 0 bytes in 445 msecs (HTTP/1.1 204) 5 headers in 199 bytes (1 switches on core 0)
May 26 17:38:12.858673 n-d-842687-2 devstack@placement-api.service[105662]: DEBUG placement.requestlog [req-7fc7b20e-fa5b-4bf8-90c6-ac078f972163 req-45b48473-dd4f-4ce9-8c58-e4b52b5385f0 None None] Starting request: 10.222.0.97 "DELETE /placement/allocations/08763e93-ded5-40e7-b586-96538dceaf22" {{(pid=105662) __call__ /opt/stack/placement/placement/requestlog.py:55}}
May 26 17:38:13.042566 n-d-842687-2 devstack@placement-api.service[105663]: DEBUG placement.requestlog [req-2d328b13-e609-465b-aab8-cf9de3a33417 req-7e7fd8c8-5b22-43d7-a127-4260ce7d7b24 None None] Starting request: 10.222.0.97 "GET /placement/allocations/14c94cc2-3b45-4acb-ae76-acdfb8a9e92d" {{(pid=105663) __call__ /opt/stack/placement/placement/requestlog.py:55}}
May 26 17:38:13.069931 n-d-842687-2 devstack@placement-api.service[105663]: INFO placement.requestlog [req-2d328b13-e609-465b-aab8-cf9de3a33417 req-7e7fd8c8-5b22-43d7-a127-4260ce7d7b24 service placement] 10.222.0.97 "GET /placement/allocations/14c94cc2-3b45-4acb-ae76-acdfb8a9e92d" status: 200 len: 259 microversion: 1.28
May 26 17:38:13.070334 n-d-842687-2 devstack@placement-api.service[105663]: [pid: 105663|app: 0|req: 85/169] 10.222.0.97 () {60 vars in 1381 bytes} [Thu May 26 17:38:13 2022] GET /placement/allocations/14c94cc2-3b45-4acb-ae76-acdfb8a9e92d => generated 259 bytes in 28 msecs (HTTP/1.1 200) 8 headers in 296 bytes (2 switches on core 0)
May 26 17:38:13.152869 n-d-842687-2 devstack@placement-api.service[105662]: DEBUG placement.handlers.allocation [req-7fc7b20e-fa5b-4bf8-90c6-ac078f972163 req-45b48473-dd4f-4ce9-8c58-e4b52b5385f0 service placement] Successfully deleted allocations [, , ] {{(pid=105662) delete_allocations /opt/stack/placement/placement/handlers/allocation.py:627}}
May 26 17:38:13.153504 n-d-842687-2 devstack@placement-api.service[105662]: INFO placement.requestlog [req-7fc7b20e-fa5b-4bf8-90c6-ac078f972163 req-45b48473-dd4f-4ce9-8c58-e4b52b5385f0 service placement] 10.222.0.97 "DELETE /placement/allocations/08763e93-ded5-40e7-b586-96538dceaf22" status: 204 len: 0 microversion: 1.0
May 26 17:38:13.154264 n-d-842687-2 devstack@placement-api.service[105662]: [pid: 105662|app: 0|req: 85/170] 10.222.0.97 () {60 vars in 1359 bytes} [Thu May 26 17:38:12 2022] DELETE /placement/allocations/08763e93-ded5-40e7-b586-96538dceaf22 => generated 0 bytes in 296 msecs (HTTP/1.1 204) 5 headers in 198 bytes (2 switches on core 0)
May 26 17:38:14.381665 n-d-842687-2 devstack@placement-api.service[105663]: DEBUG placement.requestlog [req-06856d30-bd59-413e-9386-73cfc39939af req-212085a9-86c4-4cc0-a247-b8471aaf013c None None] Starting request: 10.222.0.113 "GET /placement/allocation_candidates?limit=1000&resources=DISK_GB%3A1%2CMEMORY_MB%3A1024%2CVCPU%3A1&root_required=%21COMPUTE_STATUS_DISABLED" {{(pid=105663) __call__ /opt/stack/placement/placement/requestlog.py:55}}
May 26 17:38:14.427298 n-d-842687-2 devstack@placement-api.service[105663]: DEBUG placement.objects.research_context [req-06856d30-bd59-413e-9386-73cfc39939af req-212085a9-86c4-4cc0-a247-b8471aaf013c service placement] getting providers with 1 DISK_GB {{(pid=105663) __init__ /opt/stack/placement/placement/objects/research_context.py:136}}
May 26 17:38:14.427298 n-d-842687-2 devstack@placement-api.service[105663]: DEBUG placement.objects.research_context [req-06856d30-bd59-413e-9386-73cfc39939af req-212085a9-86c4-4cc0-a247-b8471aaf013c service placement] getting providers with 1024 MEMORY_MB {{(pid=105663) __init__ /opt/stack/placement/placement/objects/research_context.py:136}}
May 26 17:38:14.427298 n-d-842687-2 devstack@placement-api.service[105663]: DEBUG placement.objects.research_context [req-06856d30-bd59-413e-9386-73cfc39939af req-212085a9-86c4-4cc0-a247-b8471aaf013c service placement] getting providers with 1 VCPU {{(pid=105663) __init__ /opt/stack/placement/placement/objects/research_context.py:136}}
May 26 17:38:14.432012 n-d-842687-2 devstack@placement-api.service[105663]: DEBUG placement.objects.research_context [req-06856d30-bd59-413e-9386-73cfc39939af req-212085a9-86c4-4cc0-a247-b8471aaf013c service placement] found 2 providers with available 1 DISK_GB {{(pid=105663) get_provider_ids_matching /opt/stack/placement/placement/objects/research_context.py:563}}
May 26 17:38:14.432288 n-d-842687-2 devstack@placement-api.service[105663]: DEBUG placement.objects.research_context [req-06856d30-bd59-413e-9386-73cfc39939af req-212085a9-86c4-4cc0-a247-b8471aaf013c service placement] found 2 providers with available 1024 MEMORY_MB {{(pid=105663) get_provider_ids_matching /opt/stack/placement/placement/objects/research_context.py:563}}
May 26 17:38:14.432557 n-d-842687-2 devstack@placement-api.service[105663]: DEBUG placement.objects.research_context [req-06856d30-bd59-413e-9386-73cfc39939af req-212085a9-86c4-4cc0-a247-b8471aaf013c service placement] found 2 providers after filtering by previous result {{(pid=105663) get_provider_ids_matching /opt/stack/placement/placement/objects/research_context.py:594}}
May 26 17:38:14.432814 n-d-842687-2 devstack@placement-api.service[105663]: DEBUG placement.objects.research_context [req-06856d30-bd59-413e-9386-73cfc39939af req-212085a9-86c4-4cc0-a247-b8471aaf013c service placement] found 2 providers with available 1 VCPU {{(pid=105663) get_provider_ids_matching /opt/stack/placement/placement/objects/research_context.py:563}}
May 26 17:38:14.433073 n-d-842687-2 devstack@placement-api.service[105663]: DEBUG placement.objects.research_context [req-06856d30-bd59-413e-9386-73cfc39939af req-212085a9-86c4-4cc0-a247-b8471aaf013c service placement] found 2 providers after filtering by previous result {{(pid=105663) get_provider_ids_matching /opt/stack/placement/placement/objects/research_context.py:594}}
May 26 17:38:14.444315 n-d-842687-2 devstack@placement-api.service[105663]: DEBUG placement.objects.allocation_candidate [req-06856d30-bd59-413e-9386-73cfc39939af req-212085a9-86c4-4cc0-a247-b8471aaf013c service placement] RequestGroup(use_same_provider=False, resources={DISK_GB:1, MEMORY_MB:1024, VCPU:1}, traits=(), aggregates=[]) (suffix '') returned 2 matches {{(pid=105663) _get_by_requests /opt/stack/placement/placement/objects/allocation_candidate.py:156}}
May 26 17:38:14.444683 n-d-842687-2 devstack@placement-api.service[105663]: DEBUG placement.objects.allocation_candidate [req-06856d30-bd59-413e-9386-73cfc39939af req-212085a9-86c4-4cc0-a247-b8471aaf013c service placement] Merging candidates yields 2 allocation requests and 2 provider summaries {{(pid=105663) _merge_candidates /opt/stack/placement/placement/objects/allocation_candidate.py:809}}
May 26 17:38:14.446233 n-d-842687-2 devstack@placement-api.service[105663]: INFO placement.requestlog [req-06856d30-bd59-413e-9386-73cfc39939af req-212085a9-86c4-4cc0-a247-b8471aaf013c service placement] 10.222.0.113 "GET /placement/allocation_candidates?limit=1000&resources=DISK_GB%3A1%2CMEMORY_MB%3A1024%2CVCPU%3A1&root_required=%21COMPUTE_STATUS_DISABLED" status: 200 len: 1306 microversion: 1.36
May 26 17:38:14.446886 n-d-842687-2 devstack@placement-api.service[105663]: [pid: 105663|app: 0|req: 86/171] 10.222.0.113 () {60 vars in 1511 bytes} [Thu May 26 17:38:14 2022] GET /placement/allocation_candidates?limit=1000&resources=DISK_GB%3A1%2CMEMORY_MB%3A1024%2CVCPU%3A1&root_required=%21COMPUTE_STATUS_DISABLED => generated 1306 bytes in 65 msecs (HTTP/1.1 200) 8 headers in 297 bytes (1 switches on core 0)
May 26 17:38:14.517034 n-d-842687-2 devstack@placement-api.service[105662]: DEBUG placement.requestlog [req-06856d30-bd59-413e-9386-73cfc39939af req-84e20597-62d9-4814-97db-0bb348ddf6ea None None] Starting request: 10.222.0.113 "GET /placement/allocations/bf43dd1b-f433-48c9-a603-90343808e6c4" {{(pid=105662) __call__ /opt/stack/placement/placement/requestlog.py:55}}
May 26 17:38:14.541564 n-d-842687-2 devstack@placement-api.service[105662]: INFO placement.requestlog [req-06856d30-bd59-413e-9386-73cfc39939af req-84e20597-62d9-4814-97db-0bb348ddf6ea service placement] 10.222.0.113 "GET /placement/allocations/bf43dd1b-f433-48c9-a603-90343808e6c4" status: 200 len: 19 microversion: 1.28
May 26 17:38:14.542296 n-d-842687-2 devstack@placement-api.service[105662]: [pid: 105662|app: 0|req: 86/172] 10.222.0.113 () {60 vars in 1385 bytes} [Thu May 26 17:38:14 2022] GET /placement/allocations/bf43dd1b-f433-48c9-a603-90343808e6c4 => generated 19 bytes in 26 msecs (HTTP/1.1 200) 8 headers in 295 bytes (1 switches on core 0)
May 26 17:38:14.553840 n-d-842687-2 devstack@placement-api.service[105663]: DEBUG placement.requestlog [req-06856d30-bd59-413e-9386-73cfc39939af req-4222498a-3964-4b39-aa8a-a94b21cb428d None None] Starting request: 10.222.0.113 "PUT /placement/allocations/bf43dd1b-f433-48c9-a603-90343808e6c4" {{(pid=105663) __call__ /opt/stack/placement/placement/requestlog.py:55}}
May 26 17:38:14.696130 n-d-842687-2 devstack@placement-api.service[105663]: DEBUG placement.handlers.allocation [req-06856d30-bd59-413e-9386-73cfc39939af req-4222498a-3964-4b39-aa8a-a94b21cb428d service placement] Successfully wrote allocations [, , ] {{(pid=105663) _update_consumers_and_create_allocations /opt/stack/placement/placement/handlers/allocation.py:462}}
May 26 17:38:14.836172 n-d-842687-2 devstack@placement-api.service[105663]: INFO placement.requestlog [req-06856d30-bd59-413e-9386-73cfc39939af req-4222498a-3964-4b39-aa8a-a94b21cb428d service placement] 10.222.0.113 "PUT /placement/allocations/bf43dd1b-f433-48c9-a603-90343808e6c4" status: 204 len: 0 microversion: 1.36
May 26 17:38:14.836598 n-d-842687-2 devstack@placement-api.service[105663]: [pid: 105663|app: 0|req: 87/173] 10.222.0.113 () {64 vars in 1438 bytes} [Thu May 26 17:38:14 2022] PUT /placement/allocations/bf43dd1b-f433-48c9-a603-90343808e6c4 => generated 0 bytes in 288 msecs (HTTP/1.1 204) 5 headers in 199 bytes (1 switches on core 0)
May 26 17:38:17.868393 n-d-842687-2 devstack@placement-api.service[105662]: DEBUG placement.requestlog [req-00f0e8c4-95eb-46d4-86fc-7aabf240f75b req-9e33bae9-45fa-4897-a12c-15512ddac6e3 None None] Starting request: 10.222.0.97 "DELETE /placement/allocations/5070179b-6ae9-41e9-aaa4-46c1bf64cb57" {{(pid=105662) __call__ /opt/stack/placement/placement/requestlog.py:55}}
May 26 17:38:18.174787 n-d-842687-2 devstack@placement-api.service[105662]: DEBUG placement.handlers.allocation [req-00f0e8c4-95eb-46d4-86fc-7aabf240f75b req-9e33bae9-45fa-4897-a12c-15512ddac6e3 service placement] Successfully deleted allocations [, , ] {{(pid=105662) delete_allocations /opt/stack/placement/placement/handlers/allocation.py:627}}
May 26 17:38:18.175362 n-d-842687-2 devstack@placement-api.service[105662]: INFO placement.requestlog [req-00f0e8c4-95eb-46d4-86fc-7aabf240f75b req-9e33bae9-45fa-4897-a12c-15512ddac6e3 service placement] 10.222.0.97 "DELETE /placement/allocations/5070179b-6ae9-41e9-aaa4-46c1bf64cb57" status: 204 len: 0 microversion: 1.0
May 26 17:38:18.176271 n-d-842687-2 devstack@placement-api.service[105662]: [pid: 105662|app: 0|req: 87/174] 10.222.0.97 () {60 vars in 1359 bytes} [Thu May 26 17:38:17 2022] DELETE /placement/allocations/5070179b-6ae9-41e9-aaa4-46c1bf64cb57 => generated 0 bytes in 308 msecs (HTTP/1.1 204) 5 headers in 198 bytes (1 switches on core 0)
May 26 17:38:18.867032 n-d-842687-2 devstack@placement-api.service[105663]: DEBUG placement.requestlog [req-0cf003a1-ff3c-4377-aaf9-fea12bdb5da4 req-4355f64c-0e6a-43a0-9777-e55e973affda None None] Starting request: 10.222.0.113 "GET /placement/allocation_candidates?limit=1000&resources=DISK_GB%3A2%2CMEMORY_MB%3A1024%2CVCPU%3A1&root_required=%21COMPUTE_STATUS_DISABLED" {{(pid=105663) __call__ /opt/stack/placement/placement/requestlog.py:55}}
May 26 17:38:18.906837 n-d-842687-2 devstack@placement-api.service[105663]: DEBUG placement.objects.research_context [req-0cf003a1-ff3c-4377-aaf9-fea12bdb5da4 req-4355f64c-0e6a-43a0-9777-e55e973affda service placement] getting providers with 2 DISK_GB {{(pid=105663) __init__ /opt/stack/placement/placement/objects/research_context.py:136}}
May 26 17:38:18.912392 n-d-842687-2 devstack@placement-api.service[105663]: DEBUG placement.objects.research_context [req-0cf003a1-ff3c-4377-aaf9-fea12bdb5da4 req-4355f64c-0e6a-43a0-9777-e55e973affda service placement] getting providers with 1024 MEMORY_MB {{(pid=105663) __init__ /opt/stack/placement/placement/objects/research_context.py:136}}
May 26 17:38:18.917933 n-d-842687-2 devstack@placement-api.service[105663]: DEBUG placement.objects.research_context [req-0cf003a1-ff3c-4377-aaf9-fea12bdb5da4 req-4355f64c-0e6a-43a0-9777-e55e973affda service placement] getting providers with 1 VCPU {{(pid=105663) __init__ /opt/stack/placement/placement/objects/research_context.py:136}}
May 26 17:38:18.923155 n-d-842687-2 devstack@placement-api.service[105663]: DEBUG placement.objects.research_context [req-0cf003a1-ff3c-4377-aaf9-fea12bdb5da4 req-4355f64c-0e6a-43a0-9777-e55e973affda service placement] found 2 providers with available 2 DISK_GB {{(pid=105663) get_provider_ids_matching /opt/stack/placement/placement/objects/research_context.py:563}}
May 26 17:38:18.923437 n-d-842687-2 devstack@placement-api.service[105663]: DEBUG placement.objects.research_context [req-0cf003a1-ff3c-4377-aaf9-fea12bdb5da4 req-4355f64c-0e6a-43a0-9777-e55e973affda service placement] found 2 providers with available 1024 MEMORY_MB {{(pid=105663) get_provider_ids_matching /opt/stack/placement/placement/objects/research_context.py:563}}
May 26 17:38:18.923711 n-d-842687-2 devstack@placement-api.service[105663]: DEBUG placement.objects.research_context [req-0cf003a1-ff3c-4377-aaf9-fea12bdb5da4 req-4355f64c-0e6a-43a0-9777-e55e973affda service placement] found 2 providers after filtering by previous result {{(pid=105663) get_provider_ids_matching /opt/stack/placement/placement/objects/research_context.py:594}}
May 26 17:38:18.923973 n-d-842687-2 devstack@placement-api.service[105663]: DEBUG placement.objects.research_context [req-0cf003a1-ff3c-4377-aaf9-fea12bdb5da4 req-4355f64c-0e6a-43a0-9777-e55e973affda service placement] found 2 providers with available 1 VCPU {{(pid=105663) get_provider_ids_matching /opt/stack/placement/placement/objects/research_context.py:563}}
May 26 17:38:18.924239 n-d-842687-2 devstack@placement-api.service[105663]: DEBUG placement.objects.research_context [req-0cf003a1-ff3c-4377-aaf9-fea12bdb5da4 req-4355f64c-0e6a-43a0-9777-e55e973affda service placement] found 2 providers after filtering by previous result {{(pid=105663) get_provider_ids_matching /opt/stack/placement/placement/objects/research_context.py:594}}
May 26 17:38:18.936187 n-d-842687-2 devstack@placement-api.service[105663]: DEBUG placement.objects.allocation_candidate [req-0cf003a1-ff3c-4377-aaf9-fea12bdb5da4 req-4355f64c-0e6a-43a0-9777-e55e973affda service placement] RequestGroup(use_same_provider=False, resources={DISK_GB:2, MEMORY_MB:1024, VCPU:1}, traits=(), aggregates=[]) (suffix '') returned 2 matches {{(pid=105663) _get_by_requests /opt/stack/placement/placement/objects/allocation_candidate.py:156}}
May 26 17:38:18.936630 n-d-842687-2 devstack@placement-api.service[105663]: DEBUG placement.objects.allocation_candidate [req-0cf003a1-ff3c-4377-aaf9-fea12bdb5da4 req-4355f64c-0e6a-43a0-9777-e55e973affda service placement] Merging candidates yields 2 allocation requests and 2 provider summaries {{(pid=105663) _merge_candidates /opt/stack/placement/placement/objects/allocation_candidate.py:809}}
May 26 17:38:18.938674 n-d-842687-2 devstack@placement-api.service[105663]: INFO placement.requestlog [req-0cf003a1-ff3c-4377-aaf9-fea12bdb5da4 req-4355f64c-0e6a-43a0-9777-e55e973affda service placement] 10.222.0.113 "GET /placement/allocation_candidates?limit=1000&resources=DISK_GB%3A2%2CMEMORY_MB%3A1024%2CVCPU%3A1&root_required=%21COMPUTE_STATUS_DISABLED" status: 200 len: 1306 microversion: 1.36
May 26 17:38:18.939217 n-d-842687-2 devstack@placement-api.service[105663]: [pid: 105663|app: 0|req: 88/175] 10.222.0.113 () {60 vars in 1511 bytes} [Thu May 26 17:38:18 2022] GET /placement/allocation_candidates?limit=1000&resources=DISK_GB%3A2%2CMEMORY_MB%3A1024%2CVCPU%3A1&root_required=%21COMPUTE_STATUS_DISABLED => generated 1306 bytes in 72 msecs (HTTP/1.1 200) 8 headers in 297 bytes (1 switches on core 0)
May 26 17:38:19.000842 n-d-842687-2 devstack@placement-api.service[105662]: DEBUG placement.requestlog [req-0cf003a1-ff3c-4377-aaf9-fea12bdb5da4 req-372da6ec-07c8-4343-bb14-ca6ff3d8f9d4 None None] Starting request: 10.222.0.113 "GET /placement/allocations/9364d13c-3668-4c0a-8b42-c5475f2ccbde" {{(pid=105662) __call__ /opt/stack/placement/placement/requestlog.py:55}}
May 26 17:38:19.011632 n-d-842687-2 devstack@placement-api.service[105662]: INFO placement.requestlog [req-0cf003a1-ff3c-4377-aaf9-fea12bdb5da4 req-372da6ec-07c8-4343-bb14-ca6ff3d8f9d4 service placement] 10.222.0.113 "GET /placement/allocations/9364d13c-3668-4c0a-8b42-c5475f2ccbde" status: 200 len: 19 microversion: 1.28
May 26 17:38:19.011984 n-d-842687-2 devstack@placement-api.service[105662]: [pid: 105662|app: 0|req: 88/176] 10.222.0.113 () {60 vars in 1385 bytes} [Thu May 26 17:38:18 2022] GET /placement/allocations/9364d13c-3668-4c0a-8b42-c5475f2ccbde => generated 19 bytes in 11 msecs (HTTP/1.1 200) 8 headers in 295 bytes (2 switches on core 0)
May 26 17:38:19.019541 n-d-842687-2 devstack@placement-api.service[105663]: DEBUG placement.requestlog [req-0cf003a1-ff3c-4377-aaf9-fea12bdb5da4 req-0ffa75cf-afcd-4265-8e89-ff08fcee561c None None] Starting request: 10.222.0.113 "PUT /placement/allocations/9364d13c-3668-4c0a-8b42-c5475f2ccbde" {{(pid=105663) __call__ /opt/stack/placement/placement/requestlog.py:55}}
May 26 17:38:19.040633 n-d-842687-2 devstack@placement-api.service[105663]: DEBUG dbcounter [-] [105663] Writing DB stats placement:INSERT=13,placement:UPDATE=6,placement:SELECT=76,placement:DELETE=5 {{(pid=105663) stat_writer /usr/local/lib/python3.8/dist-packages/dbcounter.py:114}}
May 26 17:38:19.084432 n-d-842687-2 devstack@placement-api.service[105662]: DEBUG placement.requestlog [req-06856d30-bd59-413e-9386-73cfc39939af req-5df085a7-a1e7-49b6-9e12-3fbe8bd643e4 None None] Starting request: 10.222.0.97 "GET /placement/allocations/bf43dd1b-f433-48c9-a603-90343808e6c4" {{(pid=105662) __call__ /opt/stack/placement/placement/requestlog.py:55}}
May 26 17:38:19.101133 n-d-842687-2 devstack@placement-api.service[105662]: INFO placement.requestlog [req-06856d30-bd59-413e-9386-73cfc39939af req-5df085a7-a1e7-49b6-9e12-3fbe8bd643e4 service placement] 10.222.0.97 "GET /placement/allocations/bf43dd1b-f433-48c9-a603-90343808e6c4" status: 200 len: 259 microversion: 1.28
May 26 17:38:19.101693 n-d-842687-2 devstack@placement-api.service[105662]: [pid: 105662|app: 0|req: 89/177] 10.222.0.97 () {60 vars in 1381 bytes} [Thu May 26 17:38:19 2022] GET /placement/allocations/bf43dd1b-f433-48c9-a603-90343808e6c4 => generated 259 bytes in 18 msecs (HTTP/1.1 200) 8 headers in 296 bytes (2 switches on core 0)
May 26 17:38:19.194598 n-d-842687-2 devstack@placement-api.service[105663]: DEBUG placement.handlers.allocation [req-0cf003a1-ff3c-4377-aaf9-fea12bdb5da4 req-0ffa75cf-afcd-4265-8e89-ff08fcee561c service placement] Successfully wrote allocations [, , ] {{(pid=105663) _update_consumers_and_create_allocations /opt/stack/placement/placement/handlers/allocation.py:462}}
May 26 17:38:19.296155 n-d-842687-2 devstack@placement-api.service[105663]: INFO placement.requestlog [req-0cf003a1-ff3c-4377-aaf9-fea12bdb5da4 req-0ffa75cf-afcd-4265-8e89-ff08fcee561c service placement] 10.222.0.113 "PUT /placement/allocations/9364d13c-3668-4c0a-8b42-c5475f2ccbde" status: 204 len: 0 microversion: 1.36
May 26 17:38:19.305284 n-d-842687-2 devstack@placement-api.service[105663]: [pid: 105663|app: 0|req: 89/178] 10.222.0.113 () {64 vars in 1438 bytes} [Thu May 26 17:38:19 2022] PUT /placement/allocations/9364d13c-3668-4c0a-8b42-c5475f2ccbde => generated 0 bytes in 280 msecs (HTTP/1.1 204) 5 headers in 199 bytes (1 switches on core 0)
May 26 17:38:23.520211 n-d-842687-2 devstack@placement-api.service[105662]: DEBUG placement.requestlog [req-0cf003a1-ff3c-4377-aaf9-fea12bdb5da4 req-d534e31b-f095-4b94-ba72-fe6b772c9a64 None None] Starting request: 10.222.0.97 "GET /placement/allocations/9364d13c-3668-4c0a-8b42-c5475f2ccbde" {{(pid=105662) __call__ /opt/stack/placement/placement/requestlog.py:55}}
May 26 17:38:23.541032 n-d-842687-2 devstack@placement-api.service[105662]: INFO placement.requestlog [req-0cf003a1-ff3c-4377-aaf9-fea12bdb5da4 req-d534e31b-f095-4b94-ba72-fe6b772c9a64 service placement] 10.222.0.97 "GET /placement/allocations/9364d13c-3668-4c0a-8b42-c5475f2ccbde" status: 200 len: 259 microversion: 1.28
May 26 17:38:23.541980 n-d-842687-2 devstack@placement-api.service[105662]: [pid: 105662|app: 0|req: 90/179] 10.222.0.97 () {60 vars in 1381 bytes} [Thu May 26 17:38:23 2022] GET /placement/allocations/9364d13c-3668-4c0a-8b42-c5475f2ccbde => generated 259 bytes in 22 msecs (HTTP/1.1 200) 8 headers in 296 bytes (1 switches on core 0)
May 26 17:38:28.313337 n-d-842687-2 devstack@placement-api.service[105663]: DEBUG placement.requestlog [req-4c808ce8-a6c6-42f4-b3f2-c19f25459345 req-42adeecd-6d2c-4c92-90c0-53c225dec237 None None] Starting request: 10.222.0.97 "DELETE /placement/allocations/975e3593-ad84-44d6-9792-e57a18b3e658" {{(pid=105663) __call__ /opt/stack/placement/placement/requestlog.py:55}}
May 26 17:38:28.317979 n-d-842687-2 devstack@placement-api.service[105662]: DEBUG placement.requestlog [req-241321ad-0e49-4c42-b84f-1256e9be01ad req-f344983e-9ad8-4a4f-a00d-99fc2ad21e50 None None] Starting request: 10.222.0.97 "DELETE /placement/allocations/71cdecc3-d4b7-4d5d-a10e-636063ae135a" {{(pid=105662) __call__ /opt/stack/placement/placement/requestlog.py:55}}
May 26 17:38:28.638690 n-d-842687-2 devstack@placement-api.service[105663]: DEBUG placement.handlers.allocation [req-4c808ce8-a6c6-42f4-b3f2-c19f25459345 req-42adeecd-6d2c-4c92-90c0-53c225dec237 service placement] Successfully deleted allocations [, , ] {{(pid=105663) delete_allocations /opt/stack/placement/placement/handlers/allocation.py:627}}
May 26 17:38:28.639351 n-d-842687-2 devstack@placement-api.service[105662]: DEBUG placement.handlers.allocation [req-241321ad-0e49-4c42-b84f-1256e9be01ad req-f344983e-9ad8-4a4f-a00d-99fc2ad21e50 service placement] Successfully deleted allocations [, , ] {{(pid=105662) delete_allocations /opt/stack/placement/placement/handlers/allocation.py:627}}
May 26 17:38:28.639500 n-d-842687-2 devstack@placement-api.service[105663]: INFO placement.requestlog [req-4c808ce8-a6c6-42f4-b3f2-c19f25459345 req-42adeecd-6d2c-4c92-90c0-53c225dec237 service placement] 10.222.0.97 "DELETE /placement/allocations/975e3593-ad84-44d6-9792-e57a18b3e658" status: 204 len: 0 microversion: 1.0
May 26 17:38:28.640150 n-d-842687-2 devstack@placement-api.service[105662]: INFO placement.requestlog [req-241321ad-0e49-4c42-b84f-1256e9be01ad req-f344983e-9ad8-4a4f-a00d-99fc2ad21e50 service placement] 10.222.0.97 "DELETE /placement/allocations/71cdecc3-d4b7-4d5d-a10e-636063ae135a" status: 204 len: 0 microversion: 1.0
May 26 17:38:28.640275 n-d-842687-2 devstack@placement-api.service[105663]: [pid: 105663|app: 0|req: 90/180] 10.222.0.97 () {60 vars in 1359 bytes} [Thu May 26 17:38:28 2022] DELETE /placement/allocations/975e3593-ad84-44d6-9792-e57a18b3e658 => generated 0 bytes in 327 msecs (HTTP/1.1 204) 5 headers in 198 bytes (1 switches on core 0)
May 26 17:38:28.640780 n-d-842687-2 devstack@placement-api.service[105662]: [pid: 105662|app: 0|req: 91/181] 10.222.0.97 () {60 vars in 1359 bytes} [Thu May 26 17:38:28 2022] DELETE /placement/allocations/71cdecc3-d4b7-4d5d-a10e-636063ae135a => generated 0 bytes in 323 msecs (HTTP/1.1 204) 5 headers in 198 bytes (1 switches on core 0)
May 26 17:38:28.640908 n-d-842687-2 devstack@placement-api.service[105663]: DEBUG placement.requestlog [req-71537c97-ff3a-4f14-82b4-acc51de2e0a1 req-019d0e92-0c1b-4cae-869b-634b9b872e8c None None] Starting request: 10.222.0.97 "GET /placement/allocations/848260a4-bed7-4882-a034-a75a2f75db08" {{(pid=105663) __call__ /opt/stack/placement/placement/requestlog.py:55}}
May 26 17:38:28.689957 n-d-842687-2 devstack@placement-api.service[105663]: INFO placement.requestlog [req-71537c97-ff3a-4f14-82b4-acc51de2e0a1 req-019d0e92-0c1b-4cae-869b-634b9b872e8c service placement] 10.222.0.97 "GET /placement/allocations/848260a4-bed7-4882-a034-a75a2f75db08" status: 200 len: 259 microversion: 1.28
May 26 17:38:28.690293 n-d-842687-2 devstack@placement-api.service[105663]: [pid: 105663|app: 0|req: 91/182] 10.222.0.97 () {60 vars in 1381 bytes} [Thu May 26 17:38:28 2022] GET /placement/allocations/848260a4-bed7-4882-a034-a75a2f75db08 => generated 259 bytes in 49 msecs (HTTP/1.1 200) 8 headers in 296 bytes (1 switches on core 0)
May 26 17:38:31.126218 n-d-842687-2 devstack@placement-api.service[105662]: DEBUG placement.requestlog [None req-111fa8f5-346f-4dcf-97e7-041187f024f3 None None] Starting request: 10.222.0.113 "GET /placement/" {{(pid=105662) __call__ /opt/stack/placement/placement/requestlog.py:55}}
May 26 17:38:31.127210 n-d-842687-2 devstack@placement-api.service[105662]: INFO placement.requestlog [None req-111fa8f5-346f-4dcf-97e7-041187f024f3 None None] 10.222.0.113 "GET /placement/" status: 200 len: 136 microversion: 1.0
May 26 17:38:31.127543 n-d-842687-2 devstack@placement-api.service[105662]: [pid: 105662|app: 0|req: 92/183] 10.222.0.113 () {54 vars in 921 bytes} [Thu May 26 17:38:31 2022] GET /placement => generated 136 bytes in 2 msecs (HTTP/1.1 200) 6 headers in 224 bytes (1 switches on core 0)
May 26 17:38:31.151048 n-d-842687-2 devstack@placement-api.service[105663]: DEBUG placement.requestlog [req-8fd75aed-0ea8-4e4f-963a-3d17a1c7d6f2 req-f47bc9bd-14d2-4dfa-8151-39a05ae68f34 None None] Starting request: 10.222.0.113 "GET /placement/allocations/7c78c929-c02a-42c1-9fb5-038461bd2b04" {{(pid=105663) __call__ /opt/stack/placement/placement/requestlog.py:55}}
May 26 17:38:31.285621 n-d-842687-2 devstack@placement-api.service[105663]: INFO placement.requestlog [req-8fd75aed-0ea8-4e4f-963a-3d17a1c7d6f2 req-f47bc9bd-14d2-4dfa-8151-39a05ae68f34 service placement] 10.222.0.113 "GET /placement/allocations/7c78c929-c02a-42c1-9fb5-038461bd2b04" status: 200 len: 259 microversion: 1.28
May 26 17:38:31.286622 n-d-842687-2 devstack@placement-api.service[105663]: [pid: 105663|app: 0|req: 92/184] 10.222.0.113 () {60 vars in 1385 bytes} [Thu May 26 17:38:31 2022] GET /placement/allocations/7c78c929-c02a-42c1-9fb5-038461bd2b04 => generated 259 bytes in 136 msecs (HTTP/1.1 200) 8 headers in 296 bytes (1 switches on core 0)
May 26 17:38:31.295388 n-d-842687-2 devstack@placement-api.service[105662]: DEBUG placement.requestlog [req-8fd75aed-0ea8-4e4f-963a-3d17a1c7d6f2 req-4c348665-3fdf-498d-8947-0d2389e27194 None None] Starting request: 10.222.0.113 "GET /placement/allocations/7c78c929-c02a-42c1-9fb5-038461bd2b04" {{(pid=105662) __call__ /opt/stack/placement/placement/requestlog.py:55}}
May 26 17:38:31.323278 n-d-842687-2 devstack@placement-api.service[105662]: INFO placement.requestlog [req-8fd75aed-0ea8-4e4f-963a-3d17a1c7d6f2 req-4c348665-3fdf-498d-8947-0d2389e27194 service placement] 10.222.0.113 "GET /placement/allocations/7c78c929-c02a-42c1-9fb5-038461bd2b04" status: 200 len: 259 microversion: 1.28
May 26 17:38:31.323278 n-d-842687-2 devstack@placement-api.service[105662]: [pid: 105662|app: 0|req: 93/185] 10.222.0.113 () {60 vars in 1385 bytes} [Thu May 26 17:38:31 2022] GET /placement/allocations/7c78c929-c02a-42c1-9fb5-038461bd2b04 => generated 259 bytes in 24 msecs (HTTP/1.1 200) 8 headers in 296 bytes (1 switches on core 0)
May 26 17:38:31.336628 n-d-842687-2 devstack@placement-api.service[105663]: DEBUG placement.requestlog [req-8fd75aed-0ea8-4e4f-963a-3d17a1c7d6f2 req-c85049f9-11f5-4046-b560-34116f09e2a3 None None] Starting request: 10.222.0.113 "GET /placement/allocations/08b1c776-8620-4133-a5a4-c37b4f9b99fa" {{(pid=105663) __call__ /opt/stack/placement/placement/requestlog.py:55}}
May 26 17:38:31.359508 n-d-842687-2 devstack@placement-api.service[105663]: INFO placement.requestlog [req-8fd75aed-0ea8-4e4f-963a-3d17a1c7d6f2 req-c85049f9-11f5-4046-b560-34116f09e2a3 service placement] 10.222.0.113 "GET /placement/allocations/08b1c776-8620-4133-a5a4-c37b4f9b99fa" status: 200 len: 19 microversion: 1.28
May 26 17:38:31.360594 n-d-842687-2 devstack@placement-api.service[105663]: [pid: 105663|app: 0|req: 93/186] 10.222.0.113 () {60 vars in 1385 bytes} [Thu May 26 17:38:31 2022] GET /placement/allocations/08b1c776-8620-4133-a5a4-c37b4f9b99fa => generated 19 bytes in 24 msecs (HTTP/1.1 200) 8 headers in 295 bytes (1 switches on core 0)
May 26 17:38:31.372477 n-d-842687-2 devstack@placement-api.service[105662]: DEBUG placement.requestlog [req-8fd75aed-0ea8-4e4f-963a-3d17a1c7d6f2 req-a4336689-24ce-4bba-85f6-94b64dbdc95f None None] Starting request: 10.222.0.113 "POST /placement/allocations" {{(pid=105662) __call__ /opt/stack/placement/placement/requestlog.py:55}}
May 26 17:38:31.401309 n-d-842687-2 devstack@placement-api.service[105662]: DEBUG dbcounter [-] [105662] Writing DB stats placement:SELECT=75,placement:DELETE=11,placement:INSERT=9,placement:UPDATE=5 {{(pid=105662) stat_writer /usr/local/lib/python3.8/dist-packages/dbcounter.py:114}}
May 26 17:38:31.671176 n-d-842687-2 devstack@placement-api.service[105662]: DEBUG placement.handlers.allocation [req-8fd75aed-0ea8-4e4f-963a-3d17a1c7d6f2 req-a4336689-24ce-4bba-85f6-94b64dbdc95f service placement] Successfully wrote allocations [, , , , , ] {{(pid=105662) _update_consumers_and_create_allocations /opt/stack/placement/placement/handlers/allocation.py:572}}
May 26 17:38:31.756290 n-d-842687-2 devstack@placement-api.service[105662]: INFO placement.requestlog [req-8fd75aed-0ea8-4e4f-963a-3d17a1c7d6f2 req-a4336689-24ce-4bba-85f6-94b64dbdc95f service placement] 10.222.0.113 "POST /placement/allocations" status: 204 len: 0 microversion: 1.28
May 26 17:38:31.764959 n-d-842687-2 devstack@placement-api.service[105662]: [pid: 105662|app: 0|req: 94/187] 10.222.0.113 () {64 vars in 1328 bytes} [Thu May 26 17:38:31 2022] POST /placement/allocations => generated 0 bytes in 385 msecs (HTTP/1.1 204) 5 headers in 199 bytes (1 switches on core 0)
May 26 17:38:31.838190 n-d-842687-2 devstack@placement-api.service[105663]: DEBUG placement.requestlog [req-8fd75aed-0ea8-4e4f-963a-3d17a1c7d6f2 req-f904a386-7fe6-44f9-af57-438e38cf4b13 None None] Starting request: 10.222.0.113 "GET /placement/allocations/7c78c929-c02a-42c1-9fb5-038461bd2b04" {{(pid=105663) __call__ /opt/stack/placement/placement/requestlog.py:55}}
May 26 17:38:31.852155 n-d-842687-2 devstack@placement-api.service[105663]: INFO placement.requestlog [req-8fd75aed-0ea8-4e4f-963a-3d17a1c7d6f2 req-f904a386-7fe6-44f9-af57-438e38cf4b13 service placement] 10.222.0.113 "GET /placement/allocations/7c78c929-c02a-42c1-9fb5-038461bd2b04" status: 200 len: 19 microversion: 1.28
May 26 17:38:31.858036 n-d-842687-2 devstack@placement-api.service[105663]: [pid: 105663|app: 0|req: 94/188] 10.222.0.113 () {60 vars in 1385 bytes} [Thu May 26 17:38:31 2022] GET /placement/allocations/7c78c929-c02a-42c1-9fb5-038461bd2b04 => generated 19 bytes in 20 msecs (HTTP/1.1 200) 8 headers in 295 bytes (2 switches on core 0)
May 26 17:38:31.860646 n-d-842687-2 devstack@placement-api.service[105662]: DEBUG placement.requestlog [req-8fd75aed-0ea8-4e4f-963a-3d17a1c7d6f2 req-86705eb2-5ce4-43be-8b4a-8ebfa6c643e3 None None] Starting request: 10.222.0.113 "PUT /placement/allocations/7c78c929-c02a-42c1-9fb5-038461bd2b04" {{(pid=105662) __call__ /opt/stack/placement/placement/requestlog.py:55}}
May 26 17:38:32.033406 n-d-842687-2 devstack@placement-api.service[105663]: DEBUG placement.requestlog [req-529abf85-bd4c-4dc6-b7ef-e3acac34dee8 req-5e7f569b-876a-4930-b97c-7930ce3259f8 None None] Starting request: 10.222.0.113 "GET /placement/allocation_candidates?limit=1000&resources=DISK_GB%3A1%2CMEMORY_MB%3A1024%2CVCPU%3A1&root_required=%21COMPUTE_STATUS_DISABLED" {{(pid=105663) __call__ /opt/stack/placement/placement/requestlog.py:55}}
May 26 17:38:32.043752 n-d-842687-2 devstack@placement-api.service[105662]: DEBUG placement.handlers.allocation [req-8fd75aed-0ea8-4e4f-963a-3d17a1c7d6f2 req-86705eb2-5ce4-43be-8b4a-8ebfa6c643e3 service placement] Successfully wrote allocations [, , ] {{(pid=105662) _update_consumers_and_create_allocations /opt/stack/placement/placement/handlers/allocation.py:462}}
May 26 17:38:32.070505 n-d-842687-2 devstack@placement-api.service[105663]: DEBUG placement.objects.research_context [req-529abf85-bd4c-4dc6-b7ef-e3acac34dee8 req-5e7f569b-876a-4930-b97c-7930ce3259f8 service placement] getting providers with 1 DISK_GB {{(pid=105663) __init__ /opt/stack/placement/placement/objects/research_context.py:136}}
May 26 17:38:32.076746 n-d-842687-2 devstack@placement-api.service[105663]: DEBUG placement.objects.research_context [req-529abf85-bd4c-4dc6-b7ef-e3acac34dee8 req-5e7f569b-876a-4930-b97c-7930ce3259f8 service placement] getting providers with 1024 MEMORY_MB {{(pid=105663) __init__ /opt/stack/placement/placement/objects/research_context.py:136}}
May 26 17:38:32.082922 n-d-842687-2 devstack@placement-api.service[105663]: DEBUG placement.objects.research_context [req-529abf85-bd4c-4dc6-b7ef-e3acac34dee8 req-5e7f569b-876a-4930-b97c-7930ce3259f8 service placement] getting providers with 1 VCPU {{(pid=105663) __init__ /opt/stack/placement/placement/objects/research_context.py:136}}
May 26 17:38:32.102931 n-d-842687-2 devstack@placement-api.service[105663]: DEBUG placement.objects.research_context [req-529abf85-bd4c-4dc6-b7ef-e3acac34dee8 req-5e7f569b-876a-4930-b97c-7930ce3259f8 service placement] found 2 providers with available 1 DISK_GB {{(pid=105663) get_provider_ids_matching /opt/stack/placement/placement/objects/research_context.py:563}}
May 26 17:38:32.103212 n-d-842687-2 devstack@placement-api.service[105663]: DEBUG placement.objects.research_context [req-529abf85-bd4c-4dc6-b7ef-e3acac34dee8 req-5e7f569b-876a-4930-b97c-7930ce3259f8 service placement] found 2 providers with available 1024 MEMORY_MB {{(pid=105663) get_provider_ids_matching /opt/stack/placement/placement/objects/research_context.py:563}}
May 26 17:38:32.103493 n-d-842687-2 devstack@placement-api.service[105663]: DEBUG placement.objects.research_context [req-529abf85-bd4c-4dc6-b7ef-e3acac34dee8 req-5e7f569b-876a-4930-b97c-7930ce3259f8 service placement] found 2 providers after filtering by previous result {{(pid=105663) get_provider_ids_matching /opt/stack/placement/placement/objects/research_context.py:594}}
May 26 17:38:32.103756 n-d-842687-2 devstack@placement-api.service[105663]: DEBUG placement.objects.research_context [req-529abf85-bd4c-4dc6-b7ef-e3acac34dee8 req-5e7f569b-876a-4930-b97c-7930ce3259f8 service placement] found 2 providers with available 1 VCPU {{(pid=105663) get_provider_ids_matching /opt/stack/placement/placement/objects/research_context.py:563}}
May 26 17:38:32.104475 n-d-842687-2 devstack@placement-api.service[105663]: DEBUG placement.objects.research_context [req-529abf85-bd4c-4dc6-b7ef-e3acac34dee8 req-5e7f569b-876a-4930-b97c-7930ce3259f8 service placement] found 2 providers after filtering by previous result {{(pid=105663) get_provider_ids_matching /opt/stack/placement/placement/objects/research_context.py:594}}
May 26 17:38:32.124738 n-d-842687-2 devstack@placement-api.service[105663]: DEBUG placement.objects.allocation_candidate [req-529abf85-bd4c-4dc6-b7ef-e3acac34dee8 req-5e7f569b-876a-4930-b97c-7930ce3259f8 service placement] RequestGroup(use_same_provider=False, resources={DISK_GB:1, MEMORY_MB:1024, VCPU:1}, traits=(), aggregates=[]) (suffix '') returned 2 matches {{(pid=105663) _get_by_requests /opt/stack/placement/placement/objects/allocation_candidate.py:156}}
May 26 17:38:32.130614 n-d-842687-2 devstack@placement-api.service[105663]: DEBUG placement.objects.allocation_candidate [req-529abf85-bd4c-4dc6-b7ef-e3acac34dee8 req-5e7f569b-876a-4930-b97c-7930ce3259f8 service placement] Merging candidates yields 2 allocation requests and 2 provider summaries {{(pid=105663) _merge_candidates /opt/stack/placement/placement/objects/allocation_candidate.py:809}}
May 26 17:38:32.130614 n-d-842687-2 devstack@placement-api.service[105663]: INFO placement.requestlog [req-529abf85-bd4c-4dc6-b7ef-e3acac34dee8 req-5e7f569b-876a-4930-b97c-7930ce3259f8 service placement] 10.222.0.113 "GET /placement/allocation_candidates?limit=1000&resources=DISK_GB%3A1%2CMEMORY_MB%3A1024%2CVCPU%3A1&root_required=%21COMPUTE_STATUS_DISABLED" status: 200 len: 1306 microversion: 1.36
