May 26 17:10:26.942278 n-d-842687-2 devstack@keystone.service[80774]: DEBUG dbcounter [-] [80774] Writing DB stats keystone:SELECT=100 {{(pid=80774) stat_writer /usr/local/lib/python3.8/dist-packages/dbcounter.py:114}}
May 26 17:10:27.044151 n-d-842687-2 devstack@keystone.service[80775]: DEBUG keystone.server.flask.request_processing.middleware.auth_context [None req-bac1aa93-7192-4212-ac56-1bb40cdc1ecb None admin] Validating token access rules against request {{(pid=80775) validate_allowed_request /usr/local/lib/python3.8/dist-packages/keystonemiddleware/auth_token/__init__.py:545}}
May 26 17:10:27.087475 n-d-842687-2 devstack@keystone.service[80774]: DEBUG keystone.server.flask.request_processing.middleware.auth_context [None req-c0d5a9a6-db3b-41ca-83dd-3343409219ec None admin] Validating token access rules against request {{(pid=80774) validate_allowed_request /usr/local/lib/python3.8/dist-packages/keystonemiddleware/auth_token/__init__.py:545}}
May 26 17:10:27.107356 n-d-842687-2 devstack@keystone.service[80775]: DEBUG keystone.server.flask.request_processing.middleware.auth_context [None req-51ec46cb-69fd-4fee-ae2e-fa598219b3f1 None admin] RBAC: auth_context: {'token': , 'domain_id': None, 'trust_id': None, 'trustor_id': None, 'trustee_id': None, 'domain_name': None, 'group_ids': [], 'user_id': '09ff3712506842609d707499ab5dfb96', 'user_domain_id': 'default', 'system_scope': 'all', 'project_id': None, 'project_domain_id': None, 'roles': ['admin', 'member', 'reader'], 'is_admin_project': True, 'service_user_id': None, 'service_user_domain_id': None, 'service_project_id': None, 'service_project_domain_id': None, 'service_roles': []} {{(pid=80775) fill_context /opt/stack/keystone/keystone/server/flask/request_processing/middleware/auth_context.py:478}}
May 26 17:10:27.109935 n-d-842687-2 devstack@keystone.service[80775]: DEBUG keystone.server.flask.request_processing.req_logging [None req-51ec46cb-69fd-4fee-ae2e-fa598219b3f1 None admin] REQUEST_METHOD: `GET` {{(pid=80775) log_request_info /opt/stack/keystone/keystone/server/flask/request_processing/req_logging.py:27}}
May 26 17:10:27.110595 n-d-842687-2 devstack@keystone.service[80775]: DEBUG keystone.server.flask.request_processing.req_logging [None req-51ec46cb-69fd-4fee-ae2e-fa598219b3f1 None admin] SCRIPT_NAME: `/identity` {{(pid=80775) log_request_info /opt/stack/keystone/keystone/server/flask/request_processing/req_logging.py:28}}
May 26 17:10:27.111257 n-d-842687-2 devstack@keystone.service[80775]: DEBUG keystone.server.flask.request_processing.req_logging [None req-51ec46cb-69fd-4fee-ae2e-fa598219b3f1 None admin] PATH_INFO: `/v3/projects/90163e29207143508475dfc1c925d0b3` {{(pid=80775) log_request_info /opt/stack/keystone/keystone/server/flask/request_processing/req_logging.py:29}}
May 26 17:10:27.113901 n-d-842687-2 devstack@keystone.service[80775]: DEBUG keystone.common.rbac_enforcer.enforcer [None req-51ec46cb-69fd-4fee-ae2e-fa598219b3f1 None admin] RBAC: Authorizing `identity:get_project(project_id=90163e29207143508475dfc1c925d0b3)` {{(pid=80775) enforce_call /opt/stack/keystone/keystone/common/rbac_enforcer/enforcer.py:449}}
May 26 17:10:27.116862 n-d-842687-2 devstack@keystone.service[80775]: DEBUG keystone.common.rbac_enforcer.enforcer [None req-51ec46cb-69fd-4fee-ae2e-fa598219b3f1 None admin] RBAC: Authorization granted {{(pid=80775) enforce_call /opt/stack/keystone/keystone/common/rbac_enforcer/enforcer.py:457}}
May 26 17:10:27.120599 n-d-842687-2 devstack@keystone.service[80775]: [pid: 80775|app: 0|req: 122/249] 10.222.0.113 () {56 vars in 1191 bytes} [Thu May 26 17:10:26 2022] GET /identity/v3/projects/90163e29207143508475dfc1c925d0b3 => generated 303 bytes in 269 msecs (HTTP/1.1 200) 5 headers in 177 bytes (1 switches on core 0)
May 26 17:10:27.130994 n-d-842687-2 devstack@keystone.service[80775]: DEBUG keystone.server.flask.request_processing.middleware.auth_context [None req-51ec46cb-69fd-4fee-ae2e-fa598219b3f1 None admin] Authenticating user token {{(pid=80775) process_request /usr/local/lib/python3.8/dist-packages/keystonemiddleware/auth_token/__init__.py:407}}
May 26 17:10:27.149867 n-d-842687-2 devstack@keystone.service[80774]: DEBUG keystone.server.flask.request_processing.middleware.auth_context [None req-f771a08c-f179-45dc-a344-fee8fd3e7fba None admin] RBAC: auth_context: {'token': , 'domain_id': None, 'trust_id': None, 'trustor_id': None, 'trustee_id': None, 'domain_name': None, 'group_ids': [], 'user_id': '09ff3712506842609d707499ab5dfb96', 'user_domain_id': 'default', 'system_scope': 'all', 'project_id': None, 'project_domain_id': None, 'roles': ['admin', 'member', 'reader'], 'is_admin_project': True, 'service_user_id': None, 'service_user_domain_id': None, 'service_project_id': None, 'service_project_domain_id': None, 'service_roles': []} {{(pid=80774) fill_context /opt/stack/keystone/keystone/server/flask/request_processing/middleware/auth_context.py:478}}
May 26 17:10:27.151471 n-d-842687-2 devstack@keystone.service[80774]: DEBUG keystone.server.flask.request_processing.req_logging [None req-f771a08c-f179-45dc-a344-fee8fd3e7fba None admin] REQUEST_METHOD: `GET` {{(pid=80774) log_request_info /opt/stack/keystone/keystone/server/flask/request_processing/req_logging.py:27}}
May 26 17:10:27.151644 n-d-842687-2 devstack@keystone.service[80774]: DEBUG keystone.server.flask.request_processing.req_logging [None req-f771a08c-f179-45dc-a344-fee8fd3e7fba None admin] SCRIPT_NAME: `/identity` {{(pid=80774) log_request_info /opt/stack/keystone/keystone/server/flask/request_processing/req_logging.py:28}}
May 26 17:10:27.152125 n-d-842687-2 devstack@keystone.service[80774]: DEBUG keystone.server.flask.request_processing.req_logging [None req-f771a08c-f179-45dc-a344-fee8fd3e7fba None admin] PATH_INFO: `/v3/auth/tokens` {{(pid=80774) log_request_info /opt/stack/keystone/keystone/server/flask/request_processing/req_logging.py:29}}
May 26 17:10:27.220915 n-d-842687-2 devstack@keystone.service[80775]: DEBUG dbcounter [-] [80775] Writing DB stats keystone:SELECT=100 {{(pid=80775) stat_writer /usr/local/lib/python3.8/dist-packages/dbcounter.py:114}}
May 26 17:10:27.285083 n-d-842687-2 devstack@keystone.service[80774]: DEBUG keystone.common.rbac_enforcer.enforcer [None req-f771a08c-f179-45dc-a344-fee8fd3e7fba None admin] RBAC: Authorizing `identity:validate_token()` {{(pid=80774) enforce_call /opt/stack/keystone/keystone/common/rbac_enforcer/enforcer.py:449}}
May 26 17:10:27.288020 n-d-842687-2 devstack@keystone.service[80774]: DEBUG keystone.common.rbac_enforcer.enforcer [None req-f771a08c-f179-45dc-a344-fee8fd3e7fba None admin] RBAC: Authorization granted {{(pid=80774) enforce_call /opt/stack/keystone/keystone/common/rbac_enforcer/enforcer.py:457}}
May 26 17:10:27.327089 n-d-842687-2 devstack@keystone.service[80775]: DEBUG keystone.server.flask.request_processing.middleware.auth_context [None req-51ec46cb-69fd-4fee-ae2e-fa598219b3f1 None admin] Validating token access rules against request {{(pid=80775) validate_allowed_request /usr/local/lib/python3.8/dist-packages/keystonemiddleware/auth_token/__init__.py:545}}
May 26 17:10:27.331178 n-d-842687-2 devstack@keystone.service[80774]: DEBUG dbcounter [-] [80774] Writing DB stats keystone:SELECT=100 {{(pid=80774) stat_writer /usr/local/lib/python3.8/dist-packages/dbcounter.py:114}}
May 26 17:10:27.414537 n-d-842687-2 devstack@keystone.service[80775]: DEBUG keystone.server.flask.request_processing.middleware.auth_context [None req-42c49982-3b4d-4c55-a31c-58876846cd3c None admin] RBAC: auth_context: {'token': , 'domain_id': None, 'trust_id': None, 'trustor_id': None, 'trustee_id': None, 'domain_name': None, 'group_ids': [], 'user_id': '09ff3712506842609d707499ab5dfb96', 'user_domain_id': 'default', 'system_scope': 'all', 'project_id': None, 'project_domain_id': None, 'roles': ['admin', 'member', 'reader'], 'is_admin_project': True, 'service_user_id': None, 'service_user_domain_id': None, 'service_project_id': None, 'service_project_domain_id': None, 'service_roles': []} {{(pid=80775) fill_context /opt/stack/keystone/keystone/server/flask/request_processing/middleware/auth_context.py:478}}
May 26 17:10:27.415383 n-d-842687-2 devstack@keystone.service[80775]: DEBUG keystone.server.flask.request_processing.req_logging [None req-42c49982-3b4d-4c55-a31c-58876846cd3c None admin] REQUEST_METHOD: `PUT` {{(pid=80775) log_request_info /opt/stack/keystone/keystone/server/flask/request_processing/req_logging.py:27}}
May 26 17:10:27.415668 n-d-842687-2 devstack@keystone.service[80775]: DEBUG keystone.server.flask.request_processing.req_logging [None req-42c49982-3b4d-4c55-a31c-58876846cd3c None admin] SCRIPT_NAME: `/identity` {{(pid=80775) log_request_info /opt/stack/keystone/keystone/server/flask/request_processing/req_logging.py:28}}
May 26 17:10:27.415942 n-d-842687-2 devstack@keystone.service[80775]: DEBUG keystone.server.flask.request_processing.req_logging [None req-42c49982-3b4d-4c55-a31c-58876846cd3c None admin] PATH_INFO: `/v3/projects/90163e29207143508475dfc1c925d0b3/users/e98057a28162439784d3c9f41272b90c/roles/03e80ba4024c44d190ce4882f6a37c86` {{(pid=80775) log_request_info /opt/stack/keystone/keystone/server/flask/request_processing/req_logging.py:29}}
May 26 17:10:27.419211 n-d-842687-2 devstack@keystone.service[80775]: DEBUG keystone.common.rbac_enforcer.enforcer [None req-42c49982-3b4d-4c55-a31c-58876846cd3c None admin] RBAC: Authorizing `identity:create_grant(project_id=90163e29207143508475dfc1c925d0b3, user_id=e98057a28162439784d3c9f41272b90c, role_id=03e80ba4024c44d190ce4882f6a37c86)` {{(pid=80775) enforce_call /opt/stack/keystone/keystone/common/rbac_enforcer/enforcer.py:449}}
May 26 17:10:27.421291 n-d-842687-2 devstack@keystone.service[80775]: DEBUG keystone.common.rbac_enforcer.enforcer [None req-42c49982-3b4d-4c55-a31c-58876846cd3c None admin] RBAC: Authorization granted {{(pid=80775) enforce_call /opt/stack/keystone/keystone/common/rbac_enforcer/enforcer.py:457}}
May 26 17:10:27.465283 n-d-842687-2 devstack@keystone.service[80774]: [pid: 80774|app: 0|req: 128/250] 10.222.0.113 () {58 vars in 1287 bytes} [Thu May 26 17:10:26 2022] GET /identity/v3/auth/tokens => generated 800 bytes in 571 msecs (HTTP/1.1 200) 6 headers in 358 bytes (2 switches on core 0)
May 26 17:10:27.472027 n-d-842687-2 devstack@keystone.service[80774]: DEBUG keystone.server.flask.request_processing.middleware.auth_context [None req-f771a08c-f179-45dc-a344-fee8fd3e7fba None admin] Authenticating user token {{(pid=80774) process_request /usr/local/lib/python3.8/dist-packages/keystonemiddleware/auth_token/__init__.py:407}}
May 26 17:10:27.504687 n-d-842687-2 devstack@keystone.service[80775]: [pid: 80775|app: 0|req: 123/251] 10.222.0.113 () {58 vars in 1444 bytes} [Thu May 26 17:10:27 2022] PUT /identity/v3/projects/90163e29207143508475dfc1c925d0b3/users/e98057a28162439784d3c9f41272b90c/roles/03e80ba4024c44d190ce4882f6a37c86 => generated 0 bytes in 375 msecs (HTTP/1.1 204) 3 headers in 132 bytes (1 switches on core 0)
May 26 17:10:27.506178 n-d-842687-2 devstack@keystone.service[80775]: DEBUG keystone.server.flask.request_processing.req_logging [None req-353fd827-d467-49eb-8a83-3c284f586b09 None None] REQUEST_METHOD: `GET` {{(pid=80775) log_request_info /opt/stack/keystone/keystone/server/flask/request_processing/req_logging.py:27}}
May 26 17:10:27.506561 n-d-842687-2 devstack@keystone.service[80775]: DEBUG keystone.server.flask.request_processing.req_logging [None req-353fd827-d467-49eb-8a83-3c284f586b09 None None] SCRIPT_NAME: `/identity` {{(pid=80775) log_request_info /opt/stack/keystone/keystone/server/flask/request_processing/req_logging.py:28}}
May 26 17:10:27.506871 n-d-842687-2 devstack@keystone.service[80775]: DEBUG keystone.server.flask.request_processing.req_logging [None req-353fd827-d467-49eb-8a83-3c284f586b09 None None] PATH_INFO: `/` {{(pid=80775) log_request_info /opt/stack/keystone/keystone/server/flask/request_processing/req_logging.py:29}}
May 26 17:10:27.508396 n-d-842687-2 devstack@keystone.service[80775]: [pid: 80775|app: 0|req: 124/252] 10.222.0.113 () {54 vars in 931 bytes} [Thu May 26 17:10:27 2022] GET /identity => generated 271 bytes in 3 msecs (HTTP/1.1 300) 6 headers in 235 bytes (1 switches on core 0)
May 26 17:10:27.515787 n-d-842687-2 devstack@keystone.service[80775]: DEBUG keystone.server.flask.request_processing.req_logging [None req-53d73d4c-e825-4859-8d0d-80270218a091 None None] REQUEST_METHOD: `POST` {{(pid=80775) log_request_info /opt/stack/keystone/keystone/server/flask/request_processing/req_logging.py:27}}
May 26 17:10:27.516136 n-d-842687-2 devstack@keystone.service[80775]: DEBUG keystone.server.flask.request_processing.req_logging [None req-53d73d4c-e825-4859-8d0d-80270218a091 None None] SCRIPT_NAME: `/identity` {{(pid=80775) log_request_info /opt/stack/keystone/keystone/server/flask/request_processing/req_logging.py:28}}
May 26 17:10:27.516400 n-d-842687-2 devstack@keystone.service[80775]: DEBUG keystone.server.flask.request_processing.req_logging [None req-53d73d4c-e825-4859-8d0d-80270218a091 None None] PATH_INFO: `/v3/auth/tokens` {{(pid=80775) log_request_info /opt/stack/keystone/keystone/server/flask/request_processing/req_logging.py:29}}
May 26 17:10:27.550238 n-d-842687-2 devstack@keystone.service[80775]: DEBUG keystone.auth.core [None req-53d73d4c-e825-4859-8d0d-80270218a091 None None] MFA Rules not processed for user `09ff3712506842609d707499ab5dfb96`. Rule list: `[]` (Enabled: `True`). {{(pid=80775) check_auth_methods_against_rules /opt/stack/keystone/keystone/auth/core.py:438}}
May 26 17:10:27.552809 n-d-842687-2 devstack@keystone.service[80775]: DEBUG keystone.common.fernet_utils [None req-53d73d4c-e825-4859-8d0d-80270218a091 None None] Loaded 2 Fernet keys from /etc/keystone/fernet-keys/, but `[fernet_tokens] max_active_keys = 3`; perhaps there have not been enough key rotations to reach `max_active_keys` yet? {{(pid=80775) load_keys /opt/stack/keystone/keystone/common/fernet_utils.py:286}}
May 26 17:10:27.689323 n-d-842687-2 devstack@keystone.service[80774]: DEBUG keystone.server.flask.request_processing.middleware.auth_context [None req-f771a08c-f179-45dc-a344-fee8fd3e7fba None admin] Validating token access rules against request {{(pid=80774) validate_allowed_request /usr/local/lib/python3.8/dist-packages/keystonemiddleware/auth_token/__init__.py:545}}
May 26 17:10:27.712625 n-d-842687-2 devstack@keystone.service[80775]: [pid: 80775|app: 0|req: 125/253] 10.222.0.113 () {58 vars in 1028 bytes} [Thu May 26 17:10:27 2022] POST /identity/v3/auth/tokens => generated 800 bytes in 199 msecs (HTTP/1.1 201) 6 headers in 363 bytes (2 switches on core 0)
May 26 17:10:27.741775 n-d-842687-2 devstack@keystone.service[80774]: DEBUG dbcounter [-] [80774] Writing DB stats keystone:SELECT=100 {{(pid=80774) stat_writer /usr/local/lib/python3.8/dist-packages/dbcounter.py:114}}
May 26 17:10:27.744478 n-d-842687-2 devstack@keystone.service[80775]: DEBUG keystone.server.flask.request_processing.middleware.auth_context [None req-53d73d4c-e825-4859-8d0d-80270218a091 None None] Authenticating user token {{(pid=80775) process_request /usr/local/lib/python3.8/dist-packages/keystonemiddleware/auth_token/__init__.py:407}}
May 26 17:10:27.776865 n-d-842687-2 devstack@keystone.service[80774]: DEBUG keystone.server.flask.request_processing.middleware.auth_context [None req-f5398d37-f040-416d-9b83-ab7400c75419 None admin] RBAC: auth_context: {'token': , 'domain_id': None, 'trust_id': None, 'trustor_id': None, 'trustee_id': None, 'domain_name': None, 'group_ids': [], 'user_id': '09ff3712506842609d707499ab5dfb96', 'user_domain_id': 'default', 'system_scope': 'all', 'project_id': None, 'project_domain_id': None, 'roles': ['admin', 'member', 'reader'], 'is_admin_project': True, 'service_user_id': None, 'service_user_domain_id': None, 'service_project_id': None, 'service_project_domain_id': None, 'service_roles': []} {{(pid=80774) fill_context /opt/stack/keystone/keystone/server/flask/request_processing/middleware/auth_context.py:478}}
May 26 17:10:27.777965 n-d-842687-2 devstack@keystone.service[80774]: DEBUG keystone.server.flask.request_processing.req_logging [None req-f5398d37-f040-416d-9b83-ab7400c75419 None admin] REQUEST_METHOD: `GET` {{(pid=80774) log_request_info /opt/stack/keystone/keystone/server/flask/request_processing/req_logging.py:27}}
May 26 17:10:27.778240 n-d-842687-2 devstack@keystone.service[80774]: DEBUG keystone.server.flask.request_processing.req_logging [None req-f5398d37-f040-416d-9b83-ab7400c75419 None admin] SCRIPT_NAME: `/identity` {{(pid=80774) log_request_info /opt/stack/keystone/keystone/server/flask/request_processing/req_logging.py:28}}
May 26 17:10:27.778518 n-d-842687-2 devstack@keystone.service[80774]: DEBUG keystone.server.flask.request_processing.req_logging [None req-f5398d37-f040-416d-9b83-ab7400c75419 None admin] PATH_INFO: `/v3/projects/90163e29207143508475dfc1c925d0b3` {{(pid=80774) log_request_info /opt/stack/keystone/keystone/server/flask/request_processing/req_logging.py:29}}
May 26 17:10:27.781037 n-d-842687-2 devstack@keystone.service[80774]: DEBUG keystone.common.rbac_enforcer.enforcer [None req-f5398d37-f040-416d-9b83-ab7400c75419 None admin] RBAC: Authorizing `identity:get_project(project_id=90163e29207143508475dfc1c925d0b3)` {{(pid=80774) enforce_call /opt/stack/keystone/keystone/common/rbac_enforcer/enforcer.py:449}}
May 26 17:10:27.782742 n-d-842687-2 devstack@keystone.service[80774]: DEBUG keystone.common.rbac_enforcer.enforcer [None req-f5398d37-f040-416d-9b83-ab7400c75419 None admin] RBAC: Authorization granted {{(pid=80774) enforce_call /opt/stack/keystone/keystone/common/rbac_enforcer/enforcer.py:457}}
May 26 17:10:27.784589 n-d-842687-2 devstack@keystone.service[80774]: [pid: 80774|app: 0|req: 129/254] 10.222.0.113 () {56 vars in 1191 bytes} [Thu May 26 17:10:27 2022] GET /identity/v3/projects/90163e29207143508475dfc1c925d0b3 => generated 303 bytes in 313 msecs (HTTP/1.1 200) 5 headers in 177 bytes (2 switches on core 0)
May 26 17:10:27.796220 n-d-842687-2 devstack@keystone.service[80774]: DEBUG keystone.server.flask.request_processing.middleware.auth_context [None req-f5398d37-f040-416d-9b83-ab7400c75419 None admin] Authenticating user token {{(pid=80774) process_request /usr/local/lib/python3.8/dist-packages/keystonemiddleware/auth_token/__init__.py:407}}
May 26 17:10:27.818262 n-d-842687-2 devstack@keystone.service[80775]: DEBUG dbcounter [-] [80775] Writing DB stats keystone:SELECT=99,keystone:INSERT=1 {{(pid=80775) stat_writer /usr/local/lib/python3.8/dist-packages/dbcounter.py:114}}
May 26 17:10:28.006636 n-d-842687-2 devstack@keystone.service[80775]: DEBUG keystone.server.flask.request_processing.middleware.auth_context [None req-53d73d4c-e825-4859-8d0d-80270218a091 None None] Validating token access rules against request {{(pid=80775) validate_allowed_request /usr/local/lib/python3.8/dist-packages/keystonemiddleware/auth_token/__init__.py:545}}
May 26 17:10:28.039965 n-d-842687-2 devstack@keystone.service[80774]: DEBUG keystone.server.flask.request_processing.middleware.auth_context [None req-f5398d37-f040-416d-9b83-ab7400c75419 None admin] Validating token access rules against request {{(pid=80774) validate_allowed_request /usr/local/lib/python3.8/dist-packages/keystonemiddleware/auth_token/__init__.py:545}}
May 26 17:10:28.101100 n-d-842687-2 devstack@keystone.service[80775]: DEBUG keystone.server.flask.request_processing.middleware.auth_context [None req-fed210d1-2a81-487c-9130-ebdc2f7e43cc None admin] RBAC: auth_context: {'token': , 'domain_id': None, 'trust_id': None, 'trustor_id': None, 'trustee_id': None, 'domain_name': None, 'group_ids': [], 'user_id': '09ff3712506842609d707499ab5dfb96', 'user_domain_id': 'default', 'system_scope': 'all', 'project_id': None, 'project_domain_id': None, 'roles': ['admin', 'member', 'reader'], 'is_admin_project': True, 'service_user_id': None, 'service_user_domain_id': None, 'service_project_id': None, 'service_project_domain_id': None, 'service_roles': []} {{(pid=80775) fill_context /opt/stack/keystone/keystone/server/flask/request_processing/middleware/auth_context.py:478}}
May 26 17:10:28.102433 n-d-842687-2 devstack@keystone.service[80775]: DEBUG keystone.server.flask.request_processing.req_logging [None req-fed210d1-2a81-487c-9130-ebdc2f7e43cc None admin] REQUEST_METHOD: `GET` {{(pid=80775) log_request_info /opt/stack/keystone/keystone/server/flask/request_processing/req_logging.py:27}}
May 26 17:10:28.102932 n-d-842687-2 devstack@keystone.service[80775]: DEBUG keystone.server.flask.request_processing.req_logging [None req-fed210d1-2a81-487c-9130-ebdc2f7e43cc None admin] SCRIPT_NAME: `/identity` {{(pid=80775) log_request_info /opt/stack/keystone/keystone/server/flask/request_processing/req_logging.py:28}}
May 26 17:10:28.103412 n-d-842687-2 devstack@keystone.service[80775]: DEBUG keystone.server.flask.request_processing.req_logging [None req-fed210d1-2a81-487c-9130-ebdc2f7e43cc None admin] PATH_INFO: `/v3/roles/admin` {{(pid=80775) log_request_info /opt/stack/keystone/keystone/server/flask/request_processing/req_logging.py:29}}
May 26 17:10:28.118233 n-d-842687-2 devstack@keystone.service[80774]: DEBUG keystone.server.flask.request_processing.middleware.auth_context [None req-421c895f-2c82-433d-b97b-f0588ab4f8cd None admin] RBAC: auth_context: {'token': , 'domain_id': None, 'trust_id': None, 'trustor_id': None, 'trustee_id': None, 'domain_name': None, 'group_ids': [], 'user_id': '09ff3712506842609d707499ab5dfb96', 'user_domain_id': 'default', 'system_scope': 'all', 'project_id': None, 'project_domain_id': None, 'roles': ['admin', 'member', 'reader'], 'is_admin_project': True, 'service_user_id': None, 'service_user_domain_id': None, 'service_project_id': None, 'service_project_domain_id': None, 'service_roles': []} {{(pid=80774) fill_context /opt/stack/keystone/keystone/server/flask/request_processing/middleware/auth_context.py:478}}
May 26 17:10:28.119575 n-d-842687-2 devstack@keystone.service[80774]: DEBUG keystone.server.flask.request_processing.req_logging [None req-421c895f-2c82-433d-b97b-f0588ab4f8cd None admin] REQUEST_METHOD: `GET` {{(pid=80774) log_request_info /opt/stack/keystone/keystone/server/flask/request_processing/req_logging.py:27}}
May 26 17:10:28.120237 n-d-842687-2 devstack@keystone.service[80774]: DEBUG keystone.server.flask.request_processing.req_logging [None req-421c895f-2c82-433d-b97b-f0588ab4f8cd None admin] SCRIPT_NAME: `/identity` {{(pid=80774) log_request_info /opt/stack/keystone/keystone/server/flask/request_processing/req_logging.py:28}}
May 26 17:10:28.120878 n-d-842687-2 devstack@keystone.service[80774]: DEBUG keystone.server.flask.request_processing.req_logging [None req-421c895f-2c82-433d-b97b-f0588ab4f8cd None admin] PATH_INFO: `/v3/role_assignments` {{(pid=80774) log_request_info /opt/stack/keystone/keystone/server/flask/request_processing/req_logging.py:29}}
May 26 17:10:28.122591 n-d-842687-2 devstack@keystone.service[80774]: DEBUG keystone.common.rbac_enforcer.enforcer [None req-421c895f-2c82-433d-b97b-f0588ab4f8cd None admin] RBAC: Adding query filter params (role.id=73568e5ae56e4ca099e8a0203d954660, scope.project.id=90163e29207143508475dfc1c925d0b3, user.id=a5072b1b180141f29f5bd734863559bb) {{(pid=80774) _extract_filter_values /opt/stack/keystone/keystone/common/rbac_enforcer/enforcer.py:167}}
May 26 17:10:28.123314 n-d-842687-2 devstack@keystone.service[80774]: DEBUG keystone.common.rbac_enforcer.enforcer [None req-421c895f-2c82-433d-b97b-f0588ab4f8cd None admin] RBAC: Authorizing `identity:list_role_assignments()` {{(pid=80774) enforce_call /opt/stack/keystone/keystone/common/rbac_enforcer/enforcer.py:449}}
May 26 17:10:28.125997 n-d-842687-2 devstack@keystone.service[80774]: DEBUG keystone.common.rbac_enforcer.enforcer [None req-421c895f-2c82-433d-b97b-f0588ab4f8cd None admin] RBAC: Authorization granted {{(pid=80774) enforce_call /opt/stack/keystone/keystone/common/rbac_enforcer/enforcer.py:457}}
May 26 17:10:28.129292 n-d-842687-2 devstack@keystone.service[80775]: DEBUG keystone.common.rbac_enforcer.enforcer [None req-fed210d1-2a81-487c-9130-ebdc2f7e43cc None admin] Extracting inferred target data resulted in "NOT FOUND (404)". {{(pid=80775) enforce_call /opt/stack/keystone/keystone/common/rbac_enforcer/enforcer.py:409}}
May 26 17:10:28.140139 n-d-842687-2 devstack@keystone.service[80774]: [pid: 80774|app: 0|req: 130/255] 10.222.0.113 () {56 vars in 1379 bytes} [Thu May 26 17:10:27 2022] GET /identity/v3/role_assignments?user.id=a5072b1b180141f29f5bd734863559bb&scope.project.id=90163e29207143508475dfc1c925d0b3&role.id=73568e5ae56e4ca099e8a0203d954660 => generated 260 bytes in 345 msecs (HTTP/1.1 200) 5 headers in 177 bytes (1 switches on core 0)
May 26 17:10:28.144166 n-d-842687-2 devstack@keystone.service[80775]: ERROR keystone.server.flask.application [None req-fed210d1-2a81-487c-9130-ebdc2f7e43cc None admin] Could not find role: admin.: keystone.exception.RoleNotFound: Could not find role: admin.
May 26 17:10:28.144166 n-d-842687-2 devstack@keystone.service[80775]: ERROR keystone.server.flask.application
Traceback (most recent call last):
May 26 17:10:28.144166 n-d-842687-2 devstack@keystone.service[80775]: ERROR keystone.server.flask.application
File "/usr/local/lib/python3.8/dist-packages/flask/app.py", line 1523, in full_dispatch_request
May 26 17:10:28.144166 n-d-842687-2 devstack@keystone.service[80775]: ERROR keystone.server.flask.application rv = self.dispatch_request()
May 26 17:10:28.144166 n-d-842687-2 devstack@keystone.service[80775]: ERROR keystone.server.flask.application
File "/usr/local/lib/python3.8/dist-packages/flask/app.py", line 1509, in dispatch_request
May 26 17:10:28.144166 n-d-842687-2 devstack@keystone.service[80775]: ERROR keystone.server.flask.application return self.ensure_sync(self.view_functions[rule.endpoint])(**req.view_args)
May 26 17:10:28.144166 n-d-842687-2 devstack@keystone.service[80775]: ERROR keystone.server.flask.application
File "/usr/local/lib/python3.8/dist-packages/flask_restful/__init__.py", line 467, in wrapper
May 26 17:10:28.144166 n-d-842687-2 devstack@keystone.service[80775]: ERROR keystone.server.flask.application resp = resource(*args, **kwargs)
May 26 17:10:28.144166 n-d-842687-2 devstack@keystone.service[80775]: ERROR keystone.server.flask.application
File "/usr/local/lib/python3.8/dist-packages/flask/views.py", line 84, in view
May 26 17:10:28.144166 n-d-842687-2 devstack@keystone.service[80775]: ERROR keystone.server.flask.application return current_app.ensure_sync(self.dispatch_request)(*args, **kwargs)
May 26 17:10:28.144166 n-d-842687-2 devstack@keystone.service[80775]: ERROR keystone.server.flask.application
File "/usr/local/lib/python3.8/dist-packages/flask_restful/__init__.py", line 582, in dispatch_request
May 26 17:10:28.144166 n-d-842687-2 devstack@keystone.service[80775]: ERROR keystone.server.flask.application resp = meth(*args, **kwargs)
May 26 17:10:28.144166 n-d-842687-2 devstack@keystone.service[80775]: ERROR keystone.server.flask.application
File "/opt/stack/keystone/keystone/api/roles.py", line 50, in get
May 26 17:10:28.144166 n-d-842687-2 devstack@keystone.service[80775]: ERROR keystone.server.flask.application return self._get_role(role_id)
May 26 17:10:28.144166 n-d-842687-2 devstack@keystone.service[80775]: ERROR keystone.server.flask.application
File "/opt/stack/keystone/keystone/api/roles.py", line 70, in _get_role
May 26 17:10:28.144166 n-d-842687-2 devstack@keystone.service[80775]: ERROR keystone.server.flask.application ENFORCER.enforce_call(action='identity:get_role')
May 26 17:10:28.145601 n-d-842687-2 devstack@keystone.service[80775]: ERROR keystone.server.flask.application
File "/opt/stack/keystone/keystone/common/rbac_enforcer/enforcer.py", line 402, in enforce_call
May 26 17:10:28.145601 n-d-842687-2 devstack@keystone.service[80775]: ERROR keystone.server.flask.application policy_dict.update(cls._extract_member_target_data(
May 26 17:10:28.145601 n-d-842687-2 devstack@keystone.service[80775]: ERROR keystone.server.flask.application
File "/opt/stack/keystone/keystone/common/rbac_enforcer/enforcer.py", line 234, in _extract_member_target_data
May 26 17:10:28.145601 n-d-842687-2 devstack@keystone.service[80775]: ERROR keystone.server.flask.application member_name: func(flask.request.view_args[key])
May 26 17:10:28.145601 n-d-842687-2 devstack@keystone.service[80775]: ERROR keystone.server.flask.application
File "/opt/stack/keystone/keystone/common/manager.py", line 115, in wrapped
May 26 17:10:28.145601 n-d-842687-2 devstack@keystone.service[80775]: ERROR keystone.server.flask.application __ret_val = __f(*args, **kwargs)
May 26 17:10:28.145601 n-d-842687-2 devstack@keystone.service[80775]: ERROR keystone.server.flask.application
File "/usr/local/lib/python3.8/dist-packages/decorator.py", line 232, in fun
May 26 17:10:28.145601 n-d-842687-2 devstack@keystone.service[80775]: ERROR keystone.server.flask.application return caller(func, *(extras + args), **kw)
May 26 17:10:28.145601 n-d-842687-2 devstack@keystone.service[80775]: ERROR keystone.server.flask.application
File "/usr/local/lib/python3.8/dist-packages/dogpile/cache/region.py", line 1577, in get_or_create_for_user_func
May 26 17:10:28.145601 n-d-842687-2 devstack@keystone.service[80775]: ERROR keystone.server.flask.application return self.get_or_create(
May 26 17:10:28.145601 n-d-842687-2 devstack@keystone.service[80775]: ERROR keystone.server.flask.application
File "/usr/local/lib/python3.8/dist-packages/dogpile/cache/region.py", line 1042, in get_or_create
May 26 17:10:28.145601 n-d-842687-2 devstack@keystone.service[80775]: ERROR keystone.server.flask.application with Lock(
May 26 17:10:28.145601 n-d-842687-2 devstack@keystone.service[80775]: ERROR keystone.server.flask.application
File "/usr/local/lib/python3.8/dist-packages/dogpile/lock.py", line 185, in __enter__
May 26 17:10:28.145601 n-d-842687-2 devstack@keystone.service[80775]: ERROR keystone.server.flask.application return self._enter()
May 26 17:10:28.145601 n-d-842687-2 devstack@keystone.service[80775]: ERROR keystone.server.flask.application
File "/usr/local/lib/python3.8/dist-packages/dogpile/lock.py", line 94, in _enter
May 26 17:10:28.145601 n-d-842687-2 devstack@keystone.service[80775]: ERROR keystone.server.flask.application generated = self._enter_create(value, createdtime)
May 26 17:10:28.146888 n-d-842687-2 devstack@keystone.service[80775]: ERROR keystone.server.flask.application
File "/usr/local/lib/python3.8/dist-packages/dogpile/lock.py", line 178, in _enter_create
May 26 17:10:28.146888 n-d-842687-2 devstack@keystone.service[80775]: ERROR keystone.server.flask.application return self.creator()
May 26 17:10:28.146888 n-d-842687-2 devstack@keystone.service[80775]: ERROR keystone.server.flask.application
File "/usr/local/lib/python3.8/dist-packages/dogpile/cache/region.py", line 995, in gen_value
May 26 17:10:28.146888 n-d-842687-2 devstack@keystone.service[80775]: ERROR keystone.server.flask.application created_value = creator(
May 26 17:10:28.146888 n-d-842687-2 devstack@keystone.service[80775]: ERROR keystone.server.flask.application
File "/opt/stack/keystone/keystone/assignment/core.py", line 1276, in get_role
May 26 17:10:28.146888 n-d-842687-2 devstack@keystone.service[80775]: ERROR keystone.server.flask.application return self.driver.get_role(role_id)
May 26 17:10:28.146888 n-d-842687-2 devstack@keystone.service[80775]: ERROR keystone.server.flask.application
File "/opt/stack/keystone/keystone/assignment/role_backends/sql.py", line 70, in get_role
May 26 17:10:28.146888 n-d-842687-2 devstack@keystone.service[80775]: ERROR keystone.server.flask.application return self._get_role(session, role_id).to_dict()
May 26 17:10:28.146888 n-d-842687-2 devstack@keystone.service[80775]: ERROR keystone.server.flask.application
File "/opt/stack/keystone/keystone/assignment/role_backends/sql.py", line 65, in _get_role
May 26 17:10:28.146888 n-d-842687-2 devstack@keystone.service[80775]: ERROR keystone.server.flask.application raise exception.RoleNotFound(role_id=role_id)
May 26 17:10:28.146888 n-d-842687-2 devstack@keystone.service[80775]: ERROR keystone.server.flask.application keystone.exception.RoleNotFound: Could not find role: admin.
May 26 17:10:28.146888 n-d-842687-2 devstack@keystone.service[80775]: ERROR keystone.server.flask.application
May 26 17:10:28.146888 n-d-842687-2 devstack@keystone.service[80775]: [pid: 80775|app: 0|req: 126/256] 10.222.0.113 () {56 vars in 1101 bytes} [Thu May 26 17:10:27 2022] GET /identity/v3/roles/admin => generated 83 bytes in 403 msecs (HTTP/1.1 404) 5 headers in 183 bytes (2 switches on core 0)
May 26 17:10:28.157245 n-d-842687-2 devstack@keystone.service[80774]: DEBUG keystone.server.flask.request_processing.middleware.auth_context [None req-421c895f-2c82-433d-b97b-f0588ab4f8cd None admin] Authenticating user token {{(pid=80774) process_request /usr/local/lib/python3.8/dist-packages/keystonemiddleware/auth_token/__init__.py:407}}
May 26 17:10:28.273654 n-d-842687-2 devstack@keystone.service[80774]: DEBUG dbcounter [-] [80774] Writing DB stats keystone:SELECT=100 {{(pid=80774) stat_writer /usr/local/lib/python3.8/dist-packages/dbcounter.py:114}}
May 26 17:10:28.339309 n-d-842687-2 devstack@keystone.service[80774]: DEBUG keystone.server.flask.request_processing.middleware.auth_context [None req-421c895f-2c82-433d-b97b-f0588ab4f8cd None admin] Validating token access rules against request {{(pid=80774) validate_allowed_request /usr/local/lib/python3.8/dist-packages/keystonemiddleware/auth_token/__init__.py:545}}
May 26 17:10:28.383089 n-d-842687-2 devstack@keystone.service[80774]: DEBUG keystone.server.flask.request_processing.middleware.auth_context [None req-0fc1342f-dd46-419b-8782-ec6f4098a097 None admin] RBAC: auth_context: {'token': , 'domain_id': None, 'trust_id': None, 'trustor_id': None, 'trustee_id': None, 'domain_name': None, 'group_ids': [], 'user_id': '09ff3712506842609d707499ab5dfb96', 'user_domain_id': 'default', 'system_scope': 'all', 'project_id': None, 'project_domain_id': None, 'roles': ['admin', 'member', 'reader'], 'is_admin_project': True, 'service_user_id': None, 'service_user_domain_id': None, 'service_project_id': None, 'service_project_domain_id': None, 'service_roles': []} {{(pid=80774) fill_context /opt/stack/keystone/keystone/server/flask/request_processing/middleware/auth_context.py:478}}
May 26 17:10:28.383769 n-d-842687-2 devstack@keystone.service[80774]: DEBUG keystone.server.flask.request_processing.req_logging [None req-0fc1342f-dd46-419b-8782-ec6f4098a097 None admin] REQUEST_METHOD: `GET` {{(pid=80774) log_request_info /opt/stack/keystone/keystone/server/flask/request_processing/req_logging.py:27}}
May 26 17:10:28.384045 n-d-842687-2 devstack@keystone.service[80774]: DEBUG keystone.server.flask.request_processing.req_logging [None req-0fc1342f-dd46-419b-8782-ec6f4098a097 None admin] SCRIPT_NAME: `/identity` {{(pid=80774) log_request_info /opt/stack/keystone/keystone/server/flask/request_processing/req_logging.py:28}}
May 26 17:10:28.384312 n-d-842687-2 devstack@keystone.service[80774]: DEBUG keystone.server.flask.request_processing.req_logging [None req-0fc1342f-dd46-419b-8782-ec6f4098a097 None admin] PATH_INFO: `/v3/roles` {{(pid=80774) log_request_info /opt/stack/keystone/keystone/server/flask/request_processing/req_logging.py:29}}
May 26 17:10:28.385060 n-d-842687-2 devstack@keystone.service[80774]: DEBUG keystone.common.rbac_enforcer.enforcer [None req-0fc1342f-dd46-419b-8782-ec6f4098a097 None admin] RBAC: Adding query filter params (name=admin) {{(pid=80774) _extract_filter_values /opt/stack/keystone/keystone/common/rbac_enforcer/enforcer.py:167}}
May 26 17:10:28.385387 n-d-842687-2 devstack@keystone.service[80774]: DEBUG keystone.common.rbac_enforcer.enforcer [None req-0fc1342f-dd46-419b-8782-ec6f4098a097 None admin] RBAC: Authorizing `identity:list_roles()` {{(pid=80774) enforce_call /opt/stack/keystone/keystone/common/rbac_enforcer/enforcer.py:449}}
May 26 17:10:28.386795 n-d-842687-2 devstack@keystone.service[80774]: DEBUG keystone.common.rbac_enforcer.enforcer [None req-0fc1342f-dd46-419b-8782-ec6f4098a097 None admin] RBAC: Authorization granted {{(pid=80774) enforce_call /opt/stack/keystone/keystone/common/rbac_enforcer/enforcer.py:457}}
May 26 17:10:28.401335 n-d-842687-2 devstack@keystone.service[80774]: [pid: 80774|app: 0|req: 131/257] 10.222.0.113 () {56 vars in 1104 bytes} [Thu May 26 17:10:28 2022] GET /identity/v3/roles?name=admin => generated 341 bytes in 245 msecs (HTTP/1.1 200) 5 headers in 177 bytes (1 switches on core 0)
May 26 17:10:28.409652 n-d-842687-2 devstack@keystone.service[80775]: DEBUG keystone.server.flask.request_processing.middleware.auth_context [None req-fed210d1-2a81-487c-9130-ebdc2f7e43cc None admin] Authenticating user token {{(pid=80775) process_request /usr/local/lib/python3.8/dist-packages/keystonemiddleware/auth_token/__init__.py:407}}
May 26 17:10:28.548695 n-d-842687-2 devstack@keystone.service[80775]: DEBUG keystone.server.flask.request_processing.middleware.auth_context [None req-fed210d1-2a81-487c-9130-ebdc2f7e43cc None admin] Validating token access rules against request {{(pid=80775) validate_allowed_request /usr/local/lib/python3.8/dist-packages/keystonemiddleware/auth_token/__init__.py:545}}
May 26 17:10:28.556357 n-d-842687-2 devstack@keystone.service[80775]: DEBUG dbcounter [-] [80775] Writing DB stats keystone:SELECT=100 {{(pid=80775) stat_writer /usr/local/lib/python3.8/dist-packages/dbcounter.py:114}}
May 26 17:10:28.585824 n-d-842687-2 devstack@keystone.service[80775]: DEBUG keystone.server.flask.request_processing.middleware.auth_context [None req-a1b8af34-3b70-4783-aa63-2bbd4b10e174 None admin] RBAC: auth_context: {'token': , 'domain_id': None, 'trust_id': None, 'trustor_id': None, 'trustee_id': None, 'domain_name': None, 'group_ids': [], 'user_id': '09ff3712506842609d707499ab5dfb96', 'user_domain_id': 'default', 'system_scope': 'all', 'project_id': None, 'project_domain_id': None, 'roles': ['admin', 'member', 'reader'], 'is_admin_project': True, 'service_user_id': None, 'service_user_domain_id': None, 'service_project_id': None, 'service_project_domain_id': None, 'service_roles': []} {{(pid=80775) fill_context /opt/stack/keystone/keystone/server/flask/request_processing/middleware/auth_context.py:478}}
May 26 17:10:28.586707 n-d-842687-2 devstack@keystone.service[80775]: DEBUG keystone.server.flask.request_processing.req_logging [None req-a1b8af34-3b70-4783-aa63-2bbd4b10e174 None admin] REQUEST_METHOD: `GET` {{(pid=80775) log_request_info /opt/stack/keystone/keystone/server/flask/request_processing/req_logging.py:27}}
May 26 17:10:28.587035 n-d-842687-2 devstack@keystone.service[80775]: DEBUG keystone.server.flask.request_processing.req_logging [None req-a1b8af34-3b70-4783-aa63-2bbd4b10e174 None admin] SCRIPT_NAME: `/identity` {{(pid=80775) log_request_info /opt/stack/keystone/keystone/server/flask/request_processing/req_logging.py:28}}
May 26 17:10:28.587318 n-d-842687-2 devstack@keystone.service[80775]: DEBUG keystone.server.flask.request_processing.req_logging [None req-a1b8af34-3b70-4783-aa63-2bbd4b10e174 None admin] PATH_INFO: `/v3/users/8fb10fe1746346049c4a36944824f244` {{(pid=80775) log_request_info /opt/stack/keystone/keystone/server/flask/request_processing/req_logging.py:29}}
May 26 17:10:28.588531 n-d-842687-2 devstack@keystone.service[80775]: DEBUG keystone.common.rbac_enforcer.enforcer [None req-a1b8af34-3b70-4783-aa63-2bbd4b10e174 None admin] RBAC: Authorizing `identity:get_user(user_id=8fb10fe1746346049c4a36944824f244)` {{(pid=80775) enforce_call /opt/stack/keystone/keystone/common/rbac_enforcer/enforcer.py:449}}
May 26 17:10:28.590037 n-d-842687-2 devstack@keystone.service[80775]: DEBUG keystone.common.rbac_enforcer.enforcer [None req-a1b8af34-3b70-4783-aa63-2bbd4b10e174 None admin] RBAC: Authorization granted {{(pid=80775) enforce_call /opt/stack/keystone/keystone/common/rbac_enforcer/enforcer.py:457}}
May 26 17:10:28.591996 n-d-842687-2 devstack@keystone.service[80775]: [pid: 80775|app: 0|req: 127/258] 10.222.0.113 () {56 vars in 1182 bytes} [Thu May 26 17:10:28 2022] GET /identity/v3/users/8fb10fe1746346049c4a36944824f244 => generated 284 bytes in 183 msecs (HTTP/1.1 200) 5 headers in 177 bytes (1 switches on core 0)
May 26 17:10:28.598000 n-d-842687-2 devstack@keystone.service[80774]: DEBUG keystone.server.flask.request_processing.middleware.auth_context [None req-0fc1342f-dd46-419b-8782-ec6f4098a097 None admin] Authenticating user token {{(pid=80774) process_request /usr/local/lib/python3.8/dist-packages/keystonemiddleware/auth_token/__init__.py:407}}
May 26 17:10:28.638339 n-d-842687-2 devstack@keystone.service[80775]: DEBUG keystone.server.flask.request_processing.req_logging [None req-2aded7c7-ecdb-416e-b17e-c145a3b492d0 None None] REQUEST_METHOD: `GET` {{(pid=80775) log_request_info /opt/stack/keystone/keystone/server/flask/request_processing/req_logging.py:27}}
May 26 17:10:28.638671 n-d-842687-2 devstack@keystone.service[80775]: DEBUG keystone.server.flask.request_processing.req_logging [None req-2aded7c7-ecdb-416e-b17e-c145a3b492d0 None None] SCRIPT_NAME: `/identity` {{(pid=80775) log_request_info /opt/stack/keystone/keystone/server/flask/request_processing/req_logging.py:28}}
May 26 17:10:28.638906 n-d-842687-2 devstack@keystone.service[80775]: DEBUG keystone.server.flask.request_processing.req_logging [None req-2aded7c7-ecdb-416e-b17e-c145a3b492d0 None None] PATH_INFO: `/` {{(pid=80775) log_request_info /opt/stack/keystone/keystone/server/flask/request_processing/req_logging.py:29}}
May 26 17:10:28.645460 n-d-842687-2 devstack@keystone.service[80775]: [pid: 80775|app: 0|req: 128/259] 10.222.0.113 () {54 vars in 931 bytes} [Thu May 26 17:10:28 2022] GET /identity => generated 271 bytes in 4 msecs (HTTP/1.1 300) 6 headers in 235 bytes (1 switches on core 0)
May 26 17:10:28.652507 n-d-842687-2 devstack@keystone.service[80775]: DEBUG keystone.server.flask.request_processing.req_logging [None req-56412c3e-e3c6-4ad1-9dd1-710ed5337c97 None None] REQUEST_METHOD: `POST` {{(pid=80775) log_request_info /opt/stack/keystone/keystone/server/flask/request_processing/req_logging.py:27}}
May 26 17:10:28.652798 n-d-842687-2 devstack@keystone.service[80775]: DEBUG keystone.server.flask.request_processing.req_logging [None req-56412c3e-e3c6-4ad1-9dd1-710ed5337c97 None None] SCRIPT_NAME: `/identity` {{(pid=80775) log_request_info /opt/stack/keystone/keystone/server/flask/request_processing/req_logging.py:28}}
May 26 17:10:28.653081 n-d-842687-2 devstack@keystone.service[80775]: DEBUG keystone.server.flask.request_processing.req_logging [None req-56412c3e-e3c6-4ad1-9dd1-710ed5337c97 None None] PATH_INFO: `/v3/auth/tokens` {{(pid=80775) log_request_info /opt/stack/keystone/keystone/server/flask/request_processing/req_logging.py:29}}
May 26 17:10:28.694948 n-d-842687-2 devstack@keystone.service[80775]: DEBUG keystone.auth.core [None req-56412c3e-e3c6-4ad1-9dd1-710ed5337c97 None None] MFA Rules not processed for user `09ff3712506842609d707499ab5dfb96`. Rule list: `[]` (Enabled: `True`). {{(pid=80775) check_auth_methods_against_rules /opt/stack/keystone/keystone/auth/core.py:438}}
May 26 17:10:28.698821 n-d-842687-2 devstack@keystone.service[80775]: DEBUG keystone.common.fernet_utils [None req-56412c3e-e3c6-4ad1-9dd1-710ed5337c97 None None] Loaded 2 Fernet keys from /etc/keystone/fernet-keys/, but `[fernet_tokens] max_active_keys = 3`; perhaps there have not been enough key rotations to reach `max_active_keys` yet? {{(pid=80775) load_keys /opt/stack/keystone/keystone/common/fernet_utils.py:286}}
May 26 17:10:28.783156 n-d-842687-2 devstack@keystone.service[80775]: [pid: 80775|app: 0|req: 129/260] 10.222.0.113 () {58 vars in 1028 bytes} [Thu May 26 17:10:28 2022] POST /identity/v3/auth/tokens => generated 800 bytes in 132 msecs (HTTP/1.1 201) 6 headers in 363 bytes (2 switches on core 0)
May 26 17:10:28.792037 n-d-842687-2 devstack@keystone.service[80774]: DEBUG keystone.server.flask.request_processing.middleware.auth_context [None req-0fc1342f-dd46-419b-8782-ec6f4098a097 None admin] Validating token access rules against request {{(pid=80774) validate_allowed_request /usr/local/lib/python3.8/dist-packages/keystonemiddleware/auth_token/__init__.py:545}}
May 26 17:10:28.829012 n-d-842687-2 devstack@keystone.service[80774]: DEBUG dbcounter [-] [80774] Writing DB stats keystone:SELECT=100 {{(pid=80774) stat_writer /usr/local/lib/python3.8/dist-packages/dbcounter.py:114}}
May 26 17:10:28.834686 n-d-842687-2 devstack@keystone.service[80775]: DEBUG keystone.server.flask.request_processing.middleware.auth_context [None req-56412c3e-e3c6-4ad1-9dd1-710ed5337c97 None None] Authenticating user token {{(pid=80775) process_request /usr/local/lib/python3.8/dist-packages/keystonemiddleware/auth_token/__init__.py:407}}
May 26 17:10:28.881190 n-d-842687-2 devstack@keystone.service[80774]: DEBUG keystone.server.flask.request_processing.middleware.auth_context [None req-c5be7daf-4913-40b8-bbbd-6cfb628015e2 None admin] RBAC: auth_context: {'token': , 'domain_id': None, 'trust_id': None, 'trustor_id': None, 'trustee_id': None, 'domain_name': None, 'group_ids': [], 'user_id': '09ff3712506842609d707499ab5dfb96', 'user_domain_id': 'default', 'system_scope': 'all', 'project_id': None, 'project_domain_id': None, 'roles': ['admin', 'member', 'reader'], 'is_admin_project': True, 'service_user_id': None, 'service_user_domain_id': None, 'service_project_id': None, 'service_project_domain_id': None, 'service_roles': []} {{(pid=80774) fill_context /opt/stack/keystone/keystone/server/flask/request_processing/middleware/auth_context.py:478}}
May 26 17:10:28.881875 n-d-842687-2 devstack@keystone.service[80774]: DEBUG keystone.server.flask.request_processing.req_logging [None req-c5be7daf-4913-40b8-bbbd-6cfb628015e2 None admin] REQUEST_METHOD: `GET` {{(pid=80774) log_request_info /opt/stack/keystone/keystone/server/flask/request_processing/req_logging.py:27}}
May 26 17:10:28.882156 n-d-842687-2 devstack@keystone.service[80774]: DEBUG keystone.server.flask.request_processing.req_logging [None req-c5be7daf-4913-40b8-bbbd-6cfb628015e2 None admin] SCRIPT_NAME: `/identity` {{(pid=80774) log_request_info /opt/stack/keystone/keystone/server/flask/request_processing/req_logging.py:28}}
May 26 17:10:28.882428 n-d-842687-2 devstack@keystone.service[80774]: DEBUG keystone.server.flask.request_processing.req_logging [None req-c5be7daf-4913-40b8-bbbd-6cfb628015e2 None admin] PATH_INFO: `/v3/auth/tokens` {{(pid=80774) log_request_info /opt/stack/keystone/keystone/server/flask/request_processing/req_logging.py:29}}
May 26 17:10:28.985553 n-d-842687-2 devstack@keystone.service[80775]: DEBUG dbcounter [-] [80775] Writing DB stats keystone:SELECT=100 {{(pid=80775) stat_writer /usr/local/lib/python3.8/dist-packages/dbcounter.py:114}}
May 26 17:10:28.991065 n-d-842687-2 devstack@keystone.service[80775]: DEBUG keystone.server.flask.request_processing.middleware.auth_context [None req-56412c3e-e3c6-4ad1-9dd1-710ed5337c97 None None] Validating token access rules against request {{(pid=80775) validate_allowed_request /usr/local/lib/python3.8/dist-packages/keystonemiddleware/auth_token/__init__.py:545}}
May 26 17:10:29.015008 n-d-842687-2 devstack@keystone.service[80774]: DEBUG keystone.common.rbac_enforcer.enforcer [None req-c5be7daf-4913-40b8-bbbd-6cfb628015e2 None admin] RBAC: Authorizing `identity:validate_token()` {{(pid=80774) enforce_call /opt/stack/keystone/keystone/common/rbac_enforcer/enforcer.py:449}}
May 26 17:10:29.016589 n-d-842687-2 devstack@keystone.service[80774]: DEBUG keystone.common.rbac_enforcer.enforcer [None req-c5be7daf-4913-40b8-bbbd-6cfb628015e2 None admin] RBAC: Authorization granted {{(pid=80774) enforce_call /opt/stack/keystone/keystone/common/rbac_enforcer/enforcer.py:457}}
May 26 17:10:29.091340 n-d-842687-2 devstack@keystone.service[80775]: DEBUG keystone.server.flask.request_processing.middleware.auth_context [None req-4aa8b348-cac2-42af-b5d3-0a7d003c1b03 None admin] RBAC: auth_context: {'token': , 'domain_id': None, 'trust_id': None, 'trustor_id': None, 'trustee_id': None, 'domain_name': None, 'group_ids': [], 'user_id': '09ff3712506842609d707499ab5dfb96', 'user_domain_id': 'default', 'system_scope': 'all', 'project_id': None, 'project_domain_id': None, 'roles': ['admin', 'member', 'reader'], 'is_admin_project': True, 'service_user_id': None, 'service_user_domain_id': None, 'service_project_id': None, 'service_project_domain_id': None, 'service_roles': []} {{(pid=80775) fill_context /opt/stack/keystone/keystone/server/flask/request_processing/middleware/auth_context.py:478}}
May 26 17:10:29.092080 n-d-842687-2 devstack@keystone.service[80775]: DEBUG keystone.server.flask.request_processing.req_logging [None req-4aa8b348-cac2-42af-b5d3-0a7d003c1b03 None admin] REQUEST_METHOD: `GET` {{(pid=80775) log_request_info /opt/stack/keystone/keystone/server/flask/request_processing/req_logging.py:27}}
May 26 17:10:29.092388 n-d-842687-2 devstack@keystone.service[80775]: DEBUG keystone.server.flask.request_processing.req_logging [None req-4aa8b348-cac2-42af-b5d3-0a7d003c1b03 None admin] SCRIPT_NAME: `/identity` {{(pid=80775) log_request_info /opt/stack/keystone/keystone/server/flask/request_processing/req_logging.py:28}}
May 26 17:10:29.092666 n-d-842687-2 devstack@keystone.service[80775]: DEBUG keystone.server.flask.request_processing.req_logging [None req-4aa8b348-cac2-42af-b5d3-0a7d003c1b03 None admin] PATH_INFO: `/v3/roles/anotherrole` {{(pid=80775) log_request_info /opt/stack/keystone/keystone/server/flask/request_processing/req_logging.py:29}}
