May 20 09:12:13.233824 n-d-842687-1 devstack@placement-api.service[105743]: DEBUG placement.requestlog [req-811e8316-532d-48d1-a06c-5d47feb8a19f req-52bf7f6e-f57c-4124-bd7b-52de0a2a3546 None None] Starting request: 10.222.0.59 "GET /placement/resource_providers/6715e312-f087-4dd9-ade9-2f8ea886c8f6/allocations" {{(pid=105743) __call__ /opt/stack/placement/placement/requestlog.py:55}}
May 20 09:12:13.271971 n-d-842687-1 devstack@placement-api.service[105743]: INFO placement.requestlog [req-811e8316-532d-48d1-a06c-5d47feb8a19f req-52bf7f6e-f57c-4124-bd7b-52de0a2a3546 service placement] 10.222.0.59 "GET /placement/resource_providers/6715e312-f087-4dd9-ade9-2f8ea886c8f6/allocations" status: 200 len: 254 microversion: 1.0
May 20 09:12:13.272937 n-d-842687-1 devstack@placement-api.service[105743]: [pid: 105743|app: 0|req: 26/53] 10.222.0.59 () {58 vars in 1390 bytes} [Fri May 20 09:12:13 2022] GET /placement/resource_providers/6715e312-f087-4dd9-ade9-2f8ea886c8f6/allocations => generated 254 bytes in 39 msecs (HTTP/1.1 200) 6 headers in 224 bytes (1 switches on core 0)
May 20 09:12:14.478787 n-d-842687-1 devstack@placement-api.service[105742]: DEBUG placement.requestlog [req-49b883e8-f3c9-4ff9-9766-4611796ef294 req-8432d6ef-28f9-4537-be88-dcec346f71fa None None] Starting request: 10.222.0.24 "DELETE /placement/allocations/9e0ed6c0-8dd0-4725-940a-042229587acc" {{(pid=105742) __call__ /opt/stack/placement/placement/requestlog.py:55}}
May 20 09:12:14.531548 n-d-842687-1 devstack@placement-api.service[105742]: DEBUG placement.handlers.allocation [req-49b883e8-f3c9-4ff9-9766-4611796ef294 req-8432d6ef-28f9-4537-be88-dcec346f71fa service placement] Successfully deleted allocations [, , ] {{(pid=105742) delete_allocations /opt/stack/placement/placement/handlers/allocation.py:627}}
May 20 09:12:14.532081 n-d-842687-1 devstack@placement-api.service[105742]: INFO placement.requestlog [req-49b883e8-f3c9-4ff9-9766-4611796ef294 req-8432d6ef-28f9-4537-be88-dcec346f71fa service placement] 10.222.0.24 "DELETE /placement/allocations/9e0ed6c0-8dd0-4725-940a-042229587acc" status: 204 len: 0 microversion: 1.0
May 20 09:12:14.533538 n-d-842687-1 devstack@placement-api.service[105742]: [pid: 105742|app: 0|req: 28/54] 10.222.0.24 () {60 vars in 1355 bytes} [Fri May 20 09:12:14 2022] DELETE /placement/allocations/9e0ed6c0-8dd0-4725-940a-042229587acc => generated 0 bytes in 55 msecs (HTTP/1.1 204) 5 headers in 198 bytes (1 switches on core 0)
May 20 09:12:16.476513 n-d-842687-1 devstack@placement-api.service[105743]: DEBUG placement.requestlog [None req-5ee0eb8a-c419-4a2c-878c-05310bf2de98 None None] Starting request: 10.222.0.49 "GET /placement/" {{(pid=105743) __call__ /opt/stack/placement/placement/requestlog.py:55}}
May 20 09:12:16.477512 n-d-842687-1 devstack@placement-api.service[105743]: INFO placement.requestlog [None req-5ee0eb8a-c419-4a2c-878c-05310bf2de98 None None] 10.222.0.49 "GET /placement/" status: 200 len: 136 microversion: 1.0
May 20 09:12:16.478095 n-d-842687-1 devstack@placement-api.service[105743]: [pid: 105743|app: 0|req: 27/55] 10.222.0.49 () {54 vars in 907 bytes} [Fri May 20 09:12:16 2022] GET /placement => generated 136 bytes in 2 msecs (HTTP/1.1 200) 6 headers in 224 bytes (1 switches on core 0)
May 20 09:12:16.489551 n-d-842687-1 devstack@placement-api.service[105742]: DEBUG placement.requestlog [req-0528cf03-4c6a-4e72-a30c-686ec4b3c817 req-5f55eca5-e903-496a-86ec-fef8212049d0 None None] Starting request: 10.222.0.49 "GET /placement/resource_providers?name=n-h2-842687-1" {{(pid=105742) __call__ /opt/stack/placement/placement/requestlog.py:55}}
May 20 09:12:16.547747 n-d-842687-1 devstack@placement-api.service[105743]: DEBUG placement.requestlog [req-b2088f21-7e4c-459a-9d7b-694d4f8639e5 req-413fe736-63da-4137-a297-808a33b41349 None None] Starting request: 10.222.0.49 "GET /placement/allocation_candidates?limit=1000&resources=DISK_GB%3A1%2CMEMORY_MB%3A1024%2CVCPU%3A1&root_required=%21COMPUTE_STATUS_DISABLED" {{(pid=105743) __call__ /opt/stack/placement/placement/requestlog.py:55}}
May 20 09:12:16.592082 n-d-842687-1 devstack@placement-api.service[105742]: INFO placement.requestlog [req-0528cf03-4c6a-4e72-a30c-686ec4b3c817 req-5f55eca5-e903-496a-86ec-fef8212049d0 service placement] 10.222.0.49 "GET /placement/resource_providers?name=n-h2-842687-1" status: 200 len: 440 microversion: 1.0
May 20 09:12:16.600569 n-d-842687-1 devstack@placement-api.service[105742]: [pid: 105742|app: 0|req: 29/56] 10.222.0.49 () {58 vars in 1274 bytes} [Fri May 20 09:12:16 2022] GET /placement/resource_providers?name=n-h2-842687-1 => generated 440 bytes in 111 msecs (HTTP/1.1 200) 6 headers in 224 bytes (1 switches on core 0)
May 20 09:12:16.601341 n-d-842687-1 devstack@placement-api.service[105742]: DEBUG placement.requestlog [req-0528cf03-4c6a-4e72-a30c-686ec4b3c817 req-90261baa-47fa-417e-ac8b-76d349356189 None None] Starting request: 10.222.0.49 "GET /placement/resource_providers/f5766305-4fc4-4cab-8091-92c42be1e113/aggregates" {{(pid=105742) __call__ /opt/stack/placement/placement/requestlog.py:55}}
May 20 09:12:16.627483 n-d-842687-1 devstack@placement-api.service[105743]: DEBUG placement.objects.research_context [req-b2088f21-7e4c-459a-9d7b-694d4f8639e5 req-413fe736-63da-4137-a297-808a33b41349 service placement] getting providers with 1 DISK_GB {{(pid=105743) __init__ /opt/stack/placement/placement/objects/research_context.py:136}}
May 20 09:12:16.631646 n-d-842687-1 devstack@placement-api.service[105742]: INFO placement.requestlog [req-0528cf03-4c6a-4e72-a30c-686ec4b3c817 req-90261baa-47fa-417e-ac8b-76d349356189 service placement] 10.222.0.49 "GET /placement/resource_providers/f5766305-4fc4-4cab-8091-92c42be1e113/aggregates" status: 200 len: 91 microversion: 1.19
May 20 09:12:16.638941 n-d-842687-1 devstack@placement-api.service[105742]: [pid: 105742|app: 0|req: 30/57] 10.222.0.49 () {60 vars in 1425 bytes} [Fri May 20 09:12:16 2022] GET /placement/resource_providers/f5766305-4fc4-4cab-8091-92c42be1e113/aggregates => generated 91 bytes in 38 msecs (HTTP/1.1 200) 8 headers in 295 bytes (1 switches on core 0)
May 20 09:12:16.639964 n-d-842687-1 devstack@placement-api.service[105742]: DEBUG placement.requestlog [req-0528cf03-4c6a-4e72-a30c-686ec4b3c817 req-6b6dc78f-125e-4530-b43f-32b3735cae61 None None] Starting request: 10.222.0.49 "PUT /placement/resource_providers/f5766305-4fc4-4cab-8091-92c42be1e113/aggregates" {{(pid=105742) __call__ /opt/stack/placement/placement/requestlog.py:55}}
May 20 09:12:16.651417 n-d-842687-1 devstack@placement-api.service[105743]: DEBUG placement.objects.research_context [req-b2088f21-7e4c-459a-9d7b-694d4f8639e5 req-413fe736-63da-4137-a297-808a33b41349 service placement] getting providers with 1024 MEMORY_MB {{(pid=105743) __init__ /opt/stack/placement/placement/objects/research_context.py:136}}
May 20 09:12:16.662284 n-d-842687-1 devstack@placement-api.service[105743]: DEBUG placement.objects.research_context [req-b2088f21-7e4c-459a-9d7b-694d4f8639e5 req-413fe736-63da-4137-a297-808a33b41349 service placement] getting providers with 1 VCPU {{(pid=105743) __init__ /opt/stack/placement/placement/objects/research_context.py:136}}
May 20 09:12:16.674242 n-d-842687-1 devstack@placement-api.service[105743]: DEBUG placement.objects.research_context [req-b2088f21-7e4c-459a-9d7b-694d4f8639e5 req-413fe736-63da-4137-a297-808a33b41349 service placement] found 2 providers with available 1 DISK_GB {{(pid=105743) get_provider_ids_matching /opt/stack/placement/placement/objects/research_context.py:563}}
May 20 09:12:16.675083 n-d-842687-1 devstack@placement-api.service[105742]: DEBUG placement.objects.resource_provider [req-0528cf03-4c6a-4e72-a30c-686ec4b3c817 req-6b6dc78f-125e-4530-b43f-32b3735cae61 service placement] Setting aggregates for provider f5766305-4fc4-4cab-8091-92c42be1e113. Successfully disassociated aggregate cbca7d8f-5359-4f8e-b537-96d5c7b44a7a. {{(pid=105742) _set_aggregates /opt/stack/placement/placement/objects/resource_provider.py:404}}
May 20 09:12:16.675513 n-d-842687-1 devstack@placement-api.service[105743]: DEBUG placement.objects.research_context [req-b2088f21-7e4c-459a-9d7b-694d4f8639e5 req-413fe736-63da-4137-a297-808a33b41349 service placement] found 2 providers with available 1024 MEMORY_MB {{(pid=105743) get_provider_ids_matching /opt/stack/placement/placement/objects/research_context.py:563}}
May 20 09:12:16.675997 n-d-842687-1 devstack@placement-api.service[105743]: DEBUG placement.objects.research_context [req-b2088f21-7e4c-459a-9d7b-694d4f8639e5 req-413fe736-63da-4137-a297-808a33b41349 service placement] found 2 providers after filtering by previous result {{(pid=105743) get_provider_ids_matching /opt/stack/placement/placement/objects/research_context.py:594}}
May 20 09:12:16.677629 n-d-842687-1 devstack@placement-api.service[105743]: DEBUG placement.objects.research_context [req-b2088f21-7e4c-459a-9d7b-694d4f8639e5 req-413fe736-63da-4137-a297-808a33b41349 service placement] found 2 providers with available 1 VCPU {{(pid=105743) get_provider_ids_matching /opt/stack/placement/placement/objects/research_context.py:563}}
May 20 09:12:16.677904 n-d-842687-1 devstack@placement-api.service[105743]: DEBUG placement.objects.research_context [req-b2088f21-7e4c-459a-9d7b-694d4f8639e5 req-413fe736-63da-4137-a297-808a33b41349 service placement] found 2 providers after filtering by previous result {{(pid=105743) get_provider_ids_matching /opt/stack/placement/placement/objects/research_context.py:594}}
May 20 09:12:16.690190 n-d-842687-1 devstack@placement-api.service[105742]: INFO placement.requestlog [req-0528cf03-4c6a-4e72-a30c-686ec4b3c817 req-6b6dc78f-125e-4530-b43f-32b3735cae61 service placement] 10.222.0.49 "PUT /placement/resource_providers/f5766305-4fc4-4cab-8091-92c42be1e113/aggregates" status: 200 len: 53 microversion: 1.19
May 20 09:12:16.690745 n-d-842687-1 devstack@placement-api.service[105742]: [pid: 105742|app: 0|req: 31/58] 10.222.0.49 () {64 vars in 1477 bytes} [Fri May 20 09:12:16 2022] PUT /placement/resource_providers/f5766305-4fc4-4cab-8091-92c42be1e113/aggregates => generated 53 bytes in 51 msecs (HTTP/1.1 200) 8 headers in 295 bytes (1 switches on core 0)
May 20 09:12:16.705948 n-d-842687-1 devstack@placement-api.service[105743]: DEBUG placement.objects.allocation_candidate [req-b2088f21-7e4c-459a-9d7b-694d4f8639e5 req-413fe736-63da-4137-a297-808a33b41349 service placement] RequestGroup(use_same_provider=False, resources={DISK_GB:1, MEMORY_MB:1024, VCPU:1}, traits=(), aggregates=[]) (suffix '') returned 2 matches {{(pid=105743) _get_by_requests /opt/stack/placement/placement/objects/allocation_candidate.py:156}}
May 20 09:12:16.706368 n-d-842687-1 devstack@placement-api.service[105743]: DEBUG placement.objects.allocation_candidate [req-b2088f21-7e4c-459a-9d7b-694d4f8639e5 req-413fe736-63da-4137-a297-808a33b41349 service placement] Merging candidates yields 2 allocation requests and 2 provider summaries {{(pid=105743) _merge_candidates /opt/stack/placement/placement/objects/allocation_candidate.py:809}}
May 20 09:12:16.707906 n-d-842687-1 devstack@placement-api.service[105743]: INFO placement.requestlog [req-b2088f21-7e4c-459a-9d7b-694d4f8639e5 req-413fe736-63da-4137-a297-808a33b41349 service placement] 10.222.0.49 "GET /placement/allocation_candidates?limit=1000&resources=DISK_GB%3A1%2CMEMORY_MB%3A1024%2CVCPU%3A1&root_required=%21COMPUTE_STATUS_DISABLED" status: 200 len: 1309 microversion: 1.36
May 20 09:12:16.708647 n-d-842687-1 devstack@placement-api.service[105743]: [pid: 105743|app: 0|req: 28/59] 10.222.0.49 () {60 vars in 1506 bytes} [Fri May 20 09:12:16 2022] GET /placement/allocation_candidates?limit=1000&resources=DISK_GB%3A1%2CMEMORY_MB%3A1024%2CVCPU%3A1&root_required=%21COMPUTE_STATUS_DISABLED => generated 1309 bytes in 161 msecs (HTTP/1.1 200) 8 headers in 297 bytes (1 switches on core 0)
May 20 09:12:16.825038 n-d-842687-1 devstack@placement-api.service[105742]: DEBUG placement.requestlog [req-b2088f21-7e4c-459a-9d7b-694d4f8639e5 req-2673c142-739f-4dcf-a2f4-44efd90d27e9 None None] Starting request: 10.222.0.49 "GET /placement/allocations/a1a77b54-2d58-4a0b-a686-178f62fe8477" {{(pid=105742) __call__ /opt/stack/placement/placement/requestlog.py:55}}
May 20 09:12:16.842414 n-d-842687-1 devstack@placement-api.service[105742]: INFO placement.requestlog [req-b2088f21-7e4c-459a-9d7b-694d4f8639e5 req-2673c142-739f-4dcf-a2f4-44efd90d27e9 service placement] 10.222.0.49 "GET /placement/allocations/a1a77b54-2d58-4a0b-a686-178f62fe8477" status: 200 len: 19 microversion: 1.28
May 20 09:12:16.845328 n-d-842687-1 devstack@placement-api.service[105742]: [pid: 105742|app: 0|req: 32/60] 10.222.0.49 () {60 vars in 1380 bytes} [Fri May 20 09:12:16 2022] GET /placement/allocations/a1a77b54-2d58-4a0b-a686-178f62fe8477 => generated 19 bytes in 20 msecs (HTTP/1.1 200) 8 headers in 295 bytes (1 switches on core 0)
May 20 09:12:16.854788 n-d-842687-1 devstack@placement-api.service[105743]: DEBUG placement.requestlog [req-b2088f21-7e4c-459a-9d7b-694d4f8639e5 req-92878c0f-de39-45b3-877b-c7b8d4baed57 None None] Starting request: 10.222.0.49 "PUT /placement/allocations/a1a77b54-2d58-4a0b-a686-178f62fe8477" {{(pid=105743) __call__ /opt/stack/placement/placement/requestlog.py:55}}
May 20 09:12:16.970798 n-d-842687-1 devstack@placement-api.service[105743]: DEBUG placement.handlers.allocation [req-b2088f21-7e4c-459a-9d7b-694d4f8639e5 req-92878c0f-de39-45b3-877b-c7b8d4baed57 service placement] Successfully wrote allocations [, , ] {{(pid=105743) _update_consumers_and_create_allocations /opt/stack/placement/placement/handlers/allocation.py:462}}
May 20 09:12:16.980297 n-d-842687-1 devstack@placement-api.service[105743]: INFO placement.requestlog [req-b2088f21-7e4c-459a-9d7b-694d4f8639e5 req-92878c0f-de39-45b3-877b-c7b8d4baed57 service placement] 10.222.0.49 "PUT /placement/allocations/a1a77b54-2d58-4a0b-a686-178f62fe8477" status: 204 len: 0 microversion: 1.36
May 20 09:12:16.982409 n-d-842687-1 devstack@placement-api.service[105743]: [pid: 105743|app: 0|req: 29/61] 10.222.0.49 () {64 vars in 1433 bytes} [Fri May 20 09:12:16 2022] PUT /placement/allocations/a1a77b54-2d58-4a0b-a686-178f62fe8477 => generated 0 bytes in 128 msecs (HTTP/1.1 204) 5 headers in 199 bytes (1 switches on core 0)
May 20 09:12:17.462376 n-d-842687-1 devstack@placement-api.service[105742]: DEBUG placement.requestlog [req-b2088f21-7e4c-459a-9d7b-694d4f8639e5 req-be0fa4a7-0457-4128-b028-fff42827abfa None None] Starting request: 10.222.0.24 "GET /placement/allocations/a1a77b54-2d58-4a0b-a686-178f62fe8477" {{(pid=105742) __call__ /opt/stack/placement/placement/requestlog.py:55}}
May 20 09:12:17.482596 n-d-842687-1 devstack@placement-api.service[105742]: INFO placement.requestlog [req-b2088f21-7e4c-459a-9d7b-694d4f8639e5 req-be0fa4a7-0457-4128-b028-fff42827abfa service placement] 10.222.0.24 "GET /placement/allocations/a1a77b54-2d58-4a0b-a686-178f62fe8477" status: 200 len: 258 microversion: 1.28
May 20 09:12:17.483177 n-d-842687-1 devstack@placement-api.service[105742]: [pid: 105742|app: 0|req: 33/62] 10.222.0.24 () {60 vars in 1377 bytes} [Fri May 20 09:12:17 2022] GET /placement/allocations/a1a77b54-2d58-4a0b-a686-178f62fe8477 => generated 258 bytes in 21 msecs (HTTP/1.1 200) 8 headers in 296 bytes (2 switches on core 0)
May 20 09:12:17.741594 n-d-842687-1 devstack@placement-api.service[105743]: DEBUG placement.requestlog [req-6bb2bf04-beed-4e80-97a0-41b403522499 req-5481fdea-b3e0-485e-8c9a-827643d64d79 None None] Starting request: 10.222.0.49 "GET /placement/resource_providers?name=n-h2-842687-1" {{(pid=105743) __call__ /opt/stack/placement/placement/requestlog.py:55}}
May 20 09:12:17.752885 n-d-842687-1 devstack@placement-api.service[105743]: INFO placement.requestlog [req-6bb2bf04-beed-4e80-97a0-41b403522499 req-5481fdea-b3e0-485e-8c9a-827643d64d79 service placement] 10.222.0.49 "GET /placement/resource_providers?name=n-h2-842687-1" status: 200 len: 440 microversion: 1.0
May 20 09:12:17.753053 n-d-842687-1 devstack@placement-api.service[105743]: [pid: 105743|app: 0|req: 30/63] 10.222.0.49 () {58 vars in 1274 bytes} [Fri May 20 09:12:17 2022] GET /placement/resource_providers?name=n-h2-842687-1 => generated 440 bytes in 12 msecs (HTTP/1.1 200) 6 headers in 224 bytes (1 switches on core 0)
May 20 09:12:17.759661 n-d-842687-1 devstack@placement-api.service[105742]: DEBUG placement.requestlog [req-6bb2bf04-beed-4e80-97a0-41b403522499 req-a68d2ee2-1257-487f-9996-605ce63035a2 None None] Starting request: 10.222.0.49 "GET /placement/resource_providers/f5766305-4fc4-4cab-8091-92c42be1e113/aggregates" {{(pid=105742) __call__ /opt/stack/placement/placement/requestlog.py:55}}
May 20 09:12:17.779518 n-d-842687-1 devstack@placement-api.service[105742]: INFO placement.requestlog [req-6bb2bf04-beed-4e80-97a0-41b403522499 req-a68d2ee2-1257-487f-9996-605ce63035a2 service placement] 10.222.0.49 "GET /placement/resource_providers/f5766305-4fc4-4cab-8091-92c42be1e113/aggregates" status: 200 len: 53 microversion: 1.19
May 20 09:12:17.780392 n-d-842687-1 devstack@placement-api.service[105742]: [pid: 105742|app: 0|req: 34/64] 10.222.0.49 () {60 vars in 1425 bytes} [Fri May 20 09:12:17 2022] GET /placement/resource_providers/f5766305-4fc4-4cab-8091-92c42be1e113/aggregates => generated 53 bytes in 21 msecs (HTTP/1.1 200) 8 headers in 295 bytes (1 switches on core 0)
May 20 09:12:17.787490 n-d-842687-1 devstack@placement-api.service[105743]: DEBUG placement.requestlog [req-6bb2bf04-beed-4e80-97a0-41b403522499 req-5b897f5f-6998-4c5b-93ca-f33936392dfe None None] Starting request: 10.222.0.49 "PUT /placement/resource_providers/f5766305-4fc4-4cab-8091-92c42be1e113/aggregates" {{(pid=105743) __call__ /opt/stack/placement/placement/requestlog.py:55}}
May 20 09:12:17.803953 n-d-842687-1 devstack@placement-api.service[105743]: DEBUG placement.objects.resource_provider [req-6bb2bf04-beed-4e80-97a0-41b403522499 req-5b897f5f-6998-4c5b-93ca-f33936392dfe service placement] _ensure_aggregate() did not find aggregate 60bf9a33-2e07-4d3e-ab56-bc3a65dd40c7. Attempting to create it. {{(pid=105743) _ensure_aggregate /opt/stack/placement/placement/objects/resource_provider.py:321}}
May 20 09:12:17.805660 n-d-842687-1 devstack@placement-api.service[105743]: DEBUG placement.objects.resource_provider [req-6bb2bf04-beed-4e80-97a0-41b403522499 req-5b897f5f-6998-4c5b-93ca-f33936392dfe service placement] _ensure_aggregate() created new aggregate 60bf9a33-2e07-4d3e-ab56-bc3a65dd40c7 (id=2). {{(pid=105743) _ensure_aggregate /opt/stack/placement/placement/objects/resource_provider.py:327}}
May 20 09:12:17.808511 n-d-842687-1 devstack@placement-api.service[105743]: DEBUG placement.objects.resource_provider [req-6bb2bf04-beed-4e80-97a0-41b403522499 req-5b897f5f-6998-4c5b-93ca-f33936392dfe service placement] Setting aggregates for provider f5766305-4fc4-4cab-8091-92c42be1e113. Successfully associated aggregate 60bf9a33-2e07-4d3e-ab56-bc3a65dd40c7. {{(pid=105743) _set_aggregates /opt/stack/placement/placement/objects/resource_provider.py:389}}
May 20 09:12:17.815295 n-d-842687-1 devstack@placement-api.service[105743]: INFO placement.requestlog [req-6bb2bf04-beed-4e80-97a0-41b403522499 req-5b897f5f-6998-4c5b-93ca-f33936392dfe service placement] 10.222.0.49 "PUT /placement/resource_providers/f5766305-4fc4-4cab-8091-92c42be1e113/aggregates" status: 200 len: 92 microversion: 1.19
May 20 09:12:17.822416 n-d-842687-1 devstack@placement-api.service[105743]: [pid: 105743|app: 0|req: 31/65] 10.222.0.49 () {64 vars in 1477 bytes} [Fri May 20 09:12:17 2022] PUT /placement/resource_providers/f5766305-4fc4-4cab-8091-92c42be1e113/aggregates => generated 92 bytes in 35 msecs (HTTP/1.1 200) 8 headers in 295 bytes (1 switches on core 0)
May 20 09:12:17.905647 n-d-842687-1 devstack@placement-api.service[105742]: DEBUG placement.requestlog [req-a6ef5022-9cc8-490b-a7dc-60efecc5c4d2 req-a833b7ce-ba20-4853-9c59-f3f16b24f14a None None] Starting request: 10.222.0.49 "GET /placement/resource_providers?name=n-h2-842687-1" {{(pid=105742) __call__ /opt/stack/placement/placement/requestlog.py:55}}
May 20 09:12:17.923288 n-d-842687-1 devstack@placement-api.service[105742]: INFO placement.requestlog [req-a6ef5022-9cc8-490b-a7dc-60efecc5c4d2 req-a833b7ce-ba20-4853-9c59-f3f16b24f14a service placement] 10.222.0.49 "GET /placement/resource_providers?name=n-h2-842687-1" status: 200 len: 441 microversion: 1.0
May 20 09:12:17.924739 n-d-842687-1 devstack@placement-api.service[105742]: [pid: 105742|app: 0|req: 35/66] 10.222.0.49 () {58 vars in 1274 bytes} [Fri May 20 09:12:17 2022] GET /placement/resource_providers?name=n-h2-842687-1 => generated 441 bytes in 19 msecs (HTTP/1.1 200) 6 headers in 224 bytes (1 switches on core 0)
May 20 09:12:17.930107 n-d-842687-1 devstack@placement-api.service[105743]: DEBUG placement.requestlog [req-a6ef5022-9cc8-490b-a7dc-60efecc5c4d2 req-ba34e1b9-f44c-4938-be54-21b1e0d5be5b None None] Starting request: 10.222.0.49 "GET /placement/resource_providers/f5766305-4fc4-4cab-8091-92c42be1e113/aggregates" {{(pid=105743) __call__ /opt/stack/placement/placement/requestlog.py:55}}
May 20 09:12:17.961430 n-d-842687-1 devstack@placement-api.service[105743]: INFO placement.requestlog [req-a6ef5022-9cc8-490b-a7dc-60efecc5c4d2 req-ba34e1b9-f44c-4938-be54-21b1e0d5be5b service placement] 10.222.0.49 "GET /placement/resource_providers/f5766305-4fc4-4cab-8091-92c42be1e113/aggregates" status: 200 len: 92 microversion: 1.19
May 20 09:12:17.962341 n-d-842687-1 devstack@placement-api.service[105743]: [pid: 105743|app: 0|req: 32/67] 10.222.0.49 () {60 vars in 1425 bytes} [Fri May 20 09:12:17 2022] GET /placement/resource_providers/f5766305-4fc4-4cab-8091-92c42be1e113/aggregates => generated 92 bytes in 32 msecs (HTTP/1.1 200) 8 headers in 295 bytes (1 switches on core 0)
May 20 09:12:17.969548 n-d-842687-1 devstack@placement-api.service[105742]: DEBUG placement.requestlog [req-a6ef5022-9cc8-490b-a7dc-60efecc5c4d2 req-ee1e857a-4532-49a6-b4be-d6dc0f292829 None None] Starting request: 10.222.0.49 "PUT /placement/resource_providers/f5766305-4fc4-4cab-8091-92c42be1e113/aggregates" {{(pid=105742) __call__ /opt/stack/placement/placement/requestlog.py:55}}
May 20 09:12:17.996760 n-d-842687-1 devstack@placement-api.service[105742]: DEBUG placement.objects.resource_provider [req-a6ef5022-9cc8-490b-a7dc-60efecc5c4d2 req-ee1e857a-4532-49a6-b4be-d6dc0f292829 service placement] Setting aggregates for provider f5766305-4fc4-4cab-8091-92c42be1e113. Successfully disassociated aggregate 60bf9a33-2e07-4d3e-ab56-bc3a65dd40c7. {{(pid=105742) _set_aggregates /opt/stack/placement/placement/objects/resource_provider.py:404}}
May 20 09:12:18.009195 n-d-842687-1 devstack@placement-api.service[105742]: INFO placement.requestlog [req-a6ef5022-9cc8-490b-a7dc-60efecc5c4d2 req-ee1e857a-4532-49a6-b4be-d6dc0f292829 service placement] 10.222.0.49 "PUT /placement/resource_providers/f5766305-4fc4-4cab-8091-92c42be1e113/aggregates" status: 200 len: 54 microversion: 1.19
May 20 09:12:18.009845 n-d-842687-1 devstack@placement-api.service[105742]: [pid: 105742|app: 0|req: 36/68] 10.222.0.49 () {64 vars in 1477 bytes} [Fri May 20 09:12:17 2022] PUT /placement/resource_providers/f5766305-4fc4-4cab-8091-92c42be1e113/aggregates => generated 54 bytes in 40 msecs (HTTP/1.1 200) 8 headers in 295 bytes (2 switches on core 0)
May 20 09:12:18.253922 n-d-842687-1 devstack@placement-api.service[105743]: DEBUG placement.requestlog [req-0ac7ff8c-7ede-4fbb-ba43-6bdfb71aee5b req-2baacc42-f74b-4f56-99a2-ff7a06525181 None None] Starting request: 10.222.0.49 "GET /placement/resource_providers?name=n-h2-842687-1" {{(pid=105743) __call__ /opt/stack/placement/placement/requestlog.py:55}}
May 20 09:12:18.268658 n-d-842687-1 devstack@placement-api.service[105743]: INFO placement.requestlog [req-0ac7ff8c-7ede-4fbb-ba43-6bdfb71aee5b req-2baacc42-f74b-4f56-99a2-ff7a06525181 service placement] 10.222.0.49 "GET /placement/resource_providers?name=n-h2-842687-1" status: 200 len: 441 microversion: 1.0
May 20 09:12:18.269298 n-d-842687-1 devstack@placement-api.service[105743]: [pid: 105743|app: 0|req: 33/69] 10.222.0.49 () {58 vars in 1274 bytes} [Fri May 20 09:12:18 2022] GET /placement/resource_providers?name=n-h2-842687-1 => generated 441 bytes in 16 msecs (HTTP/1.1 200) 6 headers in 224 bytes (1 switches on core 0)
May 20 09:12:18.277330 n-d-842687-1 devstack@placement-api.service[105742]: DEBUG placement.requestlog [req-0ac7ff8c-7ede-4fbb-ba43-6bdfb71aee5b req-8ab76130-7a98-449a-b1ad-b7e2c9fbdccc None None] Starting request: 10.222.0.49 "GET /placement/resource_providers/f5766305-4fc4-4cab-8091-92c42be1e113/aggregates" {{(pid=105742) __call__ /opt/stack/placement/placement/requestlog.py:55}}
May 20 09:12:18.291457 n-d-842687-1 devstack@placement-api.service[105742]: INFO placement.requestlog [req-0ac7ff8c-7ede-4fbb-ba43-6bdfb71aee5b req-8ab76130-7a98-449a-b1ad-b7e2c9fbdccc service placement] 10.222.0.49 "GET /placement/resource_providers/f5766305-4fc4-4cab-8091-92c42be1e113/aggregates" status: 200 len: 54 microversion: 1.19
May 20 09:12:18.292133 n-d-842687-1 devstack@placement-api.service[105742]: [pid: 105742|app: 0|req: 37/70] 10.222.0.49 () {60 vars in 1425 bytes} [Fri May 20 09:12:18 2022] GET /placement/resource_providers/f5766305-4fc4-4cab-8091-92c42be1e113/aggregates => generated 54 bytes in 15 msecs (HTTP/1.1 200) 8 headers in 295 bytes (1 switches on core 0)
May 20 09:12:18.299228 n-d-842687-1 devstack@placement-api.service[105743]: DEBUG placement.requestlog [req-0ac7ff8c-7ede-4fbb-ba43-6bdfb71aee5b req-0bb232f4-0b57-46e3-b272-a3e4b4dba242 None None] Starting request: 10.222.0.49 "PUT /placement/resource_providers/f5766305-4fc4-4cab-8091-92c42be1e113/aggregates" {{(pid=105743) __call__ /opt/stack/placement/placement/requestlog.py:55}}
May 20 09:12:18.317663 n-d-842687-1 devstack@placement-api.service[105743]: DEBUG placement.objects.resource_provider [req-0ac7ff8c-7ede-4fbb-ba43-6bdfb71aee5b req-0bb232f4-0b57-46e3-b272-a3e4b4dba242 service placement] _ensure_aggregate() did not find aggregate 6bb953bd-1ff2-4e1b-b2d3-2e5ad5c26b2e. Attempting to create it. {{(pid=105743) _ensure_aggregate /opt/stack/placement/placement/objects/resource_provider.py:321}}
May 20 09:12:18.319271 n-d-842687-1 devstack@placement-api.service[105743]: DEBUG placement.objects.resource_provider [req-0ac7ff8c-7ede-4fbb-ba43-6bdfb71aee5b req-0bb232f4-0b57-46e3-b272-a3e4b4dba242 service placement] _ensure_aggregate() created new aggregate 6bb953bd-1ff2-4e1b-b2d3-2e5ad5c26b2e (id=3). {{(pid=105743) _ensure_aggregate /opt/stack/placement/placement/objects/resource_provider.py:327}}
May 20 09:12:18.320879 n-d-842687-1 devstack@placement-api.service[105743]: DEBUG placement.objects.resource_provider [req-0ac7ff8c-7ede-4fbb-ba43-6bdfb71aee5b req-0bb232f4-0b57-46e3-b272-a3e4b4dba242 service placement] Setting aggregates for provider f5766305-4fc4-4cab-8091-92c42be1e113. Successfully associated aggregate 6bb953bd-1ff2-4e1b-b2d3-2e5ad5c26b2e. {{(pid=105743) _set_aggregates /opt/stack/placement/placement/objects/resource_provider.py:389}}
May 20 09:12:18.331050 n-d-842687-1 devstack@placement-api.service[105743]: INFO placement.requestlog [req-0ac7ff8c-7ede-4fbb-ba43-6bdfb71aee5b req-0bb232f4-0b57-46e3-b272-a3e4b4dba242 service placement] 10.222.0.49 "PUT /placement/resource_providers/f5766305-4fc4-4cab-8091-92c42be1e113/aggregates" status: 200 len: 92 microversion: 1.19
May 20 09:12:18.331538 n-d-842687-1 devstack@placement-api.service[105743]: [pid: 105743|app: 0|req: 34/71] 10.222.0.49 () {64 vars in 1477 bytes} [Fri May 20 09:12:18 2022] PUT /placement/resource_providers/f5766305-4fc4-4cab-8091-92c42be1e113/aggregates => generated 92 bytes in 33 msecs (HTTP/1.1 200) 8 headers in 295 bytes (2 switches on core 0)
May 20 09:12:18.444380 n-d-842687-1 devstack@placement-api.service[105742]: DEBUG placement.requestlog [req-b9037271-b88c-446b-8076-0d19f199b5e7 req-4ee07812-8ef3-4ae2-9f8e-643e38aad81a None None] Starting request: 10.222.0.49 "GET /placement/resource_providers?name=n-h2-842687-1" {{(pid=105742) __call__ /opt/stack/placement/placement/requestlog.py:55}}
May 20 09:12:18.458977 n-d-842687-1 devstack@placement-api.service[105742]: INFO placement.requestlog [req-b9037271-b88c-446b-8076-0d19f199b5e7 req-4ee07812-8ef3-4ae2-9f8e-643e38aad81a service placement] 10.222.0.49 "GET /placement/resource_providers?name=n-h2-842687-1" status: 200 len: 441 microversion: 1.0
May 20 09:12:18.462227 n-d-842687-1 devstack@placement-api.service[105742]: [pid: 105742|app: 0|req: 38/72] 10.222.0.49 () {58 vars in 1274 bytes} [Fri May 20 09:12:18 2022] GET /placement/resource_providers?name=n-h2-842687-1 => generated 441 bytes in 18 msecs (HTTP/1.1 200) 6 headers in 224 bytes (1 switches on core 0)
May 20 09:12:18.466452 n-d-842687-1 devstack@placement-api.service[105743]: DEBUG placement.requestlog [req-b9037271-b88c-446b-8076-0d19f199b5e7 req-2678e356-4313-4e07-96e4-e1c5635b0cfd None None] Starting request: 10.222.0.49 "GET /placement/resource_providers/f5766305-4fc4-4cab-8091-92c42be1e113/aggregates" {{(pid=105743) __call__ /opt/stack/placement/placement/requestlog.py:55}}
May 20 09:12:18.477866 n-d-842687-1 devstack@placement-api.service[105743]: DEBUG dbcounter [-] [105743] Writing DB stats placement:SELECT=82,placement:DELETE=4,placement:INSERT=10,placement:UPDATE=4 {{(pid=105743) stat_writer /usr/local/lib/python3.8/dist-packages/dbcounter.py:114}}
May 20 09:12:18.487250 n-d-842687-1 devstack@placement-api.service[105743]: INFO placement.requestlog [req-b9037271-b88c-446b-8076-0d19f199b5e7 req-2678e356-4313-4e07-96e4-e1c5635b0cfd service placement] 10.222.0.49 "GET /placement/resource_providers/f5766305-4fc4-4cab-8091-92c42be1e113/aggregates" status: 200 len: 92 microversion: 1.19
May 20 09:12:18.487765 n-d-842687-1 devstack@placement-api.service[105743]: [pid: 105743|app: 0|req: 35/73] 10.222.0.49 () {60 vars in 1425 bytes} [Fri May 20 09:12:18 2022] GET /placement/resource_providers/f5766305-4fc4-4cab-8091-92c42be1e113/aggregates => generated 92 bytes in 22 msecs (HTTP/1.1 200) 8 headers in 295 bytes (1 switches on core 0)
May 20 09:12:18.498978 n-d-842687-1 devstack@placement-api.service[105742]: DEBUG placement.requestlog [req-b9037271-b88c-446b-8076-0d19f199b5e7 req-298c7000-f38f-4599-86a9-6408dcf705ae None None] Starting request: 10.222.0.49 "PUT /placement/resource_providers/f5766305-4fc4-4cab-8091-92c42be1e113/aggregates" {{(pid=105742) __call__ /opt/stack/placement/placement/requestlog.py:55}}
May 20 09:12:18.520402 n-d-842687-1 devstack@placement-api.service[105742]: DEBUG dbcounter [-] [105742] Writing DB stats placement:SELECT=79,placement:DELETE=8,placement:INSERT=7,placement:UPDATE=6 {{(pid=105742) stat_writer /usr/local/lib/python3.8/dist-packages/dbcounter.py:114}}
May 20 09:12:18.527897 n-d-842687-1 devstack@placement-api.service[105742]: DEBUG placement.objects.resource_provider [req-b9037271-b88c-446b-8076-0d19f199b5e7 req-298c7000-f38f-4599-86a9-6408dcf705ae service placement] Setting aggregates for provider f5766305-4fc4-4cab-8091-92c42be1e113. Successfully disassociated aggregate 6bb953bd-1ff2-4e1b-b2d3-2e5ad5c26b2e. {{(pid=105742) _set_aggregates /opt/stack/placement/placement/objects/resource_provider.py:404}}
May 20 09:12:18.539487 n-d-842687-1 devstack@placement-api.service[105742]: INFO placement.requestlog [req-b9037271-b88c-446b-8076-0d19f199b5e7 req-298c7000-f38f-4599-86a9-6408dcf705ae service placement] 10.222.0.49 "PUT /placement/resource_providers/f5766305-4fc4-4cab-8091-92c42be1e113/aggregates" status: 200 len: 54 microversion: 1.19
May 20 09:12:18.540939 n-d-842687-1 devstack@placement-api.service[105742]: [pid: 105742|app: 0|req: 39/74] 10.222.0.49 () {64 vars in 1477 bytes} [Fri May 20 09:12:18 2022] PUT /placement/resource_providers/f5766305-4fc4-4cab-8091-92c42be1e113/aggregates => generated 54 bytes in 42 msecs (HTTP/1.1 200) 8 headers in 295 bytes (1 switches on core 0)
May 20 09:12:18.953505 n-d-842687-1 devstack@placement-api.service[105743]: DEBUG placement.requestlog [req-31e256a2-ef67-4c27-b5ee-4f21ab426c43 req-cc98d9ee-22ad-4e49-9fc3-12f30be706fa None None] Starting request: 10.222.0.49 "GET /placement/resource_providers?name=n-h2-842687-1" {{(pid=105743) __call__ /opt/stack/placement/placement/requestlog.py:55}}
May 20 09:12:18.964850 n-d-842687-1 devstack@placement-api.service[105743]: INFO placement.requestlog [req-31e256a2-ef67-4c27-b5ee-4f21ab426c43 req-cc98d9ee-22ad-4e49-9fc3-12f30be706fa service placement] 10.222.0.49 "GET /placement/resource_providers?name=n-h2-842687-1" status: 200 len: 441 microversion: 1.0
May 20 09:12:18.965321 n-d-842687-1 devstack@placement-api.service[105743]: [pid: 105743|app: 0|req: 36/75] 10.222.0.49 () {58 vars in 1274 bytes} [Fri May 20 09:12:18 2022] GET /placement/resource_providers?name=n-h2-842687-1 => generated 441 bytes in 12 msecs (HTTP/1.1 200) 6 headers in 224 bytes (1 switches on core 0)
May 20 09:12:18.972738 n-d-842687-1 devstack@placement-api.service[105742]: DEBUG placement.requestlog [req-31e256a2-ef67-4c27-b5ee-4f21ab426c43 req-eeeddb13-f861-4d9c-b1cf-c9c42f626aa7 None None] Starting request: 10.222.0.49 "GET /placement/resource_providers/f5766305-4fc4-4cab-8091-92c42be1e113/aggregates" {{(pid=105742) __call__ /opt/stack/placement/placement/requestlog.py:55}}
May 20 09:12:18.986449 n-d-842687-1 devstack@placement-api.service[105742]: INFO placement.requestlog [req-31e256a2-ef67-4c27-b5ee-4f21ab426c43 req-eeeddb13-f861-4d9c-b1cf-c9c42f626aa7 service placement] 10.222.0.49 "GET /placement/resource_providers/f5766305-4fc4-4cab-8091-92c42be1e113/aggregates" status: 200 len: 54 microversion: 1.19
May 20 09:12:18.987086 n-d-842687-1 devstack@placement-api.service[105742]: [pid: 105742|app: 0|req: 40/76] 10.222.0.49 () {60 vars in 1425 bytes} [Fri May 20 09:12:18 2022] GET /placement/resource_providers/f5766305-4fc4-4cab-8091-92c42be1e113/aggregates => generated 54 bytes in 14 msecs (HTTP/1.1 200) 8 headers in 295 bytes (1 switches on core 0)
May 20 09:12:18.993632 n-d-842687-1 devstack@placement-api.service[105743]: DEBUG placement.requestlog [req-31e256a2-ef67-4c27-b5ee-4f21ab426c43 req-97d8209e-9c0d-4382-b96a-8bf35f656771 None None] Starting request: 10.222.0.49 "PUT /placement/resource_providers/f5766305-4fc4-4cab-8091-92c42be1e113/aggregates" {{(pid=105743) __call__ /opt/stack/placement/placement/requestlog.py:55}}
May 20 09:12:19.008200 n-d-842687-1 devstack@placement-api.service[105743]: DEBUG placement.objects.resource_provider [req-31e256a2-ef67-4c27-b5ee-4f21ab426c43 req-97d8209e-9c0d-4382-b96a-8bf35f656771 service placement] _ensure_aggregate() did not find aggregate 2810201f-6ad2-4e75-8433-246935386c7b. Attempting to create it. {{(pid=105743) _ensure_aggregate /opt/stack/placement/placement/objects/resource_provider.py:321}}
May 20 09:12:19.009598 n-d-842687-1 devstack@placement-api.service[105743]: DEBUG placement.objects.resource_provider [req-31e256a2-ef67-4c27-b5ee-4f21ab426c43 req-97d8209e-9c0d-4382-b96a-8bf35f656771 service placement] _ensure_aggregate() created new aggregate 2810201f-6ad2-4e75-8433-246935386c7b (id=4). {{(pid=105743) _ensure_aggregate /opt/stack/placement/placement/objects/resource_provider.py:327}}
May 20 09:12:19.010944 n-d-842687-1 devstack@placement-api.service[105743]: DEBUG placement.objects.resource_provider [req-31e256a2-ef67-4c27-b5ee-4f21ab426c43 req-97d8209e-9c0d-4382-b96a-8bf35f656771 service placement] Setting aggregates for provider f5766305-4fc4-4cab-8091-92c42be1e113. Successfully associated aggregate 2810201f-6ad2-4e75-8433-246935386c7b. {{(pid=105743) _set_aggregates /opt/stack/placement/placement/objects/resource_provider.py:389}}
May 20 09:12:19.016910 n-d-842687-1 devstack@placement-api.service[105743]: INFO placement.requestlog [req-31e256a2-ef67-4c27-b5ee-4f21ab426c43 req-97d8209e-9c0d-4382-b96a-8bf35f656771 service placement] 10.222.0.49 "PUT /placement/resource_providers/f5766305-4fc4-4cab-8091-92c42be1e113/aggregates" status: 200 len: 92 microversion: 1.19
May 20 09:12:19.017292 n-d-842687-1 devstack@placement-api.service[105743]: [pid: 105743|app: 0|req: 37/77] 10.222.0.49 () {64 vars in 1477 bytes} [Fri May 20 09:12:18 2022] PUT /placement/resource_providers/f5766305-4fc4-4cab-8091-92c42be1e113/aggregates => generated 92 bytes in 24 msecs (HTTP/1.1 200) 8 headers in 295 bytes (2 switches on core 0)
May 20 09:12:19.071025 n-d-842687-1 devstack@placement-api.service[105742]: DEBUG placement.requestlog [req-2a52d957-6aed-4a5a-8e63-4a9a865e66a5 req-f51caf92-6d84-49cb-ae09-bacfe49854f6 None None] Starting request: 10.222.0.49 "GET /placement/resource_providers?name=n-h2-842687-1" {{(pid=105742) __call__ /opt/stack/placement/placement/requestlog.py:55}}
May 20 09:12:19.083042 n-d-842687-1 devstack@placement-api.service[105742]: INFO placement.requestlog [req-2a52d957-6aed-4a5a-8e63-4a9a865e66a5 req-f51caf92-6d84-49cb-ae09-bacfe49854f6 service placement] 10.222.0.49 "GET /placement/resource_providers?name=n-h2-842687-1" status: 200 len: 441 microversion: 1.0
May 20 09:12:19.083504 n-d-842687-1 devstack@placement-api.service[105742]: [pid: 105742|app: 0|req: 41/78] 10.222.0.49 () {58 vars in 1274 bytes} [Fri May 20 09:12:19 2022] GET /placement/resource_providers?name=n-h2-842687-1 => generated 441 bytes in 13 msecs (HTTP/1.1 200) 6 headers in 224 bytes (1 switches on core 0)
May 20 09:12:19.091041 n-d-842687-1 devstack@placement-api.service[105743]: DEBUG placement.requestlog [req-2a52d957-6aed-4a5a-8e63-4a9a865e66a5 req-9b698a33-d36b-40d7-b659-183a1930a9b5 None None] Starting request: 10.222.0.49 "GET /placement/resource_providers/f5766305-4fc4-4cab-8091-92c42be1e113/aggregates" {{(pid=105743) __call__ /opt/stack/placement/placement/requestlog.py:55}}
May 20 09:12:19.133163 n-d-842687-1 devstack@placement-api.service[105743]: INFO placement.requestlog [req-2a52d957-6aed-4a5a-8e63-4a9a865e66a5 req-9b698a33-d36b-40d7-b659-183a1930a9b5 service placement] 10.222.0.49 "GET /placement/resource_providers/f5766305-4fc4-4cab-8091-92c42be1e113/aggregates" status: 200 len: 92 microversion: 1.19
May 20 09:12:19.133860 n-d-842687-1 devstack@placement-api.service[105743]: [pid: 105743|app: 0|req: 38/79] 10.222.0.49 () {60 vars in 1425 bytes} [Fri May 20 09:12:19 2022] GET /placement/resource_providers/f5766305-4fc4-4cab-8091-92c42be1e113/aggregates => generated 92 bytes in 44 msecs (HTTP/1.1 200) 8 headers in 295 bytes (1 switches on core 0)
May 20 09:12:19.141985 n-d-842687-1 devstack@placement-api.service[105742]: DEBUG placement.requestlog [req-2a52d957-6aed-4a5a-8e63-4a9a865e66a5 req-dc372aab-6ae5-4d85-bd9c-cbd209a23f7d None None] Starting request: 10.222.0.49 "PUT /placement/resource_providers/f5766305-4fc4-4cab-8091-92c42be1e113/aggregates" {{(pid=105742) __call__ /opt/stack/placement/placement/requestlog.py:55}}
May 20 09:12:19.169481 n-d-842687-1 devstack@placement-api.service[105742]: DEBUG placement.objects.resource_provider [req-2a52d957-6aed-4a5a-8e63-4a9a865e66a5 req-dc372aab-6ae5-4d85-bd9c-cbd209a23f7d service placement] Setting aggregates for provider f5766305-4fc4-4cab-8091-92c42be1e113. Successfully disassociated aggregate 2810201f-6ad2-4e75-8433-246935386c7b. {{(pid=105742) _set_aggregates /opt/stack/placement/placement/objects/resource_provider.py:404}}
May 20 09:12:19.179452 n-d-842687-1 devstack@placement-api.service[105742]: INFO placement.requestlog [req-2a52d957-6aed-4a5a-8e63-4a9a865e66a5 req-dc372aab-6ae5-4d85-bd9c-cbd209a23f7d service placement] 10.222.0.49 "PUT /placement/resource_providers/f5766305-4fc4-4cab-8091-92c42be1e113/aggregates" status: 200 len: 54 microversion: 1.19
May 20 09:12:19.180235 n-d-842687-1 devstack@placement-api.service[105742]: [pid: 105742|app: 0|req: 42/80] 10.222.0.49 () {64 vars in 1477 bytes} [Fri May 20 09:12:19 2022] PUT /placement/resource_providers/f5766305-4fc4-4cab-8091-92c42be1e113/aggregates => generated 54 bytes in 40 msecs (HTTP/1.1 200) 8 headers in 295 bytes (2 switches on core 0)
May 20 09:12:19.826891 n-d-842687-1 devstack@placement-api.service[105743]: DEBUG placement.requestlog [req-b2f6211c-5de2-4b9f-bebe-9a1182575272 req-fc7d51d2-0362-4fad-bfec-07a75d04da40 None None] Starting request: 10.222.0.49 "GET /placement/resource_providers?name=n-h2-842687-1" {{(pid=105743) __call__ /opt/stack/placement/placement/requestlog.py:55}}
May 20 09:12:19.846680 n-d-842687-1 devstack@placement-api.service[105743]: INFO placement.requestlog [req-b2f6211c-5de2-4b9f-bebe-9a1182575272 req-fc7d51d2-0362-4fad-bfec-07a75d04da40 service placement] 10.222.0.49 "GET /placement/resource_providers?name=n-h2-842687-1" status: 200 len: 441 microversion: 1.0
May 20 09:12:19.854162 n-d-842687-1 devstack@placement-api.service[105743]: [pid: 105743|app: 0|req: 39/81] 10.222.0.49 () {58 vars in 1274 bytes} [Fri May 20 09:12:19 2022] GET /placement/resource_providers?name=n-h2-842687-1 => generated 441 bytes in 26 msecs (HTTP/1.1 200) 6 headers in 224 bytes (1 switches on core 0)
May 20 09:12:19.856244 n-d-842687-1 devstack@placement-api.service[105742]: DEBUG placement.requestlog [req-b2f6211c-5de2-4b9f-bebe-9a1182575272 req-82a12f31-79a0-4493-bd18-c85bf96fef08 None None] Starting request: 10.222.0.49 "GET /placement/resource_providers/f5766305-4fc4-4cab-8091-92c42be1e113/aggregates" {{(pid=105742) __call__ /opt/stack/placement/placement/requestlog.py:55}}
May 20 09:12:19.874673 n-d-842687-1 devstack@placement-api.service[105742]: INFO placement.requestlog [req-b2f6211c-5de2-4b9f-bebe-9a1182575272 req-82a12f31-79a0-4493-bd18-c85bf96fef08 service placement] 10.222.0.49 "GET /placement/resource_providers/f5766305-4fc4-4cab-8091-92c42be1e113/aggregates" status: 200 len: 54 microversion: 1.19
May 20 09:12:19.875326 n-d-842687-1 devstack@placement-api.service[105742]: [pid: 105742|app: 0|req: 43/82] 10.222.0.49 () {60 vars in 1425 bytes} [Fri May 20 09:12:19 2022] GET /placement/resource_providers/f5766305-4fc4-4cab-8091-92c42be1e113/aggregates => generated 54 bytes in 19 msecs (HTTP/1.1 200) 8 headers in 295 bytes (1 switches on core 0)
May 20 09:12:19.888022 n-d-842687-1 devstack@placement-api.service[105743]: DEBUG placement.requestlog [req-b2f6211c-5de2-4b9f-bebe-9a1182575272 req-d3b629fd-9689-413a-ac23-accfd5e5ea71 None None] Starting request: 10.222.0.49 "PUT /placement/resource_providers/f5766305-4fc4-4cab-8091-92c42be1e113/aggregates" {{(pid=105743) __call__ /opt/stack/placement/placement/requestlog.py:55}}
May 20 09:12:19.907745 n-d-842687-1 devstack@placement-api.service[105743]: DEBUG placement.objects.resource_provider [req-b2f6211c-5de2-4b9f-bebe-9a1182575272 req-d3b629fd-9689-413a-ac23-accfd5e5ea71 service placement] _ensure_aggregate() did not find aggregate 8e12103a-e2ed-4aad-836e-92349a640d04. Attempting to create it. {{(pid=105743) _ensure_aggregate /opt/stack/placement/placement/objects/resource_provider.py:321}}
May 20 09:12:19.913065 n-d-842687-1 devstack@placement-api.service[105743]: DEBUG placement.objects.resource_provider [req-b2f6211c-5de2-4b9f-bebe-9a1182575272 req-d3b629fd-9689-413a-ac23-accfd5e5ea71 service placement] _ensure_aggregate() created new aggregate 8e12103a-e2ed-4aad-836e-92349a640d04 (id=5). {{(pid=105743) _ensure_aggregate /opt/stack/placement/placement/objects/resource_provider.py:327}}
May 20 09:12:19.915260 n-d-842687-1 devstack@placement-api.service[105743]: DEBUG placement.objects.resource_provider [req-b2f6211c-5de2-4b9f-bebe-9a1182575272 req-d3b629fd-9689-413a-ac23-accfd5e5ea71 service placement] Setting aggregates for provider f5766305-4fc4-4cab-8091-92c42be1e113. Successfully associated aggregate 8e12103a-e2ed-4aad-836e-92349a640d04. {{(pid=105743) _set_aggregates /opt/stack/placement/placement/objects/resource_provider.py:389}}
May 20 09:12:19.924250 n-d-842687-1 devstack@placement-api.service[105743]: INFO placement.requestlog [req-b2f6211c-5de2-4b9f-bebe-9a1182575272 req-d3b629fd-9689-413a-ac23-accfd5e5ea71 service placement] 10.222.0.49 "PUT /placement/resource_providers/f5766305-4fc4-4cab-8091-92c42be1e113/aggregates" status: 200 len: 92 microversion: 1.19
May 20 09:12:19.924782 n-d-842687-1 devstack@placement-api.service[105743]: [pid: 105743|app: 0|req: 40/83] 10.222.0.49 () {64 vars in 1477 bytes} [Fri May 20 09:12:19 2022] PUT /placement/resource_providers/f5766305-4fc4-4cab-8091-92c42be1e113/aggregates => generated 92 bytes in 37 msecs (HTTP/1.1 200) 8 headers in 295 bytes (1 switches on core 0)
May 20 09:12:20.301663 n-d-842687-1 devstack@placement-api.service[105742]: DEBUG placement.requestlog [req-b9bb24e8-2787-4c0c-aeb1-1216c2dfbb8b req-2065ab82-3864-41d9-afd4-f1b29bcf5933 None None] Starting request: 10.222.0.49 "GET /placement/resource_providers?name=n-h2-842687-1" {{(pid=105742) __call__ /opt/stack/placement/placement/requestlog.py:55}}
May 20 09:12:20.320631 n-d-842687-1 devstack@placement-api.service[105742]: INFO placement.requestlog [req-b9bb24e8-2787-4c0c-aeb1-1216c2dfbb8b req-2065ab82-3864-41d9-afd4-f1b29bcf5933 service placement] 10.222.0.49 "GET /placement/resource_providers?name=n-h2-842687-1" status: 200 len: 441 microversion: 1.0
May 20 09:12:20.329622 n-d-842687-1 devstack@placement-api.service[105743]: DEBUG placement.requestlog [req-b9bb24e8-2787-4c0c-aeb1-1216c2dfbb8b req-8dd6b4dc-9070-48f5-ab88-9034f426936d None None] Starting request: 10.222.0.49 "GET /placement/resource_providers/f5766305-4fc4-4cab-8091-92c42be1e113/aggregates" {{(pid=105743) __call__ /opt/stack/placement/placement/requestlog.py:55}}
May 20 09:12:20.330387 n-d-842687-1 devstack@placement-api.service[105742]: [pid: 105742|app: 0|req: 44/84] 10.222.0.49 () {58 vars in 1274 bytes} [Fri May 20 09:12:20 2022] GET /placement/resource_providers?name=n-h2-842687-1 => generated 441 bytes in 29 msecs (HTTP/1.1 200) 6 headers in 224 bytes (1 switches on core 0)
May 20 09:12:20.373558 n-d-842687-1 devstack@placement-api.service[105743]: INFO placement.requestlog [req-b9bb24e8-2787-4c0c-aeb1-1216c2dfbb8b req-8dd6b4dc-9070-48f5-ab88-9034f426936d service placement] 10.222.0.49 "GET /placement/resource_providers/f5766305-4fc4-4cab-8091-92c42be1e113/aggregates" status: 200 len: 92 microversion: 1.19
May 20 09:12:20.374300 n-d-842687-1 devstack@placement-api.service[105743]: [pid: 105743|app: 0|req: 41/85] 10.222.0.49 () {60 vars in 1425 bytes} [Fri May 20 09:12:20 2022] GET /placement/resource_providers/f5766305-4fc4-4cab-8091-92c42be1e113/aggregates => generated 92 bytes in 45 msecs (HTTP/1.1 200) 8 headers in 295 bytes (1 switches on core 0)
May 20 09:12:20.389385 n-d-842687-1 devstack@placement-api.service[105742]: DEBUG placement.requestlog [req-b9bb24e8-2787-4c0c-aeb1-1216c2dfbb8b req-6f127ab3-da46-4702-9a48-6178394b01c1 None None] Starting request: 10.222.0.49 "PUT /placement/resource_providers/f5766305-4fc4-4cab-8091-92c42be1e113/aggregates" {{(pid=105742) __call__ /opt/stack/placement/placement/requestlog.py:55}}
May 20 09:12:20.410622 n-d-842687-1 devstack@placement-api.service[105742]: DEBUG placement.objects.resource_provider [req-b9bb24e8-2787-4c0c-aeb1-1216c2dfbb8b req-6f127ab3-da46-4702-9a48-6178394b01c1 service placement] Setting aggregates for provider f5766305-4fc4-4cab-8091-92c42be1e113. Successfully disassociated aggregate 8e12103a-e2ed-4aad-836e-92349a640d04. {{(pid=105742) _set_aggregates /opt/stack/placement/placement/objects/resource_provider.py:404}}
May 20 09:12:20.419596 n-d-842687-1 devstack@placement-api.service[105742]: INFO placement.requestlog [req-b9bb24e8-2787-4c0c-aeb1-1216c2dfbb8b req-6f127ab3-da46-4702-9a48-6178394b01c1 service placement] 10.222.0.49 "PUT /placement/resource_providers/f5766305-4fc4-4cab-8091-92c42be1e113/aggregates" status: 200 len: 54 microversion: 1.19
May 20 09:12:20.421158 n-d-842687-1 devstack@placement-api.service[105742]: [pid: 105742|app: 0|req: 45/86] 10.222.0.49 () {64 vars in 1477 bytes} [Fri May 20 09:12:20 2022] PUT /placement/resource_providers/f5766305-4fc4-4cab-8091-92c42be1e113/aggregates => generated 54 bytes in 33 msecs (HTTP/1.1 200) 8 headers in 295 bytes (2 switches on core 0)
May 20 09:12:23.721557 n-d-842687-1 devstack@placement-api.service[105743]: DEBUG placement.requestlog [req-e460bc04-d5ac-4d14-a106-ff776908bb6f req-b5cd404a-4d20-42cb-8d8f-dbcf77512377 None None] Starting request: 10.222.0.24 "GET /placement/allocations/a1a77b54-2d58-4a0b-a686-178f62fe8477" {{(pid=105743) __call__ /opt/stack/placement/placement/requestlog.py:55}}
May 20 09:12:23.746605 n-d-842687-1 devstack@placement-api.service[105743]: INFO placement.requestlog [req-e460bc04-d5ac-4d14-a106-ff776908bb6f req-b5cd404a-4d20-42cb-8d8f-dbcf77512377 service placement] 10.222.0.24 "GET /placement/allocations/a1a77b54-2d58-4a0b-a686-178f62fe8477" status: 200 len: 259 microversion: 1.28
May 20 09:12:23.747567 n-d-842687-1 devstack@placement-api.service[105743]: [pid: 105743|app: 0|req: 42/87] 10.222.0.24 () {60 vars in 1377 bytes} [Fri May 20 09:12:23 2022] GET /placement/allocations/a1a77b54-2d58-4a0b-a686-178f62fe8477 => generated 259 bytes in 26 msecs (HTTP/1.1 200) 8 headers in 296 bytes (1 switches on core 0)
May 20 09:12:29.211828 n-d-842687-1 devstack@placement-api.service[105742]: DEBUG placement.requestlog [None req-c18c2681-b6ba-45a8-a20c-85fac3d98086 None None] Starting request: 10.222.0.49 "GET /placement/" {{(pid=105742) __call__ /opt/stack/placement/placement/requestlog.py:55}}
May 20 09:12:29.215935 n-d-842687-1 devstack@placement-api.service[105742]: INFO placement.requestlog [None req-c18c2681-b6ba-45a8-a20c-85fac3d98086 None None] 10.222.0.49 "GET /placement/" status: 200 len: 136 microversion: 1.0
May 20 09:12:29.216313 n-d-842687-1 devstack@placement-api.service[105742]: [pid: 105742|app: 0|req: 46/88] 10.222.0.49 () {54 vars in 916 bytes} [Fri May 20 09:12:29 2022] GET /placement => generated 136 bytes in 5 msecs (HTTP/1.1 200) 6 headers in 224 bytes (1 switches on core 0)
