May 20 09:23:55.168530 n-d-842687-1 devstack@placement-api.service[105742]: [pid: 105742|app: 0|req: 353/700] 10.222.0.49 () {60 vars in 1380 bytes} [Fri May 20 09:23:55 2022] GET /placement/allocations/8eaec34a-21e6-4ccc-bba8-08e894ded827 => generated 19 bytes in 15 msecs (HTTP/1.1 200) 8 headers in 295 bytes (1 switches on core 0)
May 20 09:23:55.175204 n-d-842687-1 devstack@placement-api.service[105743]: DEBUG placement.requestlog [req-4586fb03-17fc-4d9b-a93c-d80bf840d2e1 req-da323bf4-d795-4eb7-8ff4-416ecfba058d None None] Starting request: 10.222.0.49 "PUT /placement/allocations/8eaec34a-21e6-4ccc-bba8-08e894ded827" {{(pid=105743) __call__ /opt/stack/placement/placement/requestlog.py:55}}
May 20 09:23:55.264311 n-d-842687-1 devstack@placement-api.service[105743]: DEBUG placement.handlers.allocation [req-4586fb03-17fc-4d9b-a93c-d80bf840d2e1 req-da323bf4-d795-4eb7-8ff4-416ecfba058d service placement] Successfully wrote allocations [, , ] {{(pid=105743) _update_consumers_and_create_allocations /opt/stack/placement/placement/handlers/allocation.py:462}}
May 20 09:23:55.271127 n-d-842687-1 devstack@placement-api.service[105743]: INFO placement.requestlog [req-4586fb03-17fc-4d9b-a93c-d80bf840d2e1 req-da323bf4-d795-4eb7-8ff4-416ecfba058d service placement] 10.222.0.49 "PUT /placement/allocations/8eaec34a-21e6-4ccc-bba8-08e894ded827" status: 204 len: 0 microversion: 1.36
May 20 09:23:55.271742 n-d-842687-1 devstack@placement-api.service[105743]: [pid: 105743|app: 0|req: 348/701] 10.222.0.49 () {64 vars in 1433 bytes} [Fri May 20 09:23:55 2022] PUT /placement/allocations/8eaec34a-21e6-4ccc-bba8-08e894ded827 => generated 0 bytes in 97 msecs (HTTP/1.1 204) 5 headers in 199 bytes (2 switches on core 0)
May 20 09:23:55.701825 n-d-842687-1 devstack@placement-api.service[105742]: DEBUG placement.requestlog [req-4586fb03-17fc-4d9b-a93c-d80bf840d2e1 req-5fa4ee4e-3512-48aa-ac52-4929c657b550 None None] Starting request: 10.222.0.59 "GET /placement/allocations/8eaec34a-21e6-4ccc-bba8-08e894ded827" {{(pid=105742) __call__ /opt/stack/placement/placement/requestlog.py:55}}
May 20 09:23:55.724994 n-d-842687-1 devstack@placement-api.service[105742]: INFO placement.requestlog [req-4586fb03-17fc-4d9b-a93c-d80bf840d2e1 req-5fa4ee4e-3512-48aa-ac52-4929c657b550 service placement] 10.222.0.59 "GET /placement/allocations/8eaec34a-21e6-4ccc-bba8-08e894ded827" status: 200 len: 259 microversion: 1.28
May 20 09:23:55.725709 n-d-842687-1 devstack@placement-api.service[105742]: [pid: 105742|app: 0|req: 354/702] 10.222.0.59 () {60 vars in 1377 bytes} [Fri May 20 09:23:55 2022] GET /placement/allocations/8eaec34a-21e6-4ccc-bba8-08e894ded827 => generated 259 bytes in 24 msecs (HTTP/1.1 200) 8 headers in 296 bytes (1 switches on core 0)
May 20 09:23:55.960227 n-d-842687-1 devstack@placement-api.service[105743]: DEBUG placement.requestlog [None req-4e9881c9-98c2-4edb-916d-89c1a67fff3d None None] Starting request: 10.222.0.49 "GET /placement/resource_providers/9dcaf45a-295f-4af4-b9d1-87a3be68981f/aggregates" {{(pid=105743) __call__ /opt/stack/placement/placement/requestlog.py:55}}
May 20 09:23:55.972531 n-d-842687-1 devstack@placement-api.service[105743]: INFO placement.requestlog [None req-4e9881c9-98c2-4edb-916d-89c1a67fff3d service placement] 10.222.0.49 "GET /placement/resource_providers/9dcaf45a-295f-4af4-b9d1-87a3be68981f/aggregates" status: 404 len: 235 microversion: 1.1
May 20 09:23:55.973045 n-d-842687-1 devstack@placement-api.service[105743]: [pid: 105743|app: 0|req: 349/703] 10.222.0.49 () {58 vars in 1362 bytes} [Fri May 20 09:23:55 2022] GET /placement/resource_providers/9dcaf45a-295f-4af4-b9d1-87a3be68981f/aggregates => generated 235 bytes in 13 msecs (HTTP/1.1 404) 5 headers in 202 bytes (1 switches on core 0)
May 20 09:23:56.010110 n-d-842687-1 devstack@placement-api.service[105742]: DEBUG placement.requestlog [None req-89e1e968-f98f-434e-807f-2df7ed92cf24 None None] Starting request: 10.222.0.49 "DELETE /placement/resource_providers/9dcaf45a-295f-4af4-b9d1-87a3be68981f" {{(pid=105742) __call__ /opt/stack/placement/placement/requestlog.py:55}}
May 20 09:23:56.026347 n-d-842687-1 devstack@placement-api.service[105742]: DEBUG placement.wsgi_wrapper [None req-89e1e968-f98f-434e-807f-2df7ed92cf24 service placement] Placement API returning an error response: No resource provider with uuid 9dcaf45a-295f-4af4-b9d1-87a3be68981f found for delete {{(pid=105742) call_func /opt/stack/placement/placement/wsgi_wrapper.py:31}}
May 20 09:23:56.027181 n-d-842687-1 devstack@placement-api.service[105742]: INFO placement.requestlog [None req-89e1e968-f98f-434e-807f-2df7ed92cf24 service placement] 10.222.0.49 "DELETE /placement/resource_providers/9dcaf45a-295f-4af4-b9d1-87a3be68981f" status: 404 len: 246 microversion: 1.1
May 20 09:23:56.027736 n-d-842687-1 devstack@placement-api.service[105742]: [pid: 105742|app: 0|req: 355/704] 10.222.0.49 () {60 vars in 1351 bytes} [Fri May 20 09:23:56 2022] DELETE /placement/resource_providers/9dcaf45a-295f-4af4-b9d1-87a3be68981f => generated 246 bytes in 18 msecs (HTTP/1.1 404) 6 headers in 231 bytes (1 switches on core 0)
May 20 09:23:56.969124 n-d-842687-1 devstack@placement-api.service[105743]: DEBUG placement.requestlog [req-e4a31d00-a9e3-447a-8e4c-de322047b7a3 req-cf40abd2-c02f-45f8-a51d-ba933055b30a None None] Starting request: 10.222.0.49 "GET /placement/allocation_candidates?limit=1000&resources=DISK_GB%3A1%2CMEMORY_MB%3A1024%2CVCPU%3A1&root_required=%21COMPUTE_STATUS_DISABLED" {{(pid=105743) __call__ /opt/stack/placement/placement/requestlog.py:55}}
May 20 09:23:57.011868 n-d-842687-1 devstack@placement-api.service[105743]: DEBUG placement.objects.research_context [req-e4a31d00-a9e3-447a-8e4c-de322047b7a3 req-cf40abd2-c02f-45f8-a51d-ba933055b30a service placement] getting providers with 1 DISK_GB {{(pid=105743) __init__ /opt/stack/placement/placement/objects/research_context.py:136}}
May 20 09:23:57.021826 n-d-842687-1 devstack@placement-api.service[105743]: DEBUG placement.objects.research_context [req-e4a31d00-a9e3-447a-8e4c-de322047b7a3 req-cf40abd2-c02f-45f8-a51d-ba933055b30a service placement] getting providers with 1024 MEMORY_MB {{(pid=105743) __init__ /opt/stack/placement/placement/objects/research_context.py:136}}
May 20 09:23:57.029152 n-d-842687-1 devstack@placement-api.service[105743]: DEBUG placement.objects.research_context [req-e4a31d00-a9e3-447a-8e4c-de322047b7a3 req-cf40abd2-c02f-45f8-a51d-ba933055b30a service placement] getting providers with 1 VCPU {{(pid=105743) __init__ /opt/stack/placement/placement/objects/research_context.py:136}}
May 20 09:23:57.036726 n-d-842687-1 devstack@placement-api.service[105743]: DEBUG placement.objects.research_context [req-e4a31d00-a9e3-447a-8e4c-de322047b7a3 req-cf40abd2-c02f-45f8-a51d-ba933055b30a service placement] found 2 providers with available 1 DISK_GB {{(pid=105743) get_provider_ids_matching /opt/stack/placement/placement/objects/research_context.py:563}}
May 20 09:23:57.037308 n-d-842687-1 devstack@placement-api.service[105743]: DEBUG placement.objects.research_context [req-e4a31d00-a9e3-447a-8e4c-de322047b7a3 req-cf40abd2-c02f-45f8-a51d-ba933055b30a service placement] found 2 providers with available 1024 MEMORY_MB {{(pid=105743) get_provider_ids_matching /opt/stack/placement/placement/objects/research_context.py:563}}
May 20 09:23:57.037655 n-d-842687-1 devstack@placement-api.service[105743]: DEBUG placement.objects.research_context [req-e4a31d00-a9e3-447a-8e4c-de322047b7a3 req-cf40abd2-c02f-45f8-a51d-ba933055b30a service placement] found 2 providers after filtering by previous result {{(pid=105743) get_provider_ids_matching /opt/stack/placement/placement/objects/research_context.py:594}}
May 20 09:23:57.038024 n-d-842687-1 devstack@placement-api.service[105743]: DEBUG placement.objects.research_context [req-e4a31d00-a9e3-447a-8e4c-de322047b7a3 req-cf40abd2-c02f-45f8-a51d-ba933055b30a service placement] found 2 providers with available 1 VCPU {{(pid=105743) get_provider_ids_matching /opt/stack/placement/placement/objects/research_context.py:563}}
May 20 09:23:57.038511 n-d-842687-1 devstack@placement-api.service[105743]: DEBUG placement.objects.research_context [req-e4a31d00-a9e3-447a-8e4c-de322047b7a3 req-cf40abd2-c02f-45f8-a51d-ba933055b30a service placement] found 2 providers after filtering by previous result {{(pid=105743) get_provider_ids_matching /opt/stack/placement/placement/objects/research_context.py:594}}
May 20 09:23:57.054625 n-d-842687-1 devstack@placement-api.service[105743]: DEBUG placement.objects.allocation_candidate [req-e4a31d00-a9e3-447a-8e4c-de322047b7a3 req-cf40abd2-c02f-45f8-a51d-ba933055b30a service placement] RequestGroup(use_same_provider=False, resources={DISK_GB:1, MEMORY_MB:1024, VCPU:1}, traits=(), aggregates=[]) (suffix '') returned 2 matches {{(pid=105743) _get_by_requests /opt/stack/placement/placement/objects/allocation_candidate.py:156}}
May 20 09:23:57.054998 n-d-842687-1 devstack@placement-api.service[105743]: DEBUG placement.objects.allocation_candidate [req-e4a31d00-a9e3-447a-8e4c-de322047b7a3 req-cf40abd2-c02f-45f8-a51d-ba933055b30a service placement] Merging candidates yields 2 allocation requests and 2 provider summaries {{(pid=105743) _merge_candidates /opt/stack/placement/placement/objects/allocation_candidate.py:809}}
May 20 09:23:57.056691 n-d-842687-1 devstack@placement-api.service[105743]: INFO placement.requestlog [req-e4a31d00-a9e3-447a-8e4c-de322047b7a3 req-cf40abd2-c02f-45f8-a51d-ba933055b30a service placement] 10.222.0.49 "GET /placement/allocation_candidates?limit=1000&resources=DISK_GB%3A1%2CMEMORY_MB%3A1024%2CVCPU%3A1&root_required=%21COMPUTE_STATUS_DISABLED" status: 200 len: 1309 microversion: 1.36
May 20 09:23:57.057076 n-d-842687-1 devstack@placement-api.service[105743]: [pid: 105743|app: 0|req: 350/705] 10.222.0.49 () {60 vars in 1506 bytes} [Fri May 20 09:23:56 2022] GET /placement/allocation_candidates?limit=1000&resources=DISK_GB%3A1%2CMEMORY_MB%3A1024%2CVCPU%3A1&root_required=%21COMPUTE_STATUS_DISABLED => generated 1309 bytes in 89 msecs (HTTP/1.1 200) 8 headers in 297 bytes (1 switches on core 0)
May 20 09:23:57.207358 n-d-842687-1 devstack@placement-api.service[105742]: DEBUG placement.requestlog [req-e4a31d00-a9e3-447a-8e4c-de322047b7a3 req-87792e9b-234c-4fa4-a8c4-1dce1d752f06 None None] Starting request: 10.222.0.49 "GET /placement/allocations/3dd3649a-47ce-4f1f-8a2f-4cdc7a47fc71" {{(pid=105742) __call__ /opt/stack/placement/placement/requestlog.py:55}}
May 20 09:23:57.226029 n-d-842687-1 devstack@placement-api.service[105742]: INFO placement.requestlog [req-e4a31d00-a9e3-447a-8e4c-de322047b7a3 req-87792e9b-234c-4fa4-a8c4-1dce1d752f06 service placement] 10.222.0.49 "GET /placement/allocations/3dd3649a-47ce-4f1f-8a2f-4cdc7a47fc71" status: 200 len: 19 microversion: 1.28
May 20 09:23:57.233125 n-d-842687-1 devstack@placement-api.service[105742]: [pid: 105742|app: 0|req: 356/706] 10.222.0.49 () {60 vars in 1380 bytes} [Fri May 20 09:23:57 2022] GET /placement/allocations/3dd3649a-47ce-4f1f-8a2f-4cdc7a47fc71 => generated 19 bytes in 26 msecs (HTTP/1.1 200) 8 headers in 295 bytes (1 switches on core 0)
May 20 09:23:57.234492 n-d-842687-1 devstack@placement-api.service[105743]: DEBUG placement.requestlog [req-e4a31d00-a9e3-447a-8e4c-de322047b7a3 req-425d55fe-a3d8-438c-9bcb-a21b0fcae358 None None] Starting request: 10.222.0.49 "PUT /placement/allocations/3dd3649a-47ce-4f1f-8a2f-4cdc7a47fc71" {{(pid=105743) __call__ /opt/stack/placement/placement/requestlog.py:55}}
May 20 09:23:57.324789 n-d-842687-1 devstack@placement-api.service[105743]: DEBUG placement.handlers.allocation [req-e4a31d00-a9e3-447a-8e4c-de322047b7a3 req-425d55fe-a3d8-438c-9bcb-a21b0fcae358 service placement] Successfully wrote allocations [, , ] {{(pid=105743) _update_consumers_and_create_allocations /opt/stack/placement/placement/handlers/allocation.py:462}}
May 20 09:23:57.329569 n-d-842687-1 devstack@placement-api.service[105743]: INFO placement.requestlog [req-e4a31d00-a9e3-447a-8e4c-de322047b7a3 req-425d55fe-a3d8-438c-9bcb-a21b0fcae358 service placement] 10.222.0.49 "PUT /placement/allocations/3dd3649a-47ce-4f1f-8a2f-4cdc7a47fc71" status: 204 len: 0 microversion: 1.36
May 20 09:23:57.330343 n-d-842687-1 devstack@placement-api.service[105743]: [pid: 105743|app: 0|req: 351/707] 10.222.0.49 () {64 vars in 1433 bytes} [Fri May 20 09:23:57 2022] PUT /placement/allocations/3dd3649a-47ce-4f1f-8a2f-4cdc7a47fc71 => generated 0 bytes in 96 msecs (HTTP/1.1 204) 5 headers in 199 bytes (2 switches on core 0)
May 20 09:23:57.767226 n-d-842687-1 devstack@placement-api.service[105742]: DEBUG placement.requestlog [req-e4a31d00-a9e3-447a-8e4c-de322047b7a3 req-5a972a7d-fd4b-42d8-97ba-731af7badcae None None] Starting request: 10.222.0.24 "GET /placement/allocations/3dd3649a-47ce-4f1f-8a2f-4cdc7a47fc71" {{(pid=105742) __call__ /opt/stack/placement/placement/requestlog.py:55}}
May 20 09:23:57.792943 n-d-842687-1 devstack@placement-api.service[105742]: INFO placement.requestlog [req-e4a31d00-a9e3-447a-8e4c-de322047b7a3 req-5a972a7d-fd4b-42d8-97ba-731af7badcae service placement] 10.222.0.24 "GET /placement/allocations/3dd3649a-47ce-4f1f-8a2f-4cdc7a47fc71" status: 200 len: 259 microversion: 1.28
May 20 09:23:57.793510 n-d-842687-1 devstack@placement-api.service[105742]: [pid: 105742|app: 0|req: 357/708] 10.222.0.24 () {60 vars in 1377 bytes} [Fri May 20 09:23:57 2022] GET /placement/allocations/3dd3649a-47ce-4f1f-8a2f-4cdc7a47fc71 => generated 259 bytes in 27 msecs (HTTP/1.1 200) 8 headers in 296 bytes (1 switches on core 0)
May 20 09:24:03.276730 n-d-842687-1 devstack@placement-api.service[105743]: DEBUG placement.requestlog [None req-384d9ad0-ff54-4577-83a2-c7099ee02bf3 None None] Starting request: 10.222.0.49 "GET /placement/resource_providers/9ed1a0f6-a544-416a-8118-6119242a955f/aggregates" {{(pid=105743) __call__ /opt/stack/placement/placement/requestlog.py:55}}
May 20 09:24:03.617855 n-d-842687-1 devstack@placement-api.service[105743]: INFO placement.requestlog [None req-384d9ad0-ff54-4577-83a2-c7099ee02bf3 service placement] 10.222.0.49 "GET /placement/resource_providers/9ed1a0f6-a544-416a-8118-6119242a955f/aggregates" status: 404 len: 235 microversion: 1.1
May 20 09:24:03.620276 n-d-842687-1 devstack@placement-api.service[105743]: [pid: 105743|app: 0|req: 352/709] 10.222.0.49 () {58 vars in 1362 bytes} [Fri May 20 09:24:03 2022] GET /placement/resource_providers/9ed1a0f6-a544-416a-8118-6119242a955f/aggregates => generated 235 bytes in 345 msecs (HTTP/1.1 404) 5 headers in 202 bytes (1 switches on core 0)
May 20 09:24:03.649749 n-d-842687-1 devstack@placement-api.service[105742]: DEBUG placement.requestlog [None req-fd3ad4d2-95b1-4fd6-9f72-d44a7fa3d20f None None] Starting request: 10.222.0.49 "DELETE /placement/resource_providers/9ed1a0f6-a544-416a-8118-6119242a955f" {{(pid=105742) __call__ /opt/stack/placement/placement/requestlog.py:55}}
May 20 09:24:03.666920 n-d-842687-1 devstack@placement-api.service[105742]: DEBUG placement.wsgi_wrapper [None req-fd3ad4d2-95b1-4fd6-9f72-d44a7fa3d20f service placement] Placement API returning an error response: No resource provider with uuid 9ed1a0f6-a544-416a-8118-6119242a955f found for delete {{(pid=105742) call_func /opt/stack/placement/placement/wsgi_wrapper.py:31}}
May 20 09:24:03.667547 n-d-842687-1 devstack@placement-api.service[105742]: INFO placement.requestlog [None req-fd3ad4d2-95b1-4fd6-9f72-d44a7fa3d20f service placement] 10.222.0.49 "DELETE /placement/resource_providers/9ed1a0f6-a544-416a-8118-6119242a955f" status: 404 len: 246 microversion: 1.1
May 20 09:24:03.668236 n-d-842687-1 devstack@placement-api.service[105742]: [pid: 105742|app: 0|req: 358/710] 10.222.0.49 () {60 vars in 1351 bytes} [Fri May 20 09:24:03 2022] DELETE /placement/resource_providers/9ed1a0f6-a544-416a-8118-6119242a955f => generated 246 bytes in 19 msecs (HTTP/1.1 404) 6 headers in 231 bytes (1 switches on core 0)
May 20 09:24:05.855692 n-d-842687-1 devstack@placement-api.service[105743]: DEBUG placement.requestlog [req-6e857e01-bf73-4344-8705-12b424492432 req-ce62cdaf-5680-4019-96ee-c9bf5b64ed41 None None] Starting request: 10.222.0.24 "DELETE /placement/allocations/a8219b47-1b58-4018-a2bc-7c1071e1ba57" {{(pid=105743) __call__ /opt/stack/placement/placement/requestlog.py:55}}
May 20 09:24:05.919724 n-d-842687-1 devstack@placement-api.service[105743]: DEBUG placement.handlers.allocation [req-6e857e01-bf73-4344-8705-12b424492432 req-ce62cdaf-5680-4019-96ee-c9bf5b64ed41 service placement] Successfully deleted allocations [, , ] {{(pid=105743) delete_allocations /opt/stack/placement/placement/handlers/allocation.py:627}}
May 20 09:24:05.920890 n-d-842687-1 devstack@placement-api.service[105743]: INFO placement.requestlog [req-6e857e01-bf73-4344-8705-12b424492432 req-ce62cdaf-5680-4019-96ee-c9bf5b64ed41 service placement] 10.222.0.24 "DELETE /placement/allocations/a8219b47-1b58-4018-a2bc-7c1071e1ba57" status: 204 len: 0 microversion: 1.0
May 20 09:24:05.921959 n-d-842687-1 devstack@placement-api.service[105743]: [pid: 105743|app: 0|req: 353/711] 10.222.0.24 () {60 vars in 1355 bytes} [Fri May 20 09:24:05 2022] DELETE /placement/allocations/a8219b47-1b58-4018-a2bc-7c1071e1ba57 => generated 0 bytes in 66 msecs (HTTP/1.1 204) 5 headers in 198 bytes (1 switches on core 0)
May 20 09:24:08.402516 n-d-842687-1 devstack@placement-api.service[105742]: DEBUG placement.requestlog [None req-d444e7c4-80fb-410e-b89c-9a592c3d62fa None None] Starting request: 10.222.0.49 "GET /placement/resource_providers/316aff1d-7066-45c3-acd9-4dc9f8612b42/aggregates" {{(pid=105742) __call__ /opt/stack/placement/placement/requestlog.py:55}}
May 20 09:24:08.419090 n-d-842687-1 devstack@placement-api.service[105742]: INFO placement.requestlog [None req-d444e7c4-80fb-410e-b89c-9a592c3d62fa service placement] 10.222.0.49 "GET /placement/resource_providers/316aff1d-7066-45c3-acd9-4dc9f8612b42/aggregates" status: 404 len: 235 microversion: 1.1
May 20 09:24:08.419758 n-d-842687-1 devstack@placement-api.service[105742]: [pid: 105742|app: 0|req: 359/712] 10.222.0.49 () {58 vars in 1362 bytes} [Fri May 20 09:24:08 2022] GET /placement/resource_providers/316aff1d-7066-45c3-acd9-4dc9f8612b42/aggregates => generated 235 bytes in 20 msecs (HTTP/1.1 404) 5 headers in 202 bytes (1 switches on core 0)
May 20 09:24:08.431000 n-d-842687-1 devstack@placement-api.service[105743]: DEBUG placement.requestlog [None req-c97b883a-3dd4-4f37-ab6a-bfd0651a6b30 None None] Starting request: 10.222.0.49 "DELETE /placement/resource_providers/316aff1d-7066-45c3-acd9-4dc9f8612b42" {{(pid=105743) __call__ /opt/stack/placement/placement/requestlog.py:55}}
May 20 09:24:08.452091 n-d-842687-1 devstack@placement-api.service[105743]: DEBUG placement.wsgi_wrapper [None req-c97b883a-3dd4-4f37-ab6a-bfd0651a6b30 service placement] Placement API returning an error response: No resource provider with uuid 316aff1d-7066-45c3-acd9-4dc9f8612b42 found for delete {{(pid=105743) call_func /opt/stack/placement/placement/wsgi_wrapper.py:31}}
May 20 09:24:08.455917 n-d-842687-1 devstack@placement-api.service[105743]: INFO placement.requestlog [None req-c97b883a-3dd4-4f37-ab6a-bfd0651a6b30 service placement] 10.222.0.49 "DELETE /placement/resource_providers/316aff1d-7066-45c3-acd9-4dc9f8612b42" status: 404 len: 246 microversion: 1.1
May 20 09:24:08.456780 n-d-842687-1 devstack@placement-api.service[105743]: [pid: 105743|app: 0|req: 354/713] 10.222.0.49 () {60 vars in 1351 bytes} [Fri May 20 09:24:08 2022] DELETE /placement/resource_providers/316aff1d-7066-45c3-acd9-4dc9f8612b42 => generated 246 bytes in 26 msecs (HTTP/1.1 404) 6 headers in 231 bytes (1 switches on core 0)
May 20 09:24:09.187915 n-d-842687-1 devstack@placement-api.service[105742]: DEBUG placement.requestlog [req-debe69d7-07b7-48e0-841e-a9fabcd785bf req-67c26247-e169-4f28-bc8c-16acbfed09f5 None None] Starting request: 10.222.0.59 "DELETE /placement/allocations/af2d033a-7d33-4b1e-abcb-f8aabe7fee25" {{(pid=105742) __call__ /opt/stack/placement/placement/requestlog.py:55}}
May 20 09:24:09.246987 n-d-842687-1 devstack@placement-api.service[105742]: DEBUG placement.handlers.allocation [req-debe69d7-07b7-48e0-841e-a9fabcd785bf req-67c26247-e169-4f28-bc8c-16acbfed09f5 service placement] Successfully deleted allocations [, , ] {{(pid=105742) delete_allocations /opt/stack/placement/placement/handlers/allocation.py:627}}
May 20 09:24:09.247451 n-d-842687-1 devstack@placement-api.service[105742]: INFO placement.requestlog [req-debe69d7-07b7-48e0-841e-a9fabcd785bf req-67c26247-e169-4f28-bc8c-16acbfed09f5 service placement] 10.222.0.59 "DELETE /placement/allocations/af2d033a-7d33-4b1e-abcb-f8aabe7fee25" status: 204 len: 0 microversion: 1.0
May 20 09:24:09.247925 n-d-842687-1 devstack@placement-api.service[105742]: [pid: 105742|app: 0|req: 360/714] 10.222.0.59 () {60 vars in 1355 bytes} [Fri May 20 09:24:09 2022] DELETE /placement/allocations/af2d033a-7d33-4b1e-abcb-f8aabe7fee25 => generated 0 bytes in 61 msecs (HTTP/1.1 204) 5 headers in 198 bytes (1 switches on core 0)
May 20 09:24:12.857364 n-d-842687-1 devstack@placement-api.service[105743]: DEBUG placement.requestlog [req-8f6684fa-055b-4b50-86ac-13fcba854b12 req-0baea5e0-5a58-46d2-a01d-3674763e67c4 None None] Starting request: 10.222.0.49 "GET /placement/allocation_candidates?limit=1000&resources=DISK_GB%3A1%2CMEMORY_MB%3A1024%2CVCPU%3A1&root_required=%21COMPUTE_STATUS_DISABLED" {{(pid=105743) __call__ /opt/stack/placement/placement/requestlog.py:55}}
May 20 09:24:12.929091 n-d-842687-1 devstack@placement-api.service[105743]: DEBUG placement.objects.research_context [req-8f6684fa-055b-4b50-86ac-13fcba854b12 req-0baea5e0-5a58-46d2-a01d-3674763e67c4 service placement] getting providers with 1 DISK_GB {{(pid=105743) __init__ /opt/stack/placement/placement/objects/research_context.py:136}}
May 20 09:24:12.936532 n-d-842687-1 devstack@placement-api.service[105743]: DEBUG placement.objects.research_context [req-8f6684fa-055b-4b50-86ac-13fcba854b12 req-0baea5e0-5a58-46d2-a01d-3674763e67c4 service placement] getting providers with 1024 MEMORY_MB {{(pid=105743) __init__ /opt/stack/placement/placement/objects/research_context.py:136}}
May 20 09:24:12.944450 n-d-842687-1 devstack@placement-api.service[105743]: DEBUG placement.objects.research_context [req-8f6684fa-055b-4b50-86ac-13fcba854b12 req-0baea5e0-5a58-46d2-a01d-3674763e67c4 service placement] getting providers with 1 VCPU {{(pid=105743) __init__ /opt/stack/placement/placement/objects/research_context.py:136}}
May 20 09:24:12.952100 n-d-842687-1 devstack@placement-api.service[105743]: DEBUG placement.objects.research_context [req-8f6684fa-055b-4b50-86ac-13fcba854b12 req-0baea5e0-5a58-46d2-a01d-3674763e67c4 service placement] found 2 providers with available 1 DISK_GB {{(pid=105743) get_provider_ids_matching /opt/stack/placement/placement/objects/research_context.py:563}}
May 20 09:24:12.952782 n-d-842687-1 devstack@placement-api.service[105743]: DEBUG placement.objects.research_context [req-8f6684fa-055b-4b50-86ac-13fcba854b12 req-0baea5e0-5a58-46d2-a01d-3674763e67c4 service placement] found 2 providers with available 1024 MEMORY_MB {{(pid=105743) get_provider_ids_matching /opt/stack/placement/placement/objects/research_context.py:563}}
May 20 09:24:12.955452 n-d-842687-1 devstack@placement-api.service[105743]: DEBUG placement.objects.research_context [req-8f6684fa-055b-4b50-86ac-13fcba854b12 req-0baea5e0-5a58-46d2-a01d-3674763e67c4 service placement] found 2 providers after filtering by previous result {{(pid=105743) get_provider_ids_matching /opt/stack/placement/placement/objects/research_context.py:594}}
May 20 09:24:12.955971 n-d-842687-1 devstack@placement-api.service[105743]: DEBUG placement.objects.research_context [req-8f6684fa-055b-4b50-86ac-13fcba854b12 req-0baea5e0-5a58-46d2-a01d-3674763e67c4 service placement] found 2 providers with available 1 VCPU {{(pid=105743) get_provider_ids_matching /opt/stack/placement/placement/objects/research_context.py:563}}
May 20 09:24:12.956446 n-d-842687-1 devstack@placement-api.service[105743]: DEBUG placement.objects.research_context [req-8f6684fa-055b-4b50-86ac-13fcba854b12 req-0baea5e0-5a58-46d2-a01d-3674763e67c4 service placement] found 2 providers after filtering by previous result {{(pid=105743) get_provider_ids_matching /opt/stack/placement/placement/objects/research_context.py:594}}
May 20 09:24:12.973562 n-d-842687-1 devstack@placement-api.service[105743]: DEBUG placement.objects.allocation_candidate [req-8f6684fa-055b-4b50-86ac-13fcba854b12 req-0baea5e0-5a58-46d2-a01d-3674763e67c4 service placement] RequestGroup(use_same_provider=False, resources={DISK_GB:1, MEMORY_MB:1024, VCPU:1}, traits=(), aggregates=[]) (suffix '') returned 2 matches {{(pid=105743) _get_by_requests /opt/stack/placement/placement/objects/allocation_candidate.py:156}}
May 20 09:24:12.974382 n-d-842687-1 devstack@placement-api.service[105743]: DEBUG placement.objects.allocation_candidate [req-8f6684fa-055b-4b50-86ac-13fcba854b12 req-0baea5e0-5a58-46d2-a01d-3674763e67c4 service placement] Merging candidates yields 2 allocation requests and 2 provider summaries {{(pid=105743) _merge_candidates /opt/stack/placement/placement/objects/allocation_candidate.py:809}}
May 20 09:24:12.976961 n-d-842687-1 devstack@placement-api.service[105743]: INFO placement.requestlog [req-8f6684fa-055b-4b50-86ac-13fcba854b12 req-0baea5e0-5a58-46d2-a01d-3674763e67c4 service placement] 10.222.0.49 "GET /placement/allocation_candidates?limit=1000&resources=DISK_GB%3A1%2CMEMORY_MB%3A1024%2CVCPU%3A1&root_required=%21COMPUTE_STATUS_DISABLED" status: 200 len: 1309 microversion: 1.36
May 20 09:24:12.978029 n-d-842687-1 devstack@placement-api.service[105743]: [pid: 105743|app: 0|req: 355/715] 10.222.0.49 () {60 vars in 1506 bytes} [Fri May 20 09:24:12 2022] GET /placement/allocation_candidates?limit=1000&resources=DISK_GB%3A1%2CMEMORY_MB%3A1024%2CVCPU%3A1&root_required=%21COMPUTE_STATUS_DISABLED => generated 1309 bytes in 121 msecs (HTTP/1.1 200) 8 headers in 297 bytes (1 switches on core 0)
May 20 09:24:13.204156 n-d-842687-1 devstack@placement-api.service[105742]: DEBUG placement.requestlog [req-8f6684fa-055b-4b50-86ac-13fcba854b12 req-836b49ea-5def-4964-9bbd-16fc91f09e13 None None] Starting request: 10.222.0.49 "GET /placement/allocations/9e022a91-826a-4ca9-a558-52b9604d7be9" {{(pid=105742) __call__ /opt/stack/placement/placement/requestlog.py:55}}
May 20 09:24:13.224558 n-d-842687-1 devstack@placement-api.service[105742]: INFO placement.requestlog [req-8f6684fa-055b-4b50-86ac-13fcba854b12 req-836b49ea-5def-4964-9bbd-16fc91f09e13 service placement] 10.222.0.49 "GET /placement/allocations/9e022a91-826a-4ca9-a558-52b9604d7be9" status: 200 len: 19 microversion: 1.28
May 20 09:24:13.226263 n-d-842687-1 devstack@placement-api.service[105742]: [pid: 105742|app: 0|req: 361/716] 10.222.0.49 () {60 vars in 1380 bytes} [Fri May 20 09:24:13 2022] GET /placement/allocations/9e022a91-826a-4ca9-a558-52b9604d7be9 => generated 19 bytes in 22 msecs (HTTP/1.1 200) 8 headers in 295 bytes (1 switches on core 0)
May 20 09:24:13.236695 n-d-842687-1 devstack@placement-api.service[105743]: DEBUG placement.requestlog [req-8f6684fa-055b-4b50-86ac-13fcba854b12 req-03516ea9-c824-4270-afba-ed52727a1224 None None] Starting request: 10.222.0.49 "PUT /placement/allocations/9e022a91-826a-4ca9-a558-52b9604d7be9" {{(pid=105743) __call__ /opt/stack/placement/placement/requestlog.py:55}}
May 20 09:24:13.293154 n-d-842687-1 devstack@placement-api.service[105743]: DEBUG dbcounter [-] [105743] Writing DB stats placement:SELECT=81,placement:INSERT=9,placement:DELETE=6,placement:UPDATE=4 {{(pid=105743) stat_writer /usr/local/lib/python3.8/dist-packages/dbcounter.py:114}}
May 20 09:24:13.394795 n-d-842687-1 devstack@placement-api.service[105743]: DEBUG placement.handlers.allocation [req-8f6684fa-055b-4b50-86ac-13fcba854b12 req-03516ea9-c824-4270-afba-ed52727a1224 service placement] Successfully wrote allocations [, , ] {{(pid=105743) _update_consumers_and_create_allocations /opt/stack/placement/placement/handlers/allocation.py:462}}
May 20 09:24:13.405314 n-d-842687-1 devstack@placement-api.service[105743]: INFO placement.requestlog [req-8f6684fa-055b-4b50-86ac-13fcba854b12 req-03516ea9-c824-4270-afba-ed52727a1224 service placement] 10.222.0.49 "PUT /placement/allocations/9e022a91-826a-4ca9-a558-52b9604d7be9" status: 204 len: 0 microversion: 1.36
May 20 09:24:13.406675 n-d-842687-1 devstack@placement-api.service[105743]: [pid: 105743|app: 0|req: 356/717] 10.222.0.49 () {64 vars in 1433 bytes} [Fri May 20 09:24:13 2022] PUT /placement/allocations/9e022a91-826a-4ca9-a558-52b9604d7be9 => generated 0 bytes in 170 msecs (HTTP/1.1 204) 5 headers in 199 bytes (1 switches on core 0)
May 20 09:24:14.153643 n-d-842687-1 devstack@placement-api.service[105742]: DEBUG placement.requestlog [req-8f6684fa-055b-4b50-86ac-13fcba854b12 req-c51c9d7c-0634-41ab-b53a-9e71f2c096d2 None None] Starting request: 10.222.0.59 "GET /placement/allocations/9e022a91-826a-4ca9-a558-52b9604d7be9" {{(pid=105742) __call__ /opt/stack/placement/placement/requestlog.py:55}}
May 20 09:24:14.193503 n-d-842687-1 devstack@placement-api.service[105742]: INFO placement.requestlog [req-8f6684fa-055b-4b50-86ac-13fcba854b12 req-c51c9d7c-0634-41ab-b53a-9e71f2c096d2 service placement] 10.222.0.59 "GET /placement/allocations/9e022a91-826a-4ca9-a558-52b9604d7be9" status: 200 len: 259 microversion: 1.28
May 20 09:24:14.193899 n-d-842687-1 devstack@placement-api.service[105742]: [pid: 105742|app: 0|req: 362/718] 10.222.0.59 () {60 vars in 1377 bytes} [Fri May 20 09:24:14 2022] GET /placement/allocations/9e022a91-826a-4ca9-a558-52b9604d7be9 => generated 259 bytes in 41 msecs (HTTP/1.1 200) 8 headers in 296 bytes (1 switches on core 0)
May 20 09:24:16.382809 n-d-842687-1 devstack@placement-api.service[105743]: DEBUG placement.requestlog [req-32c88c1a-26bb-4342-bc82-5862040351f9 req-daa0853a-0c0d-4336-a983-4a1aa3637831 None None] Starting request: 10.222.0.49 "GET /placement/allocation_candidates?limit=1000&resources=DISK_GB%3A1%2CMEMORY_MB%3A1024%2CVCPU%3A1&root_required=%21COMPUTE_STATUS_DISABLED" {{(pid=105743) __call__ /opt/stack/placement/placement/requestlog.py:55}}
May 20 09:24:16.453743 n-d-842687-1 devstack@placement-api.service[105743]: DEBUG placement.objects.research_context [req-32c88c1a-26bb-4342-bc82-5862040351f9 req-daa0853a-0c0d-4336-a983-4a1aa3637831 service placement] getting providers with 1 DISK_GB {{(pid=105743) __init__ /opt/stack/placement/placement/objects/research_context.py:136}}
May 20 09:24:16.469849 n-d-842687-1 devstack@placement-api.service[105743]: DEBUG placement.objects.research_context [req-32c88c1a-26bb-4342-bc82-5862040351f9 req-daa0853a-0c0d-4336-a983-4a1aa3637831 service placement] getting providers with 1024 MEMORY_MB {{(pid=105743) __init__ /opt/stack/placement/placement/objects/research_context.py:136}}
May 20 09:24:16.486500 n-d-842687-1 devstack@placement-api.service[105743]: DEBUG placement.objects.research_context [req-32c88c1a-26bb-4342-bc82-5862040351f9 req-daa0853a-0c0d-4336-a983-4a1aa3637831 service placement] getting providers with 1 VCPU {{(pid=105743) __init__ /opt/stack/placement/placement/objects/research_context.py:136}}
May 20 09:24:16.500623 n-d-842687-1 devstack@placement-api.service[105743]: DEBUG placement.objects.research_context [req-32c88c1a-26bb-4342-bc82-5862040351f9 req-daa0853a-0c0d-4336-a983-4a1aa3637831 service placement] found 2 providers with available 1 DISK_GB {{(pid=105743) get_provider_ids_matching /opt/stack/placement/placement/objects/research_context.py:563}}
May 20 09:24:16.513494 n-d-842687-1 devstack@placement-api.service[105743]: DEBUG placement.objects.research_context [req-32c88c1a-26bb-4342-bc82-5862040351f9 req-daa0853a-0c0d-4336-a983-4a1aa3637831 service placement] found 2 providers with available 1024 MEMORY_MB {{(pid=105743) get_provider_ids_matching /opt/stack/placement/placement/objects/research_context.py:563}}
May 20 09:24:16.520908 n-d-842687-1 devstack@placement-api.service[105743]: DEBUG placement.objects.research_context [req-32c88c1a-26bb-4342-bc82-5862040351f9 req-daa0853a-0c0d-4336-a983-4a1aa3637831 service placement] found 2 providers after filtering by previous result {{(pid=105743) get_provider_ids_matching /opt/stack/placement/placement/objects/research_context.py:594}}
May 20 09:24:16.526278 n-d-842687-1 devstack@placement-api.service[105743]: DEBUG placement.objects.research_context [req-32c88c1a-26bb-4342-bc82-5862040351f9 req-daa0853a-0c0d-4336-a983-4a1aa3637831 service placement] found 2 providers with available 1 VCPU {{(pid=105743) get_provider_ids_matching /opt/stack/placement/placement/objects/research_context.py:563}}
May 20 09:24:16.526278 n-d-842687-1 devstack@placement-api.service[105743]: DEBUG placement.objects.research_context [req-32c88c1a-26bb-4342-bc82-5862040351f9 req-daa0853a-0c0d-4336-a983-4a1aa3637831 service placement] found 2 providers after filtering by previous result {{(pid=105743) get_provider_ids_matching /opt/stack/placement/placement/objects/research_context.py:594}}
May 20 09:24:16.552240 n-d-842687-1 devstack@placement-api.service[105743]: DEBUG placement.objects.allocation_candidate [req-32c88c1a-26bb-4342-bc82-5862040351f9 req-daa0853a-0c0d-4336-a983-4a1aa3637831 service placement] RequestGroup(use_same_provider=False, resources={DISK_GB:1, MEMORY_MB:1024, VCPU:1}, traits=(), aggregates=[]) (suffix '') returned 2 matches {{(pid=105743) _get_by_requests /opt/stack/placement/placement/objects/allocation_candidate.py:156}}
May 20 09:24:16.553568 n-d-842687-1 devstack@placement-api.service[105743]: DEBUG placement.objects.allocation_candidate [req-32c88c1a-26bb-4342-bc82-5862040351f9 req-daa0853a-0c0d-4336-a983-4a1aa3637831 service placement] Merging candidates yields 2 allocation requests and 2 provider summaries {{(pid=105743) _merge_candidates /opt/stack/placement/placement/objects/allocation_candidate.py:809}}
May 20 09:24:16.556101 n-d-842687-1 devstack@placement-api.service[105743]: INFO placement.requestlog [req-32c88c1a-26bb-4342-bc82-5862040351f9 req-daa0853a-0c0d-4336-a983-4a1aa3637831 service placement] 10.222.0.49 "GET /placement/allocation_candidates?limit=1000&resources=DISK_GB%3A1%2CMEMORY_MB%3A1024%2CVCPU%3A1&root_required=%21COMPUTE_STATUS_DISABLED" status: 200 len: 1309 microversion: 1.36
May 20 09:24:16.572444 n-d-842687-1 devstack@placement-api.service[105743]: [pid: 105743|app: 0|req: 357/719] 10.222.0.49 () {60 vars in 1506 bytes} [Fri May 20 09:24:16 2022] GET /placement/allocation_candidates?limit=1000&resources=DISK_GB%3A1%2CMEMORY_MB%3A1024%2CVCPU%3A1&root_required=%21COMPUTE_STATUS_DISABLED => generated 1309 bytes in 188 msecs (HTTP/1.1 200) 8 headers in 297 bytes (1 switches on core 0)
May 20 09:24:16.708265 n-d-842687-1 devstack@placement-api.service[105742]: DEBUG placement.requestlog [req-32c88c1a-26bb-4342-bc82-5862040351f9 req-5ea649cd-d9b2-471b-bc61-3b0d98d333ec None None] Starting request: 10.222.0.49 "GET /placement/allocations/e6aea9f3-4e6c-46c0-9b1d-1e47f7031add" {{(pid=105742) __call__ /opt/stack/placement/placement/requestlog.py:55}}
May 20 09:24:16.731189 n-d-842687-1 devstack@placement-api.service[105742]: INFO placement.requestlog [req-32c88c1a-26bb-4342-bc82-5862040351f9 req-5ea649cd-d9b2-471b-bc61-3b0d98d333ec service placement] 10.222.0.49 "GET /placement/allocations/e6aea9f3-4e6c-46c0-9b1d-1e47f7031add" status: 200 len: 19 microversion: 1.28
May 20 09:24:16.738626 n-d-842687-1 devstack@placement-api.service[105742]: [pid: 105742|app: 0|req: 363/720] 10.222.0.49 () {60 vars in 1380 bytes} [Fri May 20 09:24:16 2022] GET /placement/allocations/e6aea9f3-4e6c-46c0-9b1d-1e47f7031add => generated 19 bytes in 30 msecs (HTTP/1.1 200) 8 headers in 295 bytes (1 switches on core 0)
May 20 09:24:16.742630 n-d-842687-1 devstack@placement-api.service[105743]: DEBUG placement.requestlog [req-32c88c1a-26bb-4342-bc82-5862040351f9 req-1c1e7828-e5d9-42c8-8255-ede5aa3b2e82 None None] Starting request: 10.222.0.49 "PUT /placement/allocations/e6aea9f3-4e6c-46c0-9b1d-1e47f7031add" {{(pid=105743) __call__ /opt/stack/placement/placement/requestlog.py:55}}
May 20 09:24:16.925349 n-d-842687-1 devstack@placement-api.service[105743]: DEBUG placement.handlers.allocation [req-32c88c1a-26bb-4342-bc82-5862040351f9 req-1c1e7828-e5d9-42c8-8255-ede5aa3b2e82 service placement] Successfully wrote allocations [, , ] {{(pid=105743) _update_consumers_and_create_allocations /opt/stack/placement/placement/handlers/allocation.py:462}}
May 20 09:24:16.944224 n-d-842687-1 devstack@placement-api.service[105743]: INFO placement.requestlog [req-32c88c1a-26bb-4342-bc82-5862040351f9 req-1c1e7828-e5d9-42c8-8255-ede5aa3b2e82 service placement] 10.222.0.49 "PUT /placement/allocations/e6aea9f3-4e6c-46c0-9b1d-1e47f7031add" status: 204 len: 0 microversion: 1.36
May 20 09:24:16.944637 n-d-842687-1 devstack@placement-api.service[105743]: [pid: 105743|app: 0|req: 358/721] 10.222.0.49 () {64 vars in 1433 bytes} [Fri May 20 09:24:16 2022] PUT /placement/allocations/e6aea9f3-4e6c-46c0-9b1d-1e47f7031add => generated 0 bytes in 202 msecs (HTTP/1.1 204) 5 headers in 199 bytes (1 switches on core 0)
May 20 09:24:17.625195 n-d-842687-1 devstack@placement-api.service[105742]: DEBUG placement.requestlog [req-32c88c1a-26bb-4342-bc82-5862040351f9 req-e385f19f-bde2-4869-9466-c97359cdca90 None None] Starting request: 10.222.0.24 "GET /placement/allocations/e6aea9f3-4e6c-46c0-9b1d-1e47f7031add" {{(pid=105742) __call__ /opt/stack/placement/placement/requestlog.py:55}}
May 20 09:24:17.658659 n-d-842687-1 devstack@placement-api.service[105742]: INFO placement.requestlog [req-32c88c1a-26bb-4342-bc82-5862040351f9 req-e385f19f-bde2-4869-9466-c97359cdca90 service placement] 10.222.0.24 "GET /placement/allocations/e6aea9f3-4e6c-46c0-9b1d-1e47f7031add" status: 200 len: 259 microversion: 1.28
May 20 09:24:17.659358 n-d-842687-1 devstack@placement-api.service[105742]: [pid: 105742|app: 0|req: 364/722] 10.222.0.24 () {60 vars in 1377 bytes} [Fri May 20 09:24:17 2022] GET /placement/allocations/e6aea9f3-4e6c-46c0-9b1d-1e47f7031add => generated 259 bytes in 34 msecs (HTTP/1.1 200) 8 headers in 296 bytes (1 switches on core 0)
May 20 09:24:19.761047 n-d-842687-1 devstack@placement-api.service[105743]: DEBUG placement.requestlog [req-ef5b7e4b-7487-4342-bc7b-2000e9b46df0 req-37224277-9579-42c1-8279-b8fb330f6b2f None None] Starting request: 10.222.0.24 "GET /placement/resource_providers/f5766305-4fc4-4cab-8091-92c42be1e113/allocations" {{(pid=105743) __call__ /opt/stack/placement/placement/requestlog.py:55}}
May 20 09:24:19.915505 n-d-842687-1 devstack@placement-api.service[105742]: DEBUG placement.requestlog [None req-7f58d3a4-f710-4c92-86c9-44e4d1e846e4 None None] Starting request: 10.222.0.49 "GET /placement/resource_providers/74a73756-b478-4db0-a951-29be81f038d1/aggregates" {{(pid=105742) __call__ /opt/stack/placement/placement/requestlog.py:55}}
May 20 09:24:19.933917 n-d-842687-1 devstack@placement-api.service[105743]: INFO placement.requestlog [req-ef5b7e4b-7487-4342-bc7b-2000e9b46df0 req-37224277-9579-42c1-8279-b8fb330f6b2f service placement] 10.222.0.24 "GET /placement/resource_providers/f5766305-4fc4-4cab-8091-92c42be1e113/allocations" status: 200 len: 457 microversion: 1.0
May 20 09:24:19.935099 n-d-842687-1 devstack@placement-api.service[105743]: [pid: 105743|app: 0|req: 359/723] 10.222.0.24 () {58 vars in 1390 bytes} [Fri May 20 09:24:19 2022] GET /placement/resource_providers/f5766305-4fc4-4cab-8091-92c42be1e113/allocations => generated 457 bytes in 175 msecs (HTTP/1.1 200) 6 headers in 224 bytes (1 switches on core 0)
May 20 09:24:19.936116 n-d-842687-1 devstack@placement-api.service[105742]: INFO placement.requestlog [None req-7f58d3a4-f710-4c92-86c9-44e4d1e846e4 service placement] 10.222.0.49 "GET /placement/resource_providers/74a73756-b478-4db0-a951-29be81f038d1/aggregates" status: 404 len: 235 microversion: 1.1
May 20 09:24:19.936698 n-d-842687-1 devstack@placement-api.service[105742]: [pid: 105742|app: 0|req: 365/724] 10.222.0.49 () {58 vars in 1362 bytes} [Fri May 20 09:24:19 2022] GET /placement/resource_providers/74a73756-b478-4db0-a951-29be81f038d1/aggregates => generated 235 bytes in 22 msecs (HTTP/1.1 404) 5 headers in 202 bytes (1 switches on core 0)
May 20 09:24:19.958263 n-d-842687-1 devstack@placement-api.service[105743]: DEBUG placement.requestlog [None req-2f852a73-031b-48f7-921e-66ab34a77bf6 None None] Starting request: 10.222.0.49 "DELETE /placement/resource_providers/74a73756-b478-4db0-a951-29be81f038d1" {{(pid=105743) __call__ /opt/stack/placement/placement/requestlog.py:55}}
May 20 09:24:19.974588 n-d-842687-1 devstack@placement-api.service[105743]: DEBUG placement.wsgi_wrapper [None req-2f852a73-031b-48f7-921e-66ab34a77bf6 service placement] Placement API returning an error response: No resource provider with uuid 74a73756-b478-4db0-a951-29be81f038d1 found for delete {{(pid=105743) call_func /opt/stack/placement/placement/wsgi_wrapper.py:31}}
May 20 09:24:19.976297 n-d-842687-1 devstack@placement-api.service[105743]: INFO placement.requestlog [None req-2f852a73-031b-48f7-921e-66ab34a77bf6 service placement] 10.222.0.49 "DELETE /placement/resource_providers/74a73756-b478-4db0-a951-29be81f038d1" status: 404 len: 246 microversion: 1.1
May 20 09:24:19.977254 n-d-842687-1 devstack@placement-api.service[105743]: [pid: 105743|app: 0|req: 360/725] 10.222.0.49 () {60 vars in 1351 bytes} [Fri May 20 09:24:19 2022] DELETE /placement/resource_providers/74a73756-b478-4db0-a951-29be81f038d1 => generated 246 bytes in 21 msecs (HTTP/1.1 404) 6 headers in 231 bytes (1 switches on core 0)
May 20 09:24:20.033152 n-d-842687-1 devstack@placement-api.service[105742]: DEBUG placement.requestlog [req-ef5b7e4b-7487-4342-bc7b-2000e9b46df0 req-d8b5ad11-fcad-4d67-985e-7373eac0a757 None None] Starting request: 10.222.0.24 "GET /placement/resource_providers?in_tree=f5766305-4fc4-4cab-8091-92c42be1e113" {{(pid=105742) __call__ /opt/stack/placement/placement/requestlog.py:55}}
May 20 09:24:20.053085 n-d-842687-1 devstack@placement-api.service[105742]: INFO placement.requestlog [req-ef5b7e4b-7487-4342-bc7b-2000e9b46df0 req-d8b5ad11-fcad-4d67-985e-7373eac0a757 service placement] 10.222.0.24 "GET /placement/resource_providers?in_tree=f5766305-4fc4-4cab-8091-92c42be1e113" status: 200 len: 863 microversion: 1.14
May 20 09:24:20.053692 n-d-842687-1 devstack@placement-api.service[105742]: [pid: 105742|app: 0|req: 366/726] 10.222.0.24 () {60 vars in 1376 bytes} [Fri May 20 09:24:20 2022] GET /placement/resource_providers?in_tree=f5766305-4fc4-4cab-8091-92c42be1e113 => generated 863 bytes in 21 msecs (HTTP/1.1 200) 6 headers in 225 bytes (1 switches on core 0)
May 20 09:24:20.062938 n-d-842687-1 devstack@placement-api.service[105743]: DEBUG placement.requestlog [req-ef5b7e4b-7487-4342-bc7b-2000e9b46df0 req-85209347-4874-49a5-811e-36144f4dabf4 None None] Starting request: 10.222.0.24 "GET /placement/resource_providers/f5766305-4fc4-4cab-8091-92c42be1e113/inventories" {{(pid=105743) __call__ /opt/stack/placement/placement/requestlog.py:55}}
May 20 09:24:20.081831 n-d-842687-1 devstack@placement-api.service[105743]: INFO placement.requestlog [req-ef5b7e4b-7487-4342-bc7b-2000e9b46df0 req-85209347-4874-49a5-811e-36144f4dabf4 service placement] 10.222.0.24 "GET /placement/resource_providers/f5766305-4fc4-4cab-8091-92c42be1e113/inventories" status: 200 len: 398 microversion: 1.0
May 20 09:24:20.082528 n-d-842687-1 devstack@placement-api.service[105743]: [pid: 105743|app: 0|req: 361/727] 10.222.0.24 () {58 vars in 1390 bytes} [Fri May 20 09:24:20 2022] GET /placement/resource_providers/f5766305-4fc4-4cab-8091-92c42be1e113/inventories => generated 398 bytes in 20 msecs (HTTP/1.1 200) 6 headers in 224 bytes (1 switches on core 0)
May 20 09:24:20.094937 n-d-842687-1 devstack@placement-api.service[105742]: DEBUG placement.requestlog [req-ef5b7e4b-7487-4342-bc7b-2000e9b46df0 req-967210cc-6e57-48c0-8f62-d60b2e488cff None None] Starting request: 10.222.0.24 "GET /placement/resource_providers/f5766305-4fc4-4cab-8091-92c42be1e113/aggregates" {{(pid=105742) __call__ /opt/stack/placement/placement/requestlog.py:55}}
May 20 09:24:20.115137 n-d-842687-1 devstack@placement-api.service[105742]: INFO placement.requestlog [req-ef5b7e4b-7487-4342-bc7b-2000e9b46df0 req-967210cc-6e57-48c0-8f62-d60b2e488cff service placement] 10.222.0.24 "GET /placement/resource_providers/f5766305-4fc4-4cab-8091-92c42be1e113/aggregates" status: 200 len: 54 microversion: 1.19
May 20 09:24:20.115799 n-d-842687-1 devstack@placement-api.service[105742]: [pid: 105742|app: 0|req: 367/728] 10.222.0.24 () {60 vars in 1431 bytes} [Fri May 20 09:24:20 2022] GET /placement/resource_providers/f5766305-4fc4-4cab-8091-92c42be1e113/aggregates => generated 54 bytes in 21 msecs (HTTP/1.1 200) 8 headers in 295 bytes (1 switches on core 0)
May 20 09:24:20.142355 n-d-842687-1 devstack@placement-api.service[105743]: DEBUG placement.requestlog [req-ef5b7e4b-7487-4342-bc7b-2000e9b46df0 req-0a709422-e3ae-4652-a3df-893357db8200 None None] Starting request: 10.222.0.24 "GET /placement/resource_providers/f5766305-4fc4-4cab-8091-92c42be1e113/traits" {{(pid=105743) __call__ /opt/stack/placement/placement/requestlog.py:55}}
May 20 09:24:20.182789 n-d-842687-1 devstack@placement-api.service[105743]: INFO placement.requestlog [req-ef5b7e4b-7487-4342-bc7b-2000e9b46df0 req-0a709422-e3ae-4652-a3df-893357db8200 service placement] 10.222.0.24 "GET /placement/resource_providers/f5766305-4fc4-4cab-8091-92c42be1e113/traits" status: 200 len: 212 microversion: 1.6
May 20 09:24:20.183989 n-d-842687-1 devstack@placement-api.service[105743]: [pid: 105743|app: 0|req: 362/729] 10.222.0.24 () {60 vars in 1418 bytes} [Fri May 20 09:24:20 2022] GET /placement/resource_providers/f5766305-4fc4-4cab-8091-92c42be1e113/traits => generated 212 bytes in 42 msecs (HTTP/1.1 200) 6 headers in 224 bytes (1 switches on core 0)
May 20 09:24:26.925881 n-d-842687-1 devstack@placement-api.service[105742]: DEBUG placement.requestlog [req-468b9fb5-8757-4d0f-a558-3a54692dcb6c req-1ef45c35-242d-4d6e-be70-6fde15182a3a None None] Starting request: 10.222.0.59 "GET /placement/resource_providers/6715e312-f087-4dd9-ade9-2f8ea886c8f6/allocations" {{(pid=105742) __call__ /opt/stack/placement/placement/requestlog.py:55}}
May 20 09:24:27.331150 n-d-842687-1 devstack@placement-api.service[105742]: DEBUG dbcounter [-] [105742] Writing DB stats placement:SELECT=54,placement:DELETE=4 {{(pid=105742) stat_writer /usr/local/lib/python3.8/dist-packages/dbcounter.py:114}}
May 20 09:24:27.353190 n-d-842687-1 devstack@placement-api.service[105742]: INFO placement.requestlog [req-468b9fb5-8757-4d0f-a558-3a54692dcb6c req-1ef45c35-242d-4d6e-be70-6fde15182a3a service placement] 10.222.0.59 "GET /placement/resource_providers/6715e312-f087-4dd9-ade9-2f8ea886c8f6/allocations" status: 200 len: 356 microversion: 1.0
May 20 09:24:27.354916 n-d-842687-1 devstack@placement-api.service[105742]: [pid: 105742|app: 0|req: 368/730] 10.222.0.59 () {58 vars in 1390 bytes} [Fri May 20 09:24:26 2022] GET /placement/resource_providers/6715e312-f087-4dd9-ade9-2f8ea886c8f6/allocations => generated 356 bytes in 429 msecs (HTTP/1.1 200) 6 headers in 224 bytes (1 switches on core 0)
May 20 09:24:27.421999 n-d-842687-1 devstack@placement-api.service[105743]: DEBUG placement.requestlog [req-468b9fb5-8757-4d0f-a558-3a54692dcb6c req-ec196ca6-2c2d-4553-be02-f2c5f1c4bb5b None None] Starting request: 10.222.0.59 "GET /placement/resource_providers?in_tree=6715e312-f087-4dd9-ade9-2f8ea886c8f6" {{(pid=105743) __call__ /opt/stack/placement/placement/requestlog.py:55}}
May 20 09:24:27.450551 n-d-842687-1 devstack@placement-api.service[105743]: INFO placement.requestlog [req-468b9fb5-8757-4d0f-a558-3a54692dcb6c req-ec196ca6-2c2d-4553-be02-f2c5f1c4bb5b service placement] 10.222.0.59 "GET /placement/resource_providers?in_tree=6715e312-f087-4dd9-ade9-2f8ea886c8f6" status: 200 len: 863 microversion: 1.14
May 20 09:24:27.451110 n-d-842687-1 devstack@placement-api.service[105743]: [pid: 105743|app: 0|req: 363/731] 10.222.0.59 () {60 vars in 1376 bytes} [Fri May 20 09:24:27 2022] GET /placement/resource_providers?in_tree=6715e312-f087-4dd9-ade9-2f8ea886c8f6 => generated 863 bytes in 29 msecs (HTTP/1.1 200) 6 headers in 225 bytes (1 switches on core 0)
May 20 09:24:27.459557 n-d-842687-1 devstack@placement-api.service[105742]: DEBUG placement.requestlog [req-468b9fb5-8757-4d0f-a558-3a54692dcb6c req-8b6de5d2-3726-4ac5-b3e1-a22938a990e3 None None] Starting request: 10.222.0.59 "GET /placement/resource_providers/6715e312-f087-4dd9-ade9-2f8ea886c8f6/inventories" {{(pid=105742) __call__ /opt/stack/placement/placement/requestlog.py:55}}
May 20 09:24:27.499729 n-d-842687-1 devstack@placement-api.service[105742]: INFO placement.requestlog [req-468b9fb5-8757-4d0f-a558-3a54692dcb6c req-8b6de5d2-3726-4ac5-b3e1-a22938a990e3 service placement] 10.222.0.59 "GET /placement/resource_providers/6715e312-f087-4dd9-ade9-2f8ea886c8f6/inventories" status: 200 len: 398 microversion: 1.0
May 20 09:24:27.503473 n-d-842687-1 devstack@placement-api.service[105742]: [pid: 105742|app: 0|req: 369/732] 10.222.0.59 () {58 vars in 1390 bytes} [Fri May 20 09:24:27 2022] GET /placement/resource_providers/6715e312-f087-4dd9-ade9-2f8ea886c8f6/inventories => generated 398 bytes in 44 msecs (HTTP/1.1 200) 6 headers in 224 bytes (1 switches on core 0)
May 20 09:24:27.511042 n-d-842687-1 devstack@placement-api.service[105743]: DEBUG placement.requestlog [req-468b9fb5-8757-4d0f-a558-3a54692dcb6c req-791074a3-e3bc-4e0d-9d6f-dab9c477b4f5 None None] Starting request: 10.222.0.59 "GET /placement/resource_providers/6715e312-f087-4dd9-ade9-2f8ea886c8f6/aggregates" {{(pid=105743) __call__ /opt/stack/placement/placement/requestlog.py:55}}
