May 20 10:09:48.140040 n-d-842478-3 devstack@placement-api.service[112161]: [pid: 112161|app: 0|req: 371/735] 10.222.0.64 () {60 vars in 1351 bytes} [Fri May 20 10:09:48 2022] DELETE /placement/resource_providers/72f2653c-2c22-4e3d-9a3a-0bf058f94bcb => generated 246 bytes in 30 msecs (HTTP/1.1 404) 6 headers in 231 bytes (1 switches on core 0)
May 20 10:09:50.313860 n-d-842478-3 devstack@placement-api.service[112162]: DEBUG placement.requestlog [req-174067f0-d41a-4eda-ba27-43e46dc182b4 req-3dc10d33-3105-4c32-9b2d-e72c144fb1b5 None None] Starting request: 10.222.0.23 "DELETE /placement/allocations/cec4a8a5-c539-4059-84ed-c5e331f0023b" {{(pid=112162) __call__ /opt/stack/placement/placement/requestlog.py:55}}
May 20 10:09:50.561288 n-d-842478-3 devstack@placement-api.service[112162]: DEBUG placement.handlers.allocation [req-174067f0-d41a-4eda-ba27-43e46dc182b4 req-3dc10d33-3105-4c32-9b2d-e72c144fb1b5 service placement] Successfully deleted allocations [, , ] {{(pid=112162) delete_allocations /opt/stack/placement/placement/handlers/allocation.py:627}}
May 20 10:09:50.561798 n-d-842478-3 devstack@placement-api.service[112162]: INFO placement.requestlog [req-174067f0-d41a-4eda-ba27-43e46dc182b4 req-3dc10d33-3105-4c32-9b2d-e72c144fb1b5 service placement] 10.222.0.23 "DELETE /placement/allocations/cec4a8a5-c539-4059-84ed-c5e331f0023b" status: 204 len: 0 microversion: 1.0
May 20 10:09:50.562175 n-d-842478-3 devstack@placement-api.service[112162]: [pid: 112162|app: 0|req: 365/736] 10.222.0.23 () {60 vars in 1355 bytes} [Fri May 20 10:09:50 2022] DELETE /placement/allocations/cec4a8a5-c539-4059-84ed-c5e331f0023b => generated 0 bytes in 249 msecs (HTTP/1.1 204) 5 headers in 198 bytes (1 switches on core 0)
May 20 10:09:55.707271 n-d-842478-3 devstack@placement-api.service[112161]: DEBUG placement.requestlog [req-5847948d-acf6-44ec-b7c2-2534ff5feebc req-8393b3b1-5091-4630-abc9-2c6a12cd3536 None None] Starting request: 10.222.0.65 "DELETE /placement/allocations/3597091c-ac0e-4993-9033-0bf89f4c0d6e" {{(pid=112161) __call__ /opt/stack/placement/placement/requestlog.py:55}}
May 20 10:09:55.951596 n-d-842478-3 devstack@placement-api.service[112161]: DEBUG placement.handlers.allocation [req-5847948d-acf6-44ec-b7c2-2534ff5feebc req-8393b3b1-5091-4630-abc9-2c6a12cd3536 service placement] Successfully deleted allocations [, , ] {{(pid=112161) delete_allocations /opt/stack/placement/placement/handlers/allocation.py:627}}
May 20 10:09:55.952170 n-d-842478-3 devstack@placement-api.service[112161]: INFO placement.requestlog [req-5847948d-acf6-44ec-b7c2-2534ff5feebc req-8393b3b1-5091-4630-abc9-2c6a12cd3536 service placement] 10.222.0.65 "DELETE /placement/allocations/3597091c-ac0e-4993-9033-0bf89f4c0d6e" status: 204 len: 0 microversion: 1.0
May 20 10:09:55.952830 n-d-842478-3 devstack@placement-api.service[112161]: [pid: 112161|app: 0|req: 372/737] 10.222.0.65 () {60 vars in 1355 bytes} [Fri May 20 10:09:55 2022] DELETE /placement/allocations/3597091c-ac0e-4993-9033-0bf89f4c0d6e => generated 0 bytes in 246 msecs (HTTP/1.1 204) 5 headers in 198 bytes (1 switches on core 0)
May 20 10:09:57.993476 n-d-842478-3 devstack@placement-api.service[112162]: DEBUG placement.requestlog [None req-10c479df-3286-4729-894a-108ccf2e8eda None None] Starting request: 10.222.0.64 "GET /placement/resource_providers/89c35d0c-ca6a-471e-ae9d-32fd2ab54649/aggregates" {{(pid=112162) __call__ /opt/stack/placement/placement/requestlog.py:55}}
May 20 10:09:58.804789 n-d-842478-3 devstack@placement-api.service[112162]: INFO placement.requestlog [None req-10c479df-3286-4729-894a-108ccf2e8eda service placement] 10.222.0.64 "GET /placement/resource_providers/89c35d0c-ca6a-471e-ae9d-32fd2ab54649/aggregates" status: 404 len: 235 microversion: 1.1
May 20 10:09:58.807257 n-d-842478-3 devstack@placement-api.service[112162]: [pid: 112162|app: 0|req: 366/738] 10.222.0.64 () {58 vars in 1362 bytes} [Fri May 20 10:09:57 2022] GET /placement/resource_providers/89c35d0c-ca6a-471e-ae9d-32fd2ab54649/aggregates => generated 235 bytes in 814 msecs (HTTP/1.1 404) 5 headers in 202 bytes (1 switches on core 0)
May 20 10:09:58.823822 n-d-842478-3 devstack@placement-api.service[112161]: DEBUG placement.requestlog [req-9cd59b7a-e359-440e-afc7-889963d6b4bb req-ad6048b2-600b-48ef-9b12-f9947701d56d None None] Starting request: 10.222.0.65 "GET /placement/resource_providers/c9c5ae7b-a563-40f5-ac03-41d0459c97a8/allocations" {{(pid=112161) __call__ /opt/stack/placement/placement/requestlog.py:55}}
May 20 10:09:58.848873 n-d-842478-3 devstack@placement-api.service[112162]: DEBUG placement.requestlog [None req-d4fd3f81-96f1-4a71-b929-4ce68fcc3856 None None] Starting request: 10.222.0.64 "DELETE /placement/resource_providers/89c35d0c-ca6a-471e-ae9d-32fd2ab54649" {{(pid=112162) __call__ /opt/stack/placement/placement/requestlog.py:55}}
May 20 10:09:58.869002 n-d-842478-3 devstack@placement-api.service[112162]: DEBUG placement.wsgi_wrapper [None req-d4fd3f81-96f1-4a71-b929-4ce68fcc3856 service placement] Placement API returning an error response: No resource provider with uuid 89c35d0c-ca6a-471e-ae9d-32fd2ab54649 found for delete {{(pid=112162) call_func /opt/stack/placement/placement/wsgi_wrapper.py:31}}
May 20 10:09:58.870461 n-d-842478-3 devstack@placement-api.service[112162]: INFO placement.requestlog [None req-d4fd3f81-96f1-4a71-b929-4ce68fcc3856 service placement] 10.222.0.64 "DELETE /placement/resource_providers/89c35d0c-ca6a-471e-ae9d-32fd2ab54649" status: 404 len: 246 microversion: 1.1
May 20 10:09:58.874889 n-d-842478-3 devstack@placement-api.service[112162]: [pid: 112162|app: 0|req: 367/739] 10.222.0.64 () {60 vars in 1351 bytes} [Fri May 20 10:09:58 2022] DELETE /placement/resource_providers/89c35d0c-ca6a-471e-ae9d-32fd2ab54649 => generated 246 bytes in 23 msecs (HTTP/1.1 404) 6 headers in 231 bytes (1 switches on core 0)
May 20 10:09:58.903098 n-d-842478-3 devstack@placement-api.service[112161]: INFO placement.requestlog [req-9cd59b7a-e359-440e-afc7-889963d6b4bb req-ad6048b2-600b-48ef-9b12-f9947701d56d service placement] 10.222.0.65 "GET /placement/resource_providers/c9c5ae7b-a563-40f5-ac03-41d0459c97a8/allocations" status: 200 len: 154 microversion: 1.0
May 20 10:09:58.903898 n-d-842478-3 devstack@placement-api.service[112161]: [pid: 112161|app: 0|req: 373/740] 10.222.0.65 () {58 vars in 1390 bytes} [Fri May 20 10:09:58 2022] GET /placement/resource_providers/c9c5ae7b-a563-40f5-ac03-41d0459c97a8/allocations => generated 154 bytes in 80 msecs (HTTP/1.1 200) 6 headers in 224 bytes (1 switches on core 0)
May 20 10:10:00.301368 n-d-842478-3 devstack@placement-api.service[112162]: DEBUG placement.requestlog [req-d38ada1d-21cd-4f1a-b007-382e852f0fd2 req-3a353b8d-3c6e-45f1-b34e-447dcf02a9ca None None] Starting request: 10.222.0.23 "GET /placement/resource_providers/15f4d637-d0f7-437b-ac7d-2917641aa02f/allocations" {{(pid=112162) __call__ /opt/stack/placement/placement/requestlog.py:55}}
May 20 10:10:00.323252 n-d-842478-3 devstack@placement-api.service[112162]: INFO placement.requestlog [req-d38ada1d-21cd-4f1a-b007-382e852f0fd2 req-3a353b8d-3c6e-45f1-b34e-447dcf02a9ca service placement] 10.222.0.23 "GET /placement/resource_providers/15f4d637-d0f7-437b-ac7d-2917641aa02f/allocations" status: 200 len: 254 microversion: 1.0
May 20 10:10:00.324027 n-d-842478-3 devstack@placement-api.service[112162]: [pid: 112162|app: 0|req: 368/741] 10.222.0.23 () {58 vars in 1390 bytes} [Fri May 20 10:10:00 2022] GET /placement/resource_providers/15f4d637-d0f7-437b-ac7d-2917641aa02f/allocations => generated 254 bytes in 23 msecs (HTTP/1.1 200) 6 headers in 224 bytes (1 switches on core 0)
May 20 10:10:08.893010 n-d-842478-3 devstack@placement-api.service[112161]: DEBUG dbcounter [-] [112161] Writing DB stats placement:SELECT=24,placement:DELETE=4 {{(pid=112161) stat_writer /usr/local/lib/python3.8/dist-packages/dbcounter.py:114}}
May 20 10:10:09.707417 n-d-842478-3 devstack@placement-api.service[112161]: DEBUG placement.requestlog [req-ce75a2e2-ed73-47a9-9bc8-b2d0dfc67bf1 req-81b17a05-5091-4758-8266-f476c34c8c6f None None] Starting request: 10.222.0.64 "GET /placement/allocation_candidates?limit=1000&resources=DISK_GB%3A1%2CMEMORY_MB%3A1024%2CVCPU%3A1&root_required=%21COMPUTE_STATUS_DISABLED" {{(pid=112161) __call__ /opt/stack/placement/placement/requestlog.py:55}}
May 20 10:10:09.764593 n-d-842478-3 devstack@placement-api.service[112161]: DEBUG placement.objects.research_context [req-ce75a2e2-ed73-47a9-9bc8-b2d0dfc67bf1 req-81b17a05-5091-4758-8266-f476c34c8c6f service placement] getting providers with 1 DISK_GB {{(pid=112161) __init__ /opt/stack/placement/placement/objects/research_context.py:136}}
May 20 10:10:09.773066 n-d-842478-3 devstack@placement-api.service[112161]: DEBUG placement.objects.research_context [req-ce75a2e2-ed73-47a9-9bc8-b2d0dfc67bf1 req-81b17a05-5091-4758-8266-f476c34c8c6f service placement] getting providers with 1024 MEMORY_MB {{(pid=112161) __init__ /opt/stack/placement/placement/objects/research_context.py:136}}
May 20 10:10:09.780045 n-d-842478-3 devstack@placement-api.service[112161]: DEBUG placement.objects.research_context [req-ce75a2e2-ed73-47a9-9bc8-b2d0dfc67bf1 req-81b17a05-5091-4758-8266-f476c34c8c6f service placement] getting providers with 1 VCPU {{(pid=112161) __init__ /opt/stack/placement/placement/objects/research_context.py:136}}
May 20 10:10:09.790868 n-d-842478-3 devstack@placement-api.service[112161]: DEBUG placement.objects.research_context [req-ce75a2e2-ed73-47a9-9bc8-b2d0dfc67bf1 req-81b17a05-5091-4758-8266-f476c34c8c6f service placement] found 2 providers with available 1 DISK_GB {{(pid=112161) get_provider_ids_matching /opt/stack/placement/placement/objects/research_context.py:563}}
May 20 10:10:09.791563 n-d-842478-3 devstack@placement-api.service[112161]: DEBUG placement.objects.research_context [req-ce75a2e2-ed73-47a9-9bc8-b2d0dfc67bf1 req-81b17a05-5091-4758-8266-f476c34c8c6f service placement] found 2 providers with available 1024 MEMORY_MB {{(pid=112161) get_provider_ids_matching /opt/stack/placement/placement/objects/research_context.py:563}}
May 20 10:10:09.792050 n-d-842478-3 devstack@placement-api.service[112161]: DEBUG placement.objects.research_context [req-ce75a2e2-ed73-47a9-9bc8-b2d0dfc67bf1 req-81b17a05-5091-4758-8266-f476c34c8c6f service placement] found 2 providers after filtering by previous result {{(pid=112161) get_provider_ids_matching /opt/stack/placement/placement/objects/research_context.py:594}}
May 20 10:10:09.792612 n-d-842478-3 devstack@placement-api.service[112161]: DEBUG placement.objects.research_context [req-ce75a2e2-ed73-47a9-9bc8-b2d0dfc67bf1 req-81b17a05-5091-4758-8266-f476c34c8c6f service placement] found 2 providers with available 1 VCPU {{(pid=112161) get_provider_ids_matching /opt/stack/placement/placement/objects/research_context.py:563}}
May 20 10:10:09.793098 n-d-842478-3 devstack@placement-api.service[112161]: DEBUG placement.objects.research_context [req-ce75a2e2-ed73-47a9-9bc8-b2d0dfc67bf1 req-81b17a05-5091-4758-8266-f476c34c8c6f service placement] found 2 providers after filtering by previous result {{(pid=112161) get_provider_ids_matching /opt/stack/placement/placement/objects/research_context.py:594}}
May 20 10:10:09.807567 n-d-842478-3 devstack@placement-api.service[112161]: DEBUG placement.objects.allocation_candidate [req-ce75a2e2-ed73-47a9-9bc8-b2d0dfc67bf1 req-81b17a05-5091-4758-8266-f476c34c8c6f service placement] RequestGroup(use_same_provider=False, resources={DISK_GB:1, MEMORY_MB:1024, VCPU:1}, traits=(), aggregates=[]) (suffix '') returned 2 matches {{(pid=112161) _get_by_requests /opt/stack/placement/placement/objects/allocation_candidate.py:156}}
May 20 10:10:09.808315 n-d-842478-3 devstack@placement-api.service[112161]: DEBUG placement.objects.allocation_candidate [req-ce75a2e2-ed73-47a9-9bc8-b2d0dfc67bf1 req-81b17a05-5091-4758-8266-f476c34c8c6f service placement] Merging candidates yields 2 allocation requests and 2 provider summaries {{(pid=112161) _merge_candidates /opt/stack/placement/placement/objects/allocation_candidate.py:809}}
May 20 10:10:09.810355 n-d-842478-3 devstack@placement-api.service[112161]: INFO placement.requestlog [req-ce75a2e2-ed73-47a9-9bc8-b2d0dfc67bf1 req-81b17a05-5091-4758-8266-f476c34c8c6f service placement] 10.222.0.64 "GET /placement/allocation_candidates?limit=1000&resources=DISK_GB%3A1%2CMEMORY_MB%3A1024%2CVCPU%3A1&root_required=%21COMPUTE_STATUS_DISABLED" status: 200 len: 1309 microversion: 1.36
May 20 10:10:09.827354 n-d-842478-3 devstack@placement-api.service[112161]: [pid: 112161|app: 0|req: 374/742] 10.222.0.64 () {60 vars in 1506 bytes} [Fri May 20 10:10:09 2022] GET /placement/allocation_candidates?limit=1000&resources=DISK_GB%3A1%2CMEMORY_MB%3A1024%2CVCPU%3A1&root_required=%21COMPUTE_STATUS_DISABLED => generated 1309 bytes in 120 msecs (HTTP/1.1 200) 8 headers in 297 bytes (1 switches on core 0)
May 20 10:10:09.964177 n-d-842478-3 devstack@placement-api.service[112162]: DEBUG placement.requestlog [req-ce75a2e2-ed73-47a9-9bc8-b2d0dfc67bf1 req-fe118f2c-3a11-4f2c-989c-b10dd22adfe3 None None] Starting request: 10.222.0.64 "GET /placement/allocations/0fe215cb-6c2b-4cec-8801-22f482d8f8ea" {{(pid=112162) __call__ /opt/stack/placement/placement/requestlog.py:55}}
May 20 10:10:09.979852 n-d-842478-3 devstack@placement-api.service[112162]: DEBUG dbcounter [-] [112162] Writing DB stats placement:SELECT=22,placement:DELETE=2 {{(pid=112162) stat_writer /usr/local/lib/python3.8/dist-packages/dbcounter.py:114}}
May 20 10:10:09.986405 n-d-842478-3 devstack@placement-api.service[112162]: INFO placement.requestlog [req-ce75a2e2-ed73-47a9-9bc8-b2d0dfc67bf1 req-fe118f2c-3a11-4f2c-989c-b10dd22adfe3 service placement] 10.222.0.64 "GET /placement/allocations/0fe215cb-6c2b-4cec-8801-22f482d8f8ea" status: 200 len: 19 microversion: 1.28
May 20 10:10:09.987208 n-d-842478-3 devstack@placement-api.service[112162]: [pid: 112162|app: 0|req: 369/743] 10.222.0.64 () {60 vars in 1380 bytes} [Fri May 20 10:10:09 2022] GET /placement/allocations/0fe215cb-6c2b-4cec-8801-22f482d8f8ea => generated 19 bytes in 23 msecs (HTTP/1.1 200) 8 headers in 295 bytes (1 switches on core 0)
May 20 10:10:09.994983 n-d-842478-3 devstack@placement-api.service[112161]: DEBUG placement.requestlog [req-ce75a2e2-ed73-47a9-9bc8-b2d0dfc67bf1 req-55050a08-9f73-4447-94da-6a5b42a0f3ae None None] Starting request: 10.222.0.64 "PUT /placement/allocations/0fe215cb-6c2b-4cec-8801-22f482d8f8ea" {{(pid=112161) __call__ /opt/stack/placement/placement/requestlog.py:55}}
May 20 10:10:10.450484 n-d-842478-3 devstack@placement-api.service[112161]: DEBUG placement.handlers.allocation [req-ce75a2e2-ed73-47a9-9bc8-b2d0dfc67bf1 req-55050a08-9f73-4447-94da-6a5b42a0f3ae service placement] Successfully wrote allocations [, , ] {{(pid=112161) _update_consumers_and_create_allocations /opt/stack/placement/placement/handlers/allocation.py:462}}
May 20 10:10:10.557605 n-d-842478-3 devstack@placement-api.service[112161]: INFO placement.requestlog [req-ce75a2e2-ed73-47a9-9bc8-b2d0dfc67bf1 req-55050a08-9f73-4447-94da-6a5b42a0f3ae service placement] 10.222.0.64 "PUT /placement/allocations/0fe215cb-6c2b-4cec-8801-22f482d8f8ea" status: 204 len: 0 microversion: 1.36
May 20 10:10:10.558949 n-d-842478-3 devstack@placement-api.service[112161]: [pid: 112161|app: 0|req: 375/744] 10.222.0.64 () {64 vars in 1433 bytes} [Fri May 20 10:10:09 2022] PUT /placement/allocations/0fe215cb-6c2b-4cec-8801-22f482d8f8ea => generated 0 bytes in 564 msecs (HTTP/1.1 204) 5 headers in 199 bytes (1 switches on core 0)
May 20 10:10:11.802324 n-d-842478-3 devstack@placement-api.service[112162]: DEBUG placement.requestlog [req-ce75a2e2-ed73-47a9-9bc8-b2d0dfc67bf1 req-e5c0bc07-66b5-4943-b3c5-07b5adfbdab2 None None] Starting request: 10.222.0.65 "GET /placement/allocations/0fe215cb-6c2b-4cec-8801-22f482d8f8ea" {{(pid=112162) __call__ /opt/stack/placement/placement/requestlog.py:55}}
May 20 10:10:11.827101 n-d-842478-3 devstack@placement-api.service[112162]: INFO placement.requestlog [req-ce75a2e2-ed73-47a9-9bc8-b2d0dfc67bf1 req-e5c0bc07-66b5-4943-b3c5-07b5adfbdab2 service placement] 10.222.0.65 "GET /placement/allocations/0fe215cb-6c2b-4cec-8801-22f482d8f8ea" status: 200 len: 259 microversion: 1.28
May 20 10:10:11.828605 n-d-842478-3 devstack@placement-api.service[112162]: [pid: 112162|app: 0|req: 370/745] 10.222.0.65 () {60 vars in 1377 bytes} [Fri May 20 10:10:11 2022] GET /placement/allocations/0fe215cb-6c2b-4cec-8801-22f482d8f8ea => generated 259 bytes in 26 msecs (HTTP/1.1 200) 8 headers in 296 bytes (1 switches on core 0)
May 20 10:10:14.842684 n-d-842478-3 devstack@placement-api.service[112161]: DEBUG placement.requestlog [req-2df1af64-59c3-4a46-8137-7b9d4bdf3fff req-e053e0f2-3d35-4696-931b-11a497c3982f None None] Starting request: 10.222.0.23 "DELETE /placement/allocations/2458841f-f667-4cfe-8eb3-ed3ed467e4dc" {{(pid=112161) __call__ /opt/stack/placement/placement/requestlog.py:55}}
May 20 10:10:15.072183 n-d-842478-3 devstack@placement-api.service[112161]: DEBUG placement.handlers.allocation [req-2df1af64-59c3-4a46-8137-7b9d4bdf3fff req-e053e0f2-3d35-4696-931b-11a497c3982f service placement] Successfully deleted allocations [, , ] {{(pid=112161) delete_allocations /opt/stack/placement/placement/handlers/allocation.py:627}}
May 20 10:10:15.073007 n-d-842478-3 devstack@placement-api.service[112161]: INFO placement.requestlog [req-2df1af64-59c3-4a46-8137-7b9d4bdf3fff req-e053e0f2-3d35-4696-931b-11a497c3982f service placement] 10.222.0.23 "DELETE /placement/allocations/2458841f-f667-4cfe-8eb3-ed3ed467e4dc" status: 204 len: 0 microversion: 1.0
May 20 10:10:15.073597 n-d-842478-3 devstack@placement-api.service[112161]: [pid: 112161|app: 0|req: 376/746] 10.222.0.23 () {60 vars in 1355 bytes} [Fri May 20 10:10:14 2022] DELETE /placement/allocations/2458841f-f667-4cfe-8eb3-ed3ed467e4dc => generated 0 bytes in 239 msecs (HTTP/1.1 204) 5 headers in 198 bytes (1 switches on core 0)
May 20 10:10:16.211820 n-d-842478-3 devstack@placement-api.service[112162]: DEBUG placement.requestlog [req-60371171-99b1-4c67-a493-12fb1f696e9a req-9b29caf4-5b98-4109-95c4-b1f706ac52cc None None] Starting request: 10.222.0.64 "GET /placement/allocation_candidates?limit=1000&resources=DISK_GB%3A1%2CMEMORY_MB%3A1024%2CVCPU%3A1&root_required=%21COMPUTE_STATUS_DISABLED" {{(pid=112162) __call__ /opt/stack/placement/placement/requestlog.py:55}}
May 20 10:10:16.323749 n-d-842478-3 devstack@placement-api.service[112162]: DEBUG placement.objects.research_context [req-60371171-99b1-4c67-a493-12fb1f696e9a req-9b29caf4-5b98-4109-95c4-b1f706ac52cc service placement] getting providers with 1 DISK_GB {{(pid=112162) __init__ /opt/stack/placement/placement/objects/research_context.py:136}}
May 20 10:10:16.352129 n-d-842478-3 devstack@placement-api.service[112162]: DEBUG placement.objects.research_context [req-60371171-99b1-4c67-a493-12fb1f696e9a req-9b29caf4-5b98-4109-95c4-b1f706ac52cc service placement] getting providers with 1024 MEMORY_MB {{(pid=112162) __init__ /opt/stack/placement/placement/objects/research_context.py:136}}
May 20 10:10:16.380919 n-d-842478-3 devstack@placement-api.service[112162]: DEBUG placement.objects.research_context [req-60371171-99b1-4c67-a493-12fb1f696e9a req-9b29caf4-5b98-4109-95c4-b1f706ac52cc service placement] getting providers with 1 VCPU {{(pid=112162) __init__ /opt/stack/placement/placement/objects/research_context.py:136}}
May 20 10:10:16.398669 n-d-842478-3 devstack@placement-api.service[112162]: DEBUG placement.objects.research_context [req-60371171-99b1-4c67-a493-12fb1f696e9a req-9b29caf4-5b98-4109-95c4-b1f706ac52cc service placement] found 2 providers with available 1 DISK_GB {{(pid=112162) get_provider_ids_matching /opt/stack/placement/placement/objects/research_context.py:563}}
May 20 10:10:16.398669 n-d-842478-3 devstack@placement-api.service[112162]: DEBUG placement.objects.research_context [req-60371171-99b1-4c67-a493-12fb1f696e9a req-9b29caf4-5b98-4109-95c4-b1f706ac52cc service placement] found 2 providers with available 1024 MEMORY_MB {{(pid=112162) get_provider_ids_matching /opt/stack/placement/placement/objects/research_context.py:563}}
May 20 10:10:16.398669 n-d-842478-3 devstack@placement-api.service[112162]: DEBUG placement.objects.research_context [req-60371171-99b1-4c67-a493-12fb1f696e9a req-9b29caf4-5b98-4109-95c4-b1f706ac52cc service placement] found 2 providers after filtering by previous result {{(pid=112162) get_provider_ids_matching /opt/stack/placement/placement/objects/research_context.py:594}}
May 20 10:10:16.398669 n-d-842478-3 devstack@placement-api.service[112162]: DEBUG placement.objects.research_context [req-60371171-99b1-4c67-a493-12fb1f696e9a req-9b29caf4-5b98-4109-95c4-b1f706ac52cc service placement] found 2 providers with available 1 VCPU {{(pid=112162) get_provider_ids_matching /opt/stack/placement/placement/objects/research_context.py:563}}
May 20 10:10:16.398669 n-d-842478-3 devstack@placement-api.service[112162]: DEBUG placement.objects.research_context [req-60371171-99b1-4c67-a493-12fb1f696e9a req-9b29caf4-5b98-4109-95c4-b1f706ac52cc service placement] found 2 providers after filtering by previous result {{(pid=112162) get_provider_ids_matching /opt/stack/placement/placement/objects/research_context.py:594}}
May 20 10:10:16.430101 n-d-842478-3 devstack@placement-api.service[112162]: DEBUG placement.objects.allocation_candidate [req-60371171-99b1-4c67-a493-12fb1f696e9a req-9b29caf4-5b98-4109-95c4-b1f706ac52cc service placement] RequestGroup(use_same_provider=False, resources={DISK_GB:1, MEMORY_MB:1024, VCPU:1}, traits=(), aggregates=[]) (suffix '') returned 2 matches {{(pid=112162) _get_by_requests /opt/stack/placement/placement/objects/allocation_candidate.py:156}}
May 20 10:10:16.431815 n-d-842478-3 devstack@placement-api.service[112162]: DEBUG placement.objects.allocation_candidate [req-60371171-99b1-4c67-a493-12fb1f696e9a req-9b29caf4-5b98-4109-95c4-b1f706ac52cc service placement] Merging candidates yields 2 allocation requests and 2 provider summaries {{(pid=112162) _merge_candidates /opt/stack/placement/placement/objects/allocation_candidate.py:809}}
May 20 10:10:16.435588 n-d-842478-3 devstack@placement-api.service[112162]: INFO placement.requestlog [req-60371171-99b1-4c67-a493-12fb1f696e9a req-9b29caf4-5b98-4109-95c4-b1f706ac52cc service placement] 10.222.0.64 "GET /placement/allocation_candidates?limit=1000&resources=DISK_GB%3A1%2CMEMORY_MB%3A1024%2CVCPU%3A1&root_required=%21COMPUTE_STATUS_DISABLED" status: 200 len: 1309 microversion: 1.36
May 20 10:10:16.436509 n-d-842478-3 devstack@placement-api.service[112162]: [pid: 112162|app: 0|req: 371/747] 10.222.0.64 () {60 vars in 1506 bytes} [Fri May 20 10:10:16 2022] GET /placement/allocation_candidates?limit=1000&resources=DISK_GB%3A1%2CMEMORY_MB%3A1024%2CVCPU%3A1&root_required=%21COMPUTE_STATUS_DISABLED => generated 1309 bytes in 225 msecs (HTTP/1.1 200) 8 headers in 297 bytes (1 switches on core 0)
May 20 10:10:16.632482 n-d-842478-3 devstack@placement-api.service[112161]: DEBUG placement.requestlog [req-60371171-99b1-4c67-a493-12fb1f696e9a req-a93cf245-4d5c-491c-a488-783872dd824f None None] Starting request: 10.222.0.64 "GET /placement/allocations/fd0a3627-d6ae-43fb-9bb9-64ee978bf03a" {{(pid=112161) __call__ /opt/stack/placement/placement/requestlog.py:55}}
May 20 10:10:16.648628 n-d-842478-3 devstack@placement-api.service[112161]: INFO placement.requestlog [req-60371171-99b1-4c67-a493-12fb1f696e9a req-a93cf245-4d5c-491c-a488-783872dd824f service placement] 10.222.0.64 "GET /placement/allocations/fd0a3627-d6ae-43fb-9bb9-64ee978bf03a" status: 200 len: 19 microversion: 1.28
May 20 10:10:16.668991 n-d-842478-3 devstack@placement-api.service[112162]: DEBUG placement.requestlog [req-60371171-99b1-4c67-a493-12fb1f696e9a req-fa201ea2-56f4-441a-9ccf-e55d4b4e0ff2 None None] Starting request: 10.222.0.64 "PUT /placement/allocations/fd0a3627-d6ae-43fb-9bb9-64ee978bf03a" {{(pid=112162) __call__ /opt/stack/placement/placement/requestlog.py:55}}
May 20 10:10:16.682717 n-d-842478-3 devstack@placement-api.service[112161]: [pid: 112161|app: 0|req: 377/748] 10.222.0.64 () {60 vars in 1380 bytes} [Fri May 20 10:10:16 2022] GET /placement/allocations/fd0a3627-d6ae-43fb-9bb9-64ee978bf03a => generated 19 bytes in 55 msecs (HTTP/1.1 200) 8 headers in 295 bytes (1 switches on core 0)
May 20 10:10:17.120066 n-d-842478-3 devstack@placement-api.service[112162]: DEBUG placement.handlers.allocation [req-60371171-99b1-4c67-a493-12fb1f696e9a req-fa201ea2-56f4-441a-9ccf-e55d4b4e0ff2 service placement] Successfully wrote allocations [, , ] {{(pid=112162) _update_consumers_and_create_allocations /opt/stack/placement/placement/handlers/allocation.py:462}}
May 20 10:10:17.248644 n-d-842478-3 devstack@placement-api.service[112162]: INFO placement.requestlog [req-60371171-99b1-4c67-a493-12fb1f696e9a req-fa201ea2-56f4-441a-9ccf-e55d4b4e0ff2 service placement] 10.222.0.64 "PUT /placement/allocations/fd0a3627-d6ae-43fb-9bb9-64ee978bf03a" status: 204 len: 0 microversion: 1.36
May 20 10:10:17.250061 n-d-842478-3 devstack@placement-api.service[112162]: [pid: 112162|app: 0|req: 372/749] 10.222.0.64 () {64 vars in 1433 bytes} [Fri May 20 10:10:16 2022] PUT /placement/allocations/fd0a3627-d6ae-43fb-9bb9-64ee978bf03a => generated 0 bytes in 582 msecs (HTTP/1.1 204) 5 headers in 199 bytes (2 switches on core 0)
May 20 10:10:18.836745 n-d-842478-3 devstack@placement-api.service[112161]: DEBUG placement.requestlog [req-60371171-99b1-4c67-a493-12fb1f696e9a req-ac9fb51a-a6dc-4e39-a045-2c6656bf4b30 None None] Starting request: 10.222.0.23 "GET /placement/allocations/fd0a3627-d6ae-43fb-9bb9-64ee978bf03a" {{(pid=112161) __call__ /opt/stack/placement/placement/requestlog.py:55}}
May 20 10:10:18.867533 n-d-842478-3 devstack@placement-api.service[112161]: INFO placement.requestlog [req-60371171-99b1-4c67-a493-12fb1f696e9a req-ac9fb51a-a6dc-4e39-a045-2c6656bf4b30 service placement] 10.222.0.23 "GET /placement/allocations/fd0a3627-d6ae-43fb-9bb9-64ee978bf03a" status: 200 len: 259 microversion: 1.28
May 20 10:10:18.867919 n-d-842478-3 devstack@placement-api.service[112161]: [pid: 112161|app: 0|req: 378/750] 10.222.0.23 () {60 vars in 1377 bytes} [Fri May 20 10:10:18 2022] GET /placement/allocations/fd0a3627-d6ae-43fb-9bb9-64ee978bf03a => generated 259 bytes in 31 msecs (HTTP/1.1 200) 8 headers in 296 bytes (1 switches on core 0)
May 20 10:10:22.903319 n-d-842478-3 devstack@placement-api.service[112162]: DEBUG placement.requestlog [req-b56e151a-a416-4a7b-bcbc-37959a1cdaa9 req-84e8ea5d-d0bf-4e91-ac00-723541b921fc None None] Starting request: 10.222.0.23 "DELETE /placement/allocations/51f1ca0f-a843-4a9e-9589-0a2d63d81de9" {{(pid=112162) __call__ /opt/stack/placement/placement/requestlog.py:55}}
May 20 10:10:23.131934 n-d-842478-3 devstack@placement-api.service[112162]: DEBUG placement.handlers.allocation [req-b56e151a-a416-4a7b-bcbc-37959a1cdaa9 req-84e8ea5d-d0bf-4e91-ac00-723541b921fc service placement] Successfully deleted allocations [, , ] {{(pid=112162) delete_allocations /opt/stack/placement/placement/handlers/allocation.py:627}}
May 20 10:10:23.132507 n-d-842478-3 devstack@placement-api.service[112162]: INFO placement.requestlog [req-b56e151a-a416-4a7b-bcbc-37959a1cdaa9 req-84e8ea5d-d0bf-4e91-ac00-723541b921fc service placement] 10.222.0.23 "DELETE /placement/allocations/51f1ca0f-a843-4a9e-9589-0a2d63d81de9" status: 204 len: 0 microversion: 1.0
May 20 10:10:23.133940 n-d-842478-3 devstack@placement-api.service[112162]: [pid: 112162|app: 0|req: 373/751] 10.222.0.23 () {60 vars in 1355 bytes} [Fri May 20 10:10:22 2022] DELETE /placement/allocations/51f1ca0f-a843-4a9e-9589-0a2d63d81de9 => generated 0 bytes in 230 msecs (HTTP/1.1 204) 5 headers in 198 bytes (1 switches on core 0)
May 20 10:10:28.532055 n-d-842478-3 devstack@placement-api.service[112161]: DEBUG placement.requestlog [req-170e2680-492e-4b1f-9fb9-f3f6e82e230f req-6c0b384e-5d6e-4d47-acf1-2a1ddd24aa68 None None] Starting request: 10.222.0.65 "DELETE /placement/allocations/b1ecb0b2-416d-4414-abdd-d44f577bdf56" {{(pid=112161) __call__ /opt/stack/placement/placement/requestlog.py:55}}
May 20 10:10:28.761332 n-d-842478-3 devstack@placement-api.service[112161]: DEBUG placement.handlers.allocation [req-170e2680-492e-4b1f-9fb9-f3f6e82e230f req-6c0b384e-5d6e-4d47-acf1-2a1ddd24aa68 service placement] Successfully deleted allocations [, , ] {{(pid=112161) delete_allocations /opt/stack/placement/placement/handlers/allocation.py:627}}
May 20 10:10:28.762425 n-d-842478-3 devstack@placement-api.service[112161]: INFO placement.requestlog [req-170e2680-492e-4b1f-9fb9-f3f6e82e230f req-6c0b384e-5d6e-4d47-acf1-2a1ddd24aa68 service placement] 10.222.0.65 "DELETE /placement/allocations/b1ecb0b2-416d-4414-abdd-d44f577bdf56" status: 204 len: 0 microversion: 1.0
May 20 10:10:28.763169 n-d-842478-3 devstack@placement-api.service[112161]: [pid: 112161|app: 0|req: 379/752] 10.222.0.65 () {60 vars in 1355 bytes} [Fri May 20 10:10:28 2022] DELETE /placement/allocations/b1ecb0b2-416d-4414-abdd-d44f577bdf56 => generated 0 bytes in 231 msecs (HTTP/1.1 204) 5 headers in 198 bytes (1 switches on core 0)
May 20 10:10:32.311853 n-d-842478-3 devstack@placement-api.service[112162]: DEBUG placement.requestlog [None req-0f2a5ce0-0552-41a2-9e58-d0d988f19b6c None None] Starting request: 10.222.0.64 "GET /placement/resource_providers/cede9643-a0cd-4233-8ad7-27a9ae2e5241/aggregates" {{(pid=112162) __call__ /opt/stack/placement/placement/requestlog.py:55}}
May 20 10:10:32.333392 n-d-842478-3 devstack@placement-api.service[112162]: INFO placement.requestlog [None req-0f2a5ce0-0552-41a2-9e58-d0d988f19b6c service placement] 10.222.0.64 "GET /placement/resource_providers/cede9643-a0cd-4233-8ad7-27a9ae2e5241/aggregates" status: 404 len: 235 microversion: 1.1
May 20 10:10:32.334299 n-d-842478-3 devstack@placement-api.service[112162]: [pid: 112162|app: 0|req: 374/753] 10.222.0.64 () {58 vars in 1362 bytes} [Fri May 20 10:10:32 2022] GET /placement/resource_providers/cede9643-a0cd-4233-8ad7-27a9ae2e5241/aggregates => generated 235 bytes in 25 msecs (HTTP/1.1 404) 5 headers in 202 bytes (1 switches on core 0)
May 20 10:10:32.415445 n-d-842478-3 devstack@placement-api.service[112161]: DEBUG placement.requestlog [None req-a2d00f7d-f03b-4aae-93de-39877d610611 None None] Starting request: 10.222.0.64 "DELETE /placement/resource_providers/cede9643-a0cd-4233-8ad7-27a9ae2e5241" {{(pid=112161) __call__ /opt/stack/placement/placement/requestlog.py:55}}
May 20 10:10:32.431458 n-d-842478-3 devstack@placement-api.service[112161]: DEBUG placement.wsgi_wrapper [None req-a2d00f7d-f03b-4aae-93de-39877d610611 service placement] Placement API returning an error response: No resource provider with uuid cede9643-a0cd-4233-8ad7-27a9ae2e5241 found for delete {{(pid=112161) call_func /opt/stack/placement/placement/wsgi_wrapper.py:31}}
May 20 10:10:32.432400 n-d-842478-3 devstack@placement-api.service[112161]: INFO placement.requestlog [None req-a2d00f7d-f03b-4aae-93de-39877d610611 service placement] 10.222.0.64 "DELETE /placement/resource_providers/cede9643-a0cd-4233-8ad7-27a9ae2e5241" status: 404 len: 246 microversion: 1.1
May 20 10:10:32.433262 n-d-842478-3 devstack@placement-api.service[112161]: [pid: 112161|app: 0|req: 380/754] 10.222.0.64 () {60 vars in 1351 bytes} [Fri May 20 10:10:32 2022] DELETE /placement/resource_providers/cede9643-a0cd-4233-8ad7-27a9ae2e5241 => generated 246 bytes in 18 msecs (HTTP/1.1 404) 6 headers in 231 bytes (1 switches on core 0)
May 20 10:10:37.295106 n-d-842478-3 devstack@placement-api.service[112162]: DEBUG placement.requestlog [req-d4dfc3ef-89d7-405b-ae64-0b1fdb7026b6 req-bcc8d36d-9ccd-480e-b9ee-d25d47d47f5f None None] Starting request: 10.222.0.64 "GET /placement/allocation_candidates?limit=1000&resources=MEMORY_MB%3A1024%2CVCPU%3A1&root_required=%21COMPUTE_STATUS_DISABLED" {{(pid=112162) __call__ /opt/stack/placement/placement/requestlog.py:55}}
May 20 10:10:37.333786 n-d-842478-3 devstack@placement-api.service[112162]: DEBUG placement.objects.research_context [req-d4dfc3ef-89d7-405b-ae64-0b1fdb7026b6 req-bcc8d36d-9ccd-480e-b9ee-d25d47d47f5f service placement] getting providers with 1024 MEMORY_MB {{(pid=112162) __init__ /opt/stack/placement/placement/objects/research_context.py:136}}
May 20 10:10:37.340471 n-d-842478-3 devstack@placement-api.service[112162]: DEBUG placement.objects.research_context [req-d4dfc3ef-89d7-405b-ae64-0b1fdb7026b6 req-bcc8d36d-9ccd-480e-b9ee-d25d47d47f5f service placement] getting providers with 1 VCPU {{(pid=112162) __init__ /opt/stack/placement/placement/objects/research_context.py:136}}
May 20 10:10:37.347355 n-d-842478-3 devstack@placement-api.service[112162]: DEBUG placement.objects.research_context [req-d4dfc3ef-89d7-405b-ae64-0b1fdb7026b6 req-bcc8d36d-9ccd-480e-b9ee-d25d47d47f5f service placement] found 2 providers with available 1024 MEMORY_MB {{(pid=112162) get_provider_ids_matching /opt/stack/placement/placement/objects/research_context.py:563}}
May 20 10:10:37.347870 n-d-842478-3 devstack@placement-api.service[112162]: DEBUG placement.objects.research_context [req-d4dfc3ef-89d7-405b-ae64-0b1fdb7026b6 req-bcc8d36d-9ccd-480e-b9ee-d25d47d47f5f service placement] found 2 providers with available 1 VCPU {{(pid=112162) get_provider_ids_matching /opt/stack/placement/placement/objects/research_context.py:563}}
May 20 10:10:37.348739 n-d-842478-3 devstack@placement-api.service[112162]: DEBUG placement.objects.research_context [req-d4dfc3ef-89d7-405b-ae64-0b1fdb7026b6 req-bcc8d36d-9ccd-480e-b9ee-d25d47d47f5f service placement] found 2 providers after filtering by previous result {{(pid=112162) get_provider_ids_matching /opt/stack/placement/placement/objects/research_context.py:594}}
May 20 10:10:37.361586 n-d-842478-3 devstack@placement-api.service[112162]: DEBUG placement.objects.allocation_candidate [req-d4dfc3ef-89d7-405b-ae64-0b1fdb7026b6 req-bcc8d36d-9ccd-480e-b9ee-d25d47d47f5f service placement] RequestGroup(use_same_provider=False, resources={MEMORY_MB:1024, VCPU:1}, traits=(), aggregates=[]) (suffix '') returned 2 matches {{(pid=112162) _get_by_requests /opt/stack/placement/placement/objects/allocation_candidate.py:156}}
May 20 10:10:37.362218 n-d-842478-3 devstack@placement-api.service[112162]: DEBUG placement.objects.allocation_candidate [req-d4dfc3ef-89d7-405b-ae64-0b1fdb7026b6 req-bcc8d36d-9ccd-480e-b9ee-d25d47d47f5f service placement] Merging candidates yields 2 allocation requests and 2 provider summaries {{(pid=112162) _merge_candidates /opt/stack/placement/placement/objects/allocation_candidate.py:809}}
May 20 10:10:37.364566 n-d-842478-3 devstack@placement-api.service[112162]: INFO placement.requestlog [req-d4dfc3ef-89d7-405b-ae64-0b1fdb7026b6 req-bcc8d36d-9ccd-480e-b9ee-d25d47d47f5f service placement] 10.222.0.64 "GET /placement/allocation_candidates?limit=1000&resources=MEMORY_MB%3A1024%2CVCPU%3A1&root_required=%21COMPUTE_STATUS_DISABLED" status: 200 len: 1281 microversion: 1.36
May 20 10:10:37.365717 n-d-842478-3 devstack@placement-api.service[112162]: [pid: 112162|app: 0|req: 375/755] 10.222.0.64 () {60 vars in 1478 bytes} [Fri May 20 10:10:37 2022] GET /placement/allocation_candidates?limit=1000&resources=MEMORY_MB%3A1024%2CVCPU%3A1&root_required=%21COMPUTE_STATUS_DISABLED => generated 1281 bytes in 71 msecs (HTTP/1.1 200) 8 headers in 297 bytes (1 switches on core 0)
May 20 10:10:37.491419 n-d-842478-3 devstack@placement-api.service[112161]: DEBUG placement.requestlog [req-d4dfc3ef-89d7-405b-ae64-0b1fdb7026b6 req-3255f334-e324-4223-ae8d-892ce8ad2e23 None None] Starting request: 10.222.0.64 "GET /placement/allocations/e46ef555-e991-41e6-95ce-92ee8971930c" {{(pid=112161) __call__ /opt/stack/placement/placement/requestlog.py:55}}
May 20 10:10:37.507697 n-d-842478-3 devstack@placement-api.service[112161]: INFO placement.requestlog [req-d4dfc3ef-89d7-405b-ae64-0b1fdb7026b6 req-3255f334-e324-4223-ae8d-892ce8ad2e23 service placement] 10.222.0.64 "GET /placement/allocations/e46ef555-e991-41e6-95ce-92ee8971930c" status: 200 len: 19 microversion: 1.28
May 20 10:10:37.514102 n-d-842478-3 devstack@placement-api.service[112161]: [pid: 112161|app: 0|req: 381/756] 10.222.0.64 () {60 vars in 1380 bytes} [Fri May 20 10:10:37 2022] GET /placement/allocations/e46ef555-e991-41e6-95ce-92ee8971930c => generated 19 bytes in 23 msecs (HTTP/1.1 200) 8 headers in 295 bytes (1 switches on core 0)
May 20 10:10:37.517346 n-d-842478-3 devstack@placement-api.service[112162]: DEBUG placement.requestlog [req-d4dfc3ef-89d7-405b-ae64-0b1fdb7026b6 req-eb97b5b2-42ea-4afa-9339-3c0aa00ff317 None None] Starting request: 10.222.0.64 "PUT /placement/allocations/e46ef555-e991-41e6-95ce-92ee8971930c" {{(pid=112162) __call__ /opt/stack/placement/placement/requestlog.py:55}}
May 20 10:10:37.868110 n-d-842478-3 devstack@placement-api.service[112162]: DEBUG placement.handlers.allocation [req-d4dfc3ef-89d7-405b-ae64-0b1fdb7026b6 req-eb97b5b2-42ea-4afa-9339-3c0aa00ff317 service placement] Successfully wrote allocations [, ] {{(pid=112162) _update_consumers_and_create_allocations /opt/stack/placement/placement/handlers/allocation.py:462}}
May 20 10:10:37.954846 n-d-842478-3 devstack@placement-api.service[112162]: INFO placement.requestlog [req-d4dfc3ef-89d7-405b-ae64-0b1fdb7026b6 req-eb97b5b2-42ea-4afa-9339-3c0aa00ff317 service placement] 10.222.0.64 "PUT /placement/allocations/e46ef555-e991-41e6-95ce-92ee8971930c" status: 204 len: 0 microversion: 1.36
May 20 10:10:37.956253 n-d-842478-3 devstack@placement-api.service[112162]: [pid: 112162|app: 0|req: 376/757] 10.222.0.64 () {64 vars in 1433 bytes} [Fri May 20 10:10:37 2022] PUT /placement/allocations/e46ef555-e991-41e6-95ce-92ee8971930c => generated 0 bytes in 439 msecs (HTTP/1.1 204) 5 headers in 199 bytes (1 switches on core 0)
May 20 10:10:39.388641 n-d-842478-3 devstack@placement-api.service[112161]: DEBUG placement.requestlog [req-d4dfc3ef-89d7-405b-ae64-0b1fdb7026b6 req-f0b34317-eab5-44be-9b87-5f0653cb06b0 None None] Starting request: 10.222.0.65 "GET /placement/allocations/e46ef555-e991-41e6-95ce-92ee8971930c" {{(pid=112161) __call__ /opt/stack/placement/placement/requestlog.py:55}}
May 20 10:10:39.421138 n-d-842478-3 devstack@placement-api.service[112162]: DEBUG placement.requestlog [req-0d3150d0-542d-4aab-88e7-42913671f124 req-3d1f9f22-ab6e-4fe5-b1ca-b79c5a615c50 None None] Starting request: 10.222.0.64 "GET /placement/allocation_candidates?limit=1000&resources=MEMORY_MB%3A1024%2CVCPU%3A1&root_required=%21COMPUTE_STATUS_DISABLED" {{(pid=112162) __call__ /opt/stack/placement/placement/requestlog.py:55}}
May 20 10:10:39.435527 n-d-842478-3 devstack@placement-api.service[112161]: INFO placement.requestlog [req-d4dfc3ef-89d7-405b-ae64-0b1fdb7026b6 req-f0b34317-eab5-44be-9b87-5f0653cb06b0 service placement] 10.222.0.65 "GET /placement/allocations/e46ef555-e991-41e6-95ce-92ee8971930c" status: 200 len: 245 microversion: 1.28
May 20 10:10:39.435910 n-d-842478-3 devstack@placement-api.service[112161]: [pid: 112161|app: 0|req: 382/758] 10.222.0.65 () {60 vars in 1377 bytes} [Fri May 20 10:10:39 2022] GET /placement/allocations/e46ef555-e991-41e6-95ce-92ee8971930c => generated 245 bytes in 48 msecs (HTTP/1.1 200) 8 headers in 296 bytes (1 switches on core 0)
May 20 10:10:39.458186 n-d-842478-3 devstack@placement-api.service[112162]: DEBUG placement.objects.research_context [req-0d3150d0-542d-4aab-88e7-42913671f124 req-3d1f9f22-ab6e-4fe5-b1ca-b79c5a615c50 service placement] getting providers with 1024 MEMORY_MB {{(pid=112162) __init__ /opt/stack/placement/placement/objects/research_context.py:136}}
May 20 10:10:39.472174 n-d-842478-3 devstack@placement-api.service[112162]: DEBUG placement.objects.research_context [req-0d3150d0-542d-4aab-88e7-42913671f124 req-3d1f9f22-ab6e-4fe5-b1ca-b79c5a615c50 service placement] getting providers with 1 VCPU {{(pid=112162) __init__ /opt/stack/placement/placement/objects/research_context.py:136}}
May 20 10:10:39.490876 n-d-842478-3 devstack@placement-api.service[112162]: DEBUG placement.objects.research_context [req-0d3150d0-542d-4aab-88e7-42913671f124 req-3d1f9f22-ab6e-4fe5-b1ca-b79c5a615c50 service placement] found 2 providers with available 1024 MEMORY_MB {{(pid=112162) get_provider_ids_matching /opt/stack/placement/placement/objects/research_context.py:563}}
May 20 10:10:39.491291 n-d-842478-3 devstack@placement-api.service[112162]: DEBUG placement.objects.research_context [req-0d3150d0-542d-4aab-88e7-42913671f124 req-3d1f9f22-ab6e-4fe5-b1ca-b79c5a615c50 service placement] found 2 providers with available 1 VCPU {{(pid=112162) get_provider_ids_matching /opt/stack/placement/placement/objects/research_context.py:563}}
May 20 10:10:39.491668 n-d-842478-3 devstack@placement-api.service[112162]: DEBUG placement.objects.research_context [req-0d3150d0-542d-4aab-88e7-42913671f124 req-3d1f9f22-ab6e-4fe5-b1ca-b79c5a615c50 service placement] found 2 providers after filtering by previous result {{(pid=112162) get_provider_ids_matching /opt/stack/placement/placement/objects/research_context.py:594}}
May 20 10:10:39.503208 n-d-842478-3 devstack@placement-api.service[112162]: DEBUG placement.objects.allocation_candidate [req-0d3150d0-542d-4aab-88e7-42913671f124 req-3d1f9f22-ab6e-4fe5-b1ca-b79c5a615c50 service placement] RequestGroup(use_same_provider=False, resources={MEMORY_MB:1024, VCPU:1}, traits=(), aggregates=[]) (suffix '') returned 2 matches {{(pid=112162) _get_by_requests /opt/stack/placement/placement/objects/allocation_candidate.py:156}}
May 20 10:10:39.503711 n-d-842478-3 devstack@placement-api.service[112162]: DEBUG placement.objects.allocation_candidate [req-0d3150d0-542d-4aab-88e7-42913671f124 req-3d1f9f22-ab6e-4fe5-b1ca-b79c5a615c50 service placement] Merging candidates yields 2 allocation requests and 2 provider summaries {{(pid=112162) _merge_candidates /opt/stack/placement/placement/objects/allocation_candidate.py:809}}
May 20 10:10:39.505624 n-d-842478-3 devstack@placement-api.service[112162]: INFO placement.requestlog [req-0d3150d0-542d-4aab-88e7-42913671f124 req-3d1f9f22-ab6e-4fe5-b1ca-b79c5a615c50 service placement] 10.222.0.64 "GET /placement/allocation_candidates?limit=1000&resources=MEMORY_MB%3A1024%2CVCPU%3A1&root_required=%21COMPUTE_STATUS_DISABLED" status: 200 len: 1281 microversion: 1.36
May 20 10:10:39.506599 n-d-842478-3 devstack@placement-api.service[112162]: [pid: 112162|app: 0|req: 377/759] 10.222.0.64 () {60 vars in 1478 bytes} [Fri May 20 10:10:39 2022] GET /placement/allocation_candidates?limit=1000&resources=MEMORY_MB%3A1024%2CVCPU%3A1&root_required=%21COMPUTE_STATUS_DISABLED => generated 1281 bytes in 88 msecs (HTTP/1.1 200) 8 headers in 297 bytes (2 switches on core 0)
May 20 10:10:39.588074 n-d-842478-3 devstack@placement-api.service[112161]: DEBUG placement.requestlog [req-0d3150d0-542d-4aab-88e7-42913671f124 req-35d0a721-f7d2-4a48-b16e-75aee830d647 None None] Starting request: 10.222.0.64 "GET /placement/allocations/59f023d3-8e98-45b1-b4fd-0daa0f620f9f" {{(pid=112161) __call__ /opt/stack/placement/placement/requestlog.py:55}}
May 20 10:10:39.602971 n-d-842478-3 devstack@placement-api.service[112161]: INFO placement.requestlog [req-0d3150d0-542d-4aab-88e7-42913671f124 req-35d0a721-f7d2-4a48-b16e-75aee830d647 service placement] 10.222.0.64 "GET /placement/allocations/59f023d3-8e98-45b1-b4fd-0daa0f620f9f" status: 200 len: 19 microversion: 1.28
May 20 10:10:39.603591 n-d-842478-3 devstack@placement-api.service[112161]: [pid: 112161|app: 0|req: 383/760] 10.222.0.64 () {60 vars in 1380 bytes} [Fri May 20 10:10:39 2022] GET /placement/allocations/59f023d3-8e98-45b1-b4fd-0daa0f620f9f => generated 19 bytes in 17 msecs (HTTP/1.1 200) 8 headers in 295 bytes (1 switches on core 0)
May 20 10:10:39.613112 n-d-842478-3 devstack@placement-api.service[112162]: DEBUG placement.requestlog [req-0d3150d0-542d-4aab-88e7-42913671f124 req-53e5f2df-9cfb-472c-a258-d435dfd4a5c3 None None] Starting request: 10.222.0.64 "PUT /placement/allocations/59f023d3-8e98-45b1-b4fd-0daa0f620f9f" {{(pid=112162) __call__ /opt/stack/placement/placement/requestlog.py:55}}
May 20 10:10:39.622115 n-d-842478-3 devstack@placement-api.service[112162]: DEBUG dbcounter [-] [112162] Writing DB stats placement:SELECT=79,placement:INSERT=11,placement:DELETE=6,placement:UPDATE=4 {{(pid=112162) stat_writer /usr/local/lib/python3.8/dist-packages/dbcounter.py:114}}
May 20 10:10:39.932521 n-d-842478-3 devstack@placement-api.service[112162]: DEBUG placement.handlers.allocation [req-0d3150d0-542d-4aab-88e7-42913671f124 req-53e5f2df-9cfb-472c-a258-d435dfd4a5c3 service placement] Successfully wrote allocations [, ] {{(pid=112162) _update_consumers_and_create_allocations /opt/stack/placement/placement/handlers/allocation.py:462}}
May 20 10:10:40.021017 n-d-842478-3 devstack@placement-api.service[112162]: INFO placement.requestlog [req-0d3150d0-542d-4aab-88e7-42913671f124 req-53e5f2df-9cfb-472c-a258-d435dfd4a5c3 service placement] 10.222.0.64 "PUT /placement/allocations/59f023d3-8e98-45b1-b4fd-0daa0f620f9f" status: 204 len: 0 microversion: 1.36
May 20 10:10:40.022521 n-d-842478-3 devstack@placement-api.service[112162]: [pid: 112162|app: 0|req: 378/761] 10.222.0.64 () {64 vars in 1433 bytes} [Fri May 20 10:10:39 2022] PUT /placement/allocations/59f023d3-8e98-45b1-b4fd-0daa0f620f9f => generated 0 bytes in 409 msecs (HTTP/1.1 204) 5 headers in 199 bytes (1 switches on core 0)
May 20 10:10:40.454881 n-d-842478-3 devstack@placement-api.service[112161]: DEBUG placement.requestlog [req-feee7660-673a-4aa0-86af-3112b04c6670 req-8b651f87-6857-461a-9251-da9c00e0cc2d None None] Starting request: 10.222.0.64 "GET /placement/allocation_candidates?limit=1000&resources=DISK_GB%3A1%2CMEMORY_MB%3A1024%2CVCPU%3A1&root_required=%21COMPUTE_STATUS_DISABLED" {{(pid=112161) __call__ /opt/stack/placement/placement/requestlog.py:55}}
May 20 10:10:40.527253 n-d-842478-3 devstack@placement-api.service[112161]: DEBUG placement.objects.research_context [req-feee7660-673a-4aa0-86af-3112b04c6670 req-8b651f87-6857-461a-9251-da9c00e0cc2d service placement] getting providers with 1 DISK_GB {{(pid=112161) __init__ /opt/stack/placement/placement/objects/research_context.py:136}}
May 20 10:10:40.534464 n-d-842478-3 devstack@placement-api.service[112161]: DEBUG placement.objects.research_context [req-feee7660-673a-4aa0-86af-3112b04c6670 req-8b651f87-6857-461a-9251-da9c00e0cc2d service placement] getting providers with 1024 MEMORY_MB {{(pid=112161) __init__ /opt/stack/placement/placement/objects/research_context.py:136}}
May 20 10:10:40.543619 n-d-842478-3 devstack@placement-api.service[112161]: DEBUG placement.objects.research_context [req-feee7660-673a-4aa0-86af-3112b04c6670 req-8b651f87-6857-461a-9251-da9c00e0cc2d service placement] getting providers with 1 VCPU {{(pid=112161) __init__ /opt/stack/placement/placement/objects/research_context.py:136}}
May 20 10:10:40.552458 n-d-842478-3 devstack@placement-api.service[112161]: DEBUG placement.objects.research_context [req-feee7660-673a-4aa0-86af-3112b04c6670 req-8b651f87-6857-461a-9251-da9c00e0cc2d service placement] found 2 providers with available 1 DISK_GB {{(pid=112161) get_provider_ids_matching /opt/stack/placement/placement/objects/research_context.py:563}}
May 20 10:10:40.553205 n-d-842478-3 devstack@placement-api.service[112161]: DEBUG placement.objects.research_context [req-feee7660-673a-4aa0-86af-3112b04c6670 req-8b651f87-6857-461a-9251-da9c00e0cc2d service placement] found 2 providers with available 1024 MEMORY_MB {{(pid=112161) get_provider_ids_matching /opt/stack/placement/placement/objects/research_context.py:563}}
May 20 10:10:40.553764 n-d-842478-3 devstack@placement-api.service[112161]: DEBUG placement.objects.research_context [req-feee7660-673a-4aa0-86af-3112b04c6670 req-8b651f87-6857-461a-9251-da9c00e0cc2d service placement] found 2 providers after filtering by previous result {{(pid=112161) get_provider_ids_matching /opt/stack/placement/placement/objects/research_context.py:594}}
May 20 10:10:40.555435 n-d-842478-3 devstack@placement-api.service[112161]: DEBUG placement.objects.research_context [req-feee7660-673a-4aa0-86af-3112b04c6670 req-8b651f87-6857-461a-9251-da9c00e0cc2d service placement] found 2 providers with available 1 VCPU {{(pid=112161) get_provider_ids_matching /opt/stack/placement/placement/objects/research_context.py:563}}
May 20 10:10:40.556002 n-d-842478-3 devstack@placement-api.service[112161]: DEBUG placement.objects.research_context [req-feee7660-673a-4aa0-86af-3112b04c6670 req-8b651f87-6857-461a-9251-da9c00e0cc2d service placement] found 2 providers after filtering by previous result {{(pid=112161) get_provider_ids_matching /opt/stack/placement/placement/objects/research_context.py:594}}
May 20 10:10:40.592602 n-d-842478-3 devstack@placement-api.service[112161]: DEBUG placement.objects.allocation_candidate [req-feee7660-673a-4aa0-86af-3112b04c6670 req-8b651f87-6857-461a-9251-da9c00e0cc2d service placement] RequestGroup(use_same_provider=False, resources={DISK_GB:1, MEMORY_MB:1024, VCPU:1}, traits=(), aggregates=[]) (suffix '') returned 2 matches {{(pid=112161) _get_by_requests /opt/stack/placement/placement/objects/allocation_candidate.py:156}}
May 20 10:10:40.593610 n-d-842478-3 devstack@placement-api.service[112161]: DEBUG placement.objects.allocation_candidate [req-feee7660-673a-4aa0-86af-3112b04c6670 req-8b651f87-6857-461a-9251-da9c00e0cc2d service placement] Merging candidates yields 2 allocation requests and 2 provider summaries {{(pid=112161) _merge_candidates /opt/stack/placement/placement/objects/allocation_candidate.py:809}}
May 20 10:10:40.595600 n-d-842478-3 devstack@placement-api.service[112161]: INFO placement.requestlog [req-feee7660-673a-4aa0-86af-3112b04c6670 req-8b651f87-6857-461a-9251-da9c00e0cc2d service placement] 10.222.0.64 "GET /placement/allocation_candidates?limit=1000&resources=DISK_GB%3A1%2CMEMORY_MB%3A1024%2CVCPU%3A1&root_required=%21COMPUTE_STATUS_DISABLED" status: 200 len: 1309 microversion: 1.36
