May 20 09:44:37.950015 n-d-842478-3 devstack@n-api.service[110930]: DEBUG oslo_concurrency.lockutils [None req-5a1aed32-79f3-4a4a-8cd6-c274529c66e6 None None] Lock "19e65790-dc26-42bb-b45f-87e331a6c214" acquired by "nova.context.set_target_cell..get_or_set_cached_cell_and_set_connections" :: waited 0.000s {{(pid=110930) inner /usr/local/lib/python3.8/dist-packages/oslo_concurrency/lockutils.py:386}}
May 20 09:44:37.950141 n-d-842478-3 devstack@n-api.service[110929]: DEBUG oslo_concurrency.lockutils [None req-8cd7b41e-b1cd-49c9-9b68-ceb8f29327c1 None None] Lock "19e65790-dc26-42bb-b45f-87e331a6c214" "released" by "nova.context.set_target_cell..get_or_set_cached_cell_and_set_connections" :: held 0.002s {{(pid=110929) inner /usr/local/lib/python3.8/dist-packages/oslo_concurrency/lockutils.py:400}}
May 20 09:44:37.951993 n-d-842478-3 devstack@n-api.service[110930]: DEBUG oslo_concurrency.lockutils [None req-5a1aed32-79f3-4a4a-8cd6-c274529c66e6 None None] Lock "19e65790-dc26-42bb-b45f-87e331a6c214" "released" by "nova.context.set_target_cell..get_or_set_cached_cell_and_set_connections" :: held 0.002s {{(pid=110930) inner /usr/local/lib/python3.8/dist-packages/oslo_concurrency/lockutils.py:400}}
May 20 09:44:37.952203 n-d-842478-3 devstack@n-api.service[110929]: INFO dbcounter [None req-8cd7b41e-b1cd-49c9-9b68-ceb8f29327c1 None None] Registered counter for database nova_cell0
May 20 09:44:37.953985 n-d-842478-3 devstack@n-api.service[110930]: INFO dbcounter [None req-5a1aed32-79f3-4a4a-8cd6-c274529c66e6 None None] Registered counter for database nova_cell0
May 20 09:44:37.956393 n-d-842478-3 devstack@n-api.service[110929]: INFO dbcounter [None req-8cd7b41e-b1cd-49c9-9b68-ceb8f29327c1 None None] Registered counter for database nova_cell1
May 20 09:44:37.957930 n-d-842478-3 devstack@n-api.service[110930]: INFO dbcounter [None req-5a1aed32-79f3-4a4a-8cd6-c274529c66e6 None None] Registered counter for database nova_cell1
May 20 09:44:37.964532 n-d-842478-3 devstack@n-api.service[110929]: DEBUG oslo_db.sqlalchemy.engines [None req-8cd7b41e-b1cd-49c9-9b68-ceb8f29327c1 None None] MySQL server mode set to STRICT_TRANS_TABLES,STRICT_ALL_TABLES,NO_ZERO_IN_DATE,NO_ZERO_DATE,ERROR_FOR_DIVISION_BY_ZERO,TRADITIONAL,NO_ENGINE_SUBSTITUTION {{(pid=110929) _check_effective_sql_mode /usr/local/lib/python3.8/dist-packages/oslo_db/sqlalchemy/engines.py:314}}
May 20 09:44:37.966290 n-d-842478-3 devstack@n-api.service[110929]: DEBUG oslo_db.sqlalchemy.engines [None req-8cd7b41e-b1cd-49c9-9b68-ceb8f29327c1 None None] MySQL server mode set to STRICT_TRANS_TABLES,STRICT_ALL_TABLES,NO_ZERO_IN_DATE,NO_ZERO_DATE,ERROR_FOR_DIVISION_BY_ZERO,TRADITIONAL,NO_ENGINE_SUBSTITUTION {{(pid=110929) _check_effective_sql_mode /usr/local/lib/python3.8/dist-packages/oslo_db/sqlalchemy/engines.py:314}}
May 20 09:44:37.968849 n-d-842478-3 devstack@n-api.service[110930]: DEBUG oslo_db.sqlalchemy.engines [None req-5a1aed32-79f3-4a4a-8cd6-c274529c66e6 None None] MySQL server mode set to STRICT_TRANS_TABLES,STRICT_ALL_TABLES,NO_ZERO_IN_DATE,NO_ZERO_DATE,ERROR_FOR_DIVISION_BY_ZERO,TRADITIONAL,NO_ENGINE_SUBSTITUTION {{(pid=110930) _check_effective_sql_mode /usr/local/lib/python3.8/dist-packages/oslo_db/sqlalchemy/engines.py:314}}
May 20 09:44:37.969925 n-d-842478-3 devstack@n-api.service[110929]: DEBUG dbcounter [-] [110929] Writer thread running {{(pid=110929) stat_writer /usr/local/lib/python3.8/dist-packages/dbcounter.py:99}}
May 20 09:44:37.970696 n-d-842478-3 devstack@n-api.service[110930]: DEBUG oslo_db.sqlalchemy.engines [None req-5a1aed32-79f3-4a4a-8cd6-c274529c66e6 None None] MySQL server mode set to STRICT_TRANS_TABLES,STRICT_ALL_TABLES,NO_ZERO_IN_DATE,NO_ZERO_DATE,ERROR_FOR_DIVISION_BY_ZERO,TRADITIONAL,NO_ENGINE_SUBSTITUTION {{(pid=110930) _check_effective_sql_mode /usr/local/lib/python3.8/dist-packages/oslo_db/sqlalchemy/engines.py:314}}
May 20 09:44:37.977719 n-d-842478-3 devstack@n-api.service[110930]: DEBUG dbcounter [-] [110930] Writer thread running {{(pid=110930) stat_writer /usr/local/lib/python3.8/dist-packages/dbcounter.py:99}}
May 20 09:44:37.979790 n-d-842478-3 devstack@n-api.service[110930]: DEBUG dbcounter [-] [110930] Writer thread running {{(pid=110930) stat_writer /usr/local/lib/python3.8/dist-packages/dbcounter.py:99}}
May 20 09:44:38.109387 n-d-842478-3 devstack@n-api.service[110929]: DEBUG dbcounter [-] [110929] Writer thread running {{(pid=110929) stat_writer /usr/local/lib/python3.8/dist-packages/dbcounter.py:99}}
May 20 09:44:38.118426 n-d-842478-3 devstack@n-api.service[110929]: INFO dbcounter [None req-8cd7b41e-b1cd-49c9-9b68-ceb8f29327c1 None None] Registered counter for database nova_cell0
May 20 09:44:38.125388 n-d-842478-3 devstack@n-api.service[110930]: INFO dbcounter [None req-5a1aed32-79f3-4a4a-8cd6-c274529c66e6 None None] Registered counter for database nova_cell0
May 20 09:44:38.126961 n-d-842478-3 devstack@n-api.service[110929]: DEBUG oslo_db.sqlalchemy.engines [None req-8cd7b41e-b1cd-49c9-9b68-ceb8f29327c1 None None] MySQL server mode set to STRICT_TRANS_TABLES,STRICT_ALL_TABLES,NO_ZERO_IN_DATE,NO_ZERO_DATE,ERROR_FOR_DIVISION_BY_ZERO,TRADITIONAL,NO_ENGINE_SUBSTITUTION {{(pid=110929) _check_effective_sql_mode /usr/local/lib/python3.8/dist-packages/oslo_db/sqlalchemy/engines.py:314}}
May 20 09:44:38.131277 n-d-842478-3 devstack@n-api.service[110929]: DEBUG dbcounter [-] [110929] Writer thread running {{(pid=110929) stat_writer /usr/local/lib/python3.8/dist-packages/dbcounter.py:99}}
May 20 09:44:38.135113 n-d-842478-3 devstack@n-api.service[110930]: DEBUG oslo_db.sqlalchemy.engines [None req-5a1aed32-79f3-4a4a-8cd6-c274529c66e6 None None] MySQL server mode set to STRICT_TRANS_TABLES,STRICT_ALL_TABLES,NO_ZERO_IN_DATE,NO_ZERO_DATE,ERROR_FOR_DIVISION_BY_ZERO,TRADITIONAL,NO_ENGINE_SUBSTITUTION {{(pid=110930) _check_effective_sql_mode /usr/local/lib/python3.8/dist-packages/oslo_db/sqlalchemy/engines.py:314}}
May 20 09:44:38.139455 n-d-842478-3 devstack@n-api.service[110930]: DEBUG dbcounter [-] [110930] Writer thread running {{(pid=110930) stat_writer /usr/local/lib/python3.8/dist-packages/dbcounter.py:99}}
May 20 09:44:38.578876 n-d-842478-3 devstack@n-api.service[110929]: WARNING keystonemiddleware.auth_token [None req-8cd7b41e-b1cd-49c9-9b68-ceb8f29327c1 None None] AuthToken middleware is set with keystone_authtoken.service_token_roles_required set to False. This is backwards compatible but deprecated behaviour. Please set this to True.
May 20 09:44:38.586371 n-d-842478-3 devstack@n-api.service[110929]: WARNING keystonemiddleware.auth_token [None req-8cd7b41e-b1cd-49c9-9b68-ceb8f29327c1 None None] Configuring www_authenticate_uri to point to the public identity endpoint is required; clients may not be able to authenticate against an admin endpoint
May 20 09:44:38.715441 n-d-842478-3 devstack@n-api.service[110930]: WARNING keystonemiddleware.auth_token [None req-5a1aed32-79f3-4a4a-8cd6-c274529c66e6 None None] AuthToken middleware is set with keystone_authtoken.service_token_roles_required set to False. This is backwards compatible but deprecated behaviour. Please set this to True.
May 20 09:44:38.722951 n-d-842478-3 devstack@n-api.service[110930]: WARNING keystonemiddleware.auth_token [None req-5a1aed32-79f3-4a4a-8cd6-c274529c66e6 None None] Configuring www_authenticate_uri to point to the public identity endpoint is required; clients may not be able to authenticate against an admin endpoint
May 20 09:44:38.929244 n-d-842478-3 devstack@n-api.service[110929]: WARNING keystonemiddleware.auth_token [None req-8cd7b41e-b1cd-49c9-9b68-ceb8f29327c1 None None] AuthToken middleware is set with keystone_authtoken.service_token_roles_required set to False. This is backwards compatible but deprecated behaviour. Please set this to True.
May 20 09:44:38.935490 n-d-842478-3 devstack@n-api.service[110929]: WARNING keystonemiddleware.auth_token [None req-8cd7b41e-b1cd-49c9-9b68-ceb8f29327c1 None None] Configuring www_authenticate_uri to point to the public identity endpoint is required; clients may not be able to authenticate against an admin endpoint
May 20 09:44:38.940829 n-d-842478-3 devstack@n-api.service[110929]: WSGI app 0 (mountpoint='') ready in 5 seconds on interpreter 0x55d9d61c29c0 pid: 110929 (default app)
May 20 09:44:38.942898 n-d-842478-3 devstack@n-api.service[110929]: DEBUG nova.api.openstack.wsgi [None req-8cd7b41e-b1cd-49c9-9b68-ceb8f29327c1 None None] Calling method '>' {{(pid=110929) _process_stack /opt/stack/nova/nova/api/openstack/wsgi.py:513}}
May 20 09:44:38.944076 n-d-842478-3 devstack@n-api.service[110929]: INFO nova.api.openstack.requestlog [None req-8cd7b41e-b1cd-49c9-9b68-ceb8f29327c1 None None] 10.222.0.64 "GET /compute/v2.1/" status: 200 len: 388 microversion: 2.1 time: 0.001751
May 20 09:44:38.944505 n-d-842478-3 devstack@n-api.service[110929]: [pid: 110929|app: 0|req: 1/1] 10.222.0.64 () {50 vars in 788 bytes} [Fri May 20 09:44:38 2022] GET /compute/v2.1/ => generated 388 bytes in 3 msecs (HTTP/1.1 200) 9 headers in 357 bytes (1 switches on core 0)
May 20 09:44:39.063125 n-d-842478-3 devstack@n-api.service[110930]: WARNING keystonemiddleware.auth_token [None req-5a1aed32-79f3-4a4a-8cd6-c274529c66e6 None None] AuthToken middleware is set with keystone_authtoken.service_token_roles_required set to False. This is backwards compatible but deprecated behaviour. Please set this to True.
May 20 09:44:39.069174 n-d-842478-3 devstack@n-api.service[110930]: WARNING keystonemiddleware.auth_token [None req-5a1aed32-79f3-4a4a-8cd6-c274529c66e6 None None] Configuring www_authenticate_uri to point to the public identity endpoint is required; clients may not be able to authenticate against an admin endpoint
May 20 09:44:39.074547 n-d-842478-3 devstack@n-api.service[110930]: WSGI app 0 (mountpoint='') ready in 6 seconds on interpreter 0x55d9d61c29c0 pid: 110930 (default app)
May 20 09:46:00.018149 n-d-842478-3 devstack@n-api.service[110929]: DEBUG nova.api.openstack.wsgi [None req-8cd7b41e-b1cd-49c9-9b68-ceb8f29327c1 None None] Calling method '>' {{(pid=110929) _process_stack /opt/stack/nova/nova/api/openstack/wsgi.py:513}}
May 20 09:46:00.019176 n-d-842478-3 devstack@n-api.service[110929]: INFO nova.api.openstack.requestlog [None req-8cd7b41e-b1cd-49c9-9b68-ceb8f29327c1 None None] 10.222.0.64 "GET /compute/v2.1" status: 200 len: 388 microversion: 2.1 time: 0.001466
May 20 09:46:00.019701 n-d-842478-3 devstack@n-api.service[110929]: [pid: 110929|app: 0|req: 2/2] 10.222.0.64 () {54 vars in 930 bytes} [Fri May 20 09:46:00 2022] GET /compute/v2.1 => generated 388 bytes in 2 msecs (HTTP/1.1 200) 9 headers in 357 bytes (1 switches on core 0)
May 20 09:46:00.032422 n-d-842478-3 devstack@n-api.service[110930]: DEBUG dbcounter [-] [110930] Writing DB stats nova_api:SELECT=3 {{(pid=110930) stat_writer /usr/local/lib/python3.8/dist-packages/dbcounter.py:114}}
May 20 09:46:00.038635 n-d-842478-3 devstack@n-api.service[110930]: DEBUG dbcounter [-] [110930] Writing DB stats nova_cell1:SELECT=3 {{(pid=110930) stat_writer /usr/local/lib/python3.8/dist-packages/dbcounter.py:114}}
May 20 09:46:00.038635 n-d-842478-3 devstack@n-api.service[110930]: DEBUG dbcounter [-] [110930] Writing DB stats nova_cell0:SELECT=3 {{(pid=110930) stat_writer /usr/local/lib/python3.8/dist-packages/dbcounter.py:114}}
May 20 09:46:00.038635 n-d-842478-3 devstack@n-api.service[110930]: DEBUG dbcounter [-] [110930] Writing DB stats nova_cell0:SELECT=6,nova_cell0:INSERT=1 {{(pid=110930) stat_writer /usr/local/lib/python3.8/dist-packages/dbcounter.py:114}}
May 20 09:46:00.472140 n-d-842478-3 devstack@n-api.service[110930]: DEBUG nova.api.openstack.wsgi [None req-8c29cd3d-147d-4452-b1a1-84ce3a54ccff admin admin] Calling method '>' {{(pid=110930) _process_stack /opt/stack/nova/nova/api/openstack/wsgi.py:513}}
May 20 09:46:00.502534 n-d-842478-3 devstack@n-api.service[110930]: INFO nova.api.openstack.requestlog [None req-8c29cd3d-147d-4452-b1a1-84ce3a54ccff admin admin] 10.222.0.64 "GET /compute/v2.1/flavors/detail?is_public=True" status: 200 len: 15 microversion: 2.61 time: 0.475664
May 20 09:46:00.511505 n-d-842478-3 devstack@n-api.service[110930]: [pid: 110930|app: 0|req: 1/3] 10.222.0.64 () {60 vars in 1291 bytes} [Fri May 20 09:46:00 2022] GET /compute/v2.1/flavors/detail?is_public=True => generated 15 bytes in 478 msecs (HTTP/1.1 200) 9 headers in 358 bytes (1 switches on core 0)
May 20 09:46:02.789786 n-d-842478-3 devstack@n-api.service[110929]: DEBUG nova.api.openstack.wsgi [None req-8cd7b41e-b1cd-49c9-9b68-ceb8f29327c1 None None] Calling method '>' {{(pid=110929) _process_stack /opt/stack/nova/nova/api/openstack/wsgi.py:513}}
May 20 09:46:02.790737 n-d-842478-3 devstack@n-api.service[110929]: INFO nova.api.openstack.requestlog [None req-8cd7b41e-b1cd-49c9-9b68-ceb8f29327c1 None None] 10.222.0.64 "GET /compute/v2.1" status: 200 len: 388 microversion: 2.1 time: 0.001410
May 20 09:46:02.791391 n-d-842478-3 devstack@n-api.service[110929]: [pid: 110929|app: 0|req: 3/4] 10.222.0.64 () {54 vars in 930 bytes} [Fri May 20 09:46:02 2022] GET /compute/v2.1 => generated 388 bytes in 3 msecs (HTTP/1.1 200) 9 headers in 357 bytes (1 switches on core 0)
May 20 09:46:02.859678 n-d-842478-3 devstack@n-api.service[110930]: DEBUG nova.api.openstack.wsgi [None req-4a16843c-446b-4a14-add5-305fa6e5f932 admin admin] Action: 'create', calling method: >, body: {"flavor": {"id": "c1", "disk": 1, "os-flavor-access:is_public": true, "rxtx_factor": 1.0, "OS-FLV-EXT-DATA:ephemeral": 0, "name": "cirros256", "vcpus": 1, "swap": 0, "ram": 256}} {{(pid=110930) _process_stack /opt/stack/nova/nova/api/openstack/wsgi.py:511}}
May 20 09:46:02.878587 n-d-842478-3 devstack@n-api.service[110930]: /usr/local/lib/python3.8/dist-packages/oslo_policy/policy.py:1129: UserWarning: Policy "os_compute_api:os-flavor-manage:create": "rule:context_is_admin" failed scope check. The token used to make the request was project scoped but the policy requires ['system'] scope. This behavior may change in the future where using the intended scope is required
May 20 09:46:02.878587 n-d-842478-3 devstack@n-api.service[110930]: warnings.warn(msg)
May 20 09:46:02.965728 n-d-842478-3 devstack@n-api.service[110930]: INFO nova.api.openstack.requestlog [None req-4a16843c-446b-4a14-add5-305fa6e5f932 admin admin] 10.222.0.64 "POST /compute/v2.1/flavors" status: 200 len: 407 microversion: 2.61 time: 0.168573
May 20 09:46:02.970612 n-d-842478-3 devstack@n-api.service[110930]: [pid: 110930|app: 0|req: 2/5] 10.222.0.64 () {64 vars in 1282 bytes} [Fri May 20 09:46:02 2022] POST /compute/v2.1/flavors => generated 407 bytes in 170 msecs (HTTP/1.1 200) 9 headers in 359 bytes (1 switches on core 0)
May 20 09:46:03.193358 n-d-842478-3 devstack@n-api.service[110929]: DEBUG nova.api.openstack.wsgi [None req-fee7ad34-6492-4256-afdd-4d78414b90ef admin admin] Action: 'create', calling method: >, body: {"extra_specs": {"hw_rng:allowed": "True"}} {{(pid=110929) _process_stack /opt/stack/nova/nova/api/openstack/wsgi.py:511}}
May 20 09:46:03.195902 n-d-842478-3 devstack@n-api.service[110929]: /usr/local/lib/python3.8/dist-packages/oslo_policy/policy.py:1129: UserWarning: Policy "os_compute_api:os-flavor-extra-specs:create": "rule:context_is_admin" failed scope check. The token used to make the request was project scoped but the policy requires ['system'] scope. This behavior may change in the future where using the intended scope is required
May 20 09:46:03.195902 n-d-842478-3 devstack@n-api.service[110929]: warnings.warn(msg)
May 20 09:46:03.198674 n-d-842478-3 devstack@n-api.service[110929]: DEBUG dbcounter [-] [110929] Writing DB stats nova_api:SELECT=3 {{(pid=110929) stat_writer /usr/local/lib/python3.8/dist-packages/dbcounter.py:114}}
May 20 09:46:03.199604 n-d-842478-3 devstack@n-api.service[110929]: DEBUG dbcounter [-] [110929] Writing DB stats nova_cell0:SELECT=3 {{(pid=110929) stat_writer /usr/local/lib/python3.8/dist-packages/dbcounter.py:114}}
May 20 09:46:03.200412 n-d-842478-3 devstack@n-api.service[110929]: DEBUG dbcounter [-] [110929] Writing DB stats nova_cell1:SELECT=3 {{(pid=110929) stat_writer /usr/local/lib/python3.8/dist-packages/dbcounter.py:114}}
May 20 09:46:03.201098 n-d-842478-3 devstack@n-api.service[110929]: DEBUG dbcounter [-] [110929] Writing DB stats nova_cell0:SELECT=6,nova_cell0:INSERT=1 {{(pid=110929) stat_writer /usr/local/lib/python3.8/dist-packages/dbcounter.py:114}}
May 20 09:46:03.323119 n-d-842478-3 devstack@n-api.service[110929]: INFO nova.api.openstack.requestlog [None req-fee7ad34-6492-4256-afdd-4d78414b90ef admin admin] 10.222.0.64 "POST /compute/v2.1/flavors/c1/os-extra_specs" status: 200 len: 43 microversion: 2.61 time: 0.347508
May 20 09:46:03.323879 n-d-842478-3 devstack@n-api.service[110929]: [pid: 110929|app: 0|req: 4/6] 10.222.0.64 () {64 vars in 1335 bytes} [Fri May 20 09:46:02 2022] POST /compute/v2.1/flavors/c1/os-extra_specs => generated 43 bytes in 349 msecs (HTTP/1.1 200) 9 headers in 358 bytes (1 switches on core 0)
May 20 09:46:05.629048 n-d-842478-3 devstack@n-api.service[110930]: DEBUG nova.api.openstack.wsgi [None req-4a16843c-446b-4a14-add5-305fa6e5f932 admin admin] Calling method '>' {{(pid=110930) _process_stack /opt/stack/nova/nova/api/openstack/wsgi.py:513}}
May 20 09:46:05.630008 n-d-842478-3 devstack@n-api.service[110930]: INFO nova.api.openstack.requestlog [None req-4a16843c-446b-4a14-add5-305fa6e5f932 admin admin] 10.222.0.64 "GET /compute/v2.1" status: 200 len: 388 microversion: 2.1 time: 0.001487
May 20 09:46:05.630789 n-d-842478-3 devstack@n-api.service[110930]: [pid: 110930|app: 0|req: 3/7] 10.222.0.64 () {54 vars in 930 bytes} [Fri May 20 09:46:05 2022] GET /compute/v2.1 => generated 388 bytes in 3 msecs (HTTP/1.1 200) 9 headers in 357 bytes (1 switches on core 0)
May 20 09:46:05.746213 n-d-842478-3 devstack@n-api.service[110929]: DEBUG nova.api.openstack.wsgi [None req-9aa258ba-0a7d-487c-bcf8-56bb7ac47ca1 admin admin] Action: 'create', calling method: >, body: {"flavor": {"ram": 512, "OS-FLV-EXT-DATA:ephemeral": 0, "vcpus": 1, "swap": 0, "rxtx_factor": 1.0, "id": "d1", "os-flavor-access:is_public": true, "name": "ds512M", "disk": 5}} {{(pid=110929) _process_stack /opt/stack/nova/nova/api/openstack/wsgi.py:511}}
May 20 09:46:05.764184 n-d-842478-3 devstack@n-api.service[110929]: /usr/local/lib/python3.8/dist-packages/oslo_policy/policy.py:1129: UserWarning: Policy "os_compute_api:os-flavor-manage:create": "rule:context_is_admin" failed scope check. The token used to make the request was project scoped but the policy requires ['system'] scope. This behavior may change in the future where using the intended scope is required
May 20 09:46:05.764184 n-d-842478-3 devstack@n-api.service[110929]: warnings.warn(msg)
May 20 09:46:05.854358 n-d-842478-3 devstack@n-api.service[110929]: INFO nova.api.openstack.requestlog [None req-9aa258ba-0a7d-487c-bcf8-56bb7ac47ca1 admin admin] 10.222.0.64 "POST /compute/v2.1/flavors" status: 200 len: 404 microversion: 2.61 time: 0.216838
May 20 09:46:05.854944 n-d-842478-3 devstack@n-api.service[110929]: [pid: 110929|app: 0|req: 5/8] 10.222.0.64 () {64 vars in 1282 bytes} [Fri May 20 09:46:05 2022] POST /compute/v2.1/flavors => generated 404 bytes in 218 msecs (HTTP/1.1 200) 9 headers in 359 bytes (1 switches on core 0)
May 20 09:46:05.867174 n-d-842478-3 devstack@n-api.service[110930]: DEBUG nova.api.openstack.wsgi [None req-3e806886-4135-4bac-92cd-6152b4cb64a1 admin admin] Action: 'create', calling method: >, body: {"extra_specs": {"hw_rng:allowed": "True"}} {{(pid=110930) _process_stack /opt/stack/nova/nova/api/openstack/wsgi.py:511}}
May 20 09:46:05.868644 n-d-842478-3 devstack@n-api.service[110930]: /usr/local/lib/python3.8/dist-packages/oslo_policy/policy.py:1129: UserWarning: Policy "os_compute_api:os-flavor-extra-specs:create": "rule:context_is_admin" failed scope check. The token used to make the request was project scoped but the policy requires ['system'] scope. This behavior may change in the future where using the intended scope is required
May 20 09:46:05.868644 n-d-842478-3 devstack@n-api.service[110930]: warnings.warn(msg)
May 20 09:46:06.001754 n-d-842478-3 devstack@n-api.service[110930]: INFO nova.api.openstack.requestlog [None req-3e806886-4135-4bac-92cd-6152b4cb64a1 admin admin] 10.222.0.64 "POST /compute/v2.1/flavors/d1/os-extra_specs" status: 200 len: 43 microversion: 2.61 time: 0.138749
May 20 09:46:06.002435 n-d-842478-3 devstack@n-api.service[110930]: [pid: 110930|app: 0|req: 4/9] 10.222.0.64 () {64 vars in 1335 bytes} [Fri May 20 09:46:05 2022] POST /compute/v2.1/flavors/d1/os-extra_specs => generated 43 bytes in 140 msecs (HTTP/1.1 200) 9 headers in 358 bytes (1 switches on core 0)
May 20 09:46:08.352686 n-d-842478-3 devstack@n-api.service[110929]: DEBUG nova.api.openstack.wsgi [None req-9aa258ba-0a7d-487c-bcf8-56bb7ac47ca1 admin admin] Calling method '>' {{(pid=110929) _process_stack /opt/stack/nova/nova/api/openstack/wsgi.py:513}}
May 20 09:46:08.354598 n-d-842478-3 devstack@n-api.service[110929]: INFO nova.api.openstack.requestlog [None req-9aa258ba-0a7d-487c-bcf8-56bb7ac47ca1 admin admin] 10.222.0.64 "GET /compute/v2.1" status: 200 len: 388 microversion: 2.1 time: 0.003936
May 20 09:46:08.355235 n-d-842478-3 devstack@n-api.service[110929]: [pid: 110929|app: 0|req: 6/10] 10.222.0.64 () {54 vars in 930 bytes} [Fri May 20 09:46:08 2022] GET /compute/v2.1 => generated 388 bytes in 5 msecs (HTTP/1.1 200) 9 headers in 357 bytes (1 switches on core 0)
May 20 09:46:08.444204 n-d-842478-3 devstack@n-api.service[110930]: DEBUG nova.api.openstack.wsgi [None req-573a3ba2-46b0-4aad-a080-d85caa7a5f38 admin admin] Action: 'create', calling method: >, body: {"flavor": {"os-flavor-access:is_public": true, "disk": 10, "id": "d2", "rxtx_factor": 1.0, "OS-FLV-EXT-DATA:ephemeral": 0, "name": "ds1G", "vcpus": 1, "swap": 0, "ram": 1024}} {{(pid=110930) _process_stack /opt/stack/nova/nova/api/openstack/wsgi.py:511}}
May 20 09:46:08.535632 n-d-842478-3 devstack@n-api.service[110930]: INFO nova.api.openstack.requestlog [None req-573a3ba2-46b0-4aad-a080-d85caa7a5f38 admin admin] 10.222.0.64 "POST /compute/v2.1/flavors" status: 200 len: 404 microversion: 2.61 time: 0.171699
May 20 09:46:08.541987 n-d-842478-3 devstack@n-api.service[110930]: [pid: 110930|app: 0|req: 5/11] 10.222.0.64 () {64 vars in 1282 bytes} [Fri May 20 09:46:08 2022] POST /compute/v2.1/flavors => generated 404 bytes in 179 msecs (HTTP/1.1 200) 9 headers in 359 bytes (1 switches on core 0)
May 20 09:46:08.557166 n-d-842478-3 devstack@n-api.service[110929]: DEBUG nova.api.openstack.wsgi [None req-a3ad3e67-0ba1-4a76-b166-ee82ac90ed82 admin admin] Action: 'create', calling method: >, body: {"extra_specs": {"hw_rng:allowed": "True"}} {{(pid=110929) _process_stack /opt/stack/nova/nova/api/openstack/wsgi.py:511}}
May 20 09:46:08.654137 n-d-842478-3 devstack@n-api.service[110929]: INFO nova.api.openstack.requestlog [None req-a3ad3e67-0ba1-4a76-b166-ee82ac90ed82 admin admin] 10.222.0.64 "POST /compute/v2.1/flavors/d2/os-extra_specs" status: 200 len: 43 microversion: 2.61 time: 0.102261
May 20 09:46:08.655225 n-d-842478-3 devstack@n-api.service[110929]: [pid: 110929|app: 0|req: 7/12] 10.222.0.64 () {64 vars in 1335 bytes} [Fri May 20 09:46:08 2022] POST /compute/v2.1/flavors/d2/os-extra_specs => generated 43 bytes in 104 msecs (HTTP/1.1 200) 9 headers in 358 bytes (1 switches on core 0)
May 20 09:46:11.181376 n-d-842478-3 devstack@n-api.service[110930]: DEBUG nova.api.openstack.wsgi [None req-573a3ba2-46b0-4aad-a080-d85caa7a5f38 admin admin] Calling method '>' {{(pid=110930) _process_stack /opt/stack/nova/nova/api/openstack/wsgi.py:513}}
May 20 09:46:11.183829 n-d-842478-3 devstack@n-api.service[110930]: INFO nova.api.openstack.requestlog [None req-573a3ba2-46b0-4aad-a080-d85caa7a5f38 admin admin] 10.222.0.64 "GET /compute/v2.1" status: 200 len: 388 microversion: 2.1 time: 0.003458
May 20 09:46:11.189665 n-d-842478-3 devstack@n-api.service[110930]: [pid: 110930|app: 0|req: 6/13] 10.222.0.64 () {54 vars in 930 bytes} [Fri May 20 09:46:11 2022] GET /compute/v2.1 => generated 388 bytes in 11 msecs (HTTP/1.1 200) 9 headers in 357 bytes (1 switches on core 0)
May 20 09:46:11.248676 n-d-842478-3 devstack@n-api.service[110929]: DEBUG nova.api.openstack.wsgi [None req-39be401c-f9a7-46c1-83d6-65a7aef924ac admin admin] Action: 'create', calling method: >, body: {"flavor": {"disk": 10, "vcpus": 2, "name": "ds2G", "swap": 0, "os-flavor-access:is_public": true, "ram": 2048, "rxtx_factor": 1.0, "OS-FLV-EXT-DATA:ephemeral": 0, "id": "d3"}} {{(pid=110929) _process_stack /opt/stack/nova/nova/api/openstack/wsgi.py:511}}
May 20 09:46:11.345911 n-d-842478-3 devstack@n-api.service[110929]: INFO nova.api.openstack.requestlog [None req-39be401c-f9a7-46c1-83d6-65a7aef924ac admin admin] 10.222.0.64 "POST /compute/v2.1/flavors" status: 200 len: 404 microversion: 2.61 time: 0.154368
May 20 09:46:11.360359 n-d-842478-3 devstack@n-api.service[110930]: DEBUG nova.api.openstack.wsgi [None req-38abe9eb-cf37-48c6-9b2e-7e64606da97a admin admin] Action: 'create', calling method: >, body: {"extra_specs": {"hw_rng:allowed": "True"}} {{(pid=110930) _process_stack /opt/stack/nova/nova/api/openstack/wsgi.py:511}}
May 20 09:46:11.369511 n-d-842478-3 devstack@n-api.service[110929]: [pid: 110929|app: 0|req: 8/14] 10.222.0.64 () {64 vars in 1282 bytes} [Fri May 20 09:46:11 2022] POST /compute/v2.1/flavors => generated 404 bytes in 179 msecs (HTTP/1.1 200) 9 headers in 359 bytes (1 switches on core 0)
May 20 09:46:11.463300 n-d-842478-3 devstack@n-api.service[110930]: INFO nova.api.openstack.requestlog [None req-38abe9eb-cf37-48c6-9b2e-7e64606da97a admin admin] 10.222.0.64 "POST /compute/v2.1/flavors/d3/os-extra_specs" status: 200 len: 43 microversion: 2.61 time: 0.107366
May 20 09:46:11.475349 n-d-842478-3 devstack@n-api.service[110930]: [pid: 110930|app: 0|req: 7/15] 10.222.0.64 () {64 vars in 1335 bytes} [Fri May 20 09:46:11 2022] POST /compute/v2.1/flavors/d3/os-extra_specs => generated 43 bytes in 112 msecs (HTTP/1.1 200) 9 headers in 358 bytes (1 switches on core 0)
May 20 09:46:13.861359 n-d-842478-3 devstack@n-api.service[110929]: DEBUG nova.api.openstack.wsgi [None req-39be401c-f9a7-46c1-83d6-65a7aef924ac admin admin] Calling method '>' {{(pid=110929) _process_stack /opt/stack/nova/nova/api/openstack/wsgi.py:513}}
May 20 09:46:13.862378 n-d-842478-3 devstack@n-api.service[110929]: INFO nova.api.openstack.requestlog [None req-39be401c-f9a7-46c1-83d6-65a7aef924ac admin admin] 10.222.0.64 "GET /compute/v2.1" status: 200 len: 388 microversion: 2.1 time: 0.001456
May 20 09:46:13.862880 n-d-842478-3 devstack@n-api.service[110929]: [pid: 110929|app: 0|req: 9/16] 10.222.0.64 () {54 vars in 930 bytes} [Fri May 20 09:46:13 2022] GET /compute/v2.1 => generated 388 bytes in 2 msecs (HTTP/1.1 200) 9 headers in 357 bytes (1 switches on core 0)
May 20 09:46:13.923781 n-d-842478-3 devstack@n-api.service[110930]: DEBUG nova.api.openstack.wsgi [None req-237b8d4e-eca7-4a9b-8a75-5a2359faa2ef admin admin] Action: 'create', calling method: >, body: {"flavor": {"rxtx_factor": 1.0, "vcpus": 4, "name": "ds4G", "ram": 4096, "id": "d4", "os-flavor-access:is_public": true, "swap": 0, "OS-FLV-EXT-DATA:ephemeral": 0, "disk": 20}} {{(pid=110930) _process_stack /opt/stack/nova/nova/api/openstack/wsgi.py:511}}
May 20 09:46:14.018799 n-d-842478-3 devstack@n-api.service[110930]: INFO nova.api.openstack.requestlog [None req-237b8d4e-eca7-4a9b-8a75-5a2359faa2ef admin admin] 10.222.0.64 "POST /compute/v2.1/flavors" status: 200 len: 404 microversion: 2.61 time: 0.149740
May 20 09:46:14.020443 n-d-842478-3 devstack@n-api.service[110930]: [pid: 110930|app: 0|req: 8/17] 10.222.0.64 () {64 vars in 1282 bytes} [Fri May 20 09:46:13 2022] POST /compute/v2.1/flavors => generated 404 bytes in 151 msecs (HTTP/1.1 200) 9 headers in 359 bytes (2 switches on core 0)
May 20 09:46:14.031480 n-d-842478-3 devstack@n-api.service[110929]: DEBUG nova.api.openstack.wsgi [None req-301e510d-f56c-4790-8df2-ea17c6486811 admin admin] Action: 'create', calling method: >, body: {"extra_specs": {"hw_rng:allowed": "True"}} {{(pid=110929) _process_stack /opt/stack/nova/nova/api/openstack/wsgi.py:511}}
May 20 09:46:14.113631 n-d-842478-3 devstack@n-api.service[110929]: INFO nova.api.openstack.requestlog [None req-301e510d-f56c-4790-8df2-ea17c6486811 admin admin] 10.222.0.64 "POST /compute/v2.1/flavors/d4/os-extra_specs" status: 200 len: 43 microversion: 2.61 time: 0.085820
May 20 09:46:14.114506 n-d-842478-3 devstack@n-api.service[110929]: [pid: 110929|app: 0|req: 10/18] 10.222.0.64 () {64 vars in 1335 bytes} [Fri May 20 09:46:14 2022] POST /compute/v2.1/flavors/d4/os-extra_specs => generated 43 bytes in 87 msecs (HTTP/1.1 200) 9 headers in 358 bytes (1 switches on core 0)
May 20 09:46:16.443165 n-d-842478-3 devstack@n-api.service[110930]: DEBUG nova.api.openstack.wsgi [None req-237b8d4e-eca7-4a9b-8a75-5a2359faa2ef admin admin] Calling method '>' {{(pid=110930) _process_stack /opt/stack/nova/nova/api/openstack/wsgi.py:513}}
May 20 09:46:16.445475 n-d-842478-3 devstack@n-api.service[110930]: INFO nova.api.openstack.requestlog [None req-237b8d4e-eca7-4a9b-8a75-5a2359faa2ef admin admin] 10.222.0.64 "GET /compute/v2.1" status: 200 len: 388 microversion: 2.1 time: 0.002805
May 20 09:46:16.445878 n-d-842478-3 devstack@n-api.service[110930]: [pid: 110930|app: 0|req: 9/19] 10.222.0.64 () {54 vars in 930 bytes} [Fri May 20 09:46:16 2022] GET /compute/v2.1 => generated 388 bytes in 4 msecs (HTTP/1.1 200) 9 headers in 357 bytes (1 switches on core 0)
May 20 09:46:16.522199 n-d-842478-3 devstack@n-api.service[110929]: DEBUG nova.api.openstack.wsgi [None req-5ef6dcbf-a0f2-4331-9db9-c228fc3b5e38 admin admin] Calling method '>' {{(pid=110929) _process_stack /opt/stack/nova/nova/api/openstack/wsgi.py:513}}
May 20 09:46:16.560557 n-d-842478-3 devstack@n-api.service[110929]: INFO nova.api.openstack.requestlog [None req-5ef6dcbf-a0f2-4331-9db9-c228fc3b5e38 admin admin] 10.222.0.64 "GET /compute/v2.1/flavors/detail?is_public=True" status: 200 len: 2106 microversion: 2.61 time: 0.107540
May 20 09:46:16.563450 n-d-842478-3 devstack@n-api.service[110929]: [pid: 110929|app: 0|req: 11/20] 10.222.0.64 () {60 vars in 1291 bytes} [Fri May 20 09:46:16 2022] GET /compute/v2.1/flavors/detail?is_public=True => generated 2106 bytes in 111 msecs (HTTP/1.1 200) 9 headers in 360 bytes (1 switches on core 0)
May 20 09:46:18.987622 n-d-842478-3 devstack@n-api.service[110930]: DEBUG nova.api.openstack.wsgi [None req-237b8d4e-eca7-4a9b-8a75-5a2359faa2ef admin admin] Calling method '>' {{(pid=110930) _process_stack /opt/stack/nova/nova/api/openstack/wsgi.py:513}}
May 20 09:46:18.988799 n-d-842478-3 devstack@n-api.service[110930]: INFO nova.api.openstack.requestlog [None req-237b8d4e-eca7-4a9b-8a75-5a2359faa2ef admin admin] 10.222.0.64 "GET /compute/v2.1" status: 200 len: 388 microversion: 2.1 time: 0.001565
May 20 09:46:18.989201 n-d-842478-3 devstack@n-api.service[110930]: [pid: 110930|app: 0|req: 10/21] 10.222.0.64 () {54 vars in 930 bytes} [Fri May 20 09:46:18 2022] GET /compute/v2.1 => generated 388 bytes in 2 msecs (HTTP/1.1 200) 9 headers in 357 bytes (1 switches on core 0)
May 20 09:46:19.055593 n-d-842478-3 devstack@n-api.service[110929]: DEBUG nova.api.openstack.wsgi [None req-ebf2140e-2990-4efe-80bc-96b5bf2c6cda admin admin] Action: 'create', calling method: >, body: {"flavor": {"name": "m1.tiny", "vcpus": 1, "OS-FLV-EXT-DATA:ephemeral": 0, "id": "1", "rxtx_factor": 1.0, "ram": 512, "disk": 1, "swap": 0, "os-flavor-access:is_public": true}} {{(pid=110929) _process_stack /opt/stack/nova/nova/api/openstack/wsgi.py:511}}
May 20 09:46:19.145487 n-d-842478-3 devstack@n-api.service[110929]: INFO nova.api.openstack.requestlog [None req-ebf2140e-2990-4efe-80bc-96b5bf2c6cda admin admin] 10.222.0.64 "POST /compute/v2.1/flavors" status: 200 len: 402 microversion: 2.61 time: 0.149526
May 20 09:46:19.154189 n-d-842478-3 devstack@n-api.service[110929]: [pid: 110929|app: 0|req: 12/22] 10.222.0.64 () {64 vars in 1282 bytes} [Fri May 20 09:46:18 2022] POST /compute/v2.1/flavors => generated 402 bytes in 159 msecs (HTTP/1.1 200) 9 headers in 359 bytes (1 switches on core 0)
May 20 09:46:19.158505 n-d-842478-3 devstack@n-api.service[110930]: DEBUG nova.api.openstack.wsgi [None req-2ffe6a63-6cff-4c47-ad31-bb14796851a5 admin admin] Action: 'create', calling method: >, body: {"extra_specs": {"hw_rng:allowed": "True"}} {{(pid=110930) _process_stack /opt/stack/nova/nova/api/openstack/wsgi.py:511}}
May 20 09:46:19.258442 n-d-842478-3 devstack@n-api.service[110930]: INFO nova.api.openstack.requestlog [None req-2ffe6a63-6cff-4c47-ad31-bb14796851a5 admin admin] 10.222.0.64 "POST /compute/v2.1/flavors/1/os-extra_specs" status: 200 len: 43 microversion: 2.61 time: 0.103532
May 20 09:46:19.259842 n-d-842478-3 devstack@n-api.service[110930]: [pid: 110930|app: 0|req: 11/23] 10.222.0.64 () {64 vars in 1332 bytes} [Fri May 20 09:46:19 2022] POST /compute/v2.1/flavors/1/os-extra_specs => generated 43 bytes in 105 msecs (HTTP/1.1 200) 9 headers in 358 bytes (1 switches on core 0)
May 20 09:46:21.744098 n-d-842478-3 devstack@n-api.service[110929]: DEBUG nova.api.openstack.wsgi [None req-ebf2140e-2990-4efe-80bc-96b5bf2c6cda admin admin] Calling method '>' {{(pid=110929) _process_stack /opt/stack/nova/nova/api/openstack/wsgi.py:513}}
May 20 09:46:21.744626 n-d-842478-3 devstack@n-api.service[110929]: INFO nova.api.openstack.requestlog [None req-ebf2140e-2990-4efe-80bc-96b5bf2c6cda admin admin] 10.222.0.64 "GET /compute/v2.1" status: 200 len: 388 microversion: 2.1 time: 0.001867
May 20 09:46:21.747143 n-d-842478-3 devstack@n-api.service[110929]: [pid: 110929|app: 0|req: 13/24] 10.222.0.64 () {54 vars in 930 bytes} [Fri May 20 09:46:21 2022] GET /compute/v2.1 => generated 388 bytes in 6 msecs (HTTP/1.1 200) 9 headers in 357 bytes (1 switches on core 0)
May 20 09:46:21.827727 n-d-842478-3 devstack@n-api.service[110930]: DEBUG nova.api.openstack.wsgi [None req-b754b793-cec1-462c-8cc7-f6678790f5ce admin admin] Action: 'create', calling method: >, body: {"flavor": {"vcpus": 1, "swap": 0, "rxtx_factor": 1.0, "ram": 2048, "disk": 20, "OS-FLV-EXT-DATA:ephemeral": 0, "id": "2", "name": "m1.small", "os-flavor-access:is_public": true}} {{(pid=110930) _process_stack /opt/stack/nova/nova/api/openstack/wsgi.py:511}}
May 20 09:46:21.916869 n-d-842478-3 devstack@n-api.service[110930]: INFO nova.api.openstack.requestlog [None req-b754b793-cec1-462c-8cc7-f6678790f5ce admin admin] 10.222.0.64 "POST /compute/v2.1/flavors" status: 200 len: 405 microversion: 2.61 time: 0.164045
May 20 09:46:21.917827 n-d-842478-3 devstack@n-api.service[110930]: [pid: 110930|app: 0|req: 12/25] 10.222.0.64 () {64 vars in 1282 bytes} [Fri May 20 09:46:21 2022] POST /compute/v2.1/flavors => generated 405 bytes in 166 msecs (HTTP/1.1 200) 9 headers in 359 bytes (1 switches on core 0)
May 20 09:46:21.931051 n-d-842478-3 devstack@n-api.service[110929]: DEBUG nova.api.openstack.wsgi [None req-e2622a81-dbbf-455c-be35-001403300cfe admin admin] Action: 'create', calling method: >, body: {"extra_specs": {"hw_rng:allowed": "True"}} {{(pid=110929) _process_stack /opt/stack/nova/nova/api/openstack/wsgi.py:511}}
May 20 09:46:22.018111 n-d-842478-3 devstack@n-api.service[110929]: INFO nova.api.openstack.requestlog [None req-e2622a81-dbbf-455c-be35-001403300cfe admin admin] 10.222.0.64 "POST /compute/v2.1/flavors/2/os-extra_specs" status: 200 len: 43 microversion: 2.61 time: 0.090940
May 20 09:46:22.018752 n-d-842478-3 devstack@n-api.service[110929]: [pid: 110929|app: 0|req: 14/26] 10.222.0.64 () {64 vars in 1332 bytes} [Fri May 20 09:46:21 2022] POST /compute/v2.1/flavors/2/os-extra_specs => generated 43 bytes in 92 msecs (HTTP/1.1 200) 9 headers in 358 bytes (1 switches on core 0)
May 20 09:46:24.665659 n-d-842478-3 devstack@n-api.service[110930]: DEBUG nova.api.openstack.wsgi [None req-b754b793-cec1-462c-8cc7-f6678790f5ce admin admin] Calling method '>' {{(pid=110930) _process_stack /opt/stack/nova/nova/api/openstack/wsgi.py:513}}
May 20 09:46:24.667433 n-d-842478-3 devstack@n-api.service[110930]: INFO nova.api.openstack.requestlog [None req-b754b793-cec1-462c-8cc7-f6678790f5ce admin admin] 10.222.0.64 "GET /compute/v2.1" status: 200 len: 388 microversion: 2.1 time: 0.002231
May 20 09:46:24.668195 n-d-842478-3 devstack@n-api.service[110930]: [pid: 110930|app: 0|req: 13/27] 10.222.0.64 () {54 vars in 930 bytes} [Fri May 20 09:46:24 2022] GET /compute/v2.1 => generated 388 bytes in 4 msecs (HTTP/1.1 200) 9 headers in 357 bytes (1 switches on core 0)
May 20 09:46:24.745568 n-d-842478-3 devstack@n-api.service[110929]: DEBUG nova.api.openstack.wsgi [None req-b30ccc77-c671-4d0c-bb54-23999faf340e admin admin] Action: 'create', calling method: >, body: {"flavor": {"name": "m1.medium", "id": "3", "vcpus": 2, "disk": 40, "swap": 0, "rxtx_factor": 1.0, "os-flavor-access:is_public": true, "ram": 4096, "OS-FLV-EXT-DATA:ephemeral": 0}} {{(pid=110929) _process_stack /opt/stack/nova/nova/api/openstack/wsgi.py:511}}
May 20 09:46:24.806287 n-d-842478-3 devstack@n-api.service[110929]: INFO nova.api.openstack.requestlog [None req-b30ccc77-c671-4d0c-bb54-23999faf340e admin admin] 10.222.0.64 "POST /compute/v2.1/flavors" status: 200 len: 406 microversion: 2.61 time: 0.130212
May 20 09:46:24.807013 n-d-842478-3 devstack@n-api.service[110929]: [pid: 110929|app: 0|req: 15/28] 10.222.0.64 () {64 vars in 1282 bytes} [Fri May 20 09:46:24 2022] POST /compute/v2.1/flavors => generated 406 bytes in 132 msecs (HTTP/1.1 200) 9 headers in 359 bytes (2 switches on core 0)
May 20 09:46:24.819544 n-d-842478-3 devstack@n-api.service[110930]: DEBUG nova.api.openstack.wsgi [None req-fd0ed08f-b1f6-4818-be50-5505e95ea414 admin admin] Action: 'create', calling method: >, body: {"extra_specs": {"hw_rng:allowed": "True"}} {{(pid=110930) _process_stack /opt/stack/nova/nova/api/openstack/wsgi.py:511}}
May 20 09:46:24.891142 n-d-842478-3 devstack@n-api.service[110930]: INFO nova.api.openstack.requestlog [None req-fd0ed08f-b1f6-4818-be50-5505e95ea414 admin admin] 10.222.0.64 "POST /compute/v2.1/flavors/3/os-extra_specs" status: 200 len: 43 microversion: 2.61 time: 0.075719
May 20 09:46:24.891788 n-d-842478-3 devstack@n-api.service[110930]: [pid: 110930|app: 0|req: 14/29] 10.222.0.64 () {64 vars in 1332 bytes} [Fri May 20 09:46:24 2022] POST /compute/v2.1/flavors/3/os-extra_specs => generated 43 bytes in 77 msecs (HTTP/1.1 200) 9 headers in 358 bytes (1 switches on core 0)
May 20 09:46:27.295142 n-d-842478-3 devstack@n-api.service[110929]: DEBUG nova.api.openstack.wsgi [None req-b30ccc77-c671-4d0c-bb54-23999faf340e admin admin] Calling method '>' {{(pid=110929) _process_stack /opt/stack/nova/nova/api/openstack/wsgi.py:513}}
May 20 09:46:27.296145 n-d-842478-3 devstack@n-api.service[110929]: INFO nova.api.openstack.requestlog [None req-b30ccc77-c671-4d0c-bb54-23999faf340e admin admin] 10.222.0.64 "GET /compute/v2.1" status: 200 len: 388 microversion: 2.1 time: 0.001482
May 20 09:46:27.296776 n-d-842478-3 devstack@n-api.service[110929]: [pid: 110929|app: 0|req: 16/30] 10.222.0.64 () {54 vars in 930 bytes} [Fri May 20 09:46:27 2022] GET /compute/v2.1 => generated 388 bytes in 2 msecs (HTTP/1.1 200) 9 headers in 357 bytes (1 switches on core 0)
May 20 09:46:27.358285 n-d-842478-3 devstack@n-api.service[110930]: DEBUG nova.api.openstack.wsgi [None req-49febac5-d4ee-4cd6-95ae-1fab37a636f5 admin admin] Action: 'create', calling method: >, body: {"flavor": {"rxtx_factor": 1.0, "ram": 8192, "os-flavor-access:is_public": true, "vcpus": 4, "name": "m1.large", "OS-FLV-EXT-DATA:ephemeral": 0, "swap": 0, "disk": 80, "id": "4"}} {{(pid=110930) _process_stack /opt/stack/nova/nova/api/openstack/wsgi.py:511}}
May 20 09:46:27.520944 n-d-842478-3 devstack@n-api.service[110930]: INFO nova.api.openstack.requestlog [None req-49febac5-d4ee-4cd6-95ae-1fab37a636f5 admin admin] 10.222.0.64 "POST /compute/v2.1/flavors" status: 200 len: 405 microversion: 2.61 time: 0.218530
May 20 09:46:27.521492 n-d-842478-3 devstack@n-api.service[110930]: [pid: 110930|app: 0|req: 15/31] 10.222.0.64 () {64 vars in 1282 bytes} [Fri May 20 09:46:27 2022] POST /compute/v2.1/flavors => generated 405 bytes in 220 msecs (HTTP/1.1 200) 9 headers in 359 bytes (2 switches on core 0)
May 20 09:46:27.534281 n-d-842478-3 devstack@n-api.service[110929]: DEBUG nova.api.openstack.wsgi [None req-f523e0d2-572e-4d92-b850-f4a31e86fddb admin admin] Action: 'create', calling method: >, body: {"extra_specs": {"hw_rng:allowed": "True"}} {{(pid=110929) _process_stack /opt/stack/nova/nova/api/openstack/wsgi.py:511}}
May 20 09:46:27.621699 n-d-842478-3 devstack@n-api.service[110929]: INFO nova.api.openstack.requestlog [None req-f523e0d2-572e-4d92-b850-f4a31e86fddb admin admin] 10.222.0.64 "POST /compute/v2.1/flavors/4/os-extra_specs" status: 200 len: 43 microversion: 2.61 time: 0.091048
May 20 09:46:27.622203 n-d-842478-3 devstack@n-api.service[110929]: [pid: 110929|app: 0|req: 17/32] 10.222.0.64 () {64 vars in 1332 bytes} [Fri May 20 09:46:27 2022] POST /compute/v2.1/flavors/4/os-extra_specs => generated 43 bytes in 92 msecs (HTTP/1.1 200) 9 headers in 358 bytes (1 switches on core 0)
May 20 09:46:29.879629 n-d-842478-3 devstack@n-api.service[110930]: DEBUG nova.api.openstack.wsgi [None req-49febac5-d4ee-4cd6-95ae-1fab37a636f5 admin admin] Calling method '>' {{(pid=110930) _process_stack /opt/stack/nova/nova/api/openstack/wsgi.py:513}}
May 20 09:46:29.880774 n-d-842478-3 devstack@n-api.service[110930]: INFO nova.api.openstack.requestlog [None req-49febac5-d4ee-4cd6-95ae-1fab37a636f5 admin admin] 10.222.0.64 "GET /compute/v2.1" status: 200 len: 388 microversion: 2.1 time: 0.001545
May 20 09:46:29.881953 n-d-842478-3 devstack@n-api.service[110930]: [pid: 110930|app: 0|req: 16/33] 10.222.0.64 () {54 vars in 930 bytes} [Fri May 20 09:46:29 2022] GET /compute/v2.1 => generated 388 bytes in 3 msecs (HTTP/1.1 200) 9 headers in 357 bytes (1 switches on core 0)
May 20 09:46:29.940341 n-d-842478-3 devstack@n-api.service[110929]: DEBUG nova.api.openstack.wsgi [None req-1aa0b87d-e287-40a4-8265-2df2832b2f2d admin admin] Action: 'create', calling method: >, body: {"flavor": {"os-flavor-access:is_public": true, "ram": 16384, "OS-FLV-EXT-DATA:ephemeral": 0, "id": "5", "swap": 0, "rxtx_factor": 1.0, "vcpus": 8, "name": "m1.xlarge", "disk": 160}} {{(pid=110929) _process_stack /opt/stack/nova/nova/api/openstack/wsgi.py:511}}
May 20 09:46:30.012127 n-d-842478-3 devstack@n-api.service[110929]: INFO nova.api.openstack.requestlog [None req-1aa0b87d-e287-40a4-8265-2df2832b2f2d admin admin] 10.222.0.64 "POST /compute/v2.1/flavors" status: 200 len: 408 microversion: 2.61 time: 0.124074
May 20 09:46:30.012757 n-d-842478-3 devstack@n-api.service[110929]: [pid: 110929|app: 0|req: 18/34] 10.222.0.64 () {64 vars in 1282 bytes} [Fri May 20 09:46:29 2022] POST /compute/v2.1/flavors => generated 408 bytes in 125 msecs (HTTP/1.1 200) 9 headers in 359 bytes (2 switches on core 0)
May 20 09:46:30.025423 n-d-842478-3 devstack@n-api.service[110930]: DEBUG nova.api.openstack.wsgi [None req-49ab5a0f-67ea-4656-9c1d-b650a90f672f admin admin] Action: 'create', calling method: >, body: {"extra_specs": {"hw_rng:allowed": "True"}} {{(pid=110930) _process_stack /opt/stack/nova/nova/api/openstack/wsgi.py:511}}
May 20 09:46:30.152010 n-d-842478-3 devstack@n-api.service[110930]: INFO nova.api.openstack.requestlog [None req-49ab5a0f-67ea-4656-9c1d-b650a90f672f admin admin] 10.222.0.64 "POST /compute/v2.1/flavors/5/os-extra_specs" status: 200 len: 43 microversion: 2.61 time: 0.131075
May 20 09:46:30.152595 n-d-842478-3 devstack@n-api.service[110930]: [pid: 110930|app: 0|req: 17/35] 10.222.0.64 () {64 vars in 1332 bytes} [Fri May 20 09:46:30 2022] POST /compute/v2.1/flavors/5/os-extra_specs => generated 43 bytes in 132 msecs (HTTP/1.1 200) 9 headers in 358 bytes (1 switches on core 0)
May 20 09:46:57.502049 n-d-842478-3 devstack@n-api.service[110929]: DEBUG nova.api.openstack.wsgi [None req-1aa0b87d-e287-40a4-8265-2df2832b2f2d admin admin] Calling method '>' {{(pid=110929) _process_stack /opt/stack/nova/nova/api/openstack/wsgi.py:513}}
May 20 09:46:57.503094 n-d-842478-3 devstack@n-api.service[110929]: INFO nova.api.openstack.requestlog [None req-1aa0b87d-e287-40a4-8265-2df2832b2f2d admin admin] 10.222.0.64 "GET /compute/v2.1" status: 200 len: 388 microversion: 2.1 time: 0.001515
May 20 09:46:57.503479 n-d-842478-3 devstack@n-api.service[110929]: [pid: 110929|app: 0|req: 19/36] 10.222.0.64 () {54 vars in 930 bytes} [Fri May 20 09:46:57 2022] GET /compute/v2.1 => generated 388 bytes in 2 msecs (HTTP/1.1 200) 9 headers in 357 bytes (1 switches on core 0)
May 20 09:46:57.514636 n-d-842478-3 devstack@n-api.service[110930]: DEBUG dbcounter [-] [110930] Writing DB stats nova_api:SELECT=47,nova_api:INSERT=10,nova_api:SAVEPOINT=5,nova_api:RELEASE=5 {{(pid=110930) stat_writer /usr/local/lib/python3.8/dist-packages/dbcounter.py:114}}
May 20 09:46:57.562443 n-d-842478-3 devstack@n-api.service[110930]: DEBUG nova.api.openstack.wsgi [None req-f0aab57f-ad47-4a8d-b9cf-4d46d83776e0 admin admin] Calling method '>' {{(pid=110930) _process_stack /opt/stack/nova/nova/api/openstack/wsgi.py:513}}
May 20 09:46:57.580131 n-d-842478-3 devstack@n-api.service[110930]: INFO nova.api.openstack.requestlog [None req-f0aab57f-ad47-4a8d-b9cf-4d46d83776e0 admin admin] 10.222.0.64 "GET /compute/v2.1/flavors/detail?is_public=True" status: 200 len: 4202 microversion: 2.61 time: 0.070038
May 20 09:46:57.580658 n-d-842478-3 devstack@n-api.service[110930]: [pid: 110930|app: 0|req: 18/37] 10.222.0.64 () {60 vars in 1291 bytes} [Fri May 20 09:46:57 2022] GET /compute/v2.1/flavors/detail?is_public=True => generated 4202 bytes in 71 msecs (HTTP/1.1 200) 9 headers in 360 bytes (1 switches on core 0)
May 20 09:46:58.596069 n-d-842478-3 devstack@n-api.service[110929]: DEBUG nova.api.openstack.wsgi [None req-1aa0b87d-e287-40a4-8265-2df2832b2f2d admin admin] Calling method '>' {{(pid=110929) _process_stack /opt/stack/nova/nova/api/openstack/wsgi.py:513}}
May 20 09:46:58.597024 n-d-842478-3 devstack@n-api.service[110929]: INFO nova.api.openstack.requestlog [None req-1aa0b87d-e287-40a4-8265-2df2832b2f2d admin admin] 10.222.0.64 "GET /compute/v2.1" status: 200 len: 388 microversion: 2.1 time: 0.001447
May 20 09:46:58.597431 n-d-842478-3 devstack@n-api.service[110929]: [pid: 110929|app: 0|req: 20/38] 10.222.0.64 () {56 vars in 1074 bytes} [Fri May 20 09:46:58 2022] GET /compute/v2.1 => generated 388 bytes in 2 msecs (HTTP/1.1 200) 9 headers in 357 bytes (1 switches on core 0)
May 20 09:46:58.795659 n-d-842478-3 devstack@n-api.service[110930]: DEBUG nova.api.openstack.wsgi [None req-9811540b-7040-4811-bf4f-b3b33217ac96 admin admin] Calling method '>' {{(pid=110930) _process_stack /opt/stack/nova/nova/api/openstack/wsgi.py:513}}
May 20 09:46:58.801434 n-d-842478-3 devstack@n-api.service[110930]: INFO nova.api.openstack.wsgi [None req-9811540b-7040-4811-bf4f-b3b33217ac96 admin admin] HTTP exception thrown: Flavor 42 could not be found.
May 20 09:46:58.804661 n-d-842478-3 devstack@n-api.service[110930]: DEBUG nova.api.openstack.wsgi [None req-9811540b-7040-4811-bf4f-b3b33217ac96 admin admin] Request method failure captured:
May 20 09:46:58.804661 n-d-842478-3 devstack@n-api.service[110930]: request: GET /compute/v2.1/flavors/42 HTTP/1.1
May 20 09:46:58.804661 n-d-842478-3 devstack@n-api.service[110930]: Accept: application/json
May 20 09:46:58.804661 n-d-842478-3 devstack@n-api.service[110930]: Accept-Encoding: gzip, deflate
May 20 09:46:58.804661 n-d-842478-3 devstack@n-api.service[110930]: Connection: keep-alive
May 20 09:46:58.804661 n-d-842478-3 devstack@n-api.service[110930]: Content-Length: 0
May 20 09:46:58.804661 n-d-842478-3 devstack@n-api.service[110930]: Host: 10.222.0.64
May 20 09:46:58.804661 n-d-842478-3 devstack@n-api.service[110930]: Openstack-Api-Version: compute 2.90
May 20 09:46:58.804661 n-d-842478-3 devstack@n-api.service[110930]: Openstack-System-Scope: None
May 20 09:46:58.804661 n-d-842478-3 devstack@n-api.service[110930]: User-Agent: python-novaclient
May 20 09:46:58.804661 n-d-842478-3 devstack@n-api.service[110930]: X-Auth-Token: gAAAAABih2OSM6HbayXJrBebtSEnKSzNA8PiBlnas-UNtgMPJMrCpzhCRWrxggdH4pgw0aVrGbYZGetv-6c9lsyCXs0BH4oSpCIH-8bLPDwMLiELUpGyaw8KF-alhMTSkc2cw7vIu-HS3XFHRjiJxgLwplSp-qYJPgIzlBRIKvaaUQyjyhayCJE
May 20 09:46:58.804661 n-d-842478-3 devstack@n-api.service[110930]: X-Domain-Id: None
May 20 09:46:58.804661 n-d-842478-3 devstack@n-api.service[110930]: X-Domain-Name: None
May 20 09:46:58.804661 n-d-842478-3 devstack@n-api.service[110930]: X-Identity-Status: Confirmed
May 20 09:46:58.804661 n-d-842478-3 devstack@n-api.service[110930]: X-Is-Admin-Project: True
May 20 09:46:58.804661 n-d-842478-3 devstack@n-api.service[110930]: X-Openstack-Nova-Api-Version: 2.90
May 20 09:46:58.804661 n-d-842478-3 devstack@n-api.service[110930]: X-Project-Domain-Id: default
May 20 09:46:58.804661 n-d-842478-3 devstack@n-api.service[110930]: X-Project-Domain-Name: Default
May 20 09:46:58.804661 n-d-842478-3 devstack@n-api.service[110930]: X-Project-Id: 4e05867b35c842afb73896001cb2df06
May 20 09:46:58.804661 n-d-842478-3 devstack@n-api.service[110930]: X-Project-Name: admin
May 20 09:46:58.804661 n-d-842478-3 devstack@n-api.service[110930]: X-Role: reader,admin,member
May 20 09:46:58.804661 n-d-842478-3 devstack@n-api.service[110930]: X-Roles: reader,admin,member
