May 19 15:30:12.683228 n-d-842478-2 devstack@keystone.service[81266]: DEBUG keystone.server.flask.request_processing.middleware.auth_context [None req-9480215a-c3e1-4443-8a92-c92d76c930ae None admin] RBAC: auth_context: {'token': , 'domain_id': None, 'trust_id': None, 'trustor_id': None, 'trustee_id': None, 'domain_name': None, 'group_ids': [], 'user_id': '4b01cace1c7646a5bdcde74bcdf3c27c', 'user_domain_id': 'default', 'system_scope': 'all', 'project_id': None, 'project_domain_id': None, 'roles': ['admin', 'member', 'reader'], 'is_admin_project': True, 'service_user_id': None, 'service_user_domain_id': None, 'service_project_id': None, 'service_project_domain_id': None, 'service_roles': []} {{(pid=81266) fill_context /opt/stack/keystone/keystone/server/flask/request_processing/middleware/auth_context.py:478}}
May 19 15:30:12.683765 n-d-842478-2 devstack@keystone.service[81265]: DEBUG keystone.server.flask.request_processing.req_logging [None req-926db89f-d746-4e4c-a8f8-b6a49cd21d36 None None] REQUEST_METHOD: `GET` {{(pid=81265) log_request_info /opt/stack/keystone/keystone/server/flask/request_processing/req_logging.py:27}}
May 19 15:30:12.683895 n-d-842478-2 devstack@keystone.service[81266]: DEBUG keystone.server.flask.request_processing.req_logging [None req-9480215a-c3e1-4443-8a92-c92d76c930ae None admin] REQUEST_METHOD: `GET` {{(pid=81266) log_request_info /opt/stack/keystone/keystone/server/flask/request_processing/req_logging.py:27}}
May 19 15:30:12.684051 n-d-842478-2 devstack@keystone.service[81265]: DEBUG keystone.server.flask.request_processing.req_logging [None req-926db89f-d746-4e4c-a8f8-b6a49cd21d36 None None] SCRIPT_NAME: `/identity` {{(pid=81265) log_request_info /opt/stack/keystone/keystone/server/flask/request_processing/req_logging.py:28}}
May 19 15:30:12.684141 n-d-842478-2 devstack@keystone.service[81266]: DEBUG keystone.server.flask.request_processing.req_logging [None req-9480215a-c3e1-4443-8a92-c92d76c930ae None admin] SCRIPT_NAME: `/identity` {{(pid=81266) log_request_info /opt/stack/keystone/keystone/server/flask/request_processing/req_logging.py:28}}
May 19 15:30:12.684301 n-d-842478-2 devstack@keystone.service[81265]: DEBUG keystone.server.flask.request_processing.req_logging [None req-926db89f-d746-4e4c-a8f8-b6a49cd21d36 None None] PATH_INFO: `/` {{(pid=81265) log_request_info /opt/stack/keystone/keystone/server/flask/request_processing/req_logging.py:29}}
May 19 15:30:12.684394 n-d-842478-2 devstack@keystone.service[81266]: DEBUG keystone.server.flask.request_processing.req_logging [None req-9480215a-c3e1-4443-8a92-c92d76c930ae None admin] PATH_INFO: `/v3/roles` {{(pid=81266) log_request_info /opt/stack/keystone/keystone/server/flask/request_processing/req_logging.py:29}}
May 19 15:30:12.685169 n-d-842478-2 devstack@keystone.service[81266]: DEBUG keystone.common.rbac_enforcer.enforcer [None req-9480215a-c3e1-4443-8a92-c92d76c930ae None admin] RBAC: Adding query filter params (name=anotherrole) {{(pid=81266) _extract_filter_values /opt/stack/keystone/keystone/common/rbac_enforcer/enforcer.py:167}}
May 19 15:30:12.685458 n-d-842478-2 devstack@keystone.service[81266]: DEBUG keystone.common.rbac_enforcer.enforcer [None req-9480215a-c3e1-4443-8a92-c92d76c930ae None admin] RBAC: Authorizing `identity:list_roles()` {{(pid=81266) enforce_call /opt/stack/keystone/keystone/common/rbac_enforcer/enforcer.py:449}}
May 19 15:30:12.685690 n-d-842478-2 devstack@keystone.service[81265]: [pid: 81265|app: 0|req: 84/161] 10.222.0.69 () {54 vars in 926 bytes} [Thu May 19 15:30:12 2022] GET /identity => generated 270 bytes in 3 msecs (HTTP/1.1 300) 6 headers in 234 bytes (1 switches on core 0)
May 19 15:30:12.690042 n-d-842478-2 devstack@keystone.service[81266]: DEBUG keystone.common.rbac_enforcer.enforcer [None req-9480215a-c3e1-4443-8a92-c92d76c930ae None admin] RBAC: Authorization granted {{(pid=81266) enforce_call /opt/stack/keystone/keystone/common/rbac_enforcer/enforcer.py:457}}
May 19 15:30:12.692475 n-d-842478-2 devstack@keystone.service[81265]: DEBUG keystone.server.flask.request_processing.req_logging [None req-2b246437-4a5a-4902-98d3-6ddfb4d52de8 None None] REQUEST_METHOD: `POST` {{(pid=81265) log_request_info /opt/stack/keystone/keystone/server/flask/request_processing/req_logging.py:27}}
May 19 15:30:12.692763 n-d-842478-2 devstack@keystone.service[81265]: DEBUG keystone.server.flask.request_processing.req_logging [None req-2b246437-4a5a-4902-98d3-6ddfb4d52de8 None None] SCRIPT_NAME: `/identity` {{(pid=81265) log_request_info /opt/stack/keystone/keystone/server/flask/request_processing/req_logging.py:28}}
May 19 15:30:12.693037 n-d-842478-2 devstack@keystone.service[81265]: DEBUG keystone.server.flask.request_processing.req_logging [None req-2b246437-4a5a-4902-98d3-6ddfb4d52de8 None None] PATH_INFO: `/v3/auth/tokens` {{(pid=81265) log_request_info /opt/stack/keystone/keystone/server/flask/request_processing/req_logging.py:29}}
May 19 15:30:12.700170 n-d-842478-2 devstack@keystone.service[81266]: [pid: 81266|app: 0|req: 78/162] 10.222.0.69 () {56 vars in 1111 bytes} [Thu May 19 15:30:12 2022] GET /identity/v3/roles?name=anotherrole => generated 334 bytes in 213 msecs (HTTP/1.1 200) 5 headers in 177 bytes (1 switches on core 0)
May 19 15:30:12.705488 n-d-842478-2 devstack@keystone.service[81266]: DEBUG keystone.server.flask.request_processing.middleware.auth_context [None req-9480215a-c3e1-4443-8a92-c92d76c930ae None admin] Authenticating user token {{(pid=81266) process_request /usr/local/lib/python3.8/dist-packages/keystonemiddleware/auth_token/__init__.py:407}}
May 19 15:30:12.722802 n-d-842478-2 devstack@keystone.service[81265]: DEBUG keystone.auth.core [None req-2b246437-4a5a-4902-98d3-6ddfb4d52de8 None None] MFA Rules not processed for user `4b01cace1c7646a5bdcde74bcdf3c27c`. Rule list: `[]` (Enabled: `True`). {{(pid=81265) check_auth_methods_against_rules /opt/stack/keystone/keystone/auth/core.py:438}}
May 19 15:30:12.724076 n-d-842478-2 devstack@keystone.service[81265]: DEBUG keystone.common.fernet_utils [None req-2b246437-4a5a-4902-98d3-6ddfb4d52de8 None None] Loaded 2 Fernet keys from /etc/keystone/fernet-keys/, but `[fernet_tokens] max_active_keys = 3`; perhaps there have not been enough key rotations to reach `max_active_keys` yet? {{(pid=81265) load_keys /opt/stack/keystone/keystone/common/fernet_utils.py:286}}
May 19 15:30:12.837253 n-d-842478-2 devstack@keystone.service[81265]: [pid: 81265|app: 0|req: 85/163] 10.222.0.69 () {58 vars in 1023 bytes} [Thu May 19 15:30:12 2022] POST /identity/v3/auth/tokens => generated 799 bytes in 145 msecs (HTTP/1.1 201) 6 headers in 363 bytes (1 switches on core 0)
May 19 15:30:12.872949 n-d-842478-2 devstack@keystone.service[81265]: DEBUG keystone.server.flask.request_processing.middleware.auth_context [None req-2b246437-4a5a-4902-98d3-6ddfb4d52de8 None None] Authenticating user token {{(pid=81265) process_request /usr/local/lib/python3.8/dist-packages/keystonemiddleware/auth_token/__init__.py:407}}
May 19 15:30:12.923870 n-d-842478-2 devstack@keystone.service[81266]: DEBUG dbcounter [-] [81266] Writing DB stats keystone:SELECT=100 {{(pid=81266) stat_writer /usr/local/lib/python3.8/dist-packages/dbcounter.py:114}}
May 19 15:30:12.943391 n-d-842478-2 devstack@keystone.service[81266]: DEBUG keystone.server.flask.request_processing.middleware.auth_context [None req-9480215a-c3e1-4443-8a92-c92d76c930ae None admin] Validating token access rules against request {{(pid=81266) validate_allowed_request /usr/local/lib/python3.8/dist-packages/keystonemiddleware/auth_token/__init__.py:545}}
May 19 15:30:13.011555 n-d-842478-2 devstack@keystone.service[81265]: DEBUG dbcounter [-] [81265] Writing DB stats keystone:SELECT=100 {{(pid=81265) stat_writer /usr/local/lib/python3.8/dist-packages/dbcounter.py:114}}
May 19 15:30:13.012614 n-d-842478-2 devstack@keystone.service[81266]: DEBUG keystone.server.flask.request_processing.middleware.auth_context [None req-090f9317-0466-4427-97c0-c490da288faf None admin] RBAC: auth_context: {'token': , 'domain_id': None, 'trust_id': None, 'trustor_id': None, 'trustee_id': None, 'domain_name': None, 'group_ids': [], 'user_id': '4b01cace1c7646a5bdcde74bcdf3c27c', 'user_domain_id': 'default', 'system_scope': 'all', 'project_id': None, 'project_domain_id': None, 'roles': ['admin', 'member', 'reader'], 'is_admin_project': True, 'service_user_id': None, 'service_user_domain_id': None, 'service_project_id': None, 'service_project_domain_id': None, 'service_roles': []} {{(pid=81266) fill_context /opt/stack/keystone/keystone/server/flask/request_processing/middleware/auth_context.py:478}}
May 19 15:30:13.013554 n-d-842478-2 devstack@keystone.service[81266]: DEBUG keystone.server.flask.request_processing.req_logging [None req-090f9317-0466-4427-97c0-c490da288faf None admin] REQUEST_METHOD: `GET` {{(pid=81266) log_request_info /opt/stack/keystone/keystone/server/flask/request_processing/req_logging.py:27}}
May 19 15:30:13.013854 n-d-842478-2 devstack@keystone.service[81266]: DEBUG keystone.server.flask.request_processing.req_logging [None req-090f9317-0466-4427-97c0-c490da288faf None admin] SCRIPT_NAME: `/identity` {{(pid=81266) log_request_info /opt/stack/keystone/keystone/server/flask/request_processing/req_logging.py:28}}
May 19 15:30:13.014127 n-d-842478-2 devstack@keystone.service[81266]: DEBUG keystone.server.flask.request_processing.req_logging [None req-090f9317-0466-4427-97c0-c490da288faf None admin] PATH_INFO: `/v3/users/993f1f0a898a44b68e51e24a8a9de104` {{(pid=81266) log_request_info /opt/stack/keystone/keystone/server/flask/request_processing/req_logging.py:29}}
May 19 15:30:13.020156 n-d-842478-2 devstack@keystone.service[81266]: DEBUG keystone.common.rbac_enforcer.enforcer [None req-090f9317-0466-4427-97c0-c490da288faf None admin] RBAC: Authorizing `identity:get_user(user_id=993f1f0a898a44b68e51e24a8a9de104)` {{(pid=81266) enforce_call /opt/stack/keystone/keystone/common/rbac_enforcer/enforcer.py:449}}
May 19 15:30:13.021856 n-d-842478-2 devstack@keystone.service[81266]: DEBUG keystone.common.rbac_enforcer.enforcer [None req-090f9317-0466-4427-97c0-c490da288faf None admin] RBAC: Authorization granted {{(pid=81266) enforce_call /opt/stack/keystone/keystone/common/rbac_enforcer/enforcer.py:457}}
May 19 15:30:13.026478 n-d-842478-2 devstack@keystone.service[81266]: [pid: 81266|app: 0|req: 79/164] 10.222.0.69 () {56 vars in 1177 bytes} [Thu May 19 15:30:12 2022] GET /identity/v3/users/993f1f0a898a44b68e51e24a8a9de104 => generated 275 bytes in 321 msecs (HTTP/1.1 200) 5 headers in 177 bytes (2 switches on core 0)
May 19 15:30:13.042908 n-d-842478-2 devstack@keystone.service[81266]: DEBUG keystone.server.flask.request_processing.middleware.auth_context [None req-090f9317-0466-4427-97c0-c490da288faf None admin] Authenticating user token {{(pid=81266) process_request /usr/local/lib/python3.8/dist-packages/keystonemiddleware/auth_token/__init__.py:407}}
May 19 15:30:13.060949 n-d-842478-2 devstack@keystone.service[81265]: DEBUG keystone.server.flask.request_processing.middleware.auth_context [None req-2b246437-4a5a-4902-98d3-6ddfb4d52de8 None None] Validating token access rules against request {{(pid=81265) validate_allowed_request /usr/local/lib/python3.8/dist-packages/keystonemiddleware/auth_token/__init__.py:545}}
May 19 15:30:13.103429 n-d-842478-2 devstack@keystone.service[81265]: DEBUG keystone.server.flask.request_processing.middleware.auth_context [None req-86cec42d-b721-4227-89d7-51b0a03fea04 None admin] RBAC: auth_context: {'token': , 'domain_id': None, 'trust_id': None, 'trustor_id': None, 'trustee_id': None, 'domain_name': None, 'group_ids': [], 'user_id': '4b01cace1c7646a5bdcde74bcdf3c27c', 'user_domain_id': 'default', 'system_scope': 'all', 'project_id': None, 'project_domain_id': None, 'roles': ['admin', 'member', 'reader'], 'is_admin_project': True, 'service_user_id': None, 'service_user_domain_id': None, 'service_project_id': None, 'service_project_domain_id': None, 'service_roles': []} {{(pid=81265) fill_context /opt/stack/keystone/keystone/server/flask/request_processing/middleware/auth_context.py:478}}
May 19 15:30:13.104790 n-d-842478-2 devstack@keystone.service[81265]: DEBUG keystone.server.flask.request_processing.req_logging [None req-86cec42d-b721-4227-89d7-51b0a03fea04 None admin] REQUEST_METHOD: `GET` {{(pid=81265) log_request_info /opt/stack/keystone/keystone/server/flask/request_processing/req_logging.py:27}}
May 19 15:30:13.104790 n-d-842478-2 devstack@keystone.service[81265]: DEBUG keystone.server.flask.request_processing.req_logging [None req-86cec42d-b721-4227-89d7-51b0a03fea04 None admin] SCRIPT_NAME: `/identity` {{(pid=81265) log_request_info /opt/stack/keystone/keystone/server/flask/request_processing/req_logging.py:28}}
May 19 15:30:13.104790 n-d-842478-2 devstack@keystone.service[81265]: DEBUG keystone.server.flask.request_processing.req_logging [None req-86cec42d-b721-4227-89d7-51b0a03fea04 None admin] PATH_INFO: `/v3/roles/reader` {{(pid=81265) log_request_info /opt/stack/keystone/keystone/server/flask/request_processing/req_logging.py:29}}
May 19 15:30:13.133548 n-d-842478-2 devstack@keystone.service[81265]: DEBUG keystone.common.rbac_enforcer.enforcer [None req-86cec42d-b721-4227-89d7-51b0a03fea04 None admin] Extracting inferred target data resulted in "NOT FOUND (404)". {{(pid=81265) enforce_call /opt/stack/keystone/keystone/common/rbac_enforcer/enforcer.py:409}}
May 19 15:30:13.148829 n-d-842478-2 devstack@keystone.service[81265]: ERROR keystone.server.flask.application [None req-86cec42d-b721-4227-89d7-51b0a03fea04 None admin] Could not find role: reader.: keystone.exception.RoleNotFound: Could not find role: reader.
May 19 15:30:13.148829 n-d-842478-2 devstack@keystone.service[81265]: ERROR keystone.server.flask.application
Traceback (most recent call last):
May 19 15:30:13.148829 n-d-842478-2 devstack@keystone.service[81265]: ERROR keystone.server.flask.application
File "/usr/local/lib/python3.8/dist-packages/flask/app.py", line 1523, in full_dispatch_request
May 19 15:30:13.148829 n-d-842478-2 devstack@keystone.service[81265]: ERROR keystone.server.flask.application rv = self.dispatch_request()
May 19 15:30:13.148829 n-d-842478-2 devstack@keystone.service[81265]: ERROR keystone.server.flask.application
File "/usr/local/lib/python3.8/dist-packages/flask/app.py", line 1509, in dispatch_request
May 19 15:30:13.148829 n-d-842478-2 devstack@keystone.service[81265]: ERROR keystone.server.flask.application return self.ensure_sync(self.view_functions[rule.endpoint])(**req.view_args)
May 19 15:30:13.148829 n-d-842478-2 devstack@keystone.service[81265]: ERROR keystone.server.flask.application
File "/usr/local/lib/python3.8/dist-packages/flask_restful/__init__.py", line 467, in wrapper
May 19 15:30:13.148829 n-d-842478-2 devstack@keystone.service[81265]: ERROR keystone.server.flask.application resp = resource(*args, **kwargs)
May 19 15:30:13.148829 n-d-842478-2 devstack@keystone.service[81265]: ERROR keystone.server.flask.application
File "/usr/local/lib/python3.8/dist-packages/flask/views.py", line 84, in view
May 19 15:30:13.148829 n-d-842478-2 devstack@keystone.service[81265]: ERROR keystone.server.flask.application return current_app.ensure_sync(self.dispatch_request)(*args, **kwargs)
May 19 15:30:13.148829 n-d-842478-2 devstack@keystone.service[81265]: ERROR keystone.server.flask.application
File "/usr/local/lib/python3.8/dist-packages/flask_restful/__init__.py", line 582, in dispatch_request
May 19 15:30:13.148829 n-d-842478-2 devstack@keystone.service[81265]: ERROR keystone.server.flask.application resp = meth(*args, **kwargs)
May 19 15:30:13.148829 n-d-842478-2 devstack@keystone.service[81265]: ERROR keystone.server.flask.application
File "/opt/stack/keystone/keystone/api/roles.py", line 50, in get
May 19 15:30:13.148829 n-d-842478-2 devstack@keystone.service[81265]: ERROR keystone.server.flask.application return self._get_role(role_id)
May 19 15:30:13.148829 n-d-842478-2 devstack@keystone.service[81265]: ERROR keystone.server.flask.application
File "/opt/stack/keystone/keystone/api/roles.py", line 70, in _get_role
May 19 15:30:13.148829 n-d-842478-2 devstack@keystone.service[81265]: ERROR keystone.server.flask.application ENFORCER.enforce_call(action='identity:get_role')
May 19 15:30:13.150539 n-d-842478-2 devstack@keystone.service[81265]: ERROR keystone.server.flask.application
File "/opt/stack/keystone/keystone/common/rbac_enforcer/enforcer.py", line 402, in enforce_call
May 19 15:30:13.150539 n-d-842478-2 devstack@keystone.service[81265]: ERROR keystone.server.flask.application policy_dict.update(cls._extract_member_target_data(
May 19 15:30:13.150539 n-d-842478-2 devstack@keystone.service[81265]: ERROR keystone.server.flask.application
File "/opt/stack/keystone/keystone/common/rbac_enforcer/enforcer.py", line 234, in _extract_member_target_data
May 19 15:30:13.150539 n-d-842478-2 devstack@keystone.service[81265]: ERROR keystone.server.flask.application member_name: func(flask.request.view_args[key])
May 19 15:30:13.150539 n-d-842478-2 devstack@keystone.service[81265]: ERROR keystone.server.flask.application
File "/opt/stack/keystone/keystone/common/manager.py", line 115, in wrapped
May 19 15:30:13.150539 n-d-842478-2 devstack@keystone.service[81265]: ERROR keystone.server.flask.application __ret_val = __f(*args, **kwargs)
May 19 15:30:13.150539 n-d-842478-2 devstack@keystone.service[81265]: ERROR keystone.server.flask.application
File "/usr/local/lib/python3.8/dist-packages/decorator.py", line 232, in fun
May 19 15:30:13.150539 n-d-842478-2 devstack@keystone.service[81265]: ERROR keystone.server.flask.application return caller(func, *(extras + args), **kw)
May 19 15:30:13.150539 n-d-842478-2 devstack@keystone.service[81265]: ERROR keystone.server.flask.application
File "/usr/local/lib/python3.8/dist-packages/dogpile/cache/region.py", line 1577, in get_or_create_for_user_func
May 19 15:30:13.150539 n-d-842478-2 devstack@keystone.service[81265]: ERROR keystone.server.flask.application return self.get_or_create(
May 19 15:30:13.150539 n-d-842478-2 devstack@keystone.service[81265]: ERROR keystone.server.flask.application
File "/usr/local/lib/python3.8/dist-packages/dogpile/cache/region.py", line 1042, in get_or_create
May 19 15:30:13.150539 n-d-842478-2 devstack@keystone.service[81265]: ERROR keystone.server.flask.application with Lock(
May 19 15:30:13.150539 n-d-842478-2 devstack@keystone.service[81265]: ERROR keystone.server.flask.application
File "/usr/local/lib/python3.8/dist-packages/dogpile/lock.py", line 185, in __enter__
May 19 15:30:13.150539 n-d-842478-2 devstack@keystone.service[81265]: ERROR keystone.server.flask.application return self._enter()
May 19 15:30:13.150539 n-d-842478-2 devstack@keystone.service[81265]: ERROR keystone.server.flask.application
File "/usr/local/lib/python3.8/dist-packages/dogpile/lock.py", line 94, in _enter
May 19 15:30:13.150539 n-d-842478-2 devstack@keystone.service[81265]: ERROR keystone.server.flask.application generated = self._enter_create(value, createdtime)
May 19 15:30:13.152640 n-d-842478-2 devstack@keystone.service[81265]: ERROR keystone.server.flask.application
File "/usr/local/lib/python3.8/dist-packages/dogpile/lock.py", line 178, in _enter_create
May 19 15:30:13.152640 n-d-842478-2 devstack@keystone.service[81265]: ERROR keystone.server.flask.application return self.creator()
May 19 15:30:13.152640 n-d-842478-2 devstack@keystone.service[81265]: ERROR keystone.server.flask.application
File "/usr/local/lib/python3.8/dist-packages/dogpile/cache/region.py", line 995, in gen_value
May 19 15:30:13.152640 n-d-842478-2 devstack@keystone.service[81265]: ERROR keystone.server.flask.application created_value = creator(
May 19 15:30:13.152640 n-d-842478-2 devstack@keystone.service[81265]: ERROR keystone.server.flask.application
File "/opt/stack/keystone/keystone/assignment/core.py", line 1276, in get_role
May 19 15:30:13.152640 n-d-842478-2 devstack@keystone.service[81265]: ERROR keystone.server.flask.application return self.driver.get_role(role_id)
May 19 15:30:13.152640 n-d-842478-2 devstack@keystone.service[81265]: ERROR keystone.server.flask.application
File "/opt/stack/keystone/keystone/assignment/role_backends/sql.py", line 70, in get_role
May 19 15:30:13.152640 n-d-842478-2 devstack@keystone.service[81265]: ERROR keystone.server.flask.application return self._get_role(session, role_id).to_dict()
May 19 15:30:13.152640 n-d-842478-2 devstack@keystone.service[81265]: ERROR keystone.server.flask.application
File "/opt/stack/keystone/keystone/assignment/role_backends/sql.py", line 65, in _get_role
May 19 15:30:13.152640 n-d-842478-2 devstack@keystone.service[81265]: ERROR keystone.server.flask.application raise exception.RoleNotFound(role_id=role_id)
May 19 15:30:13.152640 n-d-842478-2 devstack@keystone.service[81265]: ERROR keystone.server.flask.application keystone.exception.RoleNotFound: Could not find role: reader.
May 19 15:30:13.152640 n-d-842478-2 devstack@keystone.service[81265]: ERROR keystone.server.flask.application
May 19 15:30:13.152640 n-d-842478-2 devstack@keystone.service[81265]: [pid: 81265|app: 0|req: 86/165] 10.222.0.69 () {56 vars in 1099 bytes} [Thu May 19 15:30:12 2022] GET /identity/v3/roles/reader => generated 84 bytes in 278 msecs (HTTP/1.1 404) 5 headers in 183 bytes (2 switches on core 0)
May 19 15:30:13.164817 n-d-842478-2 devstack@keystone.service[81265]: DEBUG keystone.server.flask.request_processing.middleware.auth_context [None req-86cec42d-b721-4227-89d7-51b0a03fea04 None admin] Authenticating user token {{(pid=81265) process_request /usr/local/lib/python3.8/dist-packages/keystonemiddleware/auth_token/__init__.py:407}}
May 19 15:30:13.235542 n-d-842478-2 devstack@keystone.service[81266]: DEBUG keystone.server.flask.request_processing.middleware.auth_context [None req-090f9317-0466-4427-97c0-c490da288faf None admin] Validating token access rules against request {{(pid=81266) validate_allowed_request /usr/local/lib/python3.8/dist-packages/keystonemiddleware/auth_token/__init__.py:545}}
May 19 15:30:13.317521 n-d-842478-2 devstack@keystone.service[81266]: DEBUG keystone.server.flask.request_processing.middleware.auth_context [None req-93c8046e-1fd7-4f23-a173-bc069ec9e2f9 None admin] RBAC: auth_context: {'token': , 'domain_id': None, 'trust_id': None, 'trustor_id': None, 'trustee_id': None, 'domain_name': None, 'group_ids': [], 'user_id': '4b01cace1c7646a5bdcde74bcdf3c27c', 'user_domain_id': 'default', 'system_scope': 'all', 'project_id': None, 'project_domain_id': None, 'roles': ['admin', 'member', 'reader'], 'is_admin_project': True, 'service_user_id': None, 'service_user_domain_id': None, 'service_project_id': None, 'service_project_domain_id': None, 'service_roles': []} {{(pid=81266) fill_context /opt/stack/keystone/keystone/server/flask/request_processing/middleware/auth_context.py:478}}
May 19 15:30:13.318666 n-d-842478-2 devstack@keystone.service[81266]: DEBUG keystone.server.flask.request_processing.req_logging [None req-93c8046e-1fd7-4f23-a173-bc069ec9e2f9 None admin] REQUEST_METHOD: `GET` {{(pid=81266) log_request_info /opt/stack/keystone/keystone/server/flask/request_processing/req_logging.py:27}}
May 19 15:30:13.319184 n-d-842478-2 devstack@keystone.service[81266]: DEBUG keystone.server.flask.request_processing.req_logging [None req-93c8046e-1fd7-4f23-a173-bc069ec9e2f9 None admin] SCRIPT_NAME: `/identity` {{(pid=81266) log_request_info /opt/stack/keystone/keystone/server/flask/request_processing/req_logging.py:28}}
May 19 15:30:13.319678 n-d-842478-2 devstack@keystone.service[81266]: DEBUG keystone.server.flask.request_processing.req_logging [None req-93c8046e-1fd7-4f23-a173-bc069ec9e2f9 None admin] PATH_INFO: `/v3/auth/tokens` {{(pid=81266) log_request_info /opt/stack/keystone/keystone/server/flask/request_processing/req_logging.py:29}}
May 19 15:30:13.340129 n-d-842478-2 devstack@keystone.service[81265]: DEBUG keystone.server.flask.request_processing.middleware.auth_context [None req-86cec42d-b721-4227-89d7-51b0a03fea04 None admin] Validating token access rules against request {{(pid=81265) validate_allowed_request /usr/local/lib/python3.8/dist-packages/keystonemiddleware/auth_token/__init__.py:545}}
May 19 15:30:13.369847 n-d-842478-2 devstack@keystone.service[81266]: DEBUG dbcounter [-] [81266] Writing DB stats keystone:SELECT=100 {{(pid=81266) stat_writer /usr/local/lib/python3.8/dist-packages/dbcounter.py:114}}
May 19 15:30:13.376424 n-d-842478-2 devstack@keystone.service[81265]: DEBUG dbcounter [-] [81265] Writing DB stats keystone:SELECT=100 {{(pid=81265) stat_writer /usr/local/lib/python3.8/dist-packages/dbcounter.py:114}}
May 19 15:30:13.388609 n-d-842478-2 devstack@keystone.service[81265]: DEBUG keystone.server.flask.request_processing.middleware.auth_context [None req-2a237b50-faaf-41bf-ad6c-c478e7014f6c None admin] RBAC: auth_context: {'token': , 'domain_id': None, 'trust_id': None, 'trustor_id': None, 'trustee_id': None, 'domain_name': None, 'group_ids': [], 'user_id': '4b01cace1c7646a5bdcde74bcdf3c27c', 'user_domain_id': 'default', 'system_scope': 'all', 'project_id': None, 'project_domain_id': None, 'roles': ['admin', 'member', 'reader'], 'is_admin_project': True, 'service_user_id': None, 'service_user_domain_id': None, 'service_project_id': None, 'service_project_domain_id': None, 'service_roles': []} {{(pid=81265) fill_context /opt/stack/keystone/keystone/server/flask/request_processing/middleware/auth_context.py:478}}
May 19 15:30:13.389519 n-d-842478-2 devstack@keystone.service[81265]: DEBUG keystone.server.flask.request_processing.req_logging [None req-2a237b50-faaf-41bf-ad6c-c478e7014f6c None admin] REQUEST_METHOD: `GET` {{(pid=81265) log_request_info /opt/stack/keystone/keystone/server/flask/request_processing/req_logging.py:27}}
May 19 15:30:13.389809 n-d-842478-2 devstack@keystone.service[81265]: DEBUG keystone.server.flask.request_processing.req_logging [None req-2a237b50-faaf-41bf-ad6c-c478e7014f6c None admin] SCRIPT_NAME: `/identity` {{(pid=81265) log_request_info /opt/stack/keystone/keystone/server/flask/request_processing/req_logging.py:28}}
May 19 15:30:13.390627 n-d-842478-2 devstack@keystone.service[81265]: DEBUG keystone.server.flask.request_processing.req_logging [None req-2a237b50-faaf-41bf-ad6c-c478e7014f6c None admin] PATH_INFO: `/v3/roles` {{(pid=81265) log_request_info /opt/stack/keystone/keystone/server/flask/request_processing/req_logging.py:29}}
May 19 15:30:13.390989 n-d-842478-2 devstack@keystone.service[81265]: DEBUG keystone.common.rbac_enforcer.enforcer [None req-2a237b50-faaf-41bf-ad6c-c478e7014f6c None admin] RBAC: Adding query filter params (name=reader) {{(pid=81265) _extract_filter_values /opt/stack/keystone/keystone/common/rbac_enforcer/enforcer.py:167}}
May 19 15:30:13.391332 n-d-842478-2 devstack@keystone.service[81265]: DEBUG keystone.common.rbac_enforcer.enforcer [None req-2a237b50-faaf-41bf-ad6c-c478e7014f6c None admin] RBAC: Authorizing `identity:list_roles()` {{(pid=81265) enforce_call /opt/stack/keystone/keystone/common/rbac_enforcer/enforcer.py:449}}
May 19 15:30:13.392818 n-d-842478-2 devstack@keystone.service[81265]: DEBUG keystone.common.rbac_enforcer.enforcer [None req-2a237b50-faaf-41bf-ad6c-c478e7014f6c None admin] RBAC: Authorization granted {{(pid=81265) enforce_call /opt/stack/keystone/keystone/common/rbac_enforcer/enforcer.py:457}}
May 19 15:30:13.406570 n-d-842478-2 devstack@keystone.service[81265]: [pid: 81265|app: 0|req: 87/166] 10.222.0.69 () {56 vars in 1101 bytes} [Thu May 19 15:30:13 2022] GET /identity/v3/roles?name=reader => generated 341 bytes in 243 msecs (HTTP/1.1 200) 5 headers in 177 bytes (1 switches on core 0)
May 19 15:30:13.408838 n-d-842478-2 devstack@keystone.service[81265]: DEBUG keystone.server.flask.request_processing.req_logging [None req-8a3bf3df-973e-4534-81df-b4b498e0b4a7 None None] REQUEST_METHOD: `GET` {{(pid=81265) log_request_info /opt/stack/keystone/keystone/server/flask/request_processing/req_logging.py:27}}
May 19 15:30:13.409580 n-d-842478-2 devstack@keystone.service[81265]: DEBUG keystone.server.flask.request_processing.req_logging [None req-8a3bf3df-973e-4534-81df-b4b498e0b4a7 None None] SCRIPT_NAME: `/identity` {{(pid=81265) log_request_info /opt/stack/keystone/keystone/server/flask/request_processing/req_logging.py:28}}
May 19 15:30:13.410627 n-d-842478-2 devstack@keystone.service[81265]: DEBUG keystone.server.flask.request_processing.req_logging [None req-8a3bf3df-973e-4534-81df-b4b498e0b4a7 None None] PATH_INFO: `/` {{(pid=81265) log_request_info /opt/stack/keystone/keystone/server/flask/request_processing/req_logging.py:29}}
May 19 15:30:13.412682 n-d-842478-2 devstack@keystone.service[81265]: [pid: 81265|app: 0|req: 88/167] 10.222.0.69 () {54 vars in 926 bytes} [Thu May 19 15:30:13 2022] GET /identity => generated 270 bytes in 5 msecs (HTTP/1.1 300) 6 headers in 234 bytes (1 switches on core 0)
May 19 15:30:13.418059 n-d-842478-2 devstack@keystone.service[81265]: DEBUG keystone.server.flask.request_processing.middleware.auth_context [None req-8a3bf3df-973e-4534-81df-b4b498e0b4a7 None None] Authenticating user token {{(pid=81265) process_request /usr/local/lib/python3.8/dist-packages/keystonemiddleware/auth_token/__init__.py:407}}
May 19 15:30:13.457877 n-d-842478-2 devstack@keystone.service[81266]: DEBUG keystone.common.rbac_enforcer.enforcer [None req-93c8046e-1fd7-4f23-a173-bc069ec9e2f9 None admin] RBAC: Authorizing `identity:validate_token()` {{(pid=81266) enforce_call /opt/stack/keystone/keystone/common/rbac_enforcer/enforcer.py:449}}
May 19 15:30:13.459408 n-d-842478-2 devstack@keystone.service[81266]: DEBUG keystone.common.rbac_enforcer.enforcer [None req-93c8046e-1fd7-4f23-a173-bc069ec9e2f9 None admin] RBAC: Authorization granted {{(pid=81266) enforce_call /opt/stack/keystone/keystone/common/rbac_enforcer/enforcer.py:457}}
May 19 15:30:13.534017 n-d-842478-2 devstack@keystone.service[81265]: DEBUG keystone.server.flask.request_processing.middleware.auth_context [None req-8a3bf3df-973e-4534-81df-b4b498e0b4a7 None None] Validating token access rules against request {{(pid=81265) validate_allowed_request /usr/local/lib/python3.8/dist-packages/keystonemiddleware/auth_token/__init__.py:545}}
May 19 15:30:13.572466 n-d-842478-2 devstack@keystone.service[81265]: DEBUG keystone.server.flask.request_processing.middleware.auth_context [None req-6aa8d1de-acd6-4f36-af2c-1ae640765cd5 None admin] RBAC: auth_context: {'token': , 'domain_id': None, 'trust_id': None, 'trustor_id': None, 'trustee_id': None, 'domain_name': None, 'group_ids': [], 'user_id': '4b01cace1c7646a5bdcde74bcdf3c27c', 'user_domain_id': 'default', 'system_scope': 'all', 'project_id': None, 'project_domain_id': None, 'roles': ['admin', 'member', 'reader'], 'is_admin_project': True, 'service_user_id': None, 'service_user_domain_id': None, 'service_project_id': None, 'service_project_domain_id': None, 'service_roles': []} {{(pid=81265) fill_context /opt/stack/keystone/keystone/server/flask/request_processing/middleware/auth_context.py:478}}
May 19 15:30:13.573500 n-d-842478-2 devstack@keystone.service[81265]: DEBUG keystone.server.flask.request_processing.req_logging [None req-6aa8d1de-acd6-4f36-af2c-1ae640765cd5 None admin] REQUEST_METHOD: `GET` {{(pid=81265) log_request_info /opt/stack/keystone/keystone/server/flask/request_processing/req_logging.py:27}}
May 19 15:30:13.578863 n-d-842478-2 devstack@keystone.service[81265]: DEBUG keystone.server.flask.request_processing.req_logging [None req-6aa8d1de-acd6-4f36-af2c-1ae640765cd5 None admin] SCRIPT_NAME: `/identity` {{(pid=81265) log_request_info /opt/stack/keystone/keystone/server/flask/request_processing/req_logging.py:28}}
May 19 15:30:13.578863 n-d-842478-2 devstack@keystone.service[81265]: DEBUG keystone.server.flask.request_processing.req_logging [None req-6aa8d1de-acd6-4f36-af2c-1ae640765cd5 None admin] PATH_INFO: `/v3/users/2670be1751b443d2b9aa5e0711d86954` {{(pid=81265) log_request_info /opt/stack/keystone/keystone/server/flask/request_processing/req_logging.py:29}}
May 19 15:30:13.578863 n-d-842478-2 devstack@keystone.service[81265]: DEBUG keystone.common.rbac_enforcer.enforcer [None req-6aa8d1de-acd6-4f36-af2c-1ae640765cd5 None admin] RBAC: Authorizing `identity:get_user(user_id=2670be1751b443d2b9aa5e0711d86954)` {{(pid=81265) enforce_call /opt/stack/keystone/keystone/common/rbac_enforcer/enforcer.py:449}}
May 19 15:30:13.578863 n-d-842478-2 devstack@keystone.service[81265]: DEBUG keystone.common.rbac_enforcer.enforcer [None req-6aa8d1de-acd6-4f36-af2c-1ae640765cd5 None admin] RBAC: Authorization granted {{(pid=81265) enforce_call /opt/stack/keystone/keystone/common/rbac_enforcer/enforcer.py:457}}
May 19 15:30:13.578863 n-d-842478-2 devstack@keystone.service[81265]: [pid: 81265|app: 0|req: 89/168] 10.222.0.69 () {56 vars in 1177 bytes} [Thu May 19 15:30:13 2022] GET /identity/v3/users/2670be1751b443d2b9aa5e0711d86954 => generated 289 bytes in 161 msecs (HTTP/1.1 200) 5 headers in 177 bytes (1 switches on core 0)
May 19 15:30:13.580695 n-d-842478-2 devstack@keystone.service[81265]: DEBUG keystone.server.flask.request_processing.req_logging [None req-4238cd2e-88d0-4a99-8748-2c4a2da37624 None None] REQUEST_METHOD: `POST` {{(pid=81265) log_request_info /opt/stack/keystone/keystone/server/flask/request_processing/req_logging.py:27}}
May 19 15:30:13.581094 n-d-842478-2 devstack@keystone.service[81265]: DEBUG keystone.server.flask.request_processing.req_logging [None req-4238cd2e-88d0-4a99-8748-2c4a2da37624 None None] SCRIPT_NAME: `/identity` {{(pid=81265) log_request_info /opt/stack/keystone/keystone/server/flask/request_processing/req_logging.py:28}}
May 19 15:30:13.581469 n-d-842478-2 devstack@keystone.service[81265]: DEBUG keystone.server.flask.request_processing.req_logging [None req-4238cd2e-88d0-4a99-8748-2c4a2da37624 None None] PATH_INFO: `/v3/auth/tokens` {{(pid=81265) log_request_info /opt/stack/keystone/keystone/server/flask/request_processing/req_logging.py:29}}
May 19 15:30:13.600064 n-d-842478-2 devstack@keystone.service[81265]: DEBUG keystone.auth.core [None req-4238cd2e-88d0-4a99-8748-2c4a2da37624 None None] MFA Rules not processed for user `4b01cace1c7646a5bdcde74bcdf3c27c`. Rule list: `[]` (Enabled: `True`). {{(pid=81265) check_auth_methods_against_rules /opt/stack/keystone/keystone/auth/core.py:438}}
May 19 15:30:13.601459 n-d-842478-2 devstack@keystone.service[81265]: DEBUG keystone.common.fernet_utils [None req-4238cd2e-88d0-4a99-8748-2c4a2da37624 None None] Loaded 2 Fernet keys from /etc/keystone/fernet-keys/, but `[fernet_tokens] max_active_keys = 3`; perhaps there have not been enough key rotations to reach `max_active_keys` yet? {{(pid=81265) load_keys /opt/stack/keystone/keystone/common/fernet_utils.py:286}}
May 19 15:30:13.660880 n-d-842478-2 devstack@keystone.service[81265]: DEBUG dbcounter [-] [81265] Writing DB stats keystone:SELECT=100 {{(pid=81265) stat_writer /usr/local/lib/python3.8/dist-packages/dbcounter.py:114}}
May 19 15:30:13.682040 n-d-842478-2 devstack@keystone.service[81265]: [pid: 81265|app: 0|req: 90/169] 10.222.0.69 () {58 vars in 1023 bytes} [Thu May 19 15:30:13 2022] POST /identity/v3/auth/tokens => generated 799 bytes in 103 msecs (HTTP/1.1 201) 6 headers in 363 bytes (1 switches on core 0)
May 19 15:30:13.690095 n-d-842478-2 devstack@keystone.service[81265]: DEBUG keystone.server.flask.request_processing.middleware.auth_context [None req-4238cd2e-88d0-4a99-8748-2c4a2da37624 None None] Authenticating user token {{(pid=81265) process_request /usr/local/lib/python3.8/dist-packages/keystonemiddleware/auth_token/__init__.py:407}}
May 19 15:30:13.761793 n-d-842478-2 devstack@keystone.service[81266]: [pid: 81266|app: 0|req: 80/170] 10.222.0.69 () {58 vars in 1282 bytes} [Thu May 19 15:30:13 2022] GET /identity/v3/auth/tokens => generated 799 bytes in 719 msecs (HTTP/1.1 200) 6 headers in 358 bytes (2 switches on core 0)
May 19 15:30:13.762654 n-d-842478-2 devstack@keystone.service[81266]: DEBUG keystone.server.flask.request_processing.middleware.auth_context [None req-93c8046e-1fd7-4f23-a173-bc069ec9e2f9 None admin] Authenticating user token {{(pid=81266) process_request /usr/local/lib/python3.8/dist-packages/keystonemiddleware/auth_token/__init__.py:407}}
May 19 15:30:13.821588 n-d-842478-2 devstack@keystone.service[81265]: DEBUG keystone.server.flask.request_processing.middleware.auth_context [None req-4238cd2e-88d0-4a99-8748-2c4a2da37624 None None] Validating token access rules against request {{(pid=81265) validate_allowed_request /usr/local/lib/python3.8/dist-packages/keystonemiddleware/auth_token/__init__.py:545}}
May 19 15:30:13.858848 n-d-842478-2 devstack@keystone.service[81265]: DEBUG keystone.server.flask.request_processing.middleware.auth_context [None req-21935858-8eb0-4113-9c05-94019f01cad4 None admin] RBAC: auth_context: {'token': , 'domain_id': None, 'trust_id': None, 'trustor_id': None, 'trustee_id': None, 'domain_name': None, 'group_ids': [], 'user_id': '4b01cace1c7646a5bdcde74bcdf3c27c', 'user_domain_id': 'default', 'system_scope': 'all', 'project_id': None, 'project_domain_id': None, 'roles': ['admin', 'member', 'reader'], 'is_admin_project': True, 'service_user_id': None, 'service_user_domain_id': None, 'service_project_id': None, 'service_project_domain_id': None, 'service_roles': []} {{(pid=81265) fill_context /opt/stack/keystone/keystone/server/flask/request_processing/middleware/auth_context.py:478}}
May 19 15:30:13.859740 n-d-842478-2 devstack@keystone.service[81265]: DEBUG keystone.server.flask.request_processing.req_logging [None req-21935858-8eb0-4113-9c05-94019f01cad4 None admin] REQUEST_METHOD: `GET` {{(pid=81265) log_request_info /opt/stack/keystone/keystone/server/flask/request_processing/req_logging.py:27}}
May 19 15:30:13.860172 n-d-842478-2 devstack@keystone.service[81265]: DEBUG keystone.server.flask.request_processing.req_logging [None req-21935858-8eb0-4113-9c05-94019f01cad4 None admin] SCRIPT_NAME: `/identity` {{(pid=81265) log_request_info /opt/stack/keystone/keystone/server/flask/request_processing/req_logging.py:28}}
May 19 15:30:13.860454 n-d-842478-2 devstack@keystone.service[81265]: DEBUG keystone.server.flask.request_processing.req_logging [None req-21935858-8eb0-4113-9c05-94019f01cad4 None admin] PATH_INFO: `/v3/projects/ce71939ca42948f69b352f8acd18ddf6` {{(pid=81265) log_request_info /opt/stack/keystone/keystone/server/flask/request_processing/req_logging.py:29}}
May 19 15:30:13.861644 n-d-842478-2 devstack@keystone.service[81265]: DEBUG keystone.common.rbac_enforcer.enforcer [None req-21935858-8eb0-4113-9c05-94019f01cad4 None admin] RBAC: Authorizing `identity:get_project(project_id=ce71939ca42948f69b352f8acd18ddf6)` {{(pid=81265) enforce_call /opt/stack/keystone/keystone/common/rbac_enforcer/enforcer.py:449}}
May 19 15:30:13.863179 n-d-842478-2 devstack@keystone.service[81265]: DEBUG keystone.common.rbac_enforcer.enforcer [None req-21935858-8eb0-4113-9c05-94019f01cad4 None admin] RBAC: Authorization granted {{(pid=81265) enforce_call /opt/stack/keystone/keystone/common/rbac_enforcer/enforcer.py:457}}
May 19 15:30:13.865112 n-d-842478-2 devstack@keystone.service[81265]: [pid: 81265|app: 0|req: 91/171] 10.222.0.69 () {56 vars in 1186 bytes} [Thu May 19 15:30:13 2022] GET /identity/v3/projects/ce71939ca42948f69b352f8acd18ddf6 => generated 298 bytes in 183 msecs (HTTP/1.1 200) 5 headers in 177 bytes (1 switches on core 0)
May 19 15:30:13.865874 n-d-842478-2 devstack@keystone.service[81265]: DEBUG keystone.server.flask.request_processing.middleware.auth_context [None req-21935858-8eb0-4113-9c05-94019f01cad4 None admin] Authenticating user token {{(pid=81265) process_request /usr/local/lib/python3.8/dist-packages/keystonemiddleware/auth_token/__init__.py:407}}
May 19 15:30:13.931110 n-d-842478-2 devstack@keystone.service[81265]: DEBUG dbcounter [-] [81265] Writing DB stats keystone:SELECT=100 {{(pid=81265) stat_writer /usr/local/lib/python3.8/dist-packages/dbcounter.py:114}}
May 19 15:30:13.975344 n-d-842478-2 devstack@keystone.service[81265]: DEBUG keystone.server.flask.request_processing.middleware.auth_context [None req-21935858-8eb0-4113-9c05-94019f01cad4 None admin] Validating token access rules against request {{(pid=81265) validate_allowed_request /usr/local/lib/python3.8/dist-packages/keystonemiddleware/auth_token/__init__.py:545}}
May 19 15:30:13.977969 n-d-842478-2 devstack@keystone.service[81266]: DEBUG dbcounter [-] [81266] Writing DB stats keystone:SELECT=100 {{(pid=81266) stat_writer /usr/local/lib/python3.8/dist-packages/dbcounter.py:114}}
May 19 15:30:14.014314 n-d-842478-2 devstack@keystone.service[81265]: DEBUG keystone.server.flask.request_processing.middleware.auth_context [None req-0c650483-9632-4eb6-843b-86d23e762544 None admin] RBAC: auth_context: {'token': , 'domain_id': None, 'trust_id': None, 'trustor_id': None, 'trustee_id': None, 'domain_name': None, 'group_ids': [], 'user_id': '4b01cace1c7646a5bdcde74bcdf3c27c', 'user_domain_id': 'default', 'system_scope': 'all', 'project_id': None, 'project_domain_id': None, 'roles': ['admin', 'member', 'reader'], 'is_admin_project': True, 'service_user_id': None, 'service_user_domain_id': None, 'service_project_id': None, 'service_project_domain_id': None, 'service_roles': []} {{(pid=81265) fill_context /opt/stack/keystone/keystone/server/flask/request_processing/middleware/auth_context.py:478}}
May 19 15:30:14.015298 n-d-842478-2 devstack@keystone.service[81265]: DEBUG keystone.server.flask.request_processing.req_logging [None req-0c650483-9632-4eb6-843b-86d23e762544 None admin] REQUEST_METHOD: `GET` {{(pid=81265) log_request_info /opt/stack/keystone/keystone/server/flask/request_processing/req_logging.py:27}}
May 19 15:30:14.015552 n-d-842478-2 devstack@keystone.service[81265]: DEBUG keystone.server.flask.request_processing.req_logging [None req-0c650483-9632-4eb6-843b-86d23e762544 None admin] SCRIPT_NAME: `/identity` {{(pid=81265) log_request_info /opt/stack/keystone/keystone/server/flask/request_processing/req_logging.py:28}}
May 19 15:30:14.015786 n-d-842478-2 devstack@keystone.service[81265]: DEBUG keystone.server.flask.request_processing.req_logging [None req-0c650483-9632-4eb6-843b-86d23e762544 None admin] PATH_INFO: `/v3/projects/ce71939ca42948f69b352f8acd18ddf6` {{(pid=81265) log_request_info /opt/stack/keystone/keystone/server/flask/request_processing/req_logging.py:29}}
May 19 15:30:14.016980 n-d-842478-2 devstack@keystone.service[81265]: DEBUG keystone.common.rbac_enforcer.enforcer [None req-0c650483-9632-4eb6-843b-86d23e762544 None admin] RBAC: Authorizing `identity:get_project(project_id=ce71939ca42948f69b352f8acd18ddf6)` {{(pid=81265) enforce_call /opt/stack/keystone/keystone/common/rbac_enforcer/enforcer.py:449}}
May 19 15:30:14.018438 n-d-842478-2 devstack@keystone.service[81265]: DEBUG keystone.common.rbac_enforcer.enforcer [None req-0c650483-9632-4eb6-843b-86d23e762544 None admin] RBAC: Authorization granted {{(pid=81265) enforce_call /opt/stack/keystone/keystone/common/rbac_enforcer/enforcer.py:457}}
May 19 15:30:14.020977 n-d-842478-2 devstack@keystone.service[81265]: [pid: 81265|app: 0|req: 92/172] 10.222.0.69 () {56 vars in 1186 bytes} [Thu May 19 15:30:13 2022] GET /identity/v3/projects/ce71939ca42948f69b352f8acd18ddf6 => generated 298 bytes in 155 msecs (HTTP/1.1 200) 5 headers in 177 bytes (1 switches on core 0)
May 19 15:30:14.021738 n-d-842478-2 devstack@keystone.service[81265]: DEBUG keystone.server.flask.request_processing.middleware.auth_context [None req-0c650483-9632-4eb6-843b-86d23e762544 None admin] Authenticating user token {{(pid=81265) process_request /usr/local/lib/python3.8/dist-packages/keystonemiddleware/auth_token/__init__.py:407}}
May 19 15:30:14.137238 n-d-842478-2 devstack@keystone.service[81265]: DEBUG keystone.server.flask.request_processing.middleware.auth_context [None req-0c650483-9632-4eb6-843b-86d23e762544 None admin] Validating token access rules against request {{(pid=81265) validate_allowed_request /usr/local/lib/python3.8/dist-packages/keystonemiddleware/auth_token/__init__.py:545}}
May 19 15:30:14.167794 n-d-842478-2 devstack@keystone.service[81265]: DEBUG dbcounter [-] [81265] Writing DB stats keystone:SELECT=100 {{(pid=81265) stat_writer /usr/local/lib/python3.8/dist-packages/dbcounter.py:114}}
May 19 15:30:14.169193 n-d-842478-2 devstack@keystone.service[81266]: DEBUG keystone.server.flask.request_processing.middleware.auth_context [None req-93c8046e-1fd7-4f23-a173-bc069ec9e2f9 None admin] Validating token access rules against request {{(pid=81266) validate_allowed_request /usr/local/lib/python3.8/dist-packages/keystonemiddleware/auth_token/__init__.py:545}}
May 19 15:30:14.178960 n-d-842478-2 devstack@keystone.service[81265]: DEBUG keystone.server.flask.request_processing.middleware.auth_context [None req-8405f49d-29f7-4aac-a129-a82acc6186dd None admin] RBAC: auth_context: {'token': , 'domain_id': None, 'trust_id': None, 'trustor_id': None, 'trustee_id': None, 'domain_name': None, 'group_ids': [], 'user_id': '4b01cace1c7646a5bdcde74bcdf3c27c', 'user_domain_id': 'default', 'system_scope': 'all', 'project_id': None, 'project_domain_id': None, 'roles': ['admin', 'member', 'reader'], 'is_admin_project': True, 'service_user_id': None, 'service_user_domain_id': None, 'service_project_id': None, 'service_project_domain_id': None, 'service_roles': []} {{(pid=81265) fill_context /opt/stack/keystone/keystone/server/flask/request_processing/middleware/auth_context.py:478}}
May 19 15:30:14.179962 n-d-842478-2 devstack@keystone.service[81265]: DEBUG keystone.server.flask.request_processing.req_logging [None req-8405f49d-29f7-4aac-a129-a82acc6186dd None admin] REQUEST_METHOD: `PUT` {{(pid=81265) log_request_info /opt/stack/keystone/keystone/server/flask/request_processing/req_logging.py:27}}
May 19 15:30:14.180242 n-d-842478-2 devstack@keystone.service[81265]: DEBUG keystone.server.flask.request_processing.req_logging [None req-8405f49d-29f7-4aac-a129-a82acc6186dd None admin] SCRIPT_NAME: `/identity` {{(pid=81265) log_request_info /opt/stack/keystone/keystone/server/flask/request_processing/req_logging.py:28}}
May 19 15:30:14.180660 n-d-842478-2 devstack@keystone.service[81265]: DEBUG keystone.server.flask.request_processing.req_logging [None req-8405f49d-29f7-4aac-a129-a82acc6186dd None admin] PATH_INFO: `/v3/projects/ce71939ca42948f69b352f8acd18ddf6/users/2670be1751b443d2b9aa5e0711d86954/roles/6e47b71117fc411f8fa51a5e5104eca1` {{(pid=81265) log_request_info /opt/stack/keystone/keystone/server/flask/request_processing/req_logging.py:29}}
May 19 15:30:14.182579 n-d-842478-2 devstack@keystone.service[81265]: DEBUG keystone.common.rbac_enforcer.enforcer [None req-8405f49d-29f7-4aac-a129-a82acc6186dd None admin] RBAC: Authorizing `identity:create_grant(project_id=ce71939ca42948f69b352f8acd18ddf6, user_id=2670be1751b443d2b9aa5e0711d86954, role_id=6e47b71117fc411f8fa51a5e5104eca1)` {{(pid=81265) enforce_call /opt/stack/keystone/keystone/common/rbac_enforcer/enforcer.py:449}}
May 19 15:30:14.184093 n-d-842478-2 devstack@keystone.service[81265]: DEBUG keystone.common.rbac_enforcer.enforcer [None req-8405f49d-29f7-4aac-a129-a82acc6186dd None admin] RBAC: Authorization granted {{(pid=81265) enforce_call /opt/stack/keystone/keystone/common/rbac_enforcer/enforcer.py:457}}
May 19 15:30:14.204388 n-d-842478-2 devstack@keystone.service[81265]: [pid: 81265|app: 0|req: 93/173] 10.222.0.69 () {58 vars in 1439 bytes} [Thu May 19 15:30:14 2022] PUT /identity/v3/projects/ce71939ca42948f69b352f8acd18ddf6/users/2670be1751b443d2b9aa5e0711d86954/roles/6e47b71117fc411f8fa51a5e5104eca1 => generated 0 bytes in 183 msecs (HTTP/1.1 204) 3 headers in 132 bytes (0 switches on core 0)
May 19 15:30:14.205519 n-d-842478-2 devstack@keystone.service[81265]: DEBUG keystone.server.flask.request_processing.middleware.auth_context [None req-8405f49d-29f7-4aac-a129-a82acc6186dd None admin] Authenticating user token {{(pid=81265) process_request /usr/local/lib/python3.8/dist-packages/keystonemiddleware/auth_token/__init__.py:407}}
May 19 15:30:14.276502 n-d-842478-2 devstack@keystone.service[81266]: DEBUG keystone.server.flask.request_processing.middleware.auth_context [None req-bc91adbb-f900-434f-9b9e-93db843b6702 None admin] RBAC: auth_context: {'token': , 'domain_id': None, 'trust_id': None, 'trustor_id': None, 'trustee_id': None, 'domain_name': None, 'group_ids': [], 'user_id': '4b01cace1c7646a5bdcde74bcdf3c27c', 'user_domain_id': 'default', 'system_scope': 'all', 'project_id': None, 'project_domain_id': None, 'roles': ['admin', 'member', 'reader'], 'is_admin_project': True, 'service_user_id': None, 'service_user_domain_id': None, 'service_project_id': None, 'service_project_domain_id': None, 'service_roles': []} {{(pid=81266) fill_context /opt/stack/keystone/keystone/server/flask/request_processing/middleware/auth_context.py:478}}
May 19 15:30:14.277359 n-d-842478-2 devstack@keystone.service[81266]: DEBUG keystone.server.flask.request_processing.req_logging [None req-bc91adbb-f900-434f-9b9e-93db843b6702 None admin] REQUEST_METHOD: `GET` {{(pid=81266) log_request_info /opt/stack/keystone/keystone/server/flask/request_processing/req_logging.py:27}}
May 19 15:30:14.277575 n-d-842478-2 devstack@keystone.service[81266]: DEBUG keystone.server.flask.request_processing.req_logging [None req-bc91adbb-f900-434f-9b9e-93db843b6702 None admin] SCRIPT_NAME: `/identity` {{(pid=81266) log_request_info /opt/stack/keystone/keystone/server/flask/request_processing/req_logging.py:28}}
May 19 15:30:14.283235 n-d-842478-2 devstack@keystone.service[81266]: DEBUG keystone.server.flask.request_processing.req_logging [None req-bc91adbb-f900-434f-9b9e-93db843b6702 None admin] PATH_INFO: `/v3/roles/member` {{(pid=81266) log_request_info /opt/stack/keystone/keystone/server/flask/request_processing/req_logging.py:29}}
