May 19 08:18:52.170338 n-d-842288-2 devstack@placement-api.service[116980]: DEBUG placement.objects.research_context [req-eefd4989-4cea-4597-9117-e4e785b0d35f req-29920ec7-b641-40f8-a43a-cdd79fecafc4 service placement] found 2 providers after filtering by previous result {{(pid=116980) get_provider_ids_matching /opt/stack/placement/placement/objects/research_context.py:594}}
May 19 08:18:52.170886 n-d-842288-2 devstack@placement-api.service[116980]: DEBUG placement.objects.research_context [req-eefd4989-4cea-4597-9117-e4e785b0d35f req-29920ec7-b641-40f8-a43a-cdd79fecafc4 service placement] found 2 providers with available 1 VCPU {{(pid=116980) get_provider_ids_matching /opt/stack/placement/placement/objects/research_context.py:563}}
May 19 08:18:52.171317 n-d-842288-2 devstack@placement-api.service[116980]: DEBUG placement.objects.research_context [req-eefd4989-4cea-4597-9117-e4e785b0d35f req-29920ec7-b641-40f8-a43a-cdd79fecafc4 service placement] found 2 providers after filtering by previous result {{(pid=116980) get_provider_ids_matching /opt/stack/placement/placement/objects/research_context.py:594}}
May 19 08:18:52.200213 n-d-842288-2 devstack@placement-api.service[116980]: DEBUG placement.objects.allocation_candidate [req-eefd4989-4cea-4597-9117-e4e785b0d35f req-29920ec7-b641-40f8-a43a-cdd79fecafc4 service placement] RequestGroup(use_same_provider=False, resources={DISK_GB:1, MEMORY_MB:1024, VCPU:1}, traits=(), aggregates=[]) (suffix '') returned 2 matches {{(pid=116980) _get_by_requests /opt/stack/placement/placement/objects/allocation_candidate.py:156}}
May 19 08:18:52.200650 n-d-842288-2 devstack@placement-api.service[116980]: DEBUG placement.objects.allocation_candidate [req-eefd4989-4cea-4597-9117-e4e785b0d35f req-29920ec7-b641-40f8-a43a-cdd79fecafc4 service placement] Merging candidates yields 2 allocation requests and 2 provider summaries {{(pid=116980) _merge_candidates /opt/stack/placement/placement/objects/allocation_candidate.py:809}}
May 19 08:18:52.202492 n-d-842288-2 devstack@placement-api.service[116980]: INFO placement.requestlog [req-eefd4989-4cea-4597-9117-e4e785b0d35f req-29920ec7-b641-40f8-a43a-cdd79fecafc4 service placement] 10.222.0.73 "GET /placement/allocation_candidates?limit=1000&resources=DISK_GB%3A1%2CMEMORY_MB%3A1024%2CVCPU%3A1&root_required=%21COMPUTE_STATUS_DISABLED" status: 200 len: 1309 microversion: 1.36
May 19 08:18:52.203203 n-d-842288-2 devstack@placement-api.service[116980]: [pid: 116980|app: 0|req: 353/705] 10.222.0.73 () {60 vars in 1506 bytes} [Thu May 19 08:18:52 2022] GET /placement/allocation_candidates?limit=1000&resources=DISK_GB%3A1%2CMEMORY_MB%3A1024%2CVCPU%3A1&root_required=%21COMPUTE_STATUS_DISABLED => generated 1309 bytes in 160 msecs (HTTP/1.1 200) 8 headers in 297 bytes (1 switches on core 0)
May 19 08:18:52.368038 n-d-842288-2 devstack@placement-api.service[116979]: DEBUG placement.requestlog [req-eefd4989-4cea-4597-9117-e4e785b0d35f req-bab0051e-bf09-4f7c-9f70-8f119f363790 None None] Starting request: 10.222.0.73 "GET /placement/allocations/f1fd8556-083a-4632-87db-5925ff95862c" {{(pid=116979) __call__ /opt/stack/placement/placement/requestlog.py:55}}
May 19 08:18:52.383843 n-d-842288-2 devstack@placement-api.service[116979]: INFO placement.requestlog [req-eefd4989-4cea-4597-9117-e4e785b0d35f req-bab0051e-bf09-4f7c-9f70-8f119f363790 service placement] 10.222.0.73 "GET /placement/allocations/f1fd8556-083a-4632-87db-5925ff95862c" status: 200 len: 19 microversion: 1.28
May 19 08:18:52.384595 n-d-842288-2 devstack@placement-api.service[116979]: [pid: 116979|app: 0|req: 353/706] 10.222.0.73 () {60 vars in 1380 bytes} [Thu May 19 08:18:52 2022] GET /placement/allocations/f1fd8556-083a-4632-87db-5925ff95862c => generated 19 bytes in 17 msecs (HTTP/1.1 200) 8 headers in 295 bytes (1 switches on core 0)
May 19 08:18:52.398740 n-d-842288-2 devstack@placement-api.service[116980]: DEBUG placement.requestlog [req-eefd4989-4cea-4597-9117-e4e785b0d35f req-b120c0dd-3016-4655-8622-839a4c934037 None None] Starting request: 10.222.0.73 "PUT /placement/allocations/f1fd8556-083a-4632-87db-5925ff95862c" {{(pid=116980) __call__ /opt/stack/placement/placement/requestlog.py:55}}
May 19 08:18:52.748852 n-d-842288-2 devstack@placement-api.service[116980]: DEBUG placement.handlers.allocation [req-eefd4989-4cea-4597-9117-e4e785b0d35f req-b120c0dd-3016-4655-8622-839a4c934037 service placement] Successfully wrote allocations [, , ] {{(pid=116980) _update_consumers_and_create_allocations /opt/stack/placement/placement/handlers/allocation.py:462}}
May 19 08:18:52.837373 n-d-842288-2 devstack@placement-api.service[116980]: INFO placement.requestlog [req-eefd4989-4cea-4597-9117-e4e785b0d35f req-b120c0dd-3016-4655-8622-839a4c934037 service placement] 10.222.0.73 "PUT /placement/allocations/f1fd8556-083a-4632-87db-5925ff95862c" status: 204 len: 0 microversion: 1.36
May 19 08:18:52.837797 n-d-842288-2 devstack@placement-api.service[116980]: [pid: 116980|app: 0|req: 354/707] 10.222.0.73 () {64 vars in 1433 bytes} [Thu May 19 08:18:52 2022] PUT /placement/allocations/f1fd8556-083a-4632-87db-5925ff95862c => generated 0 bytes in 440 msecs (HTTP/1.1 204) 5 headers in 199 bytes (2 switches on core 0)
May 19 08:18:54.321250 n-d-842288-2 devstack@placement-api.service[116979]: DEBUG placement.requestlog [req-eefd4989-4cea-4597-9117-e4e785b0d35f req-febda200-16df-4ae9-aebe-78e870116e43 None None] Starting request: 10.222.0.48 "GET /placement/allocations/f1fd8556-083a-4632-87db-5925ff95862c" {{(pid=116979) __call__ /opt/stack/placement/placement/requestlog.py:55}}
May 19 08:18:54.362050 n-d-842288-2 devstack@placement-api.service[116979]: INFO placement.requestlog [req-eefd4989-4cea-4597-9117-e4e785b0d35f req-febda200-16df-4ae9-aebe-78e870116e43 service placement] 10.222.0.48 "GET /placement/allocations/f1fd8556-083a-4632-87db-5925ff95862c" status: 200 len: 259 microversion: 1.28
May 19 08:18:54.366993 n-d-842288-2 devstack@placement-api.service[116979]: [pid: 116979|app: 0|req: 354/708] 10.222.0.48 () {60 vars in 1377 bytes} [Thu May 19 08:18:54 2022] GET /placement/allocations/f1fd8556-083a-4632-87db-5925ff95862c => generated 259 bytes in 46 msecs (HTTP/1.1 200) 8 headers in 296 bytes (1 switches on core 0)
May 19 08:18:56.704762 n-d-842288-2 devstack@placement-api.service[116980]: DEBUG placement.requestlog [req-e0c9a2dc-dd95-43fe-8534-59d5ba1ed231 req-a9fa8db1-6e0a-4b83-8025-c96495bd2614 None None] Starting request: 10.222.0.48 "DELETE /placement/allocations/29a5ea29-0814-4d4f-a482-d620efe124e6" {{(pid=116980) __call__ /opt/stack/placement/placement/requestlog.py:55}}
May 19 08:18:56.902646 n-d-842288-2 devstack@placement-api.service[116980]: DEBUG placement.handlers.allocation [req-e0c9a2dc-dd95-43fe-8534-59d5ba1ed231 req-a9fa8db1-6e0a-4b83-8025-c96495bd2614 service placement] Successfully deleted allocations [, , ] {{(pid=116980) delete_allocations /opt/stack/placement/placement/handlers/allocation.py:627}}
May 19 08:18:56.903723 n-d-842288-2 devstack@placement-api.service[116980]: INFO placement.requestlog [req-e0c9a2dc-dd95-43fe-8534-59d5ba1ed231 req-a9fa8db1-6e0a-4b83-8025-c96495bd2614 service placement] 10.222.0.48 "DELETE /placement/allocations/29a5ea29-0814-4d4f-a482-d620efe124e6" status: 204 len: 0 microversion: 1.0
May 19 08:18:56.904116 n-d-842288-2 devstack@placement-api.service[116980]: [pid: 116980|app: 0|req: 355/709] 10.222.0.48 () {60 vars in 1355 bytes} [Thu May 19 08:18:56 2022] DELETE /placement/allocations/29a5ea29-0814-4d4f-a482-d620efe124e6 => generated 0 bytes in 200 msecs (HTTP/1.1 204) 5 headers in 198 bytes (1 switches on core 0)
May 19 08:19:04.355754 n-d-842288-2 devstack@placement-api.service[116979]: DEBUG dbcounter [-] [116979] Writing DB stats placement:SELECT=22,placement:DELETE=4 {{(pid=116979) stat_writer /usr/local/lib/python3.8/dist-packages/dbcounter.py:114}}
May 19 08:19:05.924883 n-d-842288-2 devstack@placement-api.service[116979]: DEBUG placement.requestlog [req-5847d3d5-5451-4c70-967f-f66c5700349d req-8152ac50-4dfa-4437-af82-8f64a6705cc9 None None] Starting request: 10.222.0.64 "DELETE /placement/allocations/6066c467-932a-44cd-9104-995cd35ab29b" {{(pid=116979) __call__ /opt/stack/placement/placement/requestlog.py:55}}
May 19 08:19:06.079253 n-d-842288-2 devstack@placement-api.service[116980]: DEBUG placement.requestlog [req-16e14121-d24a-4e57-885d-9fcfd5d5a0c7 req-6d6a5862-e3d0-4168-a3c9-0d01df66f476 None None] Starting request: 10.222.0.48 "DELETE /placement/allocations/b6f1038c-5518-4383-81a4-3ad90e0c2c10" {{(pid=116980) __call__ /opt/stack/placement/placement/requestlog.py:55}}
May 19 08:19:06.173334 n-d-842288-2 devstack@placement-api.service[116979]: DEBUG placement.handlers.allocation [req-5847d3d5-5451-4c70-967f-f66c5700349d req-8152ac50-4dfa-4437-af82-8f64a6705cc9 service placement] Successfully deleted allocations [, , ] {{(pid=116979) delete_allocations /opt/stack/placement/placement/handlers/allocation.py:627}}
May 19 08:19:06.173830 n-d-842288-2 devstack@placement-api.service[116979]: INFO placement.requestlog [req-5847d3d5-5451-4c70-967f-f66c5700349d req-8152ac50-4dfa-4437-af82-8f64a6705cc9 service placement] 10.222.0.64 "DELETE /placement/allocations/6066c467-932a-44cd-9104-995cd35ab29b" status: 204 len: 0 microversion: 1.0
May 19 08:19:06.174207 n-d-842288-2 devstack@placement-api.service[116979]: [pid: 116979|app: 0|req: 355/710] 10.222.0.64 () {60 vars in 1355 bytes} [Thu May 19 08:19:05 2022] DELETE /placement/allocations/6066c467-932a-44cd-9104-995cd35ab29b => generated 0 bytes in 250 msecs (HTTP/1.1 204) 5 headers in 198 bytes (2 switches on core 0)
May 19 08:19:06.337051 n-d-842288-2 devstack@placement-api.service[116980]: DEBUG placement.handlers.allocation [req-16e14121-d24a-4e57-885d-9fcfd5d5a0c7 req-6d6a5862-e3d0-4168-a3c9-0d01df66f476 service placement] Successfully deleted allocations [, , ] {{(pid=116980) delete_allocations /opt/stack/placement/placement/handlers/allocation.py:627}}
May 19 08:19:06.337051 n-d-842288-2 devstack@placement-api.service[116980]: INFO placement.requestlog [req-16e14121-d24a-4e57-885d-9fcfd5d5a0c7 req-6d6a5862-e3d0-4168-a3c9-0d01df66f476 service placement] 10.222.0.48 "DELETE /placement/allocations/b6f1038c-5518-4383-81a4-3ad90e0c2c10" status: 204 len: 0 microversion: 1.0
May 19 08:19:06.337051 n-d-842288-2 devstack@placement-api.service[116980]: [pid: 116980|app: 0|req: 356/711] 10.222.0.48 () {60 vars in 1355 bytes} [Thu May 19 08:19:06 2022] DELETE /placement/allocations/b6f1038c-5518-4383-81a4-3ad90e0c2c10 => generated 0 bytes in 256 msecs (HTTP/1.1 204) 5 headers in 198 bytes (2 switches on core 0)
May 19 08:19:12.414638 n-d-842288-2 devstack@placement-api.service[116979]: DEBUG placement.requestlog [req-4fcda68f-f430-43db-8ff7-faaf15f1c9d4 req-a77bba11-652b-4dd9-9650-920bdcae0a07 None None] Starting request: 10.222.0.73 "GET /placement/allocation_candidates?limit=1000&resources=DISK_GB%3A1%2CMEMORY_MB%3A1024%2CVCPU%3A1&root_required=%21COMPUTE_STATUS_DISABLED" {{(pid=116979) __call__ /opt/stack/placement/placement/requestlog.py:55}}
May 19 08:19:12.523090 n-d-842288-2 devstack@placement-api.service[116979]: DEBUG placement.objects.research_context [req-4fcda68f-f430-43db-8ff7-faaf15f1c9d4 req-a77bba11-652b-4dd9-9650-920bdcae0a07 service placement] getting providers with 1 DISK_GB {{(pid=116979) __init__ /opt/stack/placement/placement/objects/research_context.py:136}}
May 19 08:19:12.543827 n-d-842288-2 devstack@placement-api.service[116979]: DEBUG placement.objects.research_context [req-4fcda68f-f430-43db-8ff7-faaf15f1c9d4 req-a77bba11-652b-4dd9-9650-920bdcae0a07 service placement] getting providers with 1024 MEMORY_MB {{(pid=116979) __init__ /opt/stack/placement/placement/objects/research_context.py:136}}
May 19 08:19:12.576639 n-d-842288-2 devstack@placement-api.service[116979]: DEBUG placement.objects.research_context [req-4fcda68f-f430-43db-8ff7-faaf15f1c9d4 req-a77bba11-652b-4dd9-9650-920bdcae0a07 service placement] getting providers with 1 VCPU {{(pid=116979) __init__ /opt/stack/placement/placement/objects/research_context.py:136}}
May 19 08:19:12.587357 n-d-842288-2 devstack@placement-api.service[116979]: DEBUG placement.objects.research_context [req-4fcda68f-f430-43db-8ff7-faaf15f1c9d4 req-a77bba11-652b-4dd9-9650-920bdcae0a07 service placement] found 2 providers with available 1 DISK_GB {{(pid=116979) get_provider_ids_matching /opt/stack/placement/placement/objects/research_context.py:563}}
May 19 08:19:12.587797 n-d-842288-2 devstack@placement-api.service[116979]: DEBUG placement.objects.research_context [req-4fcda68f-f430-43db-8ff7-faaf15f1c9d4 req-a77bba11-652b-4dd9-9650-920bdcae0a07 service placement] found 2 providers with available 1024 MEMORY_MB {{(pid=116979) get_provider_ids_matching /opt/stack/placement/placement/objects/research_context.py:563}}
May 19 08:19:12.587916 n-d-842288-2 devstack@placement-api.service[116979]: DEBUG placement.objects.research_context [req-4fcda68f-f430-43db-8ff7-faaf15f1c9d4 req-a77bba11-652b-4dd9-9650-920bdcae0a07 service placement] found 2 providers after filtering by previous result {{(pid=116979) get_provider_ids_matching /opt/stack/placement/placement/objects/research_context.py:594}}
May 19 08:19:12.588116 n-d-842288-2 devstack@placement-api.service[116979]: DEBUG placement.objects.research_context [req-4fcda68f-f430-43db-8ff7-faaf15f1c9d4 req-a77bba11-652b-4dd9-9650-920bdcae0a07 service placement] found 2 providers with available 1 VCPU {{(pid=116979) get_provider_ids_matching /opt/stack/placement/placement/objects/research_context.py:563}}
May 19 08:19:12.590582 n-d-842288-2 devstack@placement-api.service[116979]: DEBUG placement.objects.research_context [req-4fcda68f-f430-43db-8ff7-faaf15f1c9d4 req-a77bba11-652b-4dd9-9650-920bdcae0a07 service placement] found 2 providers after filtering by previous result {{(pid=116979) get_provider_ids_matching /opt/stack/placement/placement/objects/research_context.py:594}}
May 19 08:19:12.620440 n-d-842288-2 devstack@placement-api.service[116979]: DEBUG placement.objects.allocation_candidate [req-4fcda68f-f430-43db-8ff7-faaf15f1c9d4 req-a77bba11-652b-4dd9-9650-920bdcae0a07 service placement] RequestGroup(use_same_provider=False, resources={DISK_GB:1, MEMORY_MB:1024, VCPU:1}, traits=(), aggregates=[]) (suffix '') returned 2 matches {{(pid=116979) _get_by_requests /opt/stack/placement/placement/objects/allocation_candidate.py:156}}
May 19 08:19:12.621205 n-d-842288-2 devstack@placement-api.service[116979]: DEBUG placement.objects.allocation_candidate [req-4fcda68f-f430-43db-8ff7-faaf15f1c9d4 req-a77bba11-652b-4dd9-9650-920bdcae0a07 service placement] Merging candidates yields 2 allocation requests and 2 provider summaries {{(pid=116979) _merge_candidates /opt/stack/placement/placement/objects/allocation_candidate.py:809}}
May 19 08:19:12.622975 n-d-842288-2 devstack@placement-api.service[116979]: INFO placement.requestlog [req-4fcda68f-f430-43db-8ff7-faaf15f1c9d4 req-a77bba11-652b-4dd9-9650-920bdcae0a07 service placement] 10.222.0.73 "GET /placement/allocation_candidates?limit=1000&resources=DISK_GB%3A1%2CMEMORY_MB%3A1024%2CVCPU%3A1&root_required=%21COMPUTE_STATUS_DISABLED" status: 200 len: 1309 microversion: 1.36
May 19 08:19:12.637170 n-d-842288-2 devstack@placement-api.service[116979]: [pid: 116979|app: 0|req: 356/712] 10.222.0.73 () {60 vars in 1506 bytes} [Thu May 19 08:19:12 2022] GET /placement/allocation_candidates?limit=1000&resources=DISK_GB%3A1%2CMEMORY_MB%3A1024%2CVCPU%3A1&root_required=%21COMPUTE_STATUS_DISABLED => generated 1309 bytes in 222 msecs (HTTP/1.1 200) 8 headers in 297 bytes (1 switches on core 0)
May 19 08:19:12.781204 n-d-842288-2 devstack@placement-api.service[116980]: DEBUG placement.requestlog [req-4fcda68f-f430-43db-8ff7-faaf15f1c9d4 req-fe5c4bac-032b-441c-bb9d-2c64aa8d4363 None None] Starting request: 10.222.0.73 "GET /placement/allocations/4a738d94-edaa-4dea-970d-31f9a73fd882" {{(pid=116980) __call__ /opt/stack/placement/placement/requestlog.py:55}}
May 19 08:19:12.797390 n-d-842288-2 devstack@placement-api.service[116980]: DEBUG dbcounter [-] [116980] Writing DB stats placement:SELECT=73,placement:INSERT=12,placement:DELETE=8,placement:UPDATE=4 {{(pid=116980) stat_writer /usr/local/lib/python3.8/dist-packages/dbcounter.py:114}}
May 19 08:19:12.808852 n-d-842288-2 devstack@placement-api.service[116980]: INFO placement.requestlog [req-4fcda68f-f430-43db-8ff7-faaf15f1c9d4 req-fe5c4bac-032b-441c-bb9d-2c64aa8d4363 service placement] 10.222.0.73 "GET /placement/allocations/4a738d94-edaa-4dea-970d-31f9a73fd882" status: 200 len: 19 microversion: 1.28
May 19 08:19:12.809529 n-d-842288-2 devstack@placement-api.service[116980]: [pid: 116980|app: 0|req: 357/713] 10.222.0.73 () {60 vars in 1380 bytes} [Thu May 19 08:19:12 2022] GET /placement/allocations/4a738d94-edaa-4dea-970d-31f9a73fd882 => generated 19 bytes in 29 msecs (HTTP/1.1 200) 8 headers in 295 bytes (1 switches on core 0)
May 19 08:19:12.826851 n-d-842288-2 devstack@placement-api.service[116979]: DEBUG placement.requestlog [req-4fcda68f-f430-43db-8ff7-faaf15f1c9d4 req-eebf9938-b41c-4c51-a492-6b56c71ecaff None None] Starting request: 10.222.0.73 "PUT /placement/allocations/4a738d94-edaa-4dea-970d-31f9a73fd882" {{(pid=116979) __call__ /opt/stack/placement/placement/requestlog.py:55}}
May 19 08:19:13.184999 n-d-842288-2 devstack@placement-api.service[116979]: DEBUG placement.handlers.allocation [req-4fcda68f-f430-43db-8ff7-faaf15f1c9d4 req-eebf9938-b41c-4c51-a492-6b56c71ecaff service placement] Successfully wrote allocations [, , ] {{(pid=116979) _update_consumers_and_create_allocations /opt/stack/placement/placement/handlers/allocation.py:462}}
May 19 08:19:13.272986 n-d-842288-2 devstack@placement-api.service[116979]: INFO placement.requestlog [req-4fcda68f-f430-43db-8ff7-faaf15f1c9d4 req-eebf9938-b41c-4c51-a492-6b56c71ecaff service placement] 10.222.0.73 "PUT /placement/allocations/4a738d94-edaa-4dea-970d-31f9a73fd882" status: 204 len: 0 microversion: 1.36
May 19 08:19:13.276133 n-d-842288-2 devstack@placement-api.service[116979]: [pid: 116979|app: 0|req: 357/714] 10.222.0.73 () {64 vars in 1433 bytes} [Thu May 19 08:19:12 2022] PUT /placement/allocations/4a738d94-edaa-4dea-970d-31f9a73fd882 => generated 0 bytes in 447 msecs (HTTP/1.1 204) 5 headers in 199 bytes (3 switches on core 0)
May 19 08:19:14.617480 n-d-842288-2 devstack@placement-api.service[116980]: DEBUG placement.requestlog [req-4fcda68f-f430-43db-8ff7-faaf15f1c9d4 req-a776cad5-185c-4a0c-81d0-c8043cd3ec17 None None] Starting request: 10.222.0.48 "GET /placement/allocations/4a738d94-edaa-4dea-970d-31f9a73fd882" {{(pid=116980) __call__ /opt/stack/placement/placement/requestlog.py:55}}
May 19 08:19:14.651904 n-d-842288-2 devstack@placement-api.service[116980]: INFO placement.requestlog [req-4fcda68f-f430-43db-8ff7-faaf15f1c9d4 req-a776cad5-185c-4a0c-81d0-c8043cd3ec17 service placement] 10.222.0.48 "GET /placement/allocations/4a738d94-edaa-4dea-970d-31f9a73fd882" status: 200 len: 259 microversion: 1.28
May 19 08:19:14.652763 n-d-842288-2 devstack@placement-api.service[116980]: [pid: 116980|app: 0|req: 358/715] 10.222.0.48 () {60 vars in 1377 bytes} [Thu May 19 08:19:14 2022] GET /placement/allocations/4a738d94-edaa-4dea-970d-31f9a73fd882 => generated 259 bytes in 36 msecs (HTTP/1.1 200) 8 headers in 296 bytes (1 switches on core 0)
May 19 08:19:18.838179 n-d-842288-2 devstack@placement-api.service[116979]: DEBUG placement.requestlog [req-6feaf3cf-2880-47a9-bd24-ae2061947c7c req-969f2022-2544-4c72-abf1-406df43c72ea None None] Starting request: 10.222.0.73 "GET /placement/allocation_candidates?limit=1000&resources=DISK_GB%3A1%2CMEMORY_MB%3A1024%2CVCPU%3A1&root_required=%21COMPUTE_STATUS_DISABLED" {{(pid=116979) __call__ /opt/stack/placement/placement/requestlog.py:55}}
May 19 08:19:18.913439 n-d-842288-2 devstack@placement-api.service[116979]: DEBUG placement.objects.research_context [req-6feaf3cf-2880-47a9-bd24-ae2061947c7c req-969f2022-2544-4c72-abf1-406df43c72ea service placement] getting providers with 1 DISK_GB {{(pid=116979) __init__ /opt/stack/placement/placement/objects/research_context.py:136}}
May 19 08:19:18.931522 n-d-842288-2 devstack@placement-api.service[116979]: DEBUG placement.objects.research_context [req-6feaf3cf-2880-47a9-bd24-ae2061947c7c req-969f2022-2544-4c72-abf1-406df43c72ea service placement] getting providers with 1024 MEMORY_MB {{(pid=116979) __init__ /opt/stack/placement/placement/objects/research_context.py:136}}
May 19 08:19:18.961850 n-d-842288-2 devstack@placement-api.service[116979]: DEBUG placement.objects.research_context [req-6feaf3cf-2880-47a9-bd24-ae2061947c7c req-969f2022-2544-4c72-abf1-406df43c72ea service placement] getting providers with 1 VCPU {{(pid=116979) __init__ /opt/stack/placement/placement/objects/research_context.py:136}}
May 19 08:19:18.982359 n-d-842288-2 devstack@placement-api.service[116979]: DEBUG placement.objects.research_context [req-6feaf3cf-2880-47a9-bd24-ae2061947c7c req-969f2022-2544-4c72-abf1-406df43c72ea service placement] found 2 providers with available 1 DISK_GB {{(pid=116979) get_provider_ids_matching /opt/stack/placement/placement/objects/research_context.py:563}}
May 19 08:19:18.982816 n-d-842288-2 devstack@placement-api.service[116979]: DEBUG placement.objects.research_context [req-6feaf3cf-2880-47a9-bd24-ae2061947c7c req-969f2022-2544-4c72-abf1-406df43c72ea service placement] found 2 providers with available 1024 MEMORY_MB {{(pid=116979) get_provider_ids_matching /opt/stack/placement/placement/objects/research_context.py:563}}
May 19 08:19:18.984630 n-d-842288-2 devstack@placement-api.service[116979]: DEBUG placement.objects.research_context [req-6feaf3cf-2880-47a9-bd24-ae2061947c7c req-969f2022-2544-4c72-abf1-406df43c72ea service placement] found 2 providers after filtering by previous result {{(pid=116979) get_provider_ids_matching /opt/stack/placement/placement/objects/research_context.py:594}}
May 19 08:19:18.984912 n-d-842288-2 devstack@placement-api.service[116979]: DEBUG placement.objects.research_context [req-6feaf3cf-2880-47a9-bd24-ae2061947c7c req-969f2022-2544-4c72-abf1-406df43c72ea service placement] found 2 providers with available 1 VCPU {{(pid=116979) get_provider_ids_matching /opt/stack/placement/placement/objects/research_context.py:563}}
May 19 08:19:18.985183 n-d-842288-2 devstack@placement-api.service[116979]: DEBUG placement.objects.research_context [req-6feaf3cf-2880-47a9-bd24-ae2061947c7c req-969f2022-2544-4c72-abf1-406df43c72ea service placement] found 2 providers after filtering by previous result {{(pid=116979) get_provider_ids_matching /opt/stack/placement/placement/objects/research_context.py:594}}
May 19 08:19:19.025183 n-d-842288-2 devstack@placement-api.service[116979]: DEBUG placement.objects.allocation_candidate [req-6feaf3cf-2880-47a9-bd24-ae2061947c7c req-969f2022-2544-4c72-abf1-406df43c72ea service placement] RequestGroup(use_same_provider=False, resources={DISK_GB:1, MEMORY_MB:1024, VCPU:1}, traits=(), aggregates=[]) (suffix '') returned 2 matches {{(pid=116979) _get_by_requests /opt/stack/placement/placement/objects/allocation_candidate.py:156}}
May 19 08:19:19.026383 n-d-842288-2 devstack@placement-api.service[116979]: DEBUG placement.objects.allocation_candidate [req-6feaf3cf-2880-47a9-bd24-ae2061947c7c req-969f2022-2544-4c72-abf1-406df43c72ea service placement] Merging candidates yields 2 allocation requests and 2 provider summaries {{(pid=116979) _merge_candidates /opt/stack/placement/placement/objects/allocation_candidate.py:809}}
May 19 08:19:19.040609 n-d-842288-2 devstack@placement-api.service[116979]: INFO placement.requestlog [req-6feaf3cf-2880-47a9-bd24-ae2061947c7c req-969f2022-2544-4c72-abf1-406df43c72ea service placement] 10.222.0.73 "GET /placement/allocation_candidates?limit=1000&resources=DISK_GB%3A1%2CMEMORY_MB%3A1024%2CVCPU%3A1&root_required=%21COMPUTE_STATUS_DISABLED" status: 200 len: 1309 microversion: 1.36
May 19 08:19:19.041515 n-d-842288-2 devstack@placement-api.service[116979]: [pid: 116979|app: 0|req: 358/716] 10.222.0.73 () {60 vars in 1506 bytes} [Thu May 19 08:19:18 2022] GET /placement/allocation_candidates?limit=1000&resources=DISK_GB%3A1%2CMEMORY_MB%3A1024%2CVCPU%3A1&root_required=%21COMPUTE_STATUS_DISABLED => generated 1309 bytes in 203 msecs (HTTP/1.1 200) 8 headers in 297 bytes (1 switches on core 0)
May 19 08:19:19.190028 n-d-842288-2 devstack@placement-api.service[116980]: DEBUG placement.requestlog [req-6feaf3cf-2880-47a9-bd24-ae2061947c7c req-e3f2d2fd-77c4-401e-a8de-b6a125a282d4 None None] Starting request: 10.222.0.73 "GET /placement/allocations/aa355df6-660b-42a7-825c-6c2cc77651fa" {{(pid=116980) __call__ /opt/stack/placement/placement/requestlog.py:55}}
May 19 08:19:19.210990 n-d-842288-2 devstack@placement-api.service[116980]: INFO placement.requestlog [req-6feaf3cf-2880-47a9-bd24-ae2061947c7c req-e3f2d2fd-77c4-401e-a8de-b6a125a282d4 service placement] 10.222.0.73 "GET /placement/allocations/aa355df6-660b-42a7-825c-6c2cc77651fa" status: 200 len: 19 microversion: 1.28
May 19 08:19:19.211701 n-d-842288-2 devstack@placement-api.service[116980]: [pid: 116980|app: 0|req: 359/717] 10.222.0.73 () {60 vars in 1380 bytes} [Thu May 19 08:19:19 2022] GET /placement/allocations/aa355df6-660b-42a7-825c-6c2cc77651fa => generated 19 bytes in 22 msecs (HTTP/1.1 200) 8 headers in 295 bytes (1 switches on core 0)
May 19 08:19:19.219394 n-d-842288-2 devstack@placement-api.service[116979]: DEBUG placement.requestlog [req-6feaf3cf-2880-47a9-bd24-ae2061947c7c req-31599765-c837-4404-ae0c-12dcc425c1a0 None None] Starting request: 10.222.0.73 "PUT /placement/allocations/aa355df6-660b-42a7-825c-6c2cc77651fa" {{(pid=116979) __call__ /opt/stack/placement/placement/requestlog.py:55}}
May 19 08:19:19.525084 n-d-842288-2 devstack@placement-api.service[116979]: DEBUG placement.handlers.allocation [req-6feaf3cf-2880-47a9-bd24-ae2061947c7c req-31599765-c837-4404-ae0c-12dcc425c1a0 service placement] Successfully wrote allocations [, , ] {{(pid=116979) _update_consumers_and_create_allocations /opt/stack/placement/placement/handlers/allocation.py:462}}
May 19 08:19:19.613166 n-d-842288-2 devstack@placement-api.service[116979]: INFO placement.requestlog [req-6feaf3cf-2880-47a9-bd24-ae2061947c7c req-31599765-c837-4404-ae0c-12dcc425c1a0 service placement] 10.222.0.73 "PUT /placement/allocations/aa355df6-660b-42a7-825c-6c2cc77651fa" status: 204 len: 0 microversion: 1.36
May 19 08:19:19.614103 n-d-842288-2 devstack@placement-api.service[116979]: [pid: 116979|app: 0|req: 359/718] 10.222.0.73 () {64 vars in 1433 bytes} [Thu May 19 08:19:19 2022] PUT /placement/allocations/aa355df6-660b-42a7-825c-6c2cc77651fa => generated 0 bytes in 395 msecs (HTTP/1.1 204) 5 headers in 199 bytes (1 switches on core 0)
May 19 08:19:19.663692 n-d-842288-2 devstack@placement-api.service[116980]: DEBUG placement.requestlog [req-6feaf3cf-2880-47a9-bd24-ae2061947c7c req-9ff40311-cdcc-42ce-a2d2-7054948d8325 None None] Starting request: 10.222.0.73 "GET /placement/allocations/1906f2ce-9992-43c9-bcd6-22651795140f" {{(pid=116980) __call__ /opt/stack/placement/placement/requestlog.py:55}}
May 19 08:19:19.684606 n-d-842288-2 devstack@placement-api.service[116980]: INFO placement.requestlog [req-6feaf3cf-2880-47a9-bd24-ae2061947c7c req-9ff40311-cdcc-42ce-a2d2-7054948d8325 service placement] 10.222.0.73 "GET /placement/allocations/1906f2ce-9992-43c9-bcd6-22651795140f" status: 200 len: 19 microversion: 1.28
May 19 08:19:19.685315 n-d-842288-2 devstack@placement-api.service[116980]: [pid: 116980|app: 0|req: 360/719] 10.222.0.73 () {60 vars in 1380 bytes} [Thu May 19 08:19:19 2022] GET /placement/allocations/1906f2ce-9992-43c9-bcd6-22651795140f => generated 19 bytes in 22 msecs (HTTP/1.1 200) 8 headers in 295 bytes (1 switches on core 0)
May 19 08:19:19.692025 n-d-842288-2 devstack@placement-api.service[116979]: DEBUG placement.requestlog [req-6feaf3cf-2880-47a9-bd24-ae2061947c7c req-6a7a65b2-a2ac-452c-8c49-601192ffff75 None None] Starting request: 10.222.0.73 "PUT /placement/allocations/1906f2ce-9992-43c9-bcd6-22651795140f" {{(pid=116979) __call__ /opt/stack/placement/placement/requestlog.py:55}}
May 19 08:19:19.911274 n-d-842288-2 devstack@placement-api.service[116979]: DEBUG dbcounter [-] [116979] Writing DB stats placement:SELECT=73,placement:DELETE=7,placement:INSERT=16,placement:UPDATE=4 {{(pid=116979) stat_writer /usr/local/lib/python3.8/dist-packages/dbcounter.py:114}}
May 19 08:19:19.944115 n-d-842288-2 devstack@placement-api.service[116979]: DEBUG placement.handlers.allocation [req-6feaf3cf-2880-47a9-bd24-ae2061947c7c req-6a7a65b2-a2ac-452c-8c49-601192ffff75 service placement] Successfully wrote allocations [, , ] {{(pid=116979) _update_consumers_and_create_allocations /opt/stack/placement/placement/handlers/allocation.py:462}}
May 19 08:19:20.171187 n-d-842288-2 devstack@placement-api.service[116979]: INFO placement.requestlog [req-6feaf3cf-2880-47a9-bd24-ae2061947c7c req-6a7a65b2-a2ac-452c-8c49-601192ffff75 service placement] 10.222.0.73 "PUT /placement/allocations/1906f2ce-9992-43c9-bcd6-22651795140f" status: 204 len: 0 microversion: 1.36
May 19 08:19:20.173200 n-d-842288-2 devstack@placement-api.service[116979]: [pid: 116979|app: 0|req: 360/720] 10.222.0.73 () {64 vars in 1433 bytes} [Thu May 19 08:19:19 2022] PUT /placement/allocations/1906f2ce-9992-43c9-bcd6-22651795140f => generated 0 bytes in 481 msecs (HTTP/1.1 204) 5 headers in 199 bytes (1 switches on core 0)
May 19 08:19:21.855424 n-d-842288-2 devstack@placement-api.service[116980]: DEBUG placement.requestlog [req-6feaf3cf-2880-47a9-bd24-ae2061947c7c req-f9398463-edce-4a28-90e1-eab64d1b9adc None None] Starting request: 10.222.0.64 "GET /placement/allocations/aa355df6-660b-42a7-825c-6c2cc77651fa" {{(pid=116980) __call__ /opt/stack/placement/placement/requestlog.py:55}}
May 19 08:19:21.888001 n-d-842288-2 devstack@placement-api.service[116980]: INFO placement.requestlog [req-6feaf3cf-2880-47a9-bd24-ae2061947c7c req-f9398463-edce-4a28-90e1-eab64d1b9adc service placement] 10.222.0.64 "GET /placement/allocations/aa355df6-660b-42a7-825c-6c2cc77651fa" status: 200 len: 259 microversion: 1.28
May 19 08:19:21.891436 n-d-842288-2 devstack@placement-api.service[116980]: [pid: 116980|app: 0|req: 361/721] 10.222.0.64 () {60 vars in 1377 bytes} [Thu May 19 08:19:21 2022] GET /placement/allocations/aa355df6-660b-42a7-825c-6c2cc77651fa => generated 259 bytes in 36 msecs (HTTP/1.1 200) 8 headers in 296 bytes (1 switches on core 0)
May 19 08:19:22.270316 n-d-842288-2 devstack@placement-api.service[116979]: DEBUG placement.requestlog [req-6feaf3cf-2880-47a9-bd24-ae2061947c7c req-d1a19bf2-f702-4ffe-9f90-a73e55d04e31 None None] Starting request: 10.222.0.48 "GET /placement/allocations/1906f2ce-9992-43c9-bcd6-22651795140f" {{(pid=116979) __call__ /opt/stack/placement/placement/requestlog.py:55}}
May 19 08:19:22.304458 n-d-842288-2 devstack@placement-api.service[116979]: INFO placement.requestlog [req-6feaf3cf-2880-47a9-bd24-ae2061947c7c req-d1a19bf2-f702-4ffe-9f90-a73e55d04e31 service placement] 10.222.0.48 "GET /placement/allocations/1906f2ce-9992-43c9-bcd6-22651795140f" status: 200 len: 259 microversion: 1.28
May 19 08:19:22.304878 n-d-842288-2 devstack@placement-api.service[116979]: [pid: 116979|app: 0|req: 361/722] 10.222.0.48 () {60 vars in 1377 bytes} [Thu May 19 08:19:22 2022] GET /placement/allocations/1906f2ce-9992-43c9-bcd6-22651795140f => generated 259 bytes in 35 msecs (HTTP/1.1 200) 8 headers in 296 bytes (1 switches on core 0)
May 19 08:19:28.688845 n-d-842288-2 devstack@placement-api.service[116980]: DEBUG placement.requestlog [req-a4ec4b12-2b45-4224-ab68-453d0c6543bf req-36c5d5bd-fa56-4872-badb-016dd18624f4 None None] Starting request: 10.222.0.48 "GET /placement/resource_providers/587ce32a-a373-47af-b453-9abcf3900c41/allocations" {{(pid=116980) __call__ /opt/stack/placement/placement/requestlog.py:55}}
May 19 08:19:28.747185 n-d-842288-2 devstack@placement-api.service[116980]: INFO placement.requestlog [req-a4ec4b12-2b45-4224-ab68-453d0c6543bf req-36c5d5bd-fa56-4872-badb-016dd18624f4 service placement] 10.222.0.48 "GET /placement/resource_providers/587ce32a-a373-47af-b453-9abcf3900c41/allocations" status: 200 len: 356 microversion: 1.0
May 19 08:19:28.750885 n-d-842288-2 devstack@placement-api.service[116980]: [pid: 116980|app: 0|req: 362/723] 10.222.0.48 () {58 vars in 1390 bytes} [Thu May 19 08:19:28 2022] GET /placement/resource_providers/587ce32a-a373-47af-b453-9abcf3900c41/allocations => generated 356 bytes in 62 msecs (HTTP/1.1 200) 6 headers in 224 bytes (1 switches on core 0)
May 19 08:19:30.027523 n-d-842288-2 devstack@placement-api.service[116979]: DEBUG placement.requestlog [req-87243f69-78b2-4fd0-8527-a5d2b59eebe2 req-0f8f1b16-5573-4bd7-a595-3cbb3d57b431 None None] Starting request: 10.222.0.64 "GET /placement/resource_providers/08cae29d-d6dc-4908-b68a-57c84853d11c/allocations" {{(pid=116979) __call__ /opt/stack/placement/placement/requestlog.py:55}}
May 19 08:19:30.065263 n-d-842288-2 devstack@placement-api.service[116979]: INFO placement.requestlog [req-87243f69-78b2-4fd0-8527-a5d2b59eebe2 req-0f8f1b16-5573-4bd7-a595-3cbb3d57b431 service placement] 10.222.0.64 "GET /placement/resource_providers/08cae29d-d6dc-4908-b68a-57c84853d11c/allocations" status: 200 len: 356 microversion: 1.0
May 19 08:19:30.065649 n-d-842288-2 devstack@placement-api.service[116979]: [pid: 116979|app: 0|req: 362/724] 10.222.0.64 () {58 vars in 1390 bytes} [Thu May 19 08:19:30 2022] GET /placement/resource_providers/08cae29d-d6dc-4908-b68a-57c84853d11c/allocations => generated 356 bytes in 38 msecs (HTTP/1.1 200) 6 headers in 224 bytes (1 switches on core 0)
May 19 08:19:38.743387 n-d-842288-2 devstack@placement-api.service[116980]: DEBUG dbcounter [-] [116980] Writing DB stats placement:SELECT=19 {{(pid=116980) stat_writer /usr/local/lib/python3.8/dist-packages/dbcounter.py:114}}
May 19 08:19:40.059411 n-d-842288-2 devstack@placement-api.service[116979]: DEBUG dbcounter [-] [116979] Writing DB stats placement:UPDATE=2,placement:SELECT=11,placement:DELETE=1 {{(pid=116979) stat_writer /usr/local/lib/python3.8/dist-packages/dbcounter.py:114}}
May 19 08:19:41.969420 n-d-842288-2 devstack@placement-api.service[116980]: DEBUG placement.requestlog [req-4710dd5c-8037-4c32-922d-6d46fb6ff757 req-ea9f60a8-7add-4680-8473-db1df8bf2d00 None None] Starting request: 10.222.0.48 "DELETE /placement/allocations/f1fd8556-083a-4632-87db-5925ff95862c" {{(pid=116980) __call__ /opt/stack/placement/placement/requestlog.py:55}}
May 19 08:19:42.190275 n-d-842288-2 devstack@placement-api.service[116980]: DEBUG placement.handlers.allocation [req-4710dd5c-8037-4c32-922d-6d46fb6ff757 req-ea9f60a8-7add-4680-8473-db1df8bf2d00 service placement] Successfully deleted allocations [, , ] {{(pid=116980) delete_allocations /opt/stack/placement/placement/handlers/allocation.py:627}}
May 19 08:19:42.191092 n-d-842288-2 devstack@placement-api.service[116980]: INFO placement.requestlog [req-4710dd5c-8037-4c32-922d-6d46fb6ff757 req-ea9f60a8-7add-4680-8473-db1df8bf2d00 service placement] 10.222.0.48 "DELETE /placement/allocations/f1fd8556-083a-4632-87db-5925ff95862c" status: 204 len: 0 microversion: 1.0
May 19 08:19:42.191584 n-d-842288-2 devstack@placement-api.service[116980]: [pid: 116980|app: 0|req: 363/725] 10.222.0.48 () {60 vars in 1355 bytes} [Thu May 19 08:19:41 2022] DELETE /placement/allocations/f1fd8556-083a-4632-87db-5925ff95862c => generated 0 bytes in 223 msecs (HTTP/1.1 204) 5 headers in 198 bytes (1 switches on core 0)
May 19 08:19:46.007541 n-d-842288-2 devstack@placement-api.service[116979]: DEBUG placement.requestlog [req-e77f05ad-6ac2-4eaa-bf14-508170ba31c6 req-a448a39f-f3dc-45c4-b313-0a9d7f82d84c None None] Starting request: 10.222.0.73 "GET /placement/allocation_candidates?limit=1000&resources=DISK_GB%3A1%2CMEMORY_MB%3A1024%2CVCPU%3A1&root_required=%21COMPUTE_STATUS_DISABLED" {{(pid=116979) __call__ /opt/stack/placement/placement/requestlog.py:55}}
May 19 08:19:46.077950 n-d-842288-2 devstack@placement-api.service[116979]: DEBUG placement.objects.research_context [req-e77f05ad-6ac2-4eaa-bf14-508170ba31c6 req-a448a39f-f3dc-45c4-b313-0a9d7f82d84c service placement] getting providers with 1 DISK_GB {{(pid=116979) __init__ /opt/stack/placement/placement/objects/research_context.py:136}}
May 19 08:19:46.093584 n-d-842288-2 devstack@placement-api.service[116979]: DEBUG placement.objects.research_context [req-e77f05ad-6ac2-4eaa-bf14-508170ba31c6 req-a448a39f-f3dc-45c4-b313-0a9d7f82d84c service placement] getting providers with 1024 MEMORY_MB {{(pid=116979) __init__ /opt/stack/placement/placement/objects/research_context.py:136}}
May 19 08:19:46.100276 n-d-842288-2 devstack@placement-api.service[116979]: DEBUG placement.objects.research_context [req-e77f05ad-6ac2-4eaa-bf14-508170ba31c6 req-a448a39f-f3dc-45c4-b313-0a9d7f82d84c service placement] getting providers with 1 VCPU {{(pid=116979) __init__ /opt/stack/placement/placement/objects/research_context.py:136}}
May 19 08:19:46.106418 n-d-842288-2 devstack@placement-api.service[116979]: DEBUG placement.objects.research_context [req-e77f05ad-6ac2-4eaa-bf14-508170ba31c6 req-a448a39f-f3dc-45c4-b313-0a9d7f82d84c service placement] found 2 providers with available 1 DISK_GB {{(pid=116979) get_provider_ids_matching /opt/stack/placement/placement/objects/research_context.py:563}}
May 19 08:19:46.106630 n-d-842288-2 devstack@placement-api.service[116979]: DEBUG placement.objects.research_context [req-e77f05ad-6ac2-4eaa-bf14-508170ba31c6 req-a448a39f-f3dc-45c4-b313-0a9d7f82d84c service placement] found 2 providers with available 1024 MEMORY_MB {{(pid=116979) get_provider_ids_matching /opt/stack/placement/placement/objects/research_context.py:563}}
May 19 08:19:46.106840 n-d-842288-2 devstack@placement-api.service[116979]: DEBUG placement.objects.research_context [req-e77f05ad-6ac2-4eaa-bf14-508170ba31c6 req-a448a39f-f3dc-45c4-b313-0a9d7f82d84c service placement] found 2 providers after filtering by previous result {{(pid=116979) get_provider_ids_matching /opt/stack/placement/placement/objects/research_context.py:594}}
May 19 08:19:46.107280 n-d-842288-2 devstack@placement-api.service[116979]: DEBUG placement.objects.research_context [req-e77f05ad-6ac2-4eaa-bf14-508170ba31c6 req-a448a39f-f3dc-45c4-b313-0a9d7f82d84c service placement] found 2 providers with available 1 VCPU {{(pid=116979) get_provider_ids_matching /opt/stack/placement/placement/objects/research_context.py:563}}
May 19 08:19:46.107695 n-d-842288-2 devstack@placement-api.service[116979]: DEBUG placement.objects.research_context [req-e77f05ad-6ac2-4eaa-bf14-508170ba31c6 req-a448a39f-f3dc-45c4-b313-0a9d7f82d84c service placement] found 2 providers after filtering by previous result {{(pid=116979) get_provider_ids_matching /opt/stack/placement/placement/objects/research_context.py:594}}
May 19 08:19:46.120341 n-d-842288-2 devstack@placement-api.service[116979]: DEBUG placement.objects.allocation_candidate [req-e77f05ad-6ac2-4eaa-bf14-508170ba31c6 req-a448a39f-f3dc-45c4-b313-0a9d7f82d84c service placement] RequestGroup(use_same_provider=False, resources={DISK_GB:1, MEMORY_MB:1024, VCPU:1}, traits=(), aggregates=[]) (suffix '') returned 2 matches {{(pid=116979) _get_by_requests /opt/stack/placement/placement/objects/allocation_candidate.py:156}}
May 19 08:19:46.121016 n-d-842288-2 devstack@placement-api.service[116979]: DEBUG placement.objects.allocation_candidate [req-e77f05ad-6ac2-4eaa-bf14-508170ba31c6 req-a448a39f-f3dc-45c4-b313-0a9d7f82d84c service placement] Merging candidates yields 2 allocation requests and 2 provider summaries {{(pid=116979) _merge_candidates /opt/stack/placement/placement/objects/allocation_candidate.py:809}}
May 19 08:19:46.122977 n-d-842288-2 devstack@placement-api.service[116979]: INFO placement.requestlog [req-e77f05ad-6ac2-4eaa-bf14-508170ba31c6 req-a448a39f-f3dc-45c4-b313-0a9d7f82d84c service placement] 10.222.0.73 "GET /placement/allocation_candidates?limit=1000&resources=DISK_GB%3A1%2CMEMORY_MB%3A1024%2CVCPU%3A1&root_required=%21COMPUTE_STATUS_DISABLED" status: 200 len: 1309 microversion: 1.36
May 19 08:19:46.123585 n-d-842288-2 devstack@placement-api.service[116979]: [pid: 116979|app: 0|req: 363/726] 10.222.0.73 () {60 vars in 1506 bytes} [Thu May 19 08:19:46 2022] GET /placement/allocation_candidates?limit=1000&resources=DISK_GB%3A1%2CMEMORY_MB%3A1024%2CVCPU%3A1&root_required=%21COMPUTE_STATUS_DISABLED => generated 1309 bytes in 116 msecs (HTTP/1.1 200) 8 headers in 297 bytes (2 switches on core 0)
May 19 08:19:46.216734 n-d-842288-2 devstack@placement-api.service[116980]: DEBUG placement.requestlog [req-e77f05ad-6ac2-4eaa-bf14-508170ba31c6 req-fdb1bd45-2e54-4e94-9d6a-7493d9e3f184 None None] Starting request: 10.222.0.73 "GET /placement/allocations/18928d84-4bf3-4160-8ffd-109780be9f28" {{(pid=116980) __call__ /opt/stack/placement/placement/requestlog.py:55}}
May 19 08:19:46.228509 n-d-842288-2 devstack@placement-api.service[116980]: INFO placement.requestlog [req-e77f05ad-6ac2-4eaa-bf14-508170ba31c6 req-fdb1bd45-2e54-4e94-9d6a-7493d9e3f184 service placement] 10.222.0.73 "GET /placement/allocations/18928d84-4bf3-4160-8ffd-109780be9f28" status: 200 len: 19 microversion: 1.28
May 19 08:19:46.229456 n-d-842288-2 devstack@placement-api.service[116980]: [pid: 116980|app: 0|req: 364/727] 10.222.0.73 () {60 vars in 1380 bytes} [Thu May 19 08:19:46 2022] GET /placement/allocations/18928d84-4bf3-4160-8ffd-109780be9f28 => generated 19 bytes in 13 msecs (HTTP/1.1 200) 8 headers in 295 bytes (1 switches on core 0)
May 19 08:19:46.235412 n-d-842288-2 devstack@placement-api.service[116979]: DEBUG placement.requestlog [req-e77f05ad-6ac2-4eaa-bf14-508170ba31c6 req-02fa4ac0-b927-411e-b6f1-b667611cdedf None None] Starting request: 10.222.0.73 "PUT /placement/allocations/18928d84-4bf3-4160-8ffd-109780be9f28" {{(pid=116979) __call__ /opt/stack/placement/placement/requestlog.py:55}}
May 19 08:19:46.441665 n-d-842288-2 devstack@placement-api.service[116979]: DEBUG placement.handlers.allocation [req-e77f05ad-6ac2-4eaa-bf14-508170ba31c6 req-02fa4ac0-b927-411e-b6f1-b667611cdedf service placement] Successfully wrote allocations [, , ] {{(pid=116979) _update_consumers_and_create_allocations /opt/stack/placement/placement/handlers/allocation.py:462}}
May 19 08:19:46.568728 n-d-842288-2 devstack@placement-api.service[116979]: INFO placement.requestlog [req-e77f05ad-6ac2-4eaa-bf14-508170ba31c6 req-02fa4ac0-b927-411e-b6f1-b667611cdedf service placement] 10.222.0.73 "PUT /placement/allocations/18928d84-4bf3-4160-8ffd-109780be9f28" status: 204 len: 0 microversion: 1.36
May 19 08:19:46.569390 n-d-842288-2 devstack@placement-api.service[116979]: [pid: 116979|app: 0|req: 364/728] 10.222.0.73 () {64 vars in 1433 bytes} [Thu May 19 08:19:46 2022] PUT /placement/allocations/18928d84-4bf3-4160-8ffd-109780be9f28 => generated 0 bytes in 334 msecs (HTTP/1.1 204) 5 headers in 199 bytes (2 switches on core 0)
May 19 08:19:46.649475 n-d-842288-2 devstack@placement-api.service[116980]: DEBUG placement.requestlog [req-e77f05ad-6ac2-4eaa-bf14-508170ba31c6 req-90c0b65c-f170-45fd-9260-b10226383ca4 None None] Starting request: 10.222.0.73 "GET /placement/allocations/dd44ddaa-6294-4b8d-958f-3be530abd05d" {{(pid=116980) __call__ /opt/stack/placement/placement/requestlog.py:55}}
May 19 08:19:46.665437 n-d-842288-2 devstack@placement-api.service[116980]: INFO placement.requestlog [req-e77f05ad-6ac2-4eaa-bf14-508170ba31c6 req-90c0b65c-f170-45fd-9260-b10226383ca4 service placement] 10.222.0.73 "GET /placement/allocations/dd44ddaa-6294-4b8d-958f-3be530abd05d" status: 200 len: 19 microversion: 1.28
May 19 08:19:46.666126 n-d-842288-2 devstack@placement-api.service[116980]: [pid: 116980|app: 0|req: 365/729] 10.222.0.73 () {60 vars in 1380 bytes} [Thu May 19 08:19:46 2022] GET /placement/allocations/dd44ddaa-6294-4b8d-958f-3be530abd05d => generated 19 bytes in 17 msecs (HTTP/1.1 200) 8 headers in 295 bytes (1 switches on core 0)
May 19 08:19:46.673271 n-d-842288-2 devstack@placement-api.service[116979]: DEBUG placement.requestlog [req-e77f05ad-6ac2-4eaa-bf14-508170ba31c6 req-4917ff7e-0f49-4119-bd04-90c0fa7c8542 None None] Starting request: 10.222.0.73 "PUT /placement/allocations/dd44ddaa-6294-4b8d-958f-3be530abd05d" {{(pid=116979) __call__ /opt/stack/placement/placement/requestlog.py:55}}
May 19 08:19:46.848821 n-d-842288-2 devstack@placement-api.service[116979]: DEBUG placement.handlers.allocation [req-e77f05ad-6ac2-4eaa-bf14-508170ba31c6 req-4917ff7e-0f49-4119-bd04-90c0fa7c8542 service placement] Successfully wrote allocations [, , ] {{(pid=116979) _update_consumers_and_create_allocations /opt/stack/placement/placement/handlers/allocation.py:462}}
May 19 08:19:46.912409 n-d-842288-2 devstack@placement-api.service[116979]: INFO placement.requestlog [req-e77f05ad-6ac2-4eaa-bf14-508170ba31c6 req-4917ff7e-0f49-4119-bd04-90c0fa7c8542 service placement] 10.222.0.73 "PUT /placement/allocations/dd44ddaa-6294-4b8d-958f-3be530abd05d" status: 204 len: 0 microversion: 1.36
May 19 08:19:46.912955 n-d-842288-2 devstack@placement-api.service[116979]: [pid: 116979|app: 0|req: 365/730] 10.222.0.73 () {64 vars in 1433 bytes} [Thu May 19 08:19:46 2022] PUT /placement/allocations/dd44ddaa-6294-4b8d-958f-3be530abd05d => generated 0 bytes in 240 msecs (HTTP/1.1 204) 5 headers in 199 bytes (1 switches on core 0)
May 19 08:19:47.169902 n-d-842288-2 devstack@placement-api.service[116980]: DEBUG placement.requestlog [req-5d022bf5-3e1a-415c-a847-0137f742be53 req-7e948f18-6ee2-4f6c-bfd3-3ddeb6d330d4 None None] Starting request: 10.222.0.64 "DELETE /placement/allocations/aa355df6-660b-42a7-825c-6c2cc77651fa" {{(pid=116980) __call__ /opt/stack/placement/placement/requestlog.py:55}}
May 19 08:19:47.380083 n-d-842288-2 devstack@placement-api.service[116980]: DEBUG placement.handlers.allocation [req-5d022bf5-3e1a-415c-a847-0137f742be53 req-7e948f18-6ee2-4f6c-bfd3-3ddeb6d330d4 service placement] Successfully deleted allocations [, , ] {{(pid=116980) delete_allocations /opt/stack/placement/placement/handlers/allocation.py:627}}
May 19 08:19:47.381455 n-d-842288-2 devstack@placement-api.service[116980]: INFO placement.requestlog [req-5d022bf5-3e1a-415c-a847-0137f742be53 req-7e948f18-6ee2-4f6c-bfd3-3ddeb6d330d4 service placement] 10.222.0.64 "DELETE /placement/allocations/aa355df6-660b-42a7-825c-6c2cc77651fa" status: 204 len: 0 microversion: 1.0
May 19 08:19:47.382274 n-d-842288-2 devstack@placement-api.service[116980]: [pid: 116980|app: 0|req: 366/731] 10.222.0.64 () {60 vars in 1355 bytes} [Thu May 19 08:19:47 2022] DELETE /placement/allocations/aa355df6-660b-42a7-825c-6c2cc77651fa => generated 0 bytes in 214 msecs (HTTP/1.1 204) 5 headers in 198 bytes (1 switches on core 0)
May 19 08:19:47.958949 n-d-842288-2 devstack@placement-api.service[116979]: DEBUG placement.requestlog [req-809294da-2606-4ab6-bb92-7a6d80759ab2 req-b9816c35-0279-4d2e-a53a-d1ea3862f3db None None] Starting request: 10.222.0.48 "DELETE /placement/allocations/1906f2ce-9992-43c9-bcd6-22651795140f" {{(pid=116979) __call__ /opt/stack/placement/placement/requestlog.py:55}}
May 19 08:19:48.219977 n-d-842288-2 devstack@placement-api.service[116979]: DEBUG placement.handlers.allocation [req-809294da-2606-4ab6-bb92-7a6d80759ab2 req-b9816c35-0279-4d2e-a53a-d1ea3862f3db service placement] Successfully deleted allocations [, , ] {{(pid=116979) delete_allocations /opt/stack/placement/placement/handlers/allocation.py:627}}
May 19 08:19:48.220806 n-d-842288-2 devstack@placement-api.service[116979]: INFO placement.requestlog [req-809294da-2606-4ab6-bb92-7a6d80759ab2 req-b9816c35-0279-4d2e-a53a-d1ea3862f3db service placement] 10.222.0.48 "DELETE /placement/allocations/1906f2ce-9992-43c9-bcd6-22651795140f" status: 204 len: 0 microversion: 1.0
May 19 08:19:48.222265 n-d-842288-2 devstack@placement-api.service[116979]: [pid: 116979|app: 0|req: 366/732] 10.222.0.48 () {60 vars in 1355 bytes} [Thu May 19 08:19:47 2022] DELETE /placement/allocations/1906f2ce-9992-43c9-bcd6-22651795140f => generated 0 bytes in 264 msecs (HTTP/1.1 204) 5 headers in 198 bytes (2 switches on core 0)
May 19 08:19:48.556052 n-d-842288-2 devstack@placement-api.service[116980]: DEBUG placement.requestlog [req-e77f05ad-6ac2-4eaa-bf14-508170ba31c6 req-5507cd2a-e828-47e6-8b6d-c66836435ef4 None None] Starting request: 10.222.0.48 "GET /placement/allocations/18928d84-4bf3-4160-8ffd-109780be9f28" {{(pid=116980) __call__ /opt/stack/placement/placement/requestlog.py:55}}
May 19 08:19:48.556052 n-d-842288-2 devstack@placement-api.service[116980]: INFO placement.requestlog [req-e77f05ad-6ac2-4eaa-bf14-508170ba31c6 req-5507cd2a-e828-47e6-8b6d-c66836435ef4 service placement] 10.222.0.48 "GET /placement/allocations/18928d84-4bf3-4160-8ffd-109780be9f28" status: 200 len: 259 microversion: 1.28
May 19 08:19:48.556052 n-d-842288-2 devstack@placement-api.service[116980]: [pid: 116980|app: 0|req: 367/733] 10.222.0.48 () {60 vars in 1377 bytes} [Thu May 19 08:19:48 2022] GET /placement/allocations/18928d84-4bf3-4160-8ffd-109780be9f28 => generated 259 bytes in 20 msecs (HTTP/1.1 200) 8 headers in 296 bytes (2 switches on core 0)
May 19 08:19:48.950181 n-d-842288-2 devstack@placement-api.service[116979]: DEBUG placement.requestlog [req-e77f05ad-6ac2-4eaa-bf14-508170ba31c6 req-6d2dc8b2-2715-431f-aa9e-f84f15bda14b None None] Starting request: 10.222.0.64 "GET /placement/allocations/dd44ddaa-6294-4b8d-958f-3be530abd05d" {{(pid=116979) __call__ /opt/stack/placement/placement/requestlog.py:55}}
May 19 08:19:48.986666 n-d-842288-2 devstack@placement-api.service[116979]: INFO placement.requestlog [req-e77f05ad-6ac2-4eaa-bf14-508170ba31c6 req-6d2dc8b2-2715-431f-aa9e-f84f15bda14b service placement] 10.222.0.64 "GET /placement/allocations/dd44ddaa-6294-4b8d-958f-3be530abd05d" status: 200 len: 259 microversion: 1.28
