May 13 14:02:40.557524 n-d-841756-1 devstack@n-api.service[103476]: DEBUG oslo_db.sqlalchemy.engines [None req-b8bb2189-bf29-4861-abd5-5c6ebf4b4b33 None None] MySQL server mode set to STRICT_TRANS_TABLES,STRICT_ALL_TABLES,NO_ZERO_IN_DATE,NO_ZERO_DATE,ERROR_FOR_DIVISION_BY_ZERO,TRADITIONAL,NO_ENGINE_SUBSTITUTION {{(pid=103476) _check_effective_sql_mode /usr/local/lib/python3.8/dist-packages/oslo_db/sqlalchemy/engines.py:314}}
May 13 14:02:40.563793 n-d-841756-1 devstack@n-api.service[103476]: DEBUG oslo_db.sqlalchemy.engines [None req-b8bb2189-bf29-4861-abd5-5c6ebf4b4b33 None None] MySQL server mode set to STRICT_TRANS_TABLES,STRICT_ALL_TABLES,NO_ZERO_IN_DATE,NO_ZERO_DATE,ERROR_FOR_DIVISION_BY_ZERO,TRADITIONAL,NO_ENGINE_SUBSTITUTION {{(pid=103476) _check_effective_sql_mode /usr/local/lib/python3.8/dist-packages/oslo_db/sqlalchemy/engines.py:314}}
May 13 14:02:40.564310 n-d-841756-1 devstack@n-api.service[103477]: DEBUG oslo_concurrency.lockutils [None req-f9484ef3-4e8a-4a0f-a44d-b5eeb099b1f2 None None] Lock "eab3f339-9524-4625-807a-3a9a9f1ddb7f" "released" by "nova.context.set_target_cell..get_or_set_cached_cell_and_set_connections" :: held 0.002s {{(pid=103477) inner /usr/local/lib/python3.8/dist-packages/oslo_concurrency/lockutils.py:400}}
May 13 14:02:40.581851 n-d-841756-1 devstack@n-api.service[103477]: DEBUG oslo_db.sqlalchemy.engines [None req-f9484ef3-4e8a-4a0f-a44d-b5eeb099b1f2 None None] MySQL server mode set to STRICT_TRANS_TABLES,STRICT_ALL_TABLES,NO_ZERO_IN_DATE,NO_ZERO_DATE,ERROR_FOR_DIVISION_BY_ZERO,TRADITIONAL,NO_ENGINE_SUBSTITUTION {{(pid=103477) _check_effective_sql_mode /usr/local/lib/python3.8/dist-packages/oslo_db/sqlalchemy/engines.py:314}}
May 13 14:02:40.584155 n-d-841756-1 devstack@n-api.service[103477]: DEBUG oslo_db.sqlalchemy.engines [None req-f9484ef3-4e8a-4a0f-a44d-b5eeb099b1f2 None None] MySQL server mode set to STRICT_TRANS_TABLES,STRICT_ALL_TABLES,NO_ZERO_IN_DATE,NO_ZERO_DATE,ERROR_FOR_DIVISION_BY_ZERO,TRADITIONAL,NO_ENGINE_SUBSTITUTION {{(pid=103477) _check_effective_sql_mode /usr/local/lib/python3.8/dist-packages/oslo_db/sqlalchemy/engines.py:314}}
May 13 14:02:40.733721 n-d-841756-1 devstack@n-api.service[103476]: DEBUG oslo_db.sqlalchemy.engines [None req-b8bb2189-bf29-4861-abd5-5c6ebf4b4b33 None None] MySQL server mode set to STRICT_TRANS_TABLES,STRICT_ALL_TABLES,NO_ZERO_IN_DATE,NO_ZERO_DATE,ERROR_FOR_DIVISION_BY_ZERO,TRADITIONAL,NO_ENGINE_SUBSTITUTION {{(pid=103476) _check_effective_sql_mode /usr/local/lib/python3.8/dist-packages/oslo_db/sqlalchemy/engines.py:314}}
May 13 14:02:40.748603 n-d-841756-1 devstack@n-api.service[103477]: DEBUG oslo_db.sqlalchemy.engines [None req-f9484ef3-4e8a-4a0f-a44d-b5eeb099b1f2 None None] MySQL server mode set to STRICT_TRANS_TABLES,STRICT_ALL_TABLES,NO_ZERO_IN_DATE,NO_ZERO_DATE,ERROR_FOR_DIVISION_BY_ZERO,TRADITIONAL,NO_ENGINE_SUBSTITUTION {{(pid=103477) _check_effective_sql_mode /usr/local/lib/python3.8/dist-packages/oslo_db/sqlalchemy/engines.py:314}}
May 13 14:02:41.082162 n-d-841756-1 devstack@n-api.service[103476]: WARNING keystonemiddleware.auth_token [None req-b8bb2189-bf29-4861-abd5-5c6ebf4b4b33 None None] AuthToken middleware is set with keystone_authtoken.service_token_roles_required set to False. This is backwards compatible but deprecated behaviour. Please set this to True.
May 13 14:02:41.082734 n-d-841756-1 devstack@n-api.service[103477]: WARNING keystonemiddleware.auth_token [None req-f9484ef3-4e8a-4a0f-a44d-b5eeb099b1f2 None None] AuthToken middleware is set with keystone_authtoken.service_token_roles_required set to False. This is backwards compatible but deprecated behaviour. Please set this to True.
May 13 14:02:41.089811 n-d-841756-1 devstack@n-api.service[103476]: WARNING keystonemiddleware.auth_token [None req-b8bb2189-bf29-4861-abd5-5c6ebf4b4b33 None None] Configuring www_authenticate_uri to point to the public identity endpoint is required; clients may not be able to authenticate against an admin endpoint
May 13 14:02:41.091381 n-d-841756-1 devstack@n-api.service[103477]: WARNING keystonemiddleware.auth_token [None req-f9484ef3-4e8a-4a0f-a44d-b5eeb099b1f2 None None] Configuring www_authenticate_uri to point to the public identity endpoint is required; clients may not be able to authenticate against an admin endpoint
May 13 14:02:41.442674 n-d-841756-1 devstack@n-api.service[103477]: WARNING keystonemiddleware.auth_token [None req-f9484ef3-4e8a-4a0f-a44d-b5eeb099b1f2 None None] AuthToken middleware is set with keystone_authtoken.service_token_roles_required set to False. This is backwards compatible but deprecated behaviour. Please set this to True.
May 13 14:02:41.444016 n-d-841756-1 devstack@n-api.service[103476]: WARNING keystonemiddleware.auth_token [None req-b8bb2189-bf29-4861-abd5-5c6ebf4b4b33 None None] AuthToken middleware is set with keystone_authtoken.service_token_roles_required set to False. This is backwards compatible but deprecated behaviour. Please set this to True.
May 13 14:02:41.448850 n-d-841756-1 devstack@n-api.service[103477]: WARNING keystonemiddleware.auth_token [None req-f9484ef3-4e8a-4a0f-a44d-b5eeb099b1f2 None None] Configuring www_authenticate_uri to point to the public identity endpoint is required; clients may not be able to authenticate against an admin endpoint
May 13 14:02:41.450145 n-d-841756-1 devstack@n-api.service[103476]: WARNING keystonemiddleware.auth_token [None req-b8bb2189-bf29-4861-abd5-5c6ebf4b4b33 None None] Configuring www_authenticate_uri to point to the public identity endpoint is required; clients may not be able to authenticate against an admin endpoint
May 13 14:02:41.454182 n-d-841756-1 devstack@n-api.service[103477]: WSGI app 0 (mountpoint='') ready in 6 seconds on interpreter 0x56147d56b9c0 pid: 103477 (default app)
May 13 14:02:41.456246 n-d-841756-1 devstack@n-api.service[103477]: DEBUG nova.api.openstack.wsgi [None req-f9484ef3-4e8a-4a0f-a44d-b5eeb099b1f2 None None] Calling method '>' {{(pid=103477) _process_stack /opt/stack/nova/nova/api/openstack/wsgi.py:513}}
May 13 14:02:41.456373 n-d-841756-1 devstack@n-api.service[103476]: WSGI app 0 (mountpoint='') ready in 6 seconds on interpreter 0x56147d56b9c0 pid: 103476 (default app)
May 13 14:02:41.457994 n-d-841756-1 devstack@n-api.service[103477]: INFO nova.api.openstack.requestlog [None req-f9484ef3-4e8a-4a0f-a44d-b5eeb099b1f2 None None] 10.222.0.83 "GET /compute/v2.1/" status: 200 len: 388 microversion: 2.1 time: 0.002297
May 13 14:02:41.458402 n-d-841756-1 devstack@n-api.service[103477]: [pid: 103477|app: 0|req: 1/1] 10.222.0.83 () {50 vars in 788 bytes} [Fri May 13 14:02:41 2022] GET /compute/v2.1/ => generated 388 bytes in 4 msecs (HTTP/1.1 200) 9 headers in 357 bytes (1 switches on core 0)
May 13 14:04:00.401381 n-d-841756-1 devstack@n-api.service[103476]: DEBUG nova.api.openstack.wsgi [None req-b8bb2189-bf29-4861-abd5-5c6ebf4b4b33 None None] Calling method '>' {{(pid=103476) _process_stack /opt/stack/nova/nova/api/openstack/wsgi.py:513}}
May 13 14:04:00.402575 n-d-841756-1 devstack@n-api.service[103476]: INFO nova.api.openstack.requestlog [None req-b8bb2189-bf29-4861-abd5-5c6ebf4b4b33 None None] 10.222.0.83 "GET /compute/v2.1" status: 200 len: 388 microversion: 2.1 time: 0.001980
May 13 14:04:00.402973 n-d-841756-1 devstack@n-api.service[103476]: [pid: 103476|app: 0|req: 1/2] 10.222.0.83 () {54 vars in 930 bytes} [Fri May 13 14:04:00 2022] GET /compute/v2.1 => generated 388 bytes in 4 msecs (HTTP/1.1 200) 9 headers in 357 bytes (1 switches on core 0)
May 13 14:04:00.831658 n-d-841756-1 devstack@n-api.service[103477]: DEBUG nova.api.openstack.wsgi [None req-51bda9aa-3c62-44da-a015-1c325e226900 admin admin] Calling method '>' {{(pid=103477) _process_stack /opt/stack/nova/nova/api/openstack/wsgi.py:513}}
May 13 14:04:00.864279 n-d-841756-1 devstack@n-api.service[103477]: INFO nova.api.openstack.requestlog [None req-51bda9aa-3c62-44da-a015-1c325e226900 admin admin] 10.222.0.83 "GET /compute/v2.1/flavors/detail?is_public=True" status: 200 len: 15 microversion: 2.61 time: 0.454484
May 13 14:04:00.865095 n-d-841756-1 devstack@n-api.service[103477]: [pid: 103477|app: 0|req: 2/3] 10.222.0.83 () {60 vars in 1291 bytes} [Fri May 13 14:04:00 2022] GET /compute/v2.1/flavors/detail?is_public=True => generated 15 bytes in 456 msecs (HTTP/1.1 200) 9 headers in 358 bytes (2 switches on core 0)
May 13 14:04:03.204238 n-d-841756-1 devstack@n-api.service[103476]: DEBUG nova.api.openstack.wsgi [None req-b8bb2189-bf29-4861-abd5-5c6ebf4b4b33 None None] Calling method '>' {{(pid=103476) _process_stack /opt/stack/nova/nova/api/openstack/wsgi.py:513}}
May 13 14:04:03.205290 n-d-841756-1 devstack@n-api.service[103476]: INFO nova.api.openstack.requestlog [None req-b8bb2189-bf29-4861-abd5-5c6ebf4b4b33 None None] 10.222.0.83 "GET /compute/v2.1" status: 200 len: 388 microversion: 2.1 time: 0.001502
May 13 14:04:03.205686 n-d-841756-1 devstack@n-api.service[103476]: [pid: 103476|app: 0|req: 2/4] 10.222.0.83 () {54 vars in 930 bytes} [Fri May 13 14:04:03 2022] GET /compute/v2.1 => generated 388 bytes in 4 msecs (HTTP/1.1 200) 9 headers in 357 bytes (1 switches on core 0)
May 13 14:04:03.265764 n-d-841756-1 devstack@n-api.service[103477]: DEBUG nova.api.openstack.wsgi [None req-9c04495d-b030-498b-ac24-44c2f1700855 admin admin] Action: 'create', calling method: >, body: {"flavor": {"rxtx_factor": 1.0, "swap": 0, "disk": 1, "os-flavor-access:is_public": true, "OS-FLV-EXT-DATA:ephemeral": 0, "ram": 256, "id": "c1", "vcpus": 1, "name": "cirros256"}} {{(pid=103477) _process_stack /opt/stack/nova/nova/api/openstack/wsgi.py:511}}
May 13 14:04:03.286008 n-d-841756-1 devstack@n-api.service[103477]: /usr/local/lib/python3.8/dist-packages/oslo_policy/policy.py:1129: UserWarning: Policy "os_compute_api:os-flavor-manage:create": "rule:context_is_admin" failed scope check. The token used to make the request was project scoped but the policy requires ['system'] scope. This behavior may change in the future where using the intended scope is required
May 13 14:04:03.286008 n-d-841756-1 devstack@n-api.service[103477]: warnings.warn(msg)
May 13 14:04:03.319328 n-d-841756-1 devstack@n-api.service[103477]: INFO nova.api.openstack.requestlog [None req-9c04495d-b030-498b-ac24-44c2f1700855 admin admin] 10.222.0.83 "POST /compute/v2.1/flavors" status: 200 len: 407 microversion: 2.61 time: 0.107227
May 13 14:04:03.320560 n-d-841756-1 devstack@n-api.service[103477]: [pid: 103477|app: 0|req: 3/5] 10.222.0.83 () {64 vars in 1282 bytes} [Fri May 13 14:04:03 2022] POST /compute/v2.1/flavors => generated 407 bytes in 109 msecs (HTTP/1.1 200) 9 headers in 359 bytes (1 switches on core 0)
May 13 14:04:03.538380 n-d-841756-1 devstack@n-api.service[103476]: DEBUG nova.api.openstack.wsgi [None req-2bc2a175-7493-4180-bc48-ade17e530f1e admin admin] Action: 'create', calling method: >, body: {"extra_specs": {"hw_rng:allowed": "True"}} {{(pid=103476) _process_stack /opt/stack/nova/nova/api/openstack/wsgi.py:511}}
May 13 14:04:03.540874 n-d-841756-1 devstack@n-api.service[103476]: /usr/local/lib/python3.8/dist-packages/oslo_policy/policy.py:1129: UserWarning: Policy "os_compute_api:os-flavor-extra-specs:create": "rule:context_is_admin" failed scope check. The token used to make the request was project scoped but the policy requires ['system'] scope. This behavior may change in the future where using the intended scope is required
May 13 14:04:03.540874 n-d-841756-1 devstack@n-api.service[103476]: warnings.warn(msg)
May 13 14:04:03.588866 n-d-841756-1 devstack@n-api.service[103476]: INFO nova.api.openstack.requestlog [None req-2bc2a175-7493-4180-bc48-ade17e530f1e admin admin] 10.222.0.83 "POST /compute/v2.1/flavors/c1/os-extra_specs" status: 200 len: 43 microversion: 2.61 time: 0.259667
May 13 14:04:03.592820 n-d-841756-1 devstack@n-api.service[103476]: [pid: 103476|app: 0|req: 3/6] 10.222.0.83 () {64 vars in 1335 bytes} [Fri May 13 14:04:03 2022] POST /compute/v2.1/flavors/c1/os-extra_specs => generated 43 bytes in 265 msecs (HTTP/1.1 200) 9 headers in 358 bytes (1 switches on core 0)
May 13 14:04:05.922632 n-d-841756-1 devstack@n-api.service[103477]: DEBUG nova.api.openstack.wsgi [None req-9c04495d-b030-498b-ac24-44c2f1700855 admin admin] Calling method '>' {{(pid=103477) _process_stack /opt/stack/nova/nova/api/openstack/wsgi.py:513}}
May 13 14:04:05.923655 n-d-841756-1 devstack@n-api.service[103477]: INFO nova.api.openstack.requestlog [None req-9c04495d-b030-498b-ac24-44c2f1700855 admin admin] 10.222.0.83 "GET /compute/v2.1" status: 200 len: 388 microversion: 2.1 time: 0.002016
May 13 14:04:05.924671 n-d-841756-1 devstack@n-api.service[103477]: [pid: 103477|app: 0|req: 4/7] 10.222.0.83 () {54 vars in 930 bytes} [Fri May 13 14:04:05 2022] GET /compute/v2.1 => generated 388 bytes in 3 msecs (HTTP/1.1 200) 9 headers in 357 bytes (1 switches on core 0)
May 13 14:04:06.061486 n-d-841756-1 devstack@n-api.service[103476]: DEBUG nova.api.openstack.wsgi [None req-3b3f501f-30fb-4bbe-ad9e-016e5542b984 admin admin] Action: 'create', calling method: >, body: {"flavor": {"disk": 5, "id": "d1", "rxtx_factor": 1.0, "swap": 0, "os-flavor-access:is_public": true, "vcpus": 1, "ram": 512, "OS-FLV-EXT-DATA:ephemeral": 0, "name": "ds512M"}} {{(pid=103476) _process_stack /opt/stack/nova/nova/api/openstack/wsgi.py:511}}
May 13 14:04:06.079309 n-d-841756-1 devstack@n-api.service[103476]: /usr/local/lib/python3.8/dist-packages/oslo_policy/policy.py:1129: UserWarning: Policy "os_compute_api:os-flavor-manage:create": "rule:context_is_admin" failed scope check. The token used to make the request was project scoped but the policy requires ['system'] scope. This behavior may change in the future where using the intended scope is required
May 13 14:04:06.079309 n-d-841756-1 devstack@n-api.service[103476]: warnings.warn(msg)
May 13 14:04:06.099305 n-d-841756-1 devstack@n-api.service[103476]: INFO nova.api.openstack.requestlog [None req-3b3f501f-30fb-4bbe-ad9e-016e5542b984 admin admin] 10.222.0.83 "POST /compute/v2.1/flavors" status: 200 len: 404 microversion: 2.61 time: 0.168156
May 13 14:04:06.099788 n-d-841756-1 devstack@n-api.service[103476]: [pid: 103476|app: 0|req: 4/8] 10.222.0.83 () {64 vars in 1282 bytes} [Fri May 13 14:04:05 2022] POST /compute/v2.1/flavors => generated 404 bytes in 170 msecs (HTTP/1.1 200) 9 headers in 359 bytes (2 switches on core 0)
May 13 14:04:06.113413 n-d-841756-1 devstack@n-api.service[103477]: DEBUG nova.api.openstack.wsgi [None req-0200181f-f844-4918-85eb-6cc68a2d24a9 admin admin] Action: 'create', calling method: >, body: {"extra_specs": {"hw_rng:allowed": "True"}} {{(pid=103477) _process_stack /opt/stack/nova/nova/api/openstack/wsgi.py:511}}
May 13 14:04:06.114893 n-d-841756-1 devstack@n-api.service[103477]: /usr/local/lib/python3.8/dist-packages/oslo_policy/policy.py:1129: UserWarning: Policy "os_compute_api:os-flavor-extra-specs:create": "rule:context_is_admin" failed scope check. The token used to make the request was project scoped but the policy requires ['system'] scope. This behavior may change in the future where using the intended scope is required
May 13 14:04:06.114893 n-d-841756-1 devstack@n-api.service[103477]: warnings.warn(msg)
May 13 14:04:06.147788 n-d-841756-1 devstack@n-api.service[103477]: INFO nova.api.openstack.requestlog [None req-0200181f-f844-4918-85eb-6cc68a2d24a9 admin admin] 10.222.0.83 "POST /compute/v2.1/flavors/d1/os-extra_specs" status: 200 len: 43 microversion: 2.61 time: 0.038635
May 13 14:04:06.148366 n-d-841756-1 devstack@n-api.service[103477]: [pid: 103477|app: 0|req: 5/9] 10.222.0.83 () {64 vars in 1335 bytes} [Fri May 13 14:04:06 2022] POST /compute/v2.1/flavors/d1/os-extra_specs => generated 43 bytes in 40 msecs (HTTP/1.1 200) 9 headers in 358 bytes (1 switches on core 0)
May 13 14:04:08.504975 n-d-841756-1 devstack@n-api.service[103476]: DEBUG nova.api.openstack.wsgi [None req-3b3f501f-30fb-4bbe-ad9e-016e5542b984 admin admin] Calling method '>' {{(pid=103476) _process_stack /opt/stack/nova/nova/api/openstack/wsgi.py:513}}
May 13 14:04:08.506680 n-d-841756-1 devstack@n-api.service[103476]: INFO nova.api.openstack.requestlog [None req-3b3f501f-30fb-4bbe-ad9e-016e5542b984 admin admin] 10.222.0.83 "GET /compute/v2.1" status: 200 len: 388 microversion: 2.1 time: 0.003351
May 13 14:04:08.512661 n-d-841756-1 devstack@n-api.service[103476]: [pid: 103476|app: 0|req: 5/10] 10.222.0.83 () {54 vars in 930 bytes} [Fri May 13 14:04:08 2022] GET /compute/v2.1 => generated 388 bytes in 6 msecs (HTTP/1.1 200) 9 headers in 357 bytes (1 switches on core 0)
May 13 14:04:08.594448 n-d-841756-1 devstack@n-api.service[103477]: DEBUG nova.api.openstack.wsgi [None req-c63af12c-e418-4c61-a378-1edd6cb65a6a admin admin] Action: 'create', calling method: >, body: {"flavor": {"vcpus": 1, "swap": 0, "rxtx_factor": 1.0, "OS-FLV-EXT-DATA:ephemeral": 0, "disk": 10, "id": "d2", "ram": 1024, "name": "ds1G", "os-flavor-access:is_public": true}} {{(pid=103477) _process_stack /opt/stack/nova/nova/api/openstack/wsgi.py:511}}
May 13 14:04:08.623146 n-d-841756-1 devstack@n-api.service[103477]: INFO nova.api.openstack.requestlog [None req-c63af12c-e418-4c61-a378-1edd6cb65a6a admin admin] 10.222.0.83 "POST /compute/v2.1/flavors" status: 200 len: 404 microversion: 2.61 time: 0.105988
May 13 14:04:08.623711 n-d-841756-1 devstack@n-api.service[103477]: [pid: 103477|app: 0|req: 6/11] 10.222.0.83 () {64 vars in 1282 bytes} [Fri May 13 14:04:08 2022] POST /compute/v2.1/flavors => generated 404 bytes in 107 msecs (HTTP/1.1 200) 9 headers in 359 bytes (1 switches on core 0)
May 13 14:04:08.642627 n-d-841756-1 devstack@n-api.service[103476]: DEBUG nova.api.openstack.wsgi [None req-f6ee5657-5346-4e77-b818-40b4f825308c admin admin] Action: 'create', calling method: >, body: {"extra_specs": {"hw_rng:allowed": "True"}} {{(pid=103476) _process_stack /opt/stack/nova/nova/api/openstack/wsgi.py:511}}
May 13 14:04:08.691070 n-d-841756-1 devstack@n-api.service[103476]: INFO nova.api.openstack.requestlog [None req-f6ee5657-5346-4e77-b818-40b4f825308c admin admin] 10.222.0.83 "POST /compute/v2.1/flavors/d2/os-extra_specs" status: 200 len: 43 microversion: 2.61 time: 0.052635
May 13 14:04:08.692004 n-d-841756-1 devstack@n-api.service[103476]: [pid: 103476|app: 0|req: 6/12] 10.222.0.83 () {64 vars in 1335 bytes} [Fri May 13 14:04:08 2022] POST /compute/v2.1/flavors/d2/os-extra_specs => generated 43 bytes in 56 msecs (HTTP/1.1 200) 9 headers in 358 bytes (1 switches on core 0)
May 13 14:04:11.312325 n-d-841756-1 devstack@n-api.service[103477]: DEBUG nova.api.openstack.wsgi [None req-c63af12c-e418-4c61-a378-1edd6cb65a6a admin admin] Calling method '>' {{(pid=103477) _process_stack /opt/stack/nova/nova/api/openstack/wsgi.py:513}}
May 13 14:04:11.314019 n-d-841756-1 devstack@n-api.service[103477]: INFO nova.api.openstack.requestlog [None req-c63af12c-e418-4c61-a378-1edd6cb65a6a admin admin] 10.222.0.83 "GET /compute/v2.1" status: 200 len: 388 microversion: 2.1 time: 0.002939
May 13 14:04:11.319919 n-d-841756-1 devstack@n-api.service[103477]: [pid: 103477|app: 0|req: 7/13] 10.222.0.83 () {54 vars in 930 bytes} [Fri May 13 14:04:11 2022] GET /compute/v2.1 => generated 388 bytes in 9 msecs (HTTP/1.1 200) 9 headers in 357 bytes (1 switches on core 0)
May 13 14:04:11.385808 n-d-841756-1 devstack@n-api.service[103476]: DEBUG nova.api.openstack.wsgi [None req-3958409e-c7d4-4ad7-be92-e29bd8451c9e admin admin] Action: 'create', calling method: >, body: {"flavor": {"id": "d3", "swap": 0, "OS-FLV-EXT-DATA:ephemeral": 0, "os-flavor-access:is_public": true, "rxtx_factor": 1.0, "name": "ds2G", "ram": 2048, "vcpus": 2, "disk": 10}} {{(pid=103476) _process_stack /opt/stack/nova/nova/api/openstack/wsgi.py:511}}
May 13 14:04:11.406765 n-d-841756-1 devstack@n-api.service[103476]: INFO nova.api.openstack.requestlog [None req-3958409e-c7d4-4ad7-be92-e29bd8451c9e admin admin] 10.222.0.83 "POST /compute/v2.1/flavors" status: 200 len: 404 microversion: 2.61 time: 0.085995
May 13 14:04:11.407947 n-d-841756-1 devstack@n-api.service[103476]: [pid: 103476|app: 0|req: 7/14] 10.222.0.83 () {64 vars in 1282 bytes} [Fri May 13 14:04:11 2022] POST /compute/v2.1/flavors => generated 404 bytes in 88 msecs (HTTP/1.1 200) 9 headers in 359 bytes (2 switches on core 0)
May 13 14:04:11.420664 n-d-841756-1 devstack@n-api.service[103477]: DEBUG nova.api.openstack.wsgi [None req-e7da9019-8b65-47a9-84b5-a3acb7de9f68 admin admin] Action: 'create', calling method: >, body: {"extra_specs": {"hw_rng:allowed": "True"}} {{(pid=103477) _process_stack /opt/stack/nova/nova/api/openstack/wsgi.py:511}}
May 13 14:04:11.448440 n-d-841756-1 devstack@n-api.service[103477]: INFO nova.api.openstack.requestlog [None req-e7da9019-8b65-47a9-84b5-a3acb7de9f68 admin admin] 10.222.0.83 "POST /compute/v2.1/flavors/d3/os-extra_specs" status: 200 len: 43 microversion: 2.61 time: 0.031992
May 13 14:04:11.460860 n-d-841756-1 devstack@n-api.service[103477]: [pid: 103477|app: 0|req: 8/15] 10.222.0.83 () {64 vars in 1335 bytes} [Fri May 13 14:04:11 2022] POST /compute/v2.1/flavors/d3/os-extra_specs => generated 43 bytes in 45 msecs (HTTP/1.1 200) 9 headers in 358 bytes (1 switches on core 0)
May 13 14:04:13.966503 n-d-841756-1 devstack@n-api.service[103476]: DEBUG nova.api.openstack.wsgi [None req-3958409e-c7d4-4ad7-be92-e29bd8451c9e admin admin] Calling method '>' {{(pid=103476) _process_stack /opt/stack/nova/nova/api/openstack/wsgi.py:513}}
May 13 14:04:13.967698 n-d-841756-1 devstack@n-api.service[103476]: INFO nova.api.openstack.requestlog [None req-3958409e-c7d4-4ad7-be92-e29bd8451c9e admin admin] 10.222.0.83 "GET /compute/v2.1" status: 200 len: 388 microversion: 2.1 time: 0.001590
May 13 14:04:13.968797 n-d-841756-1 devstack@n-api.service[103476]: [pid: 103476|app: 0|req: 8/16] 10.222.0.83 () {54 vars in 930 bytes} [Fri May 13 14:04:13 2022] GET /compute/v2.1 => generated 388 bytes in 3 msecs (HTTP/1.1 200) 9 headers in 357 bytes (1 switches on core 0)
May 13 14:04:14.033665 n-d-841756-1 devstack@n-api.service[103477]: DEBUG nova.api.openstack.wsgi [None req-15745600-cd6b-47f4-b496-dee405a2f1a3 admin admin] Action: 'create', calling method: >, body: {"flavor": {"os-flavor-access:is_public": true, "disk": 20, "OS-FLV-EXT-DATA:ephemeral": 0, "ram": 4096, "id": "d4", "vcpus": 4, "rxtx_factor": 1.0, "name": "ds4G", "swap": 0}} {{(pid=103477) _process_stack /opt/stack/nova/nova/api/openstack/wsgi.py:511}}
May 13 14:04:14.054370 n-d-841756-1 devstack@n-api.service[103477]: INFO nova.api.openstack.requestlog [None req-15745600-cd6b-47f4-b496-dee405a2f1a3 admin admin] 10.222.0.83 "POST /compute/v2.1/flavors" status: 200 len: 404 microversion: 2.61 time: 0.079208
May 13 14:04:14.055402 n-d-841756-1 devstack@n-api.service[103477]: [pid: 103477|app: 0|req: 9/17] 10.222.0.83 () {64 vars in 1282 bytes} [Fri May 13 14:04:13 2022] POST /compute/v2.1/flavors => generated 404 bytes in 81 msecs (HTTP/1.1 200) 9 headers in 359 bytes (2 switches on core 0)
May 13 14:04:14.068397 n-d-841756-1 devstack@n-api.service[103476]: DEBUG nova.api.openstack.wsgi [None req-a9f38f7a-ba72-4531-80d5-1e8085e62e32 admin admin] Action: 'create', calling method: >, body: {"extra_specs": {"hw_rng:allowed": "True"}} {{(pid=103476) _process_stack /opt/stack/nova/nova/api/openstack/wsgi.py:511}}
May 13 14:04:14.097135 n-d-841756-1 devstack@n-api.service[103476]: INFO nova.api.openstack.requestlog [None req-a9f38f7a-ba72-4531-80d5-1e8085e62e32 admin admin] 10.222.0.83 "POST /compute/v2.1/flavors/d4/os-extra_specs" status: 200 len: 43 microversion: 2.61 time: 0.033069
May 13 14:04:14.098368 n-d-841756-1 devstack@n-api.service[103476]: [pid: 103476|app: 0|req: 9/18] 10.222.0.83 () {64 vars in 1335 bytes} [Fri May 13 14:04:14 2022] POST /compute/v2.1/flavors/d4/os-extra_specs => generated 43 bytes in 35 msecs (HTTP/1.1 200) 9 headers in 358 bytes (1 switches on core 0)
May 13 14:04:16.432898 n-d-841756-1 devstack@n-api.service[103477]: DEBUG nova.api.openstack.wsgi [None req-15745600-cd6b-47f4-b496-dee405a2f1a3 admin admin] Calling method '>' {{(pid=103477) _process_stack /opt/stack/nova/nova/api/openstack/wsgi.py:513}}
May 13 14:04:16.433925 n-d-841756-1 devstack@n-api.service[103477]: INFO nova.api.openstack.requestlog [None req-15745600-cd6b-47f4-b496-dee405a2f1a3 admin admin] 10.222.0.83 "GET /compute/v2.1" status: 200 len: 388 microversion: 2.1 time: 0.001510
May 13 14:04:16.434329 n-d-841756-1 devstack@n-api.service[103477]: [pid: 103477|app: 0|req: 10/19] 10.222.0.83 () {54 vars in 930 bytes} [Fri May 13 14:04:16 2022] GET /compute/v2.1 => generated 388 bytes in 2 msecs (HTTP/1.1 200) 9 headers in 357 bytes (2 switches on core 0)
May 13 14:04:16.502172 n-d-841756-1 devstack@n-api.service[103476]: DEBUG nova.api.openstack.wsgi [None req-ecd8b1d2-2cb2-4682-8680-10adb67588cc admin admin] Calling method '>' {{(pid=103476) _process_stack /opt/stack/nova/nova/api/openstack/wsgi.py:513}}
May 13 14:04:16.527641 n-d-841756-1 devstack@n-api.service[103476]: INFO nova.api.openstack.requestlog [None req-ecd8b1d2-2cb2-4682-8680-10adb67588cc admin admin] 10.222.0.83 "GET /compute/v2.1/flavors/detail?is_public=True" status: 200 len: 2106 microversion: 2.61 time: 0.086499
May 13 14:04:16.528280 n-d-841756-1 devstack@n-api.service[103476]: [pid: 103476|app: 0|req: 10/20] 10.222.0.83 () {60 vars in 1291 bytes} [Fri May 13 14:04:16 2022] GET /compute/v2.1/flavors/detail?is_public=True => generated 2106 bytes in 88 msecs (HTTP/1.1 200) 9 headers in 360 bytes (1 switches on core 0)
May 13 14:04:18.920771 n-d-841756-1 devstack@n-api.service[103477]: DEBUG nova.api.openstack.wsgi [None req-15745600-cd6b-47f4-b496-dee405a2f1a3 admin admin] Calling method '>' {{(pid=103477) _process_stack /opt/stack/nova/nova/api/openstack/wsgi.py:513}}
May 13 14:04:18.923073 n-d-841756-1 devstack@n-api.service[103477]: INFO nova.api.openstack.requestlog [None req-15745600-cd6b-47f4-b496-dee405a2f1a3 admin admin] 10.222.0.83 "GET /compute/v2.1" status: 200 len: 388 microversion: 2.1 time: 0.002794
May 13 14:04:18.930519 n-d-841756-1 devstack@n-api.service[103477]: [pid: 103477|app: 0|req: 11/21] 10.222.0.83 () {54 vars in 930 bytes} [Fri May 13 14:04:18 2022] GET /compute/v2.1 => generated 388 bytes in 11 msecs (HTTP/1.1 200) 9 headers in 357 bytes (1 switches on core 0)
May 13 14:04:18.988045 n-d-841756-1 devstack@n-api.service[103476]: DEBUG nova.api.openstack.wsgi [None req-04d9a001-456e-47a6-9cca-51bee5906829 admin admin] Action: 'create', calling method: >, body: {"flavor": {"name": "m1.tiny", "vcpus": 1, "rxtx_factor": 1.0, "id": "1", "disk": 1, "swap": 0, "os-flavor-access:is_public": true, "OS-FLV-EXT-DATA:ephemeral": 0, "ram": 512}} {{(pid=103476) _process_stack /opt/stack/nova/nova/api/openstack/wsgi.py:511}}
May 13 14:04:19.007769 n-d-841756-1 devstack@n-api.service[103476]: INFO nova.api.openstack.requestlog [None req-04d9a001-456e-47a6-9cca-51bee5906829 admin admin] 10.222.0.83 "POST /compute/v2.1/flavors" status: 200 len: 402 microversion: 2.61 time: 0.077511
May 13 14:04:19.008428 n-d-841756-1 devstack@n-api.service[103476]: [pid: 103476|app: 0|req: 11/22] 10.222.0.83 () {64 vars in 1282 bytes} [Fri May 13 14:04:18 2022] POST /compute/v2.1/flavors => generated 402 bytes in 79 msecs (HTTP/1.1 200) 9 headers in 359 bytes (2 switches on core 0)
May 13 14:04:19.020333 n-d-841756-1 devstack@n-api.service[103477]: DEBUG nova.api.openstack.wsgi [None req-51a43aa4-4271-4a18-966f-413a907c291c admin admin] Action: 'create', calling method: >, body: {"extra_specs": {"hw_rng:allowed": "True"}} {{(pid=103477) _process_stack /opt/stack/nova/nova/api/openstack/wsgi.py:511}}
May 13 14:04:19.048388 n-d-841756-1 devstack@n-api.service[103477]: INFO nova.api.openstack.requestlog [None req-51a43aa4-4271-4a18-966f-413a907c291c admin admin] 10.222.0.83 "POST /compute/v2.1/flavors/1/os-extra_specs" status: 200 len: 43 microversion: 2.61 time: 0.031504
May 13 14:04:19.061750 n-d-841756-1 devstack@n-api.service[103477]: [pid: 103477|app: 0|req: 12/23] 10.222.0.83 () {64 vars in 1332 bytes} [Fri May 13 14:04:19 2022] POST /compute/v2.1/flavors/1/os-extra_specs => generated 43 bytes in 45 msecs (HTTP/1.1 200) 9 headers in 358 bytes (1 switches on core 0)
May 13 14:04:21.423103 n-d-841756-1 devstack@n-api.service[103476]: DEBUG nova.api.openstack.wsgi [None req-04d9a001-456e-47a6-9cca-51bee5906829 admin admin] Calling method '>' {{(pid=103476) _process_stack /opt/stack/nova/nova/api/openstack/wsgi.py:513}}
May 13 14:04:21.424127 n-d-841756-1 devstack@n-api.service[103476]: INFO nova.api.openstack.requestlog [None req-04d9a001-456e-47a6-9cca-51bee5906829 admin admin] 10.222.0.83 "GET /compute/v2.1" status: 200 len: 388 microversion: 2.1 time: 0.001481
May 13 14:04:21.426764 n-d-841756-1 devstack@n-api.service[103476]: [pid: 103476|app: 0|req: 12/24] 10.222.0.83 () {54 vars in 930 bytes} [Fri May 13 14:04:21 2022] GET /compute/v2.1 => generated 388 bytes in 2 msecs (HTTP/1.1 200) 9 headers in 357 bytes (1 switches on core 0)
May 13 14:04:21.497897 n-d-841756-1 devstack@n-api.service[103477]: DEBUG nova.api.openstack.wsgi [None req-29dda892-27e4-4e88-9034-c4584ea4bc77 admin admin] Action: 'create', calling method: >, body: {"flavor": {"OS-FLV-EXT-DATA:ephemeral": 0, "id": "2", "os-flavor-access:is_public": true, "swap": 0, "rxtx_factor": 1.0, "name": "m1.small", "vcpus": 1, "ram": 2048, "disk": 20}} {{(pid=103477) _process_stack /opt/stack/nova/nova/api/openstack/wsgi.py:511}}
May 13 14:04:21.518006 n-d-841756-1 devstack@n-api.service[103477]: INFO nova.api.openstack.requestlog [None req-29dda892-27e4-4e88-9034-c4584ea4bc77 admin admin] 10.222.0.83 "POST /compute/v2.1/flavors" status: 200 len: 405 microversion: 2.61 time: 0.087124
May 13 14:04:21.518567 n-d-841756-1 devstack@n-api.service[103477]: [pid: 103477|app: 0|req: 13/25] 10.222.0.83 () {64 vars in 1282 bytes} [Fri May 13 14:04:21 2022] POST /compute/v2.1/flavors => generated 405 bytes in 88 msecs (HTTP/1.1 200) 9 headers in 359 bytes (1 switches on core 0)
May 13 14:04:21.534080 n-d-841756-1 devstack@n-api.service[103476]: DEBUG nova.api.openstack.wsgi [None req-89aac535-f96e-404e-a5d7-10785af209b5 admin admin] Action: 'create', calling method: >, body: {"extra_specs": {"hw_rng:allowed": "True"}} {{(pid=103476) _process_stack /opt/stack/nova/nova/api/openstack/wsgi.py:511}}
May 13 14:04:21.563010 n-d-841756-1 devstack@n-api.service[103476]: INFO nova.api.openstack.requestlog [None req-89aac535-f96e-404e-a5d7-10785af209b5 admin admin] 10.222.0.83 "POST /compute/v2.1/flavors/2/os-extra_specs" status: 200 len: 43 microversion: 2.61 time: 0.033419
May 13 14:04:21.564000 n-d-841756-1 devstack@n-api.service[103476]: [pid: 103476|app: 0|req: 13/26] 10.222.0.83 () {64 vars in 1332 bytes} [Fri May 13 14:04:21 2022] POST /compute/v2.1/flavors/2/os-extra_specs => generated 43 bytes in 36 msecs (HTTP/1.1 200) 9 headers in 358 bytes (2 switches on core 0)
May 13 14:04:24.581222 n-d-841756-1 devstack@n-api.service[103477]: DEBUG nova.api.openstack.wsgi [None req-29dda892-27e4-4e88-9034-c4584ea4bc77 admin admin] Calling method '>' {{(pid=103477) _process_stack /opt/stack/nova/nova/api/openstack/wsgi.py:513}}
May 13 14:04:24.582248 n-d-841756-1 devstack@n-api.service[103477]: INFO nova.api.openstack.requestlog [None req-29dda892-27e4-4e88-9034-c4584ea4bc77 admin admin] 10.222.0.83 "GET /compute/v2.1" status: 200 len: 388 microversion: 2.1 time: 0.001591
May 13 14:04:24.582804 n-d-841756-1 devstack@n-api.service[103477]: [pid: 103477|app: 0|req: 14/27] 10.222.0.83 () {54 vars in 930 bytes} [Fri May 13 14:04:24 2022] GET /compute/v2.1 => generated 388 bytes in 3 msecs (HTTP/1.1 200) 9 headers in 357 bytes (1 switches on core 0)
May 13 14:04:24.658482 n-d-841756-1 devstack@n-api.service[103476]: DEBUG nova.api.openstack.wsgi [None req-c96ce5d4-22c7-4c55-b172-87bf67b9a03a admin admin] Action: 'create', calling method: >, body: {"flavor": {"vcpus": 2, "swap": 0, "ram": 4096, "name": "m1.medium", "disk": 40, "OS-FLV-EXT-DATA:ephemeral": 0, "rxtx_factor": 1.0, "os-flavor-access:is_public": true, "id": "3"}} {{(pid=103476) _process_stack /opt/stack/nova/nova/api/openstack/wsgi.py:511}}
May 13 14:04:24.682359 n-d-841756-1 devstack@n-api.service[103476]: INFO nova.api.openstack.requestlog [None req-c96ce5d4-22c7-4c55-b172-87bf67b9a03a admin admin] 10.222.0.83 "POST /compute/v2.1/flavors" status: 200 len: 406 microversion: 2.61 time: 0.093092
May 13 14:04:24.683261 n-d-841756-1 devstack@n-api.service[103476]: [pid: 103476|app: 0|req: 14/28] 10.222.0.83 () {64 vars in 1282 bytes} [Fri May 13 14:04:24 2022] POST /compute/v2.1/flavors => generated 406 bytes in 95 msecs (HTTP/1.1 200) 9 headers in 359 bytes (1 switches on core 0)
May 13 14:04:24.695462 n-d-841756-1 devstack@n-api.service[103477]: DEBUG nova.api.openstack.wsgi [None req-55aae126-9b4d-4bca-ad6c-be9e765b0287 admin admin] Action: 'create', calling method: >, body: {"extra_specs": {"hw_rng:allowed": "True"}} {{(pid=103477) _process_stack /opt/stack/nova/nova/api/openstack/wsgi.py:511}}
May 13 14:04:24.720699 n-d-841756-1 devstack@n-api.service[103477]: INFO nova.api.openstack.requestlog [None req-55aae126-9b4d-4bca-ad6c-be9e765b0287 admin admin] 10.222.0.83 "POST /compute/v2.1/flavors/3/os-extra_specs" status: 200 len: 43 microversion: 2.61 time: 0.028845
May 13 14:04:24.721309 n-d-841756-1 devstack@n-api.service[103477]: [pid: 103477|app: 0|req: 15/29] 10.222.0.83 () {64 vars in 1332 bytes} [Fri May 13 14:04:24 2022] POST /compute/v2.1/flavors/3/os-extra_specs => generated 43 bytes in 30 msecs (HTTP/1.1 200) 9 headers in 358 bytes (1 switches on core 0)
May 13 14:04:27.111006 n-d-841756-1 devstack@n-api.service[103476]: DEBUG nova.api.openstack.wsgi [None req-c96ce5d4-22c7-4c55-b172-87bf67b9a03a admin admin] Calling method '>' {{(pid=103476) _process_stack /opt/stack/nova/nova/api/openstack/wsgi.py:513}}
May 13 14:04:27.112033 n-d-841756-1 devstack@n-api.service[103476]: INFO nova.api.openstack.requestlog [None req-c96ce5d4-22c7-4c55-b172-87bf67b9a03a admin admin] 10.222.0.83 "GET /compute/v2.1" status: 200 len: 388 microversion: 2.1 time: 0.001468
May 13 14:04:27.112447 n-d-841756-1 devstack@n-api.service[103476]: [pid: 103476|app: 0|req: 15/30] 10.222.0.83 () {54 vars in 930 bytes} [Fri May 13 14:04:27 2022] GET /compute/v2.1 => generated 388 bytes in 2 msecs (HTTP/1.1 200) 9 headers in 357 bytes (1 switches on core 0)
May 13 14:04:27.170632 n-d-841756-1 devstack@n-api.service[103477]: DEBUG nova.api.openstack.wsgi [None req-20e6fe0c-f5e9-4684-ae64-b8d6a9761572 admin admin] Action: 'create', calling method: >, body: {"flavor": {"ram": 8192, "disk": 80, "rxtx_factor": 1.0, "os-flavor-access:is_public": true, "name": "m1.large", "swap": 0, "id": "4", "OS-FLV-EXT-DATA:ephemeral": 0, "vcpus": 4}} {{(pid=103477) _process_stack /opt/stack/nova/nova/api/openstack/wsgi.py:511}}
May 13 14:04:27.190998 n-d-841756-1 devstack@n-api.service[103477]: INFO nova.api.openstack.requestlog [None req-20e6fe0c-f5e9-4684-ae64-b8d6a9761572 admin admin] 10.222.0.83 "POST /compute/v2.1/flavors" status: 200 len: 405 microversion: 2.61 time: 0.072102
May 13 14:04:27.191521 n-d-841756-1 devstack@n-api.service[103477]: [pid: 103477|app: 0|req: 16/31] 10.222.0.83 () {64 vars in 1282 bytes} [Fri May 13 14:04:27 2022] POST /compute/v2.1/flavors => generated 405 bytes in 73 msecs (HTTP/1.1 200) 9 headers in 359 bytes (1 switches on core 0)
May 13 14:04:27.203496 n-d-841756-1 devstack@n-api.service[103476]: DEBUG nova.api.openstack.wsgi [None req-3e3e0271-7f80-4d98-9a33-a0af0ebdeca9 admin admin] Action: 'create', calling method: >, body: {"extra_specs": {"hw_rng:allowed": "True"}} {{(pid=103476) _process_stack /opt/stack/nova/nova/api/openstack/wsgi.py:511}}
May 13 14:04:27.226437 n-d-841756-1 devstack@n-api.service[103476]: INFO nova.api.openstack.requestlog [None req-3e3e0271-7f80-4d98-9a33-a0af0ebdeca9 admin admin] 10.222.0.83 "POST /compute/v2.1/flavors/4/os-extra_specs" status: 200 len: 43 microversion: 2.61 time: 0.027036
May 13 14:04:27.227028 n-d-841756-1 devstack@n-api.service[103476]: [pid: 103476|app: 0|req: 16/32] 10.222.0.83 () {64 vars in 1332 bytes} [Fri May 13 14:04:27 2022] POST /compute/v2.1/flavors/4/os-extra_specs => generated 43 bytes in 28 msecs (HTTP/1.1 200) 9 headers in 358 bytes (1 switches on core 0)
May 13 14:04:29.492491 n-d-841756-1 devstack@n-api.service[103477]: DEBUG nova.api.openstack.wsgi [None req-20e6fe0c-f5e9-4684-ae64-b8d6a9761572 admin admin] Calling method '>' {{(pid=103477) _process_stack /opt/stack/nova/nova/api/openstack/wsgi.py:513}}
May 13 14:04:29.493548 n-d-841756-1 devstack@n-api.service[103477]: INFO nova.api.openstack.requestlog [None req-20e6fe0c-f5e9-4684-ae64-b8d6a9761572 admin admin] 10.222.0.83 "GET /compute/v2.1" status: 200 len: 388 microversion: 2.1 time: 0.001479
May 13 14:04:29.493958 n-d-841756-1 devstack@n-api.service[103477]: [pid: 103477|app: 0|req: 17/33] 10.222.0.83 () {54 vars in 930 bytes} [Fri May 13 14:04:29 2022] GET /compute/v2.1 => generated 388 bytes in 2 msecs (HTTP/1.1 200) 9 headers in 357 bytes (1 switches on core 0)
May 13 14:04:29.561123 n-d-841756-1 devstack@n-api.service[103476]: DEBUG nova.api.openstack.wsgi [None req-688bd634-416c-48ce-acc6-30aa2883c7f9 admin admin] Action: 'create', calling method: >, body: {"flavor": {"vcpus": 8, "ram": 16384, "swap": 0, "name": "m1.xlarge", "os-flavor-access:is_public": true, "OS-FLV-EXT-DATA:ephemeral": 0, "rxtx_factor": 1.0, "id": "5", "disk": 160}} {{(pid=103476) _process_stack /opt/stack/nova/nova/api/openstack/wsgi.py:511}}
May 13 14:04:29.580957 n-d-841756-1 devstack@n-api.service[103476]: INFO nova.api.openstack.requestlog [None req-688bd634-416c-48ce-acc6-30aa2883c7f9 admin admin] 10.222.0.83 "POST /compute/v2.1/flavors" status: 200 len: 408 microversion: 2.61 time: 0.080388
May 13 14:04:29.581517 n-d-841756-1 devstack@n-api.service[103476]: [pid: 103476|app: 0|req: 17/34] 10.222.0.83 () {64 vars in 1282 bytes} [Fri May 13 14:04:29 2022] POST /compute/v2.1/flavors => generated 408 bytes in 82 msecs (HTTP/1.1 200) 9 headers in 359 bytes (2 switches on core 0)
May 13 14:04:29.596650 n-d-841756-1 devstack@n-api.service[103477]: DEBUG nova.api.openstack.wsgi [None req-d9b55a87-28bb-4c9e-8966-d03ee49cc018 admin admin] Action: 'create', calling method: >, body: {"extra_specs": {"hw_rng:allowed": "True"}} {{(pid=103477) _process_stack /opt/stack/nova/nova/api/openstack/wsgi.py:511}}
May 13 14:04:29.626185 n-d-841756-1 devstack@n-api.service[103477]: INFO nova.api.openstack.requestlog [None req-d9b55a87-28bb-4c9e-8966-d03ee49cc018 admin admin] 10.222.0.83 "POST /compute/v2.1/flavors/5/os-extra_specs" status: 200 len: 43 microversion: 2.61 time: 0.034600
May 13 14:04:29.626768 n-d-841756-1 devstack@n-api.service[103477]: [pid: 103477|app: 0|req: 18/35] 10.222.0.83 () {64 vars in 1332 bytes} [Fri May 13 14:04:29 2022] POST /compute/v2.1/flavors/5/os-extra_specs => generated 43 bytes in 36 msecs (HTTP/1.1 200) 9 headers in 358 bytes (1 switches on core 0)
May 13 14:04:57.440990 n-d-841756-1 devstack@n-api.service[103476]: DEBUG nova.api.openstack.wsgi [None req-688bd634-416c-48ce-acc6-30aa2883c7f9 admin admin] Calling method '>' {{(pid=103476) _process_stack /opt/stack/nova/nova/api/openstack/wsgi.py:513}}
May 13 14:04:57.442001 n-d-841756-1 devstack@n-api.service[103476]: INFO nova.api.openstack.requestlog [None req-688bd634-416c-48ce-acc6-30aa2883c7f9 admin admin] 10.222.0.83 "GET /compute/v2.1" status: 200 len: 388 microversion: 2.1 time: 0.001493
May 13 14:04:57.442399 n-d-841756-1 devstack@n-api.service[103476]: [pid: 103476|app: 0|req: 18/36] 10.222.0.83 () {54 vars in 930 bytes} [Fri May 13 14:04:57 2022] GET /compute/v2.1 => generated 388 bytes in 2 msecs (HTTP/1.1 200) 9 headers in 357 bytes (1 switches on core 0)
May 13 14:04:57.499407 n-d-841756-1 devstack@n-api.service[103477]: DEBUG nova.api.openstack.wsgi [None req-b3725f4e-6061-497b-98db-01f1dd610071 admin admin] Calling method '>' {{(pid=103477) _process_stack /opt/stack/nova/nova/api/openstack/wsgi.py:513}}
May 13 14:04:57.516468 n-d-841756-1 devstack@n-api.service[103477]: INFO nova.api.openstack.requestlog [None req-b3725f4e-6061-497b-98db-01f1dd610071 admin admin] 10.222.0.83 "GET /compute/v2.1/flavors/detail?is_public=True" status: 200 len: 4202 microversion: 2.61 time: 0.068246
May 13 14:04:57.517014 n-d-841756-1 devstack@n-api.service[103477]: [pid: 103477|app: 0|req: 19/37] 10.222.0.83 () {60 vars in 1291 bytes} [Fri May 13 14:04:57 2022] GET /compute/v2.1/flavors/detail?is_public=True => generated 4202 bytes in 69 msecs (HTTP/1.1 200) 9 headers in 360 bytes (1 switches on core 0)
May 13 14:04:58.531548 n-d-841756-1 devstack@n-api.service[103476]: DEBUG nova.api.openstack.wsgi [None req-688bd634-416c-48ce-acc6-30aa2883c7f9 admin admin] Calling method '>' {{(pid=103476) _process_stack /opt/stack/nova/nova/api/openstack/wsgi.py:513}}
May 13 14:04:58.532592 n-d-841756-1 devstack@n-api.service[103476]: INFO nova.api.openstack.requestlog [None req-688bd634-416c-48ce-acc6-30aa2883c7f9 admin admin] 10.222.0.83 "GET /compute/v2.1" status: 200 len: 388 microversion: 2.1 time: 0.001442
May 13 14:04:58.533004 n-d-841756-1 devstack@n-api.service[103476]: [pid: 103476|app: 0|req: 19/38] 10.222.0.83 () {56 vars in 1074 bytes} [Fri May 13 14:04:58 2022] GET /compute/v2.1 => generated 388 bytes in 2 msecs (HTTP/1.1 200) 9 headers in 357 bytes (1 switches on core 0)
May 13 14:04:58.764977 n-d-841756-1 devstack@n-api.service[103477]: DEBUG nova.api.openstack.wsgi [None req-2f9b17c1-b920-4597-9a5b-34c5a326741e admin admin] Calling method '>' {{(pid=103477) _process_stack /opt/stack/nova/nova/api/openstack/wsgi.py:513}}
May 13 14:04:58.770762 n-d-841756-1 devstack@n-api.service[103477]: INFO nova.api.openstack.wsgi [None req-2f9b17c1-b920-4597-9a5b-34c5a326741e admin admin] HTTP exception thrown: Flavor 42 could not be found.
May 13 14:04:58.774067 n-d-841756-1 devstack@n-api.service[103477]: DEBUG nova.api.openstack.wsgi [None req-2f9b17c1-b920-4597-9a5b-34c5a326741e admin admin] Request method failure captured:
May 13 14:04:58.774067 n-d-841756-1 devstack@n-api.service[103477]: request: GET /compute/v2.1/flavors/42 HTTP/1.1
May 13 14:04:58.774067 n-d-841756-1 devstack@n-api.service[103477]: Accept: application/json
May 13 14:04:58.774067 n-d-841756-1 devstack@n-api.service[103477]: Accept-Encoding: gzip, deflate
May 13 14:04:58.774067 n-d-841756-1 devstack@n-api.service[103477]: Connection: keep-alive
May 13 14:04:58.774067 n-d-841756-1 devstack@n-api.service[103477]: Content-Length: 0
May 13 14:04:58.774067 n-d-841756-1 devstack@n-api.service[103477]: Host: 10.222.0.83
May 13 14:04:58.774067 n-d-841756-1 devstack@n-api.service[103477]: Openstack-Api-Version: compute 2.90
May 13 14:04:58.774067 n-d-841756-1 devstack@n-api.service[103477]: Openstack-System-Scope: None
May 13 14:04:58.774067 n-d-841756-1 devstack@n-api.service[103477]: User-Agent: python-novaclient
May 13 14:04:58.774067 n-d-841756-1 devstack@n-api.service[103477]: X-Auth-Token: gAAAAABifmWKYyyHACSWrLos7MeiF1qPcgT9-bhcW0QEC7YWXiSu1cbI03wkxoj6aJ68ozA9x1NjbZvmarFQNOfLxbNxhcfatOXX_lgPeAvJYeVTpb-1U7odcDDozkmNKbJQosKzGUfEf3JKa8lu46Yg1CWPzsoMO5Q_kYzKlBrRdFYR-a2O288
May 13 14:04:58.774067 n-d-841756-1 devstack@n-api.service[103477]: X-Domain-Id: None
May 13 14:04:58.774067 n-d-841756-1 devstack@n-api.service[103477]: X-Domain-Name: None
May 13 14:04:58.774067 n-d-841756-1 devstack@n-api.service[103477]: X-Identity-Status: Confirmed
May 13 14:04:58.774067 n-d-841756-1 devstack@n-api.service[103477]: X-Is-Admin-Project: True
May 13 14:04:58.774067 n-d-841756-1 devstack@n-api.service[103477]: X-Openstack-Nova-Api-Version: 2.90
May 13 14:04:58.774067 n-d-841756-1 devstack@n-api.service[103477]: X-Project-Domain-Id: default
May 13 14:04:58.774067 n-d-841756-1 devstack@n-api.service[103477]: X-Project-Domain-Name: Default
May 13 14:04:58.774067 n-d-841756-1 devstack@n-api.service[103477]: X-Project-Id: 6b8352d860d44829b0d8dd0159f68d26
May 13 14:04:58.774067 n-d-841756-1 devstack@n-api.service[103477]: X-Project-Name: admin
May 13 14:04:58.774067 n-d-841756-1 devstack@n-api.service[103477]: X-Role: member,admin,reader
May 13 14:04:58.774067 n-d-841756-1 devstack@n-api.service[103477]: X-Roles: member,admin,reader
May 13 14:04:58.775813 n-d-841756-1 devstack@n-api.service[103477]: X-Service-Catalog: [{"type": "block-storage", "name": "cinder", "endpoints": [{"region": "RegionOne", "publicURL": "http://10.222.0.83/volume/v3/6b8352d860d44829b0d8dd0159f68d26"}]}, {"type": "network", "name": "neutron", "endpoints": [{"region": "RegionOne", "publicURL": "http://10.222.0.83:9696/"}]}, {"type": "compute_legacy", "name": "nova_legacy", "endpoints": [{"region": "RegionOne", "publicURL": "http://10.222.0.83/compute/v2/6b8352d860d44829b0d8dd0159f68d26"}]}, {"type": "placement", "name": "placement", "endpoints": [{"region": "RegionOne", "publicURL": "http://10.222.0.83/placement"}]}, {"type": "compute", "name": "nova", "endpoints": [{"region": "RegionOne", "publicURL": "http://10.222.0.83/compute/v2.1"}]}, {"type": "volumev3", "name": "cinderv3", "endpoints": [{"region": "RegionOne", "publicURL": "http://10.222.0.83/volume/v3/6b8352d860d44829b0d8dd0159f68d26"}]}, {"type": "identity", "name": "keystone", "endpoints": [{"region": "RegionOne", "publicURL": "http://10.222.0.83/identity"}]}, {"type": "image", "name": "glance", "endpoints": [{"region": "RegionOne", "publicURL": "http://10.222.0.83/image"}]}, {"type": "object-store", "name": "swift", "endpoints": [{"region": "RegionOne", "publicURL": "http://10.222.0.83:8080/v1/AUTH_6b8352d860d44829b0d8dd0159f68d26", "adminURL": "http://10.222.0.83:8080"}]}]
May 13 14:04:58.775813 n-d-841756-1 devstack@n-api.service[103477]: X-Tenant: admin
May 13 14:04:58.775813 n-d-841756-1 devstack@n-api.service[103477]: X-Tenant-Id: 6b8352d860d44829b0d8dd0159f68d26
May 13 14:04:58.775813 n-d-841756-1 devstack@n-api.service[103477]: X-Tenant-Name: admin
May 13 14:04:58.775813 n-d-841756-1 devstack@n-api.service[103477]: X-User: admin
May 13 14:04:58.775813 n-d-841756-1 devstack@n-api.service[103477]: X-User-Domain-Id: default
May 13 14:04:58.775813 n-d-841756-1 devstack@n-api.service[103477]: X-User-Domain-Name: Default
May 13 14:04:58.775813 n-d-841756-1 devstack@n-api.service[103477]: X-User-Id: d059513ef51f4b45b3bcc5ba55a42953
May 13 14:04:58.775813 n-d-841756-1 devstack@n-api.service[103477]: X-User-Name: admin
May 13 14:04:58.775813 n-d-841756-1 devstack@n-api.service[103477]: method: > May 13 14:04:58.775813 n-d-841756-1 devstack@n-api.service[103477]: exception: Flavor 42 could not be found.
May 13 14:04:58.775813 n-d-841756-1 devstack@n-api.service[103477]: action_args: {'id': '42'}
May 13 14:04:58.775813 n-d-841756-1 devstack@n-api.service[103477]: {{(pid=103477) _process_stack /opt/stack/nova/nova/api/openstack/wsgi.py:541}}
May 13 14:04:58.775813 n-d-841756-1 devstack@n-api.service[103477]: ERROR nova.api.openstack.wsgi
Traceback (most recent call last):
May 13 14:04:58.776955 n-d-841756-1 devstack@n-api.service[103477]: ERROR nova.api.openstack.wsgi
File "/opt/stack/nova/nova/api/openstack/compute/flavors.py", line 66, in show
May 13 14:04:58.776955 n-d-841756-1 devstack@n-api.service[103477]: ERROR nova.api.openstack.wsgi flavor = flavors.get_flavor_by_flavor_id(id, ctxt=context)
May 13 14:04:58.776955 n-d-841756-1 devstack@n-api.service[103477]: ERROR nova.api.openstack.wsgi
File "/opt/stack/nova/nova/compute/flavors.py", line 139, in get_flavor_by_flavor_id
May 13 14:04:58.776955 n-d-841756-1 devstack@n-api.service[103477]: ERROR nova.api.openstack.wsgi return objects.Flavor.get_by_flavor_id(ctxt, flavorid, read_deleted)
May 13 14:04:58.776955 n-d-841756-1 devstack@n-api.service[103477]: ERROR nova.api.openstack.wsgi
File "/usr/local/lib/python3.8/dist-packages/oslo_versionedobjects/base.py", line 184, in wrapper
May 13 14:04:58.776955 n-d-841756-1 devstack@n-api.service[103477]: ERROR nova.api.openstack.wsgi result = fn(cls, context, *args, **kwargs)
May 13 14:04:58.776955 n-d-841756-1 devstack@n-api.service[103477]: ERROR nova.api.openstack.wsgi
File "/opt/stack/nova/nova/objects/flavor.py", line 390, in get_by_flavor_id
May 13 14:04:58.776955 n-d-841756-1 devstack@n-api.service[103477]: ERROR nova.api.openstack.wsgi db_flavor = cls._flavor_get_by_flavor_id_from_db(context,
May 13 14:04:58.776955 n-d-841756-1 devstack@n-api.service[103477]: ERROR nova.api.openstack.wsgi
File "/opt/stack/nova/nova/db/utils.py", line 35, in wrapper
May 13 14:04:58.776955 n-d-841756-1 devstack@n-api.service[103477]: ERROR nova.api.openstack.wsgi return f(*args, **kwargs)
May 13 14:04:58.776955 n-d-841756-1 devstack@n-api.service[103477]: ERROR nova.api.openstack.wsgi
File "/opt/stack/nova/nova/objects/flavor.py", line 317, in _flavor_get_by_flavor_id_from_db
May 13 14:04:58.776955 n-d-841756-1 devstack@n-api.service[103477]: ERROR nova.api.openstack.wsgi raise exception.FlavorNotFound(flavor_id=flavor_id)
May 13 14:04:58.776955 n-d-841756-1 devstack@n-api.service[103477]: ERROR nova.api.openstack.wsgi nova.exception.FlavorNotFound: Flavor 42 could not be found.
May 13 14:04:58.776955 n-d-841756-1 devstack@n-api.service[103477]: ERROR nova.api.openstack.wsgi
May 13 14:04:58.776955 n-d-841756-1 devstack@n-api.service[103477]: ERROR nova.api.openstack.wsgi During handling of the above exception, another exception occurred:
May 13 14:04:58.776955 n-d-841756-1 devstack@n-api.service[103477]: ERROR nova.api.openstack.wsgi
May 13 14:04:58.776955 n-d-841756-1 devstack@n-api.service[103477]: ERROR nova.api.openstack.wsgi
Traceback (most recent call last):
May 13 14:04:58.776955 n-d-841756-1 devstack@n-api.service[103477]: ERROR nova.api.openstack.wsgi
File "/opt/stack/nova/nova/api/openstack/wsgi.py", line 539, in _process_stack
May 13 14:04:58.776955 n-d-841756-1 devstack@n-api.service[103477]: ERROR nova.api.openstack.wsgi action_result = self.dispatch(meth, request, action_args)
May 13 14:04:58.778624 n-d-841756-1 devstack@n-api.service[103477]: ERROR nova.api.openstack.wsgi
