May 09 10:40:49.104401 n-d-841089-1 devstack@placement-api.service[104565]: [pid: 104565|app: 0|req: 257/511] 10.222.0.35 () {60 vars in 1506 bytes} [Mon May 9 10:40:48 2022] GET /placement/allocation_candidates?limit=1000&resources=DISK_GB%3A1%2CMEMORY_MB%3A1024%2CVCPU%3A1&root_required=%21COMPUTE_STATUS_DISABLED => generated 1309 bytes in 125 msecs (HTTP/1.1 200) 8 headers in 297 bytes (1 switches on core 0)
May 09 10:40:49.185144 n-d-841089-1 devstack@placement-api.service[104566]: DEBUG placement.requestlog [req-4b37e32f-b9e4-4144-941f-367cad25fadb req-cce12203-01c3-4902-9bf9-c8fafca3981a None None] Starting request: 10.222.0.35 "GET /placement/allocations/8cf165fc-42dc-45e5-a12f-370cb3358412" {{(pid=104566) __call__ /opt/stack/placement/placement/requestlog.py:55}}
May 09 10:40:49.200355 n-d-841089-1 devstack@placement-api.service[104566]: INFO placement.requestlog [req-4b37e32f-b9e4-4144-941f-367cad25fadb req-cce12203-01c3-4902-9bf9-c8fafca3981a service placement] 10.222.0.35 "GET /placement/allocations/8cf165fc-42dc-45e5-a12f-370cb3358412" status: 200 len: 19 microversion: 1.28
May 09 10:40:49.204083 n-d-841089-1 devstack@placement-api.service[104566]: [pid: 104566|app: 0|req: 255/512] 10.222.0.35 () {60 vars in 1380 bytes} [Mon May 9 10:40:49 2022] GET /placement/allocations/8cf165fc-42dc-45e5-a12f-370cb3358412 => generated 19 bytes in 19 msecs (HTTP/1.1 200) 8 headers in 295 bytes (1 switches on core 0)
May 09 10:40:49.207951 n-d-841089-1 devstack@placement-api.service[104565]: DEBUG placement.requestlog [req-4b37e32f-b9e4-4144-941f-367cad25fadb req-f9e360bb-6867-4e96-b249-3c59c22ba74a None None] Starting request: 10.222.0.35 "PUT /placement/allocations/8cf165fc-42dc-45e5-a12f-370cb3358412" {{(pid=104565) __call__ /opt/stack/placement/placement/requestlog.py:55}}
May 09 10:40:49.357393 n-d-841089-1 devstack@placement-api.service[104565]: DEBUG placement.handlers.allocation [req-4b37e32f-b9e4-4144-941f-367cad25fadb req-f9e360bb-6867-4e96-b249-3c59c22ba74a service placement] Successfully wrote allocations [, , ] {{(pid=104565) _update_consumers_and_create_allocations /opt/stack/placement/placement/handlers/allocation.py:462}}
May 09 10:40:49.365334 n-d-841089-1 devstack@placement-api.service[104565]: INFO placement.requestlog [req-4b37e32f-b9e4-4144-941f-367cad25fadb req-f9e360bb-6867-4e96-b249-3c59c22ba74a service placement] 10.222.0.35 "PUT /placement/allocations/8cf165fc-42dc-45e5-a12f-370cb3358412" status: 204 len: 0 microversion: 1.36
May 09 10:40:49.366818 n-d-841089-1 devstack@placement-api.service[104565]: [pid: 104565|app: 0|req: 258/513] 10.222.0.35 () {64 vars in 1433 bytes} [Mon May 9 10:40:49 2022] PUT /placement/allocations/8cf165fc-42dc-45e5-a12f-370cb3358412 => generated 0 bytes in 158 msecs (HTTP/1.1 204) 5 headers in 199 bytes (1 switches on core 0)
May 09 10:40:49.697308 n-d-841089-1 devstack@placement-api.service[104566]: DEBUG placement.requestlog [req-ddc6668d-732f-405e-bc8e-dfe6136cd1cd req-943a1dd9-1ba4-4919-a873-0fd585d5ea79 None None] Starting request: 10.222.0.49 "GET /placement/resource_providers/cb8f210f-2cff-46eb-8e86-469b16ea813b/allocations" {{(pid=104566) __call__ /opt/stack/placement/placement/requestlog.py:55}}
May 09 10:40:49.749747 n-d-841089-1 devstack@placement-api.service[104566]: INFO placement.requestlog [req-ddc6668d-732f-405e-bc8e-dfe6136cd1cd req-943a1dd9-1ba4-4919-a873-0fd585d5ea79 service placement] 10.222.0.49 "GET /placement/resource_providers/cb8f210f-2cff-46eb-8e86-469b16ea813b/allocations" status: 200 len: 443 microversion: 1.0
May 09 10:40:49.751899 n-d-841089-1 devstack@placement-api.service[104566]: [pid: 104566|app: 0|req: 256/514] 10.222.0.49 () {58 vars in 1390 bytes} [Mon May 9 10:40:49 2022] GET /placement/resource_providers/cb8f210f-2cff-46eb-8e86-469b16ea813b/allocations => generated 443 bytes in 56 msecs (HTTP/1.1 200) 6 headers in 224 bytes (1 switches on core 0)
May 09 10:40:50.084852 n-d-841089-1 devstack@placement-api.service[104565]: DEBUG placement.requestlog [req-4b37e32f-b9e4-4144-941f-367cad25fadb req-2886d88c-146d-4a0e-9d10-f464f2d4603b None None] Starting request: 10.222.0.49 "GET /placement/allocations/8cf165fc-42dc-45e5-a12f-370cb3358412" {{(pid=104565) __call__ /opt/stack/placement/placement/requestlog.py:55}}
May 09 10:40:50.131542 n-d-841089-1 devstack@placement-api.service[104565]: INFO placement.requestlog [req-4b37e32f-b9e4-4144-941f-367cad25fadb req-2886d88c-146d-4a0e-9d10-f464f2d4603b service placement] 10.222.0.49 "GET /placement/allocations/8cf165fc-42dc-45e5-a12f-370cb3358412" status: 200 len: 259 microversion: 1.28
May 09 10:40:50.132652 n-d-841089-1 devstack@placement-api.service[104565]: [pid: 104565|app: 0|req: 259/515] 10.222.0.49 () {60 vars in 1377 bytes} [Mon May 9 10:40:50 2022] GET /placement/allocations/8cf165fc-42dc-45e5-a12f-370cb3358412 => generated 259 bytes in 48 msecs (HTTP/1.1 200) 8 headers in 296 bytes (1 switches on core 0)
May 09 10:40:52.003405 n-d-841089-1 devstack@placement-api.service[104566]: DEBUG placement.requestlog [req-0ef07e09-9df4-4109-816f-3e62d9bddc45 req-10799eb9-5214-4048-9a38-c610a82dc040 None None] Starting request: 10.222.0.35 "GET /placement/allocation_candidates?limit=1000&resources=DISK_GB%3A1%2CMEMORY_MB%3A1024%2CVCPU%3A1&root_required=%21COMPUTE_STATUS_DISABLED" {{(pid=104566) __call__ /opt/stack/placement/placement/requestlog.py:55}}
May 09 10:40:52.111299 n-d-841089-1 devstack@placement-api.service[104566]: DEBUG placement.objects.research_context [req-0ef07e09-9df4-4109-816f-3e62d9bddc45 req-10799eb9-5214-4048-9a38-c610a82dc040 service placement] getting providers with 1 DISK_GB {{(pid=104566) __init__ /opt/stack/placement/placement/objects/research_context.py:136}}
May 09 10:40:52.142090 n-d-841089-1 devstack@placement-api.service[104566]: DEBUG placement.objects.research_context [req-0ef07e09-9df4-4109-816f-3e62d9bddc45 req-10799eb9-5214-4048-9a38-c610a82dc040 service placement] getting providers with 1024 MEMORY_MB {{(pid=104566) __init__ /opt/stack/placement/placement/objects/research_context.py:136}}
May 09 10:40:52.187386 n-d-841089-1 devstack@placement-api.service[104566]: DEBUG placement.objects.research_context [req-0ef07e09-9df4-4109-816f-3e62d9bddc45 req-10799eb9-5214-4048-9a38-c610a82dc040 service placement] getting providers with 1 VCPU {{(pid=104566) __init__ /opt/stack/placement/placement/objects/research_context.py:136}}
May 09 10:40:52.231945 n-d-841089-1 devstack@placement-api.service[104566]: DEBUG placement.objects.research_context [req-0ef07e09-9df4-4109-816f-3e62d9bddc45 req-10799eb9-5214-4048-9a38-c610a82dc040 service placement] found 2 providers with available 1 DISK_GB {{(pid=104566) get_provider_ids_matching /opt/stack/placement/placement/objects/research_context.py:563}}
May 09 10:40:52.233159 n-d-841089-1 devstack@placement-api.service[104566]: DEBUG placement.objects.research_context [req-0ef07e09-9df4-4109-816f-3e62d9bddc45 req-10799eb9-5214-4048-9a38-c610a82dc040 service placement] found 2 providers with available 1024 MEMORY_MB {{(pid=104566) get_provider_ids_matching /opt/stack/placement/placement/objects/research_context.py:563}}
May 09 10:40:52.233508 n-d-841089-1 devstack@placement-api.service[104566]: DEBUG placement.objects.research_context [req-0ef07e09-9df4-4109-816f-3e62d9bddc45 req-10799eb9-5214-4048-9a38-c610a82dc040 service placement] found 2 providers after filtering by previous result {{(pid=104566) get_provider_ids_matching /opt/stack/placement/placement/objects/research_context.py:594}}
May 09 10:40:52.236774 n-d-841089-1 devstack@placement-api.service[104566]: DEBUG placement.objects.research_context [req-0ef07e09-9df4-4109-816f-3e62d9bddc45 req-10799eb9-5214-4048-9a38-c610a82dc040 service placement] found 2 providers with available 1 VCPU {{(pid=104566) get_provider_ids_matching /opt/stack/placement/placement/objects/research_context.py:563}}
May 09 10:40:52.240059 n-d-841089-1 devstack@placement-api.service[104566]: DEBUG placement.objects.research_context [req-0ef07e09-9df4-4109-816f-3e62d9bddc45 req-10799eb9-5214-4048-9a38-c610a82dc040 service placement] found 2 providers after filtering by previous result {{(pid=104566) get_provider_ids_matching /opt/stack/placement/placement/objects/research_context.py:594}}
May 09 10:40:52.320224 n-d-841089-1 devstack@placement-api.service[104566]: DEBUG placement.objects.allocation_candidate [req-0ef07e09-9df4-4109-816f-3e62d9bddc45 req-10799eb9-5214-4048-9a38-c610a82dc040 service placement] RequestGroup(use_same_provider=False, resources={DISK_GB:1, MEMORY_MB:1024, VCPU:1}, traits=(), aggregates=[]) (suffix '') returned 2 matches {{(pid=104566) _get_by_requests /opt/stack/placement/placement/objects/allocation_candidate.py:156}}
May 09 10:40:52.328616 n-d-841089-1 devstack@placement-api.service[104566]: DEBUG placement.objects.allocation_candidate [req-0ef07e09-9df4-4109-816f-3e62d9bddc45 req-10799eb9-5214-4048-9a38-c610a82dc040 service placement] Merging candidates yields 2 allocation requests and 2 provider summaries {{(pid=104566) _merge_candidates /opt/stack/placement/placement/objects/allocation_candidate.py:809}}
May 09 10:40:52.348683 n-d-841089-1 devstack@placement-api.service[104566]: INFO placement.requestlog [req-0ef07e09-9df4-4109-816f-3e62d9bddc45 req-10799eb9-5214-4048-9a38-c610a82dc040 service placement] 10.222.0.35 "GET /placement/allocation_candidates?limit=1000&resources=DISK_GB%3A1%2CMEMORY_MB%3A1024%2CVCPU%3A1&root_required=%21COMPUTE_STATUS_DISABLED" status: 200 len: 1309 microversion: 1.36
May 09 10:40:52.357368 n-d-841089-1 devstack@placement-api.service[104566]: [pid: 104566|app: 0|req: 257/516] 10.222.0.35 () {60 vars in 1506 bytes} [Mon May 9 10:40:52 2022] GET /placement/allocation_candidates?limit=1000&resources=DISK_GB%3A1%2CMEMORY_MB%3A1024%2CVCPU%3A1&root_required=%21COMPUTE_STATUS_DISABLED => generated 1309 bytes in 353 msecs (HTTP/1.1 200) 8 headers in 297 bytes (1 switches on core 0)
May 09 10:40:52.590732 n-d-841089-1 devstack@placement-api.service[104565]: DEBUG placement.requestlog [req-0ef07e09-9df4-4109-816f-3e62d9bddc45 req-78bca604-a01c-4240-b925-42c9b78e0768 None None] Starting request: 10.222.0.35 "GET /placement/allocations/5405ae45-17b0-47f0-b948-eb5b9ac6b206" {{(pid=104565) __call__ /opt/stack/placement/placement/requestlog.py:55}}
May 09 10:40:52.608810 n-d-841089-1 devstack@placement-api.service[104565]: INFO placement.requestlog [req-0ef07e09-9df4-4109-816f-3e62d9bddc45 req-78bca604-a01c-4240-b925-42c9b78e0768 service placement] 10.222.0.35 "GET /placement/allocations/5405ae45-17b0-47f0-b948-eb5b9ac6b206" status: 200 len: 19 microversion: 1.28
May 09 10:40:52.615883 n-d-841089-1 devstack@placement-api.service[104565]: [pid: 104565|app: 0|req: 260/517] 10.222.0.35 () {60 vars in 1380 bytes} [Mon May 9 10:40:52 2022] GET /placement/allocations/5405ae45-17b0-47f0-b948-eb5b9ac6b206 => generated 19 bytes in 25 msecs (HTTP/1.1 200) 8 headers in 295 bytes (1 switches on core 0)
May 09 10:40:52.625681 n-d-841089-1 devstack@placement-api.service[104566]: DEBUG placement.requestlog [req-0ef07e09-9df4-4109-816f-3e62d9bddc45 req-50f6e9e5-36a2-4aaa-8b33-d075991d9403 None None] Starting request: 10.222.0.35 "PUT /placement/allocations/5405ae45-17b0-47f0-b948-eb5b9ac6b206" {{(pid=104566) __call__ /opt/stack/placement/placement/requestlog.py:55}}
May 09 10:40:52.835703 n-d-841089-1 devstack@placement-api.service[104566]: DEBUG placement.handlers.allocation [req-0ef07e09-9df4-4109-816f-3e62d9bddc45 req-50f6e9e5-36a2-4aaa-8b33-d075991d9403 service placement] Successfully wrote allocations [, , ] {{(pid=104566) _update_consumers_and_create_allocations /opt/stack/placement/placement/handlers/allocation.py:462}}
May 09 10:40:52.844580 n-d-841089-1 devstack@placement-api.service[104566]: INFO placement.requestlog [req-0ef07e09-9df4-4109-816f-3e62d9bddc45 req-50f6e9e5-36a2-4aaa-8b33-d075991d9403 service placement] 10.222.0.35 "PUT /placement/allocations/5405ae45-17b0-47f0-b948-eb5b9ac6b206" status: 204 len: 0 microversion: 1.36
May 09 10:40:52.845726 n-d-841089-1 devstack@placement-api.service[104566]: [pid: 104566|app: 0|req: 258/518] 10.222.0.35 () {64 vars in 1433 bytes} [Mon May 9 10:40:52 2022] PUT /placement/allocations/5405ae45-17b0-47f0-b948-eb5b9ac6b206 => generated 0 bytes in 220 msecs (HTTP/1.1 204) 5 headers in 199 bytes (1 switches on core 0)
May 09 10:40:53.544437 n-d-841089-1 devstack@placement-api.service[104565]: DEBUG placement.requestlog [req-0ef07e09-9df4-4109-816f-3e62d9bddc45 req-206bfde6-0c0b-4efc-8046-41e7e3ce00d4 None None] Starting request: 10.222.0.49 "GET /placement/allocations/5405ae45-17b0-47f0-b948-eb5b9ac6b206" {{(pid=104565) __call__ /opt/stack/placement/placement/requestlog.py:55}}
May 09 10:40:53.570701 n-d-841089-1 devstack@placement-api.service[104565]: INFO placement.requestlog [req-0ef07e09-9df4-4109-816f-3e62d9bddc45 req-206bfde6-0c0b-4efc-8046-41e7e3ce00d4 service placement] 10.222.0.49 "GET /placement/allocations/5405ae45-17b0-47f0-b948-eb5b9ac6b206" status: 200 len: 259 microversion: 1.28
May 09 10:40:53.571099 n-d-841089-1 devstack@placement-api.service[104565]: [pid: 104565|app: 0|req: 261/519] 10.222.0.49 () {60 vars in 1377 bytes} [Mon May 9 10:40:53 2022] GET /placement/allocations/5405ae45-17b0-47f0-b948-eb5b9ac6b206 => generated 259 bytes in 27 msecs (HTTP/1.1 200) 8 headers in 296 bytes (1 switches on core 0)
May 09 10:40:57.593093 n-d-841089-1 devstack@placement-api.service[104566]: DEBUG placement.requestlog [req-5c344011-7515-4e48-8743-5ebe7257da63 req-8894dd1a-2cad-4400-ab39-cd5ae4309c4a None None] Starting request: 10.222.0.48 "GET /placement/resource_providers/3259a6af-bf49-4ae4-8bac-af7d7784d30a/allocations" {{(pid=104566) __call__ /opt/stack/placement/placement/requestlog.py:55}}
May 09 10:40:57.635025 n-d-841089-1 devstack@placement-api.service[104566]: INFO placement.requestlog [req-5c344011-7515-4e48-8743-5ebe7257da63 req-8894dd1a-2cad-4400-ab39-cd5ae4309c4a service placement] 10.222.0.48 "GET /placement/resource_providers/3259a6af-bf49-4ae4-8bac-af7d7784d30a/allocations" status: 200 len: 558 microversion: 1.0
May 09 10:40:57.637517 n-d-841089-1 devstack@placement-api.service[104566]: [pid: 104566|app: 0|req: 259/520] 10.222.0.48 () {58 vars in 1390 bytes} [Mon May 9 10:40:57 2022] GET /placement/resource_providers/3259a6af-bf49-4ae4-8bac-af7d7784d30a/allocations => generated 558 bytes in 45 msecs (HTTP/1.1 200) 6 headers in 224 bytes (1 switches on core 0)
May 09 10:41:03.747179 n-d-841089-1 devstack@placement-api.service[104565]: DEBUG placement.requestlog [req-83bc81b3-99e2-4c1c-913e-e5c005a02748 req-19f539b9-4d42-40cc-96f5-1131d5ca0fd8 None None] Starting request: 10.222.0.49 "DELETE /placement/allocations/5405ae45-17b0-47f0-b948-eb5b9ac6b206" {{(pid=104565) __call__ /opt/stack/placement/placement/requestlog.py:55}}
May 09 10:41:03.806606 n-d-841089-1 devstack@placement-api.service[104565]: DEBUG placement.handlers.allocation [req-83bc81b3-99e2-4c1c-913e-e5c005a02748 req-19f539b9-4d42-40cc-96f5-1131d5ca0fd8 service placement] Successfully deleted allocations [, , ] {{(pid=104565) delete_allocations /opt/stack/placement/placement/handlers/allocation.py:627}}
May 09 10:41:03.807719 n-d-841089-1 devstack@placement-api.service[104565]: INFO placement.requestlog [req-83bc81b3-99e2-4c1c-913e-e5c005a02748 req-19f539b9-4d42-40cc-96f5-1131d5ca0fd8 service placement] 10.222.0.49 "DELETE /placement/allocations/5405ae45-17b0-47f0-b948-eb5b9ac6b206" status: 204 len: 0 microversion: 1.0
May 09 10:41:03.808752 n-d-841089-1 devstack@placement-api.service[104565]: [pid: 104565|app: 0|req: 262/521] 10.222.0.49 () {60 vars in 1355 bytes} [Mon May 9 10:41:03 2022] DELETE /placement/allocations/5405ae45-17b0-47f0-b948-eb5b9ac6b206 => generated 0 bytes in 62 msecs (HTTP/1.1 204) 5 headers in 198 bytes (1 switches on core 0)
May 09 10:41:17.140746 n-d-841089-1 devstack@placement-api.service[104566]: DEBUG placement.requestlog [req-1798e507-4ca3-4c9d-b0cb-57e999ea6c14 req-e9f6f943-cdea-4e2e-9e3e-3ee8ba2aaa21 None None] Starting request: 10.222.0.48 "DELETE /placement/allocations/db5ff491-aa1d-431f-a174-99cfe2d5bd7f" {{(pid=104566) __call__ /opt/stack/placement/placement/requestlog.py:55}}
May 09 10:41:17.203284 n-d-841089-1 devstack@placement-api.service[104566]: DEBUG placement.handlers.allocation [req-1798e507-4ca3-4c9d-b0cb-57e999ea6c14 req-e9f6f943-cdea-4e2e-9e3e-3ee8ba2aaa21 service placement] Successfully deleted allocations [, , ] {{(pid=104566) delete_allocations /opt/stack/placement/placement/handlers/allocation.py:627}}
May 09 10:41:17.203940 n-d-841089-1 devstack@placement-api.service[104566]: INFO placement.requestlog [req-1798e507-4ca3-4c9d-b0cb-57e999ea6c14 req-e9f6f943-cdea-4e2e-9e3e-3ee8ba2aaa21 service placement] 10.222.0.48 "DELETE /placement/allocations/db5ff491-aa1d-431f-a174-99cfe2d5bd7f" status: 204 len: 0 microversion: 1.0
May 09 10:41:17.204989 n-d-841089-1 devstack@placement-api.service[104566]: [pid: 104566|app: 0|req: 260/522] 10.222.0.48 () {60 vars in 1355 bytes} [Mon May 9 10:41:17 2022] DELETE /placement/allocations/db5ff491-aa1d-431f-a174-99cfe2d5bd7f => generated 0 bytes in 65 msecs (HTTP/1.1 204) 5 headers in 198 bytes (1 switches on core 0)
May 09 10:41:18.147451 n-d-841089-1 devstack@placement-api.service[104565]: DEBUG placement.requestlog [req-ce0e33ae-08e8-4711-861e-75da6f85d9c9 req-fa2b519a-6fb9-4eec-b6a3-3c45427c148c None None] Starting request: 10.222.0.35 "GET /placement/allocation_candidates?limit=1000&resources=MEMORY_MB%3A1024%2CVCPU%3A1&root_required=%21COMPUTE_STATUS_DISABLED" {{(pid=104565) __call__ /opt/stack/placement/placement/requestlog.py:55}}
May 09 10:41:18.198973 n-d-841089-1 devstack@placement-api.service[104565]: DEBUG placement.objects.research_context [req-ce0e33ae-08e8-4711-861e-75da6f85d9c9 req-fa2b519a-6fb9-4eec-b6a3-3c45427c148c service placement] getting providers with 1024 MEMORY_MB {{(pid=104565) __init__ /opt/stack/placement/placement/objects/research_context.py:136}}
May 09 10:41:18.207905 n-d-841089-1 devstack@placement-api.service[104565]: DEBUG placement.objects.research_context [req-ce0e33ae-08e8-4711-861e-75da6f85d9c9 req-fa2b519a-6fb9-4eec-b6a3-3c45427c148c service placement] getting providers with 1 VCPU {{(pid=104565) __init__ /opt/stack/placement/placement/objects/research_context.py:136}}
May 09 10:41:18.216563 n-d-841089-1 devstack@placement-api.service[104565]: DEBUG placement.objects.research_context [req-ce0e33ae-08e8-4711-861e-75da6f85d9c9 req-fa2b519a-6fb9-4eec-b6a3-3c45427c148c service placement] found 2 providers with available 1024 MEMORY_MB {{(pid=104565) get_provider_ids_matching /opt/stack/placement/placement/objects/research_context.py:563}}
May 09 10:41:18.217252 n-d-841089-1 devstack@placement-api.service[104565]: DEBUG placement.objects.research_context [req-ce0e33ae-08e8-4711-861e-75da6f85d9c9 req-fa2b519a-6fb9-4eec-b6a3-3c45427c148c service placement] found 2 providers with available 1 VCPU {{(pid=104565) get_provider_ids_matching /opt/stack/placement/placement/objects/research_context.py:563}}
May 09 10:41:18.218191 n-d-841089-1 devstack@placement-api.service[104565]: DEBUG placement.objects.research_context [req-ce0e33ae-08e8-4711-861e-75da6f85d9c9 req-fa2b519a-6fb9-4eec-b6a3-3c45427c148c service placement] found 2 providers after filtering by previous result {{(pid=104565) get_provider_ids_matching /opt/stack/placement/placement/objects/research_context.py:594}}
May 09 10:41:18.241883 n-d-841089-1 devstack@placement-api.service[104565]: DEBUG placement.objects.allocation_candidate [req-ce0e33ae-08e8-4711-861e-75da6f85d9c9 req-fa2b519a-6fb9-4eec-b6a3-3c45427c148c service placement] RequestGroup(use_same_provider=False, resources={MEMORY_MB:1024, VCPU:1}, traits=(), aggregates=[]) (suffix '') returned 2 matches {{(pid=104565) _get_by_requests /opt/stack/placement/placement/objects/allocation_candidate.py:156}}
May 09 10:41:18.243428 n-d-841089-1 devstack@placement-api.service[104565]: DEBUG placement.objects.allocation_candidate [req-ce0e33ae-08e8-4711-861e-75da6f85d9c9 req-fa2b519a-6fb9-4eec-b6a3-3c45427c148c service placement] Merging candidates yields 2 allocation requests and 2 provider summaries {{(pid=104565) _merge_candidates /opt/stack/placement/placement/objects/allocation_candidate.py:809}}
May 09 10:41:18.249838 n-d-841089-1 devstack@placement-api.service[104565]: INFO placement.requestlog [req-ce0e33ae-08e8-4711-861e-75da6f85d9c9 req-fa2b519a-6fb9-4eec-b6a3-3c45427c148c service placement] 10.222.0.35 "GET /placement/allocation_candidates?limit=1000&resources=MEMORY_MB%3A1024%2CVCPU%3A1&root_required=%21COMPUTE_STATUS_DISABLED" status: 200 len: 1281 microversion: 1.36
May 09 10:41:18.250415 n-d-841089-1 devstack@placement-api.service[104565]: [pid: 104565|app: 0|req: 263/523] 10.222.0.35 () {60 vars in 1478 bytes} [Mon May 9 10:41:18 2022] GET /placement/allocation_candidates?limit=1000&resources=MEMORY_MB%3A1024%2CVCPU%3A1&root_required=%21COMPUTE_STATUS_DISABLED => generated 1281 bytes in 104 msecs (HTTP/1.1 200) 8 headers in 297 bytes (1 switches on core 0)
May 09 10:41:18.346364 n-d-841089-1 devstack@placement-api.service[104566]: DEBUG placement.requestlog [req-ce0e33ae-08e8-4711-861e-75da6f85d9c9 req-3785271c-b8d8-43af-9ac4-b9ad7436840f None None] Starting request: 10.222.0.35 "GET /placement/allocations/21f11a41-f1e7-464d-b07f-5ef535d728ba" {{(pid=104566) __call__ /opt/stack/placement/placement/requestlog.py:55}}
May 09 10:41:18.362970 n-d-841089-1 devstack@placement-api.service[104566]: INFO placement.requestlog [req-ce0e33ae-08e8-4711-861e-75da6f85d9c9 req-3785271c-b8d8-43af-9ac4-b9ad7436840f service placement] 10.222.0.35 "GET /placement/allocations/21f11a41-f1e7-464d-b07f-5ef535d728ba" status: 200 len: 19 microversion: 1.28
May 09 10:41:18.365342 n-d-841089-1 devstack@placement-api.service[104566]: [pid: 104566|app: 0|req: 261/524] 10.222.0.35 () {60 vars in 1380 bytes} [Mon May 9 10:41:18 2022] GET /placement/allocations/21f11a41-f1e7-464d-b07f-5ef535d728ba => generated 19 bytes in 19 msecs (HTTP/1.1 200) 8 headers in 295 bytes (1 switches on core 0)
May 09 10:41:18.375407 n-d-841089-1 devstack@placement-api.service[104565]: DEBUG placement.requestlog [req-ce0e33ae-08e8-4711-861e-75da6f85d9c9 req-ca1f109b-064d-43aa-930a-f50a9a97183e None None] Starting request: 10.222.0.35 "PUT /placement/allocations/21f11a41-f1e7-464d-b07f-5ef535d728ba" {{(pid=104565) __call__ /opt/stack/placement/placement/requestlog.py:55}}
May 09 10:41:18.517261 n-d-841089-1 devstack@placement-api.service[104565]: DEBUG placement.handlers.allocation [req-ce0e33ae-08e8-4711-861e-75da6f85d9c9 req-ca1f109b-064d-43aa-930a-f50a9a97183e service placement] Successfully wrote allocations [, ] {{(pid=104565) _update_consumers_and_create_allocations /opt/stack/placement/placement/handlers/allocation.py:462}}
May 09 10:41:18.522624 n-d-841089-1 devstack@placement-api.service[104565]: INFO placement.requestlog [req-ce0e33ae-08e8-4711-861e-75da6f85d9c9 req-ca1f109b-064d-43aa-930a-f50a9a97183e service placement] 10.222.0.35 "PUT /placement/allocations/21f11a41-f1e7-464d-b07f-5ef535d728ba" status: 204 len: 0 microversion: 1.36
May 09 10:41:18.523628 n-d-841089-1 devstack@placement-api.service[104565]: [pid: 104565|app: 0|req: 264/525] 10.222.0.35 () {64 vars in 1433 bytes} [Mon May 9 10:41:18 2022] PUT /placement/allocations/21f11a41-f1e7-464d-b07f-5ef535d728ba => generated 0 bytes in 148 msecs (HTTP/1.1 204) 5 headers in 199 bytes (2 switches on core 0)
May 09 10:41:19.205475 n-d-841089-1 devstack@placement-api.service[104566]: DEBUG placement.requestlog [req-ce0e33ae-08e8-4711-861e-75da6f85d9c9 req-46f72528-e279-4a15-b8c5-cea683a23dc5 None None] Starting request: 10.222.0.49 "GET /placement/allocations/21f11a41-f1e7-464d-b07f-5ef535d728ba" {{(pid=104566) __call__ /opt/stack/placement/placement/requestlog.py:55}}
May 09 10:41:19.230753 n-d-841089-1 devstack@placement-api.service[104566]: INFO placement.requestlog [req-ce0e33ae-08e8-4711-861e-75da6f85d9c9 req-46f72528-e279-4a15-b8c5-cea683a23dc5 service placement] 10.222.0.49 "GET /placement/allocations/21f11a41-f1e7-464d-b07f-5ef535d728ba" status: 200 len: 245 microversion: 1.28
May 09 10:41:19.231713 n-d-841089-1 devstack@placement-api.service[104566]: [pid: 104566|app: 0|req: 262/526] 10.222.0.49 () {60 vars in 1377 bytes} [Mon May 9 10:41:19 2022] GET /placement/allocations/21f11a41-f1e7-464d-b07f-5ef535d728ba => generated 245 bytes in 26 msecs (HTTP/1.1 200) 8 headers in 296 bytes (1 switches on core 0)
May 09 10:41:20.747967 n-d-841089-1 devstack@placement-api.service[104565]: DEBUG placement.requestlog [req-1e1afc8d-5745-4ddb-a5aa-d7ce1d3e02a7 req-7683be7f-4f34-450d-9470-4c8ad8c5b8b1 None None] Starting request: 10.222.0.49 "DELETE /placement/allocations/903de7dd-268e-48b0-9793-9bd2374a46f4" {{(pid=104565) __call__ /opt/stack/placement/placement/requestlog.py:55}}
May 09 10:41:20.813747 n-d-841089-1 devstack@placement-api.service[104565]: DEBUG placement.handlers.allocation [req-1e1afc8d-5745-4ddb-a5aa-d7ce1d3e02a7 req-7683be7f-4f34-450d-9470-4c8ad8c5b8b1 service placement] Successfully deleted allocations [, , ] {{(pid=104565) delete_allocations /opt/stack/placement/placement/handlers/allocation.py:627}}
May 09 10:41:20.814664 n-d-841089-1 devstack@placement-api.service[104565]: INFO placement.requestlog [req-1e1afc8d-5745-4ddb-a5aa-d7ce1d3e02a7 req-7683be7f-4f34-450d-9470-4c8ad8c5b8b1 service placement] 10.222.0.49 "DELETE /placement/allocations/903de7dd-268e-48b0-9793-9bd2374a46f4" status: 204 len: 0 microversion: 1.0
May 09 10:41:20.816865 n-d-841089-1 devstack@placement-api.service[104565]: [pid: 104565|app: 0|req: 265/527] 10.222.0.49 () {60 vars in 1355 bytes} [Mon May 9 10:41:20 2022] DELETE /placement/allocations/903de7dd-268e-48b0-9793-9bd2374a46f4 => generated 0 bytes in 69 msecs (HTTP/1.1 204) 5 headers in 198 bytes (1 switches on core 0)
May 09 10:41:23.829365 n-d-841089-1 devstack@placement-api.service[104566]: DEBUG placement.requestlog [req-86c08036-b228-4657-814f-86e96eac51ff req-e6b4dc22-f64e-417d-a8be-46b0571e8bbc None None] Starting request: 10.222.0.48 "DELETE /placement/allocations/e71e1795-ccd6-4def-8b83-95604dfe7da1" {{(pid=104566) __call__ /opt/stack/placement/placement/requestlog.py:55}}
May 09 10:41:23.913655 n-d-841089-1 devstack@placement-api.service[104566]: DEBUG placement.handlers.allocation [req-86c08036-b228-4657-814f-86e96eac51ff req-e6b4dc22-f64e-417d-a8be-46b0571e8bbc service placement] Successfully deleted allocations [, , ] {{(pid=104566) delete_allocations /opt/stack/placement/placement/handlers/allocation.py:627}}
May 09 10:41:23.914354 n-d-841089-1 devstack@placement-api.service[104566]: INFO placement.requestlog [req-86c08036-b228-4657-814f-86e96eac51ff req-e6b4dc22-f64e-417d-a8be-46b0571e8bbc service placement] 10.222.0.48 "DELETE /placement/allocations/e71e1795-ccd6-4def-8b83-95604dfe7da1" status: 204 len: 0 microversion: 1.0
May 09 10:41:23.915038 n-d-841089-1 devstack@placement-api.service[104566]: [pid: 104566|app: 0|req: 263/528] 10.222.0.48 () {60 vars in 1355 bytes} [Mon May 9 10:41:23 2022] DELETE /placement/allocations/e71e1795-ccd6-4def-8b83-95604dfe7da1 => generated 0 bytes in 86 msecs (HTTP/1.1 204) 5 headers in 198 bytes (1 switches on core 0)
May 09 10:41:28.821063 n-d-841089-1 devstack@placement-api.service[104565]: DEBUG placement.requestlog [req-4b37e32f-b9e4-4144-941f-367cad25fadb req-c832fd72-c8e2-4678-b3df-2c5ad77a4b7d None None] Starting request: 10.222.0.49 "GET /placement/allocations/8cf165fc-42dc-45e5-a12f-370cb3358412" {{(pid=104565) __call__ /opt/stack/placement/placement/requestlog.py:55}}
May 09 10:41:28.854641 n-d-841089-1 devstack@placement-api.service[104565]: INFO placement.requestlog [req-4b37e32f-b9e4-4144-941f-367cad25fadb req-c832fd72-c8e2-4678-b3df-2c5ad77a4b7d service placement] 10.222.0.49 "GET /placement/allocations/8cf165fc-42dc-45e5-a12f-370cb3358412" status: 200 len: 259 microversion: 1.28
May 09 10:41:28.855719 n-d-841089-1 devstack@placement-api.service[104565]: [pid: 104565|app: 0|req: 266/529] 10.222.0.49 () {60 vars in 1377 bytes} [Mon May 9 10:41:28 2022] GET /placement/allocations/8cf165fc-42dc-45e5-a12f-370cb3358412 => generated 259 bytes in 35 msecs (HTTP/1.1 200) 8 headers in 296 bytes (1 switches on core 0)
May 09 10:41:30.279917 n-d-841089-1 devstack@placement-api.service[104566]: DEBUG placement.requestlog [req-4fdfcd3f-73d1-4609-b0e6-1dec05ec887e req-4054b0df-186b-49e3-b72f-3ee4ea62e39e None None] Starting request: 10.222.0.49 "DELETE /placement/allocations/a872f5e5-a7ce-4f4b-9628-62e779a82630" {{(pid=104566) __call__ /opt/stack/placement/placement/requestlog.py:55}}
May 09 10:41:30.341098 n-d-841089-1 devstack@placement-api.service[104566]: DEBUG placement.handlers.allocation [req-4fdfcd3f-73d1-4609-b0e6-1dec05ec887e req-4054b0df-186b-49e3-b72f-3ee4ea62e39e service placement] Successfully deleted allocations [, , ] {{(pid=104566) delete_allocations /opt/stack/placement/placement/handlers/allocation.py:627}}
May 09 10:41:30.341676 n-d-841089-1 devstack@placement-api.service[104566]: INFO placement.requestlog [req-4fdfcd3f-73d1-4609-b0e6-1dec05ec887e req-4054b0df-186b-49e3-b72f-3ee4ea62e39e service placement] 10.222.0.49 "DELETE /placement/allocations/a872f5e5-a7ce-4f4b-9628-62e779a82630" status: 204 len: 0 microversion: 1.0
May 09 10:41:30.344645 n-d-841089-1 devstack@placement-api.service[104566]: [pid: 104566|app: 0|req: 264/530] 10.222.0.49 () {60 vars in 1355 bytes} [Mon May 9 10:41:30 2022] DELETE /placement/allocations/a872f5e5-a7ce-4f4b-9628-62e779a82630 => generated 0 bytes in 64 msecs (HTTP/1.1 204) 5 headers in 198 bytes (1 switches on core 0)
May 09 10:41:32.243971 n-d-841089-1 devstack@placement-api.service[104565]: DEBUG placement.requestlog [req-e647c225-d022-444b-8c9a-9bac10aca64f req-96e13929-b3a4-43df-a3df-a2adcd599291 None None] Starting request: 10.222.0.49 "DELETE /placement/allocations/029d608f-bf3f-4370-9640-3b2603a20aa5" {{(pid=104565) __call__ /opt/stack/placement/placement/requestlog.py:55}}
May 09 10:41:32.298014 n-d-841089-1 devstack@placement-api.service[104565]: DEBUG placement.handlers.allocation [req-e647c225-d022-444b-8c9a-9bac10aca64f req-96e13929-b3a4-43df-a3df-a2adcd599291 service placement] Successfully deleted allocations [, ] {{(pid=104565) delete_allocations /opt/stack/placement/placement/handlers/allocation.py:627}}
May 09 10:41:32.298881 n-d-841089-1 devstack@placement-api.service[104565]: INFO placement.requestlog [req-e647c225-d022-444b-8c9a-9bac10aca64f req-96e13929-b3a4-43df-a3df-a2adcd599291 service placement] 10.222.0.49 "DELETE /placement/allocations/029d608f-bf3f-4370-9640-3b2603a20aa5" status: 204 len: 0 microversion: 1.0
May 09 10:41:32.300025 n-d-841089-1 devstack@placement-api.service[104565]: [pid: 104565|app: 0|req: 267/531] 10.222.0.49 () {60 vars in 1355 bytes} [Mon May 9 10:41:32 2022] DELETE /placement/allocations/029d608f-bf3f-4370-9640-3b2603a20aa5 => generated 0 bytes in 56 msecs (HTTP/1.1 204) 5 headers in 198 bytes (1 switches on core 0)
May 09 10:41:35.443652 n-d-841089-1 devstack@placement-api.service[104566]: DEBUG placement.requestlog [req-56427644-4981-4b32-ac77-5ba92a0f5c65 req-c6ac3fe3-78a8-4915-8120-4ec0cee6129b None None] Starting request: 10.222.0.35 "GET /placement/allocation_candidates?limit=1000&resources=DISK_GB%3A1%2CMEMORY_MB%3A1024%2CVCPU%3A1&root_required=%21COMPUTE_STATUS_DISABLED" {{(pid=104566) __call__ /opt/stack/placement/placement/requestlog.py:55}}
May 09 10:41:35.540542 n-d-841089-1 devstack@placement-api.service[104566]: DEBUG placement.objects.research_context [req-56427644-4981-4b32-ac77-5ba92a0f5c65 req-c6ac3fe3-78a8-4915-8120-4ec0cee6129b service placement] getting providers with 1 DISK_GB {{(pid=104566) __init__ /opt/stack/placement/placement/objects/research_context.py:136}}
May 09 10:41:35.568337 n-d-841089-1 devstack@placement-api.service[104566]: DEBUG placement.objects.research_context [req-56427644-4981-4b32-ac77-5ba92a0f5c65 req-c6ac3fe3-78a8-4915-8120-4ec0cee6129b service placement] getting providers with 1024 MEMORY_MB {{(pid=104566) __init__ /opt/stack/placement/placement/objects/research_context.py:136}}
May 09 10:41:35.590165 n-d-841089-1 devstack@placement-api.service[104566]: DEBUG placement.objects.research_context [req-56427644-4981-4b32-ac77-5ba92a0f5c65 req-c6ac3fe3-78a8-4915-8120-4ec0cee6129b service placement] getting providers with 1 VCPU {{(pid=104566) __init__ /opt/stack/placement/placement/objects/research_context.py:136}}
May 09 10:41:35.611541 n-d-841089-1 devstack@placement-api.service[104566]: DEBUG placement.objects.research_context [req-56427644-4981-4b32-ac77-5ba92a0f5c65 req-c6ac3fe3-78a8-4915-8120-4ec0cee6129b service placement] found 2 providers with available 1 DISK_GB {{(pid=104566) get_provider_ids_matching /opt/stack/placement/placement/objects/research_context.py:563}}
May 09 10:41:35.611814 n-d-841089-1 devstack@placement-api.service[104566]: DEBUG placement.objects.research_context [req-56427644-4981-4b32-ac77-5ba92a0f5c65 req-c6ac3fe3-78a8-4915-8120-4ec0cee6129b service placement] found 2 providers with available 1024 MEMORY_MB {{(pid=104566) get_provider_ids_matching /opt/stack/placement/placement/objects/research_context.py:563}}
May 09 10:41:35.612085 n-d-841089-1 devstack@placement-api.service[104566]: DEBUG placement.objects.research_context [req-56427644-4981-4b32-ac77-5ba92a0f5c65 req-c6ac3fe3-78a8-4915-8120-4ec0cee6129b service placement] found 2 providers after filtering by previous result {{(pid=104566) get_provider_ids_matching /opt/stack/placement/placement/objects/research_context.py:594}}
May 09 10:41:35.612339 n-d-841089-1 devstack@placement-api.service[104566]: DEBUG placement.objects.research_context [req-56427644-4981-4b32-ac77-5ba92a0f5c65 req-c6ac3fe3-78a8-4915-8120-4ec0cee6129b service placement] found 2 providers with available 1 VCPU {{(pid=104566) get_provider_ids_matching /opt/stack/placement/placement/objects/research_context.py:563}}
May 09 10:41:35.612603 n-d-841089-1 devstack@placement-api.service[104566]: DEBUG placement.objects.research_context [req-56427644-4981-4b32-ac77-5ba92a0f5c65 req-c6ac3fe3-78a8-4915-8120-4ec0cee6129b service placement] found 2 providers after filtering by previous result {{(pid=104566) get_provider_ids_matching /opt/stack/placement/placement/objects/research_context.py:594}}
May 09 10:41:35.660820 n-d-841089-1 devstack@placement-api.service[104566]: DEBUG placement.objects.allocation_candidate [req-56427644-4981-4b32-ac77-5ba92a0f5c65 req-c6ac3fe3-78a8-4915-8120-4ec0cee6129b service placement] RequestGroup(use_same_provider=False, resources={DISK_GB:1, MEMORY_MB:1024, VCPU:1}, traits=(), aggregates=[]) (suffix '') returned 2 matches {{(pid=104566) _get_by_requests /opt/stack/placement/placement/objects/allocation_candidate.py:156}}
May 09 10:41:35.661656 n-d-841089-1 devstack@placement-api.service[104566]: DEBUG placement.objects.allocation_candidate [req-56427644-4981-4b32-ac77-5ba92a0f5c65 req-c6ac3fe3-78a8-4915-8120-4ec0cee6129b service placement] Merging candidates yields 2 allocation requests and 2 provider summaries {{(pid=104566) _merge_candidates /opt/stack/placement/placement/objects/allocation_candidate.py:809}}
May 09 10:41:35.668956 n-d-841089-1 devstack@placement-api.service[104566]: INFO placement.requestlog [req-56427644-4981-4b32-ac77-5ba92a0f5c65 req-c6ac3fe3-78a8-4915-8120-4ec0cee6129b service placement] 10.222.0.35 "GET /placement/allocation_candidates?limit=1000&resources=DISK_GB%3A1%2CMEMORY_MB%3A1024%2CVCPU%3A1&root_required=%21COMPUTE_STATUS_DISABLED" status: 200 len: 1309 microversion: 1.36
May 09 10:41:35.669889 n-d-841089-1 devstack@placement-api.service[104566]: [pid: 104566|app: 0|req: 265/532] 10.222.0.35 () {60 vars in 1506 bytes} [Mon May 9 10:41:35 2022] GET /placement/allocation_candidates?limit=1000&resources=DISK_GB%3A1%2CMEMORY_MB%3A1024%2CVCPU%3A1&root_required=%21COMPUTE_STATUS_DISABLED => generated 1309 bytes in 226 msecs (HTTP/1.1 200) 8 headers in 297 bytes (1 switches on core 0)
May 09 10:41:35.905353 n-d-841089-1 devstack@placement-api.service[104565]: DEBUG placement.requestlog [req-56427644-4981-4b32-ac77-5ba92a0f5c65 req-f0380c82-632f-45f2-8b17-d24484f2bbef None None] Starting request: 10.222.0.35 "GET /placement/allocations/a94228ef-f4af-4752-9a94-fa7e5977ae55" {{(pid=104565) __call__ /opt/stack/placement/placement/requestlog.py:55}}
May 09 10:41:35.922652 n-d-841089-1 devstack@placement-api.service[104565]: INFO placement.requestlog [req-56427644-4981-4b32-ac77-5ba92a0f5c65 req-f0380c82-632f-45f2-8b17-d24484f2bbef service placement] 10.222.0.35 "GET /placement/allocations/a94228ef-f4af-4752-9a94-fa7e5977ae55" status: 200 len: 19 microversion: 1.28
May 09 10:41:35.923113 n-d-841089-1 devstack@placement-api.service[104565]: [pid: 104565|app: 0|req: 268/533] 10.222.0.35 () {60 vars in 1380 bytes} [Mon May 9 10:41:35 2022] GET /placement/allocations/a94228ef-f4af-4752-9a94-fa7e5977ae55 => generated 19 bytes in 18 msecs (HTTP/1.1 200) 8 headers in 295 bytes (1 switches on core 0)
May 09 10:41:35.931581 n-d-841089-1 devstack@placement-api.service[104566]: DEBUG placement.requestlog [req-56427644-4981-4b32-ac77-5ba92a0f5c65 req-b289b3f0-26d3-4f07-be34-47f092daeac4 None None] Starting request: 10.222.0.35 "PUT /placement/allocations/a94228ef-f4af-4752-9a94-fa7e5977ae55" {{(pid=104566) __call__ /opt/stack/placement/placement/requestlog.py:55}}
May 09 10:41:36.033462 n-d-841089-1 devstack@placement-api.service[104566]: DEBUG placement.handlers.allocation [req-56427644-4981-4b32-ac77-5ba92a0f5c65 req-b289b3f0-26d3-4f07-be34-47f092daeac4 service placement] Successfully wrote allocations [, , ] {{(pid=104566) _update_consumers_and_create_allocations /opt/stack/placement/placement/handlers/allocation.py:462}}
May 09 10:41:36.041894 n-d-841089-1 devstack@placement-api.service[104566]: INFO placement.requestlog [req-56427644-4981-4b32-ac77-5ba92a0f5c65 req-b289b3f0-26d3-4f07-be34-47f092daeac4 service placement] 10.222.0.35 "PUT /placement/allocations/a94228ef-f4af-4752-9a94-fa7e5977ae55" status: 204 len: 0 microversion: 1.36
May 09 10:41:36.043000 n-d-841089-1 devstack@placement-api.service[104566]: [pid: 104566|app: 0|req: 266/534] 10.222.0.35 () {64 vars in 1433 bytes} [Mon May 9 10:41:35 2022] PUT /placement/allocations/a94228ef-f4af-4752-9a94-fa7e5977ae55 => generated 0 bytes in 112 msecs (HTTP/1.1 204) 5 headers in 199 bytes (1 switches on core 0)
May 09 10:41:36.424209 n-d-841089-1 devstack@placement-api.service[104565]: DEBUG placement.requestlog [req-08d0f6ff-d54c-4bec-b0c5-c7c628f2b73c req-672b5ea1-b1d9-4d58-9c6a-6d73290ef08b None None] Starting request: 10.222.0.35 "GET /placement/allocation_candidates?limit=1000&resources=DISK_GB%3A1%2CMEMORY_MB%3A1024%2CVCPU%3A1&root_required=%21COMPUTE_STATUS_DISABLED" {{(pid=104565) __call__ /opt/stack/placement/placement/requestlog.py:55}}
May 09 10:41:36.544640 n-d-841089-1 devstack@placement-api.service[104565]: DEBUG placement.objects.research_context [req-08d0f6ff-d54c-4bec-b0c5-c7c628f2b73c req-672b5ea1-b1d9-4d58-9c6a-6d73290ef08b service placement] getting providers with 1 DISK_GB {{(pid=104565) __init__ /opt/stack/placement/placement/objects/research_context.py:136}}
May 09 10:41:36.588575 n-d-841089-1 devstack@placement-api.service[104565]: DEBUG placement.objects.research_context [req-08d0f6ff-d54c-4bec-b0c5-c7c628f2b73c req-672b5ea1-b1d9-4d58-9c6a-6d73290ef08b service placement] getting providers with 1024 MEMORY_MB {{(pid=104565) __init__ /opt/stack/placement/placement/objects/research_context.py:136}}
May 09 10:41:36.596996 n-d-841089-1 devstack@placement-api.service[104565]: DEBUG placement.objects.research_context [req-08d0f6ff-d54c-4bec-b0c5-c7c628f2b73c req-672b5ea1-b1d9-4d58-9c6a-6d73290ef08b service placement] getting providers with 1 VCPU {{(pid=104565) __init__ /opt/stack/placement/placement/objects/research_context.py:136}}
May 09 10:41:36.608831 n-d-841089-1 devstack@placement-api.service[104565]: DEBUG placement.objects.research_context [req-08d0f6ff-d54c-4bec-b0c5-c7c628f2b73c req-672b5ea1-b1d9-4d58-9c6a-6d73290ef08b service placement] found 2 providers with available 1 DISK_GB {{(pid=104565) get_provider_ids_matching /opt/stack/placement/placement/objects/research_context.py:563}}
May 09 10:41:36.610452 n-d-841089-1 devstack@placement-api.service[104565]: DEBUG placement.objects.research_context [req-08d0f6ff-d54c-4bec-b0c5-c7c628f2b73c req-672b5ea1-b1d9-4d58-9c6a-6d73290ef08b service placement] found 2 providers with available 1024 MEMORY_MB {{(pid=104565) get_provider_ids_matching /opt/stack/placement/placement/objects/research_context.py:563}}
May 09 10:41:36.610957 n-d-841089-1 devstack@placement-api.service[104565]: DEBUG placement.objects.research_context [req-08d0f6ff-d54c-4bec-b0c5-c7c628f2b73c req-672b5ea1-b1d9-4d58-9c6a-6d73290ef08b service placement] found 2 providers after filtering by previous result {{(pid=104565) get_provider_ids_matching /opt/stack/placement/placement/objects/research_context.py:594}}
May 09 10:41:36.611598 n-d-841089-1 devstack@placement-api.service[104565]: DEBUG placement.objects.research_context [req-08d0f6ff-d54c-4bec-b0c5-c7c628f2b73c req-672b5ea1-b1d9-4d58-9c6a-6d73290ef08b service placement] found 2 providers with available 1 VCPU {{(pid=104565) get_provider_ids_matching /opt/stack/placement/placement/objects/research_context.py:563}}
May 09 10:41:36.612783 n-d-841089-1 devstack@placement-api.service[104565]: DEBUG placement.objects.research_context [req-08d0f6ff-d54c-4bec-b0c5-c7c628f2b73c req-672b5ea1-b1d9-4d58-9c6a-6d73290ef08b service placement] found 2 providers after filtering by previous result {{(pid=104565) get_provider_ids_matching /opt/stack/placement/placement/objects/research_context.py:594}}
May 09 10:41:36.630158 n-d-841089-1 devstack@placement-api.service[104566]: DEBUG placement.requestlog [req-56427644-4981-4b32-ac77-5ba92a0f5c65 req-8ed7cf4c-810c-483c-b45a-cb0f9e3f3350 None None] Starting request: 10.222.0.49 "GET /placement/allocations/a94228ef-f4af-4752-9a94-fa7e5977ae55" {{(pid=104566) __call__ /opt/stack/placement/placement/requestlog.py:55}}
May 09 10:41:36.634261 n-d-841089-1 devstack@placement-api.service[104565]: DEBUG placement.objects.allocation_candidate [req-08d0f6ff-d54c-4bec-b0c5-c7c628f2b73c req-672b5ea1-b1d9-4d58-9c6a-6d73290ef08b service placement] RequestGroup(use_same_provider=False, resources={DISK_GB:1, MEMORY_MB:1024, VCPU:1}, traits=(), aggregates=[]) (suffix '') returned 2 matches {{(pid=104565) _get_by_requests /opt/stack/placement/placement/objects/allocation_candidate.py:156}}
May 09 10:41:36.641500 n-d-841089-1 devstack@placement-api.service[104565]: DEBUG placement.objects.allocation_candidate [req-08d0f6ff-d54c-4bec-b0c5-c7c628f2b73c req-672b5ea1-b1d9-4d58-9c6a-6d73290ef08b service placement] Merging candidates yields 2 allocation requests and 2 provider summaries {{(pid=104565) _merge_candidates /opt/stack/placement/placement/objects/allocation_candidate.py:809}}
May 09 10:41:36.647536 n-d-841089-1 devstack@placement-api.service[104565]: INFO placement.requestlog [req-08d0f6ff-d54c-4bec-b0c5-c7c628f2b73c req-672b5ea1-b1d9-4d58-9c6a-6d73290ef08b service placement] 10.222.0.35 "GET /placement/allocation_candidates?limit=1000&resources=DISK_GB%3A1%2CMEMORY_MB%3A1024%2CVCPU%3A1&root_required=%21COMPUTE_STATUS_DISABLED" status: 200 len: 1309 microversion: 1.36
May 09 10:41:36.667229 n-d-841089-1 devstack@placement-api.service[104566]: INFO placement.requestlog [req-56427644-4981-4b32-ac77-5ba92a0f5c65 req-8ed7cf4c-810c-483c-b45a-cb0f9e3f3350 service placement] 10.222.0.49 "GET /placement/allocations/a94228ef-f4af-4752-9a94-fa7e5977ae55" status: 200 len: 259 microversion: 1.28
May 09 10:41:36.669666 n-d-841089-1 devstack@placement-api.service[104566]: [pid: 104566|app: 0|req: 267/535] 10.222.0.49 () {60 vars in 1377 bytes} [Mon May 9 10:41:36 2022] GET /placement/allocations/a94228ef-f4af-4752-9a94-fa7e5977ae55 => generated 259 bytes in 40 msecs (HTTP/1.1 200) 8 headers in 296 bytes (1 switches on core 0)
May 09 10:41:36.673449 n-d-841089-1 devstack@placement-api.service[104565]: [pid: 104565|app: 0|req: 269/536] 10.222.0.35 () {60 vars in 1506 bytes} [Mon May 9 10:41:36 2022] GET /placement/allocation_candidates?limit=1000&resources=DISK_GB%3A1%2CMEMORY_MB%3A1024%2CVCPU%3A1&root_required=%21COMPUTE_STATUS_DISABLED => generated 1309 bytes in 249 msecs (HTTP/1.1 200) 8 headers in 297 bytes (1 switches on core 0)
May 09 10:41:36.781431 n-d-841089-1 devstack@placement-api.service[104566]: DEBUG placement.requestlog [req-08d0f6ff-d54c-4bec-b0c5-c7c628f2b73c req-38a1da74-b62a-4b6a-bcdb-2c4b83e5557f None None] Starting request: 10.222.0.35 "GET /placement/allocations/c8091686-a0e9-4119-82a4-03d1c2dcd145" {{(pid=104566) __call__ /opt/stack/placement/placement/requestlog.py:55}}
May 09 10:41:36.805870 n-d-841089-1 devstack@placement-api.service[104566]: INFO placement.requestlog [req-08d0f6ff-d54c-4bec-b0c5-c7c628f2b73c req-38a1da74-b62a-4b6a-bcdb-2c4b83e5557f service placement] 10.222.0.35 "GET /placement/allocations/c8091686-a0e9-4119-82a4-03d1c2dcd145" status: 200 len: 19 microversion: 1.28
May 09 10:41:36.805870 n-d-841089-1 devstack@placement-api.service[104566]: [pid: 104566|app: 0|req: 268/537] 10.222.0.35 () {60 vars in 1380 bytes} [Mon May 9 10:41:36 2022] GET /placement/allocations/c8091686-a0e9-4119-82a4-03d1c2dcd145 => generated 19 bytes in 23 msecs (HTTP/1.1 200) 8 headers in 295 bytes (1 switches on core 0)
May 09 10:41:36.813888 n-d-841089-1 devstack@placement-api.service[104565]: DEBUG placement.requestlog [req-08d0f6ff-d54c-4bec-b0c5-c7c628f2b73c req-925b6cb5-e095-42d7-a9d8-e5daa0d6954b None None] Starting request: 10.222.0.35 "PUT /placement/allocations/c8091686-a0e9-4119-82a4-03d1c2dcd145" {{(pid=104565) __call__ /opt/stack/placement/placement/requestlog.py:55}}
May 09 10:41:36.993260 n-d-841089-1 devstack@placement-api.service[104565]: DEBUG placement.handlers.allocation [req-08d0f6ff-d54c-4bec-b0c5-c7c628f2b73c req-925b6cb5-e095-42d7-a9d8-e5daa0d6954b service placement] Successfully wrote allocations [, , ] {{(pid=104565) _update_consumers_and_create_allocations /opt/stack/placement/placement/handlers/allocation.py:462}}
May 09 10:41:37.002684 n-d-841089-1 devstack@placement-api.service[104565]: INFO placement.requestlog [req-08d0f6ff-d54c-4bec-b0c5-c7c628f2b73c req-925b6cb5-e095-42d7-a9d8-e5daa0d6954b service placement] 10.222.0.35 "PUT /placement/allocations/c8091686-a0e9-4119-82a4-03d1c2dcd145" status: 204 len: 0 microversion: 1.36
May 09 10:41:37.003900 n-d-841089-1 devstack@placement-api.service[104565]: [pid: 104565|app: 0|req: 270/538] 10.222.0.35 () {64 vars in 1433 bytes} [Mon May 9 10:41:36 2022] PUT /placement/allocations/c8091686-a0e9-4119-82a4-03d1c2dcd145 => generated 0 bytes in 191 msecs (HTTP/1.1 204) 5 headers in 199 bytes (1 switches on core 0)
May 09 10:41:37.067551 n-d-841089-1 devstack@placement-api.service[104566]: DEBUG placement.requestlog [req-a2115f2e-eab1-4df7-9ee4-0a8822bbb29c req-d295e9de-cbbc-4246-aee5-42401ccf5820 None None] Starting request: 10.222.0.48 "GET /placement/allocations/0297857c-0c74-4c18-9f0a-64dc0a753023" {{(pid=104566) __call__ /opt/stack/placement/placement/requestlog.py:55}}
May 09 10:41:37.100503 n-d-841089-1 devstack@placement-api.service[104566]: INFO placement.requestlog [req-a2115f2e-eab1-4df7-9ee4-0a8822bbb29c req-d295e9de-cbbc-4246-aee5-42401ccf5820 service placement] 10.222.0.48 "GET /placement/allocations/0297857c-0c74-4c18-9f0a-64dc0a753023" status: 200 len: 259 microversion: 1.28
May 09 10:41:37.107268 n-d-841089-1 devstack@placement-api.service[104566]: [pid: 104566|app: 0|req: 269/539] 10.222.0.48 () {60 vars in 1377 bytes} [Mon May 9 10:41:37 2022] GET /placement/allocations/0297857c-0c74-4c18-9f0a-64dc0a753023 => generated 259 bytes in 40 msecs (HTTP/1.1 200) 8 headers in 296 bytes (1 switches on core 0)
May 09 10:41:37.110262 n-d-841089-1 devstack@placement-api.service[104565]: DEBUG placement.requestlog [req-a2115f2e-eab1-4df7-9ee4-0a8822bbb29c req-8d51e589-6e5b-4fa0-b9bc-9c5c539b1afa None None] Starting request: 10.222.0.48 "PUT /placement/allocations/0297857c-0c74-4c18-9f0a-64dc0a753023" {{(pid=104565) __call__ /opt/stack/placement/placement/requestlog.py:55}}
May 09 10:41:37.231800 n-d-841089-1 devstack@placement-api.service[104565]: DEBUG placement.handlers.allocation [req-a2115f2e-eab1-4df7-9ee4-0a8822bbb29c req-8d51e589-6e5b-4fa0-b9bc-9c5c539b1afa service placement] Successfully wrote allocations [, , ] {{(pid=104565) _update_consumers_and_create_allocations /opt/stack/placement/placement/handlers/allocation.py:462}}
May 09 10:41:37.239652 n-d-841089-1 devstack@placement-api.service[104565]: INFO placement.requestlog [req-a2115f2e-eab1-4df7-9ee4-0a8822bbb29c req-8d51e589-6e5b-4fa0-b9bc-9c5c539b1afa service placement] 10.222.0.48 "PUT /placement/allocations/0297857c-0c74-4c18-9f0a-64dc0a753023" status: 204 len: 0 microversion: 1.28
May 09 10:41:37.240425 n-d-841089-1 devstack@placement-api.service[104565]: [pid: 104565|app: 0|req: 271/540] 10.222.0.48 () {64 vars in 1430 bytes} [Mon May 9 10:41:37 2022] PUT /placement/allocations/0297857c-0c74-4c18-9f0a-64dc0a753023 => generated 0 bytes in 131 msecs (HTTP/1.1 204) 5 headers in 199 bytes (1 switches on core 0)
May 09 10:41:37.662435 n-d-841089-1 devstack@placement-api.service[104566]: DEBUG placement.requestlog [req-08d0f6ff-d54c-4bec-b0c5-c7c628f2b73c req-ced5c491-c41f-434c-b6f8-32c4a34cceda None None] Starting request: 10.222.0.49 "GET /placement/allocations/c8091686-a0e9-4119-82a4-03d1c2dcd145" {{(pid=104566) __call__ /opt/stack/placement/placement/requestlog.py:55}}
May 09 10:41:37.701498 n-d-841089-1 devstack@placement-api.service[104566]: INFO placement.requestlog [req-08d0f6ff-d54c-4bec-b0c5-c7c628f2b73c req-ced5c491-c41f-434c-b6f8-32c4a34cceda service placement] 10.222.0.49 "GET /placement/allocations/c8091686-a0e9-4119-82a4-03d1c2dcd145" status: 200 len: 259 microversion: 1.28
