May 09 12:57:35.665612 n-d-841040-2 devstack@placement-api.service[111636]: [pid: 111636|app: 0|req: 288/575] 10.222.0.55 () {64 vars in 1433 bytes} [Mon May 9 12:57:35 2022] PUT /placement/allocations/4c3241fe-5d10-4777-a2f4-a40753f55ce3 => generated 0 bytes in 348 msecs (HTTP/1.1 204) 5 headers in 199 bytes (1 switches on core 0)
May 09 12:57:36.396410 n-d-841040-2 devstack@placement-api.service[111637]: DEBUG placement.requestlog [req-383beeb9-c63d-4536-b59b-9ee9090b33af req-cfb91b0e-e9f9-498e-9749-1cad4b869151 None None] Starting request: 10.222.0.55 "GET /placement/allocation_candidates?limit=1000&resources=DISK_GB%3A1%2CMEMORY_MB%3A1024%2CVCPU%3A1&root_required=%21COMPUTE_STATUS_DISABLED" {{(pid=111637) __call__ /opt/stack/placement/placement/requestlog.py:55}}
May 09 12:57:36.452737 n-d-841040-2 devstack@placement-api.service[111637]: DEBUG placement.objects.research_context [req-383beeb9-c63d-4536-b59b-9ee9090b33af req-cfb91b0e-e9f9-498e-9749-1cad4b869151 service placement] getting providers with 1 DISK_GB {{(pid=111637) __init__ /opt/stack/placement/placement/objects/research_context.py:136}}
May 09 12:57:36.459881 n-d-841040-2 devstack@placement-api.service[111637]: DEBUG placement.objects.research_context [req-383beeb9-c63d-4536-b59b-9ee9090b33af req-cfb91b0e-e9f9-498e-9749-1cad4b869151 service placement] getting providers with 1024 MEMORY_MB {{(pid=111637) __init__ /opt/stack/placement/placement/objects/research_context.py:136}}
May 09 12:57:36.465815 n-d-841040-2 devstack@placement-api.service[111637]: DEBUG placement.objects.research_context [req-383beeb9-c63d-4536-b59b-9ee9090b33af req-cfb91b0e-e9f9-498e-9749-1cad4b869151 service placement] getting providers with 1 VCPU {{(pid=111637) __init__ /opt/stack/placement/placement/objects/research_context.py:136}}
May 09 12:57:36.472475 n-d-841040-2 devstack@placement-api.service[111637]: DEBUG placement.objects.research_context [req-383beeb9-c63d-4536-b59b-9ee9090b33af req-cfb91b0e-e9f9-498e-9749-1cad4b869151 service placement] found 2 providers with available 1 DISK_GB {{(pid=111637) get_provider_ids_matching /opt/stack/placement/placement/objects/research_context.py:563}}
May 09 12:57:36.480059 n-d-841040-2 devstack@placement-api.service[111637]: DEBUG placement.objects.research_context [req-383beeb9-c63d-4536-b59b-9ee9090b33af req-cfb91b0e-e9f9-498e-9749-1cad4b869151 service placement] found 2 providers with available 1024 MEMORY_MB {{(pid=111637) get_provider_ids_matching /opt/stack/placement/placement/objects/research_context.py:563}}
May 09 12:57:36.480537 n-d-841040-2 devstack@placement-api.service[111637]: DEBUG placement.objects.research_context [req-383beeb9-c63d-4536-b59b-9ee9090b33af req-cfb91b0e-e9f9-498e-9749-1cad4b869151 service placement] found 2 providers after filtering by previous result {{(pid=111637) get_provider_ids_matching /opt/stack/placement/placement/objects/research_context.py:594}}
May 09 12:57:36.480949 n-d-841040-2 devstack@placement-api.service[111637]: DEBUG placement.objects.research_context [req-383beeb9-c63d-4536-b59b-9ee9090b33af req-cfb91b0e-e9f9-498e-9749-1cad4b869151 service placement] found 2 providers with available 1 VCPU {{(pid=111637) get_provider_ids_matching /opt/stack/placement/placement/objects/research_context.py:563}}
May 09 12:57:36.481373 n-d-841040-2 devstack@placement-api.service[111637]: DEBUG placement.objects.research_context [req-383beeb9-c63d-4536-b59b-9ee9090b33af req-cfb91b0e-e9f9-498e-9749-1cad4b869151 service placement] found 2 providers after filtering by previous result {{(pid=111637) get_provider_ids_matching /opt/stack/placement/placement/objects/research_context.py:594}}
May 09 12:57:36.496513 n-d-841040-2 devstack@placement-api.service[111637]: DEBUG placement.objects.allocation_candidate [req-383beeb9-c63d-4536-b59b-9ee9090b33af req-cfb91b0e-e9f9-498e-9749-1cad4b869151 service placement] RequestGroup(use_same_provider=False, resources={DISK_GB:1, MEMORY_MB:1024, VCPU:1}, traits=(), aggregates=[]) (suffix '') returned 2 matches {{(pid=111637) _get_by_requests /opt/stack/placement/placement/objects/allocation_candidate.py:156}}
May 09 12:57:36.497176 n-d-841040-2 devstack@placement-api.service[111637]: DEBUG placement.objects.allocation_candidate [req-383beeb9-c63d-4536-b59b-9ee9090b33af req-cfb91b0e-e9f9-498e-9749-1cad4b869151 service placement] Merging candidates yields 2 allocation requests and 2 provider summaries {{(pid=111637) _merge_candidates /opt/stack/placement/placement/objects/allocation_candidate.py:809}}
May 09 12:57:36.498928 n-d-841040-2 devstack@placement-api.service[111637]: INFO placement.requestlog [req-383beeb9-c63d-4536-b59b-9ee9090b33af req-cfb91b0e-e9f9-498e-9749-1cad4b869151 service placement] 10.222.0.55 "GET /placement/allocation_candidates?limit=1000&resources=DISK_GB%3A1%2CMEMORY_MB%3A1024%2CVCPU%3A1&root_required=%21COMPUTE_STATUS_DISABLED" status: 200 len: 1309 microversion: 1.36
May 09 12:57:36.499706 n-d-841040-2 devstack@placement-api.service[111637]: [pid: 111637|app: 0|req: 288/576] 10.222.0.55 () {60 vars in 1506 bytes} [Mon May 9 12:57:36 2022] GET /placement/allocation_candidates?limit=1000&resources=DISK_GB%3A1%2CMEMORY_MB%3A1024%2CVCPU%3A1&root_required=%21COMPUTE_STATUS_DISABLED => generated 1309 bytes in 104 msecs (HTTP/1.1 200) 8 headers in 297 bytes (1 switches on core 0)
May 09 12:57:36.579649 n-d-841040-2 devstack@placement-api.service[111636]: DEBUG placement.requestlog [req-383beeb9-c63d-4536-b59b-9ee9090b33af req-01e9ed49-e227-438a-bf6d-65b2cf8ed521 None None] Starting request: 10.222.0.55 "GET /placement/allocations/1f5076e9-59d1-40a1-9da9-90f0a873952e" {{(pid=111636) __call__ /opt/stack/placement/placement/requestlog.py:55}}
May 09 12:57:36.591814 n-d-841040-2 devstack@placement-api.service[111636]: INFO placement.requestlog [req-383beeb9-c63d-4536-b59b-9ee9090b33af req-01e9ed49-e227-438a-bf6d-65b2cf8ed521 service placement] 10.222.0.55 "GET /placement/allocations/1f5076e9-59d1-40a1-9da9-90f0a873952e" status: 200 len: 19 microversion: 1.28
May 09 12:57:36.593314 n-d-841040-2 devstack@placement-api.service[111636]: [pid: 111636|app: 0|req: 289/577] 10.222.0.55 () {60 vars in 1380 bytes} [Mon May 9 12:57:36 2022] GET /placement/allocations/1f5076e9-59d1-40a1-9da9-90f0a873952e => generated 19 bytes in 14 msecs (HTTP/1.1 200) 8 headers in 295 bytes (1 switches on core 0)
May 09 12:57:36.600111 n-d-841040-2 devstack@placement-api.service[111637]: DEBUG placement.requestlog [req-383beeb9-c63d-4536-b59b-9ee9090b33af req-1c210336-98c8-4bdc-a322-1674789aaa03 None None] Starting request: 10.222.0.55 "PUT /placement/allocations/1f5076e9-59d1-40a1-9da9-90f0a873952e" {{(pid=111637) __call__ /opt/stack/placement/placement/requestlog.py:55}}
May 09 12:57:37.106788 n-d-841040-2 devstack@placement-api.service[111636]: DEBUG placement.requestlog [req-7004ea91-bad5-4ae5-baed-d081dfbba3a6 req-59c013c7-89d2-47d5-a974-285f251b6015 None None] Starting request: 10.222.0.24 "GET /placement/allocations/4c3241fe-5d10-4777-a2f4-a40753f55ce3" {{(pid=111636) __call__ /opt/stack/placement/placement/requestlog.py:55}}
May 09 12:57:37.123800 n-d-841040-2 devstack@placement-api.service[111636]: INFO placement.requestlog [req-7004ea91-bad5-4ae5-baed-d081dfbba3a6 req-59c013c7-89d2-47d5-a974-285f251b6015 service placement] 10.222.0.24 "GET /placement/allocations/4c3241fe-5d10-4777-a2f4-a40753f55ce3" status: 200 len: 259 microversion: 1.28
May 09 12:57:37.124054 n-d-841040-2 devstack@placement-api.service[111636]: [pid: 111636|app: 0|req: 290/578] 10.222.0.24 () {60 vars in 1377 bytes} [Mon May 9 12:57:37 2022] GET /placement/allocations/4c3241fe-5d10-4777-a2f4-a40753f55ce3 => generated 259 bytes in 18 msecs (HTTP/1.1 200) 8 headers in 296 bytes (2 switches on core 0)
May 09 12:57:37.133065 n-d-841040-2 devstack@placement-api.service[111636]: DEBUG placement.requestlog [req-e23d9d82-97bf-4694-97ab-1a0f13e2b7d3 req-536a74f2-5ee3-4ca7-b07c-1158faabddbd None None] Starting request: 10.222.0.55 "GET /placement/allocation_candidates?limit=1000&resources=DISK_GB%3A1%2CMEMORY_MB%3A1024%2CVCPU%3A1&root_required=%21COMPUTE_STATUS_DISABLED" {{(pid=111636) __call__ /opt/stack/placement/placement/requestlog.py:55}}
May 09 12:57:37.174244 n-d-841040-2 devstack@placement-api.service[111636]: DEBUG placement.objects.research_context [req-e23d9d82-97bf-4694-97ab-1a0f13e2b7d3 req-536a74f2-5ee3-4ca7-b07c-1158faabddbd service placement] getting providers with 1 DISK_GB {{(pid=111636) __init__ /opt/stack/placement/placement/objects/research_context.py:136}}
May 09 12:57:37.180848 n-d-841040-2 devstack@placement-api.service[111636]: DEBUG placement.objects.research_context [req-e23d9d82-97bf-4694-97ab-1a0f13e2b7d3 req-536a74f2-5ee3-4ca7-b07c-1158faabddbd service placement] getting providers with 1024 MEMORY_MB {{(pid=111636) __init__ /opt/stack/placement/placement/objects/research_context.py:136}}
May 09 12:57:37.186996 n-d-841040-2 devstack@placement-api.service[111636]: DEBUG placement.objects.research_context [req-e23d9d82-97bf-4694-97ab-1a0f13e2b7d3 req-536a74f2-5ee3-4ca7-b07c-1158faabddbd service placement] getting providers with 1 VCPU {{(pid=111636) __init__ /opt/stack/placement/placement/objects/research_context.py:136}}
May 09 12:57:37.193054 n-d-841040-2 devstack@placement-api.service[111636]: DEBUG placement.objects.research_context [req-e23d9d82-97bf-4694-97ab-1a0f13e2b7d3 req-536a74f2-5ee3-4ca7-b07c-1158faabddbd service placement] found 2 providers with available 1 DISK_GB {{(pid=111636) get_provider_ids_matching /opt/stack/placement/placement/objects/research_context.py:563}}
May 09 12:57:37.193785 n-d-841040-2 devstack@placement-api.service[111636]: DEBUG placement.objects.research_context [req-e23d9d82-97bf-4694-97ab-1a0f13e2b7d3 req-536a74f2-5ee3-4ca7-b07c-1158faabddbd service placement] found 2 providers with available 1024 MEMORY_MB {{(pid=111636) get_provider_ids_matching /opt/stack/placement/placement/objects/research_context.py:563}}
May 09 12:57:37.194221 n-d-841040-2 devstack@placement-api.service[111636]: DEBUG placement.objects.research_context [req-e23d9d82-97bf-4694-97ab-1a0f13e2b7d3 req-536a74f2-5ee3-4ca7-b07c-1158faabddbd service placement] found 2 providers after filtering by previous result {{(pid=111636) get_provider_ids_matching /opt/stack/placement/placement/objects/research_context.py:594}}
May 09 12:57:37.194626 n-d-841040-2 devstack@placement-api.service[111636]: DEBUG placement.objects.research_context [req-e23d9d82-97bf-4694-97ab-1a0f13e2b7d3 req-536a74f2-5ee3-4ca7-b07c-1158faabddbd service placement] found 2 providers with available 1 VCPU {{(pid=111636) get_provider_ids_matching /opt/stack/placement/placement/objects/research_context.py:563}}
May 09 12:57:37.195674 n-d-841040-2 devstack@placement-api.service[111636]: DEBUG placement.objects.research_context [req-e23d9d82-97bf-4694-97ab-1a0f13e2b7d3 req-536a74f2-5ee3-4ca7-b07c-1158faabddbd service placement] found 2 providers after filtering by previous result {{(pid=111636) get_provider_ids_matching /opt/stack/placement/placement/objects/research_context.py:594}}
May 09 12:57:37.212630 n-d-841040-2 devstack@placement-api.service[111636]: DEBUG placement.objects.allocation_candidate [req-e23d9d82-97bf-4694-97ab-1a0f13e2b7d3 req-536a74f2-5ee3-4ca7-b07c-1158faabddbd service placement] RequestGroup(use_same_provider=False, resources={DISK_GB:1, MEMORY_MB:1024, VCPU:1}, traits=(), aggregates=[]) (suffix '') returned 2 matches {{(pid=111636) _get_by_requests /opt/stack/placement/placement/objects/allocation_candidate.py:156}}
May 09 12:57:37.213348 n-d-841040-2 devstack@placement-api.service[111636]: DEBUG placement.objects.allocation_candidate [req-e23d9d82-97bf-4694-97ab-1a0f13e2b7d3 req-536a74f2-5ee3-4ca7-b07c-1158faabddbd service placement] Merging candidates yields 2 allocation requests and 2 provider summaries {{(pid=111636) _merge_candidates /opt/stack/placement/placement/objects/allocation_candidate.py:809}}
May 09 12:57:37.215306 n-d-841040-2 devstack@placement-api.service[111636]: INFO placement.requestlog [req-e23d9d82-97bf-4694-97ab-1a0f13e2b7d3 req-536a74f2-5ee3-4ca7-b07c-1158faabddbd service placement] 10.222.0.55 "GET /placement/allocation_candidates?limit=1000&resources=DISK_GB%3A1%2CMEMORY_MB%3A1024%2CVCPU%3A1&root_required=%21COMPUTE_STATUS_DISABLED" status: 200 len: 1309 microversion: 1.36
May 09 12:57:37.220760 n-d-841040-2 devstack@placement-api.service[111636]: [pid: 111636|app: 0|req: 291/579] 10.222.0.55 () {60 vars in 1506 bytes} [Mon May 9 12:57:37 2022] GET /placement/allocation_candidates?limit=1000&resources=DISK_GB%3A1%2CMEMORY_MB%3A1024%2CVCPU%3A1&root_required=%21COMPUTE_STATUS_DISABLED => generated 1309 bytes in 89 msecs (HTTP/1.1 200) 8 headers in 297 bytes (2 switches on core 0)
May 09 12:57:37.240566 n-d-841040-2 devstack@placement-api.service[111637]: DEBUG placement.handlers.allocation [req-383beeb9-c63d-4536-b59b-9ee9090b33af req-1c210336-98c8-4bdc-a322-1674789aaa03 service placement] Successfully wrote allocations [, , ] {{(pid=111637) _update_consumers_and_create_allocations /opt/stack/placement/placement/handlers/allocation.py:462}}
May 09 12:57:37.288116 n-d-841040-2 devstack@placement-api.service[111636]: DEBUG placement.requestlog [req-e23d9d82-97bf-4694-97ab-1a0f13e2b7d3 req-44f7231b-0d27-48e6-9384-9921c680f8f6 None None] Starting request: 10.222.0.55 "GET /placement/allocations/943e1181-40e2-4973-b2ae-802bad6ba2fe" {{(pid=111636) __call__ /opt/stack/placement/placement/requestlog.py:55}}
May 09 12:57:37.299521 n-d-841040-2 devstack@placement-api.service[111636]: INFO placement.requestlog [req-e23d9d82-97bf-4694-97ab-1a0f13e2b7d3 req-44f7231b-0d27-48e6-9384-9921c680f8f6 service placement] 10.222.0.55 "GET /placement/allocations/943e1181-40e2-4973-b2ae-802bad6ba2fe" status: 200 len: 19 microversion: 1.28
May 09 12:57:37.299955 n-d-841040-2 devstack@placement-api.service[111636]: [pid: 111636|app: 0|req: 292/580] 10.222.0.55 () {60 vars in 1380 bytes} [Mon May 9 12:57:37 2022] GET /placement/allocations/943e1181-40e2-4973-b2ae-802bad6ba2fe => generated 19 bytes in 12 msecs (HTTP/1.1 200) 8 headers in 295 bytes (2 switches on core 0)
May 09 12:57:37.308910 n-d-841040-2 devstack@placement-api.service[111636]: DEBUG placement.requestlog [req-e23d9d82-97bf-4694-97ab-1a0f13e2b7d3 req-2fd4a3dd-9e44-4162-967c-2c3f0583f810 None None] Starting request: 10.222.0.55 "PUT /placement/allocations/943e1181-40e2-4973-b2ae-802bad6ba2fe" {{(pid=111636) __call__ /opt/stack/placement/placement/requestlog.py:55}}
May 09 12:57:37.378648 n-d-841040-2 devstack@placement-api.service[111637]: INFO placement.requestlog [req-383beeb9-c63d-4536-b59b-9ee9090b33af req-1c210336-98c8-4bdc-a322-1674789aaa03 service placement] 10.222.0.55 "PUT /placement/allocations/1f5076e9-59d1-40a1-9da9-90f0a873952e" status: 204 len: 0 microversion: 1.36
May 09 12:57:37.378980 n-d-841040-2 devstack@placement-api.service[111637]: [pid: 111637|app: 0|req: 289/581] 10.222.0.55 () {64 vars in 1433 bytes} [Mon May 9 12:57:36 2022] PUT /placement/allocations/1f5076e9-59d1-40a1-9da9-90f0a873952e => generated 0 bytes in 779 msecs (HTTP/1.1 204) 5 headers in 199 bytes (1 switches on core 0)
May 09 12:57:37.590906 n-d-841040-2 devstack@placement-api.service[111636]: DEBUG placement.handlers.allocation [req-e23d9d82-97bf-4694-97ab-1a0f13e2b7d3 req-2fd4a3dd-9e44-4162-967c-2c3f0583f810 service placement] Successfully wrote allocations [, , ] {{(pid=111636) _update_consumers_and_create_allocations /opt/stack/placement/placement/handlers/allocation.py:462}}
May 09 12:57:37.681392 n-d-841040-2 devstack@placement-api.service[111636]: INFO placement.requestlog [req-e23d9d82-97bf-4694-97ab-1a0f13e2b7d3 req-2fd4a3dd-9e44-4162-967c-2c3f0583f810 service placement] 10.222.0.55 "PUT /placement/allocations/943e1181-40e2-4973-b2ae-802bad6ba2fe" status: 204 len: 0 microversion: 1.36
May 09 12:57:37.681848 n-d-841040-2 devstack@placement-api.service[111636]: [pid: 111636|app: 0|req: 293/582] 10.222.0.55 () {64 vars in 1433 bytes} [Mon May 9 12:57:37 2022] PUT /placement/allocations/943e1181-40e2-4973-b2ae-802bad6ba2fe => generated 0 bytes in 373 msecs (HTTP/1.1 204) 5 headers in 199 bytes (2 switches on core 0)
May 09 12:57:38.893629 n-d-841040-2 devstack@placement-api.service[111637]: DEBUG placement.requestlog [req-383beeb9-c63d-4536-b59b-9ee9090b33af req-84c80cc4-0eaf-43e8-9400-43c8093e4f78 None None] Starting request: 10.222.0.24 "GET /placement/allocations/1f5076e9-59d1-40a1-9da9-90f0a873952e" {{(pid=111637) __call__ /opt/stack/placement/placement/requestlog.py:55}}
May 09 12:57:38.920560 n-d-841040-2 devstack@placement-api.service[111637]: INFO placement.requestlog [req-383beeb9-c63d-4536-b59b-9ee9090b33af req-84c80cc4-0eaf-43e8-9400-43c8093e4f78 service placement] 10.222.0.24 "GET /placement/allocations/1f5076e9-59d1-40a1-9da9-90f0a873952e" status: 200 len: 259 microversion: 1.28
May 09 12:57:38.921730 n-d-841040-2 devstack@placement-api.service[111637]: [pid: 111637|app: 0|req: 290/583] 10.222.0.24 () {60 vars in 1377 bytes} [Mon May 9 12:57:38 2022] GET /placement/allocations/1f5076e9-59d1-40a1-9da9-90f0a873952e => generated 259 bytes in 29 msecs (HTTP/1.1 200) 8 headers in 296 bytes (1 switches on core 0)
May 09 12:57:39.074629 n-d-841040-2 devstack@placement-api.service[111636]: DEBUG placement.requestlog [req-e23d9d82-97bf-4694-97ab-1a0f13e2b7d3 req-6394b525-2183-4ddd-8102-f792f36c1f98 None None] Starting request: 10.222.0.24 "GET /placement/allocations/943e1181-40e2-4973-b2ae-802bad6ba2fe" {{(pid=111636) __call__ /opt/stack/placement/placement/requestlog.py:55}}
May 09 12:57:39.107461 n-d-841040-2 devstack@placement-api.service[111636]: INFO placement.requestlog [req-e23d9d82-97bf-4694-97ab-1a0f13e2b7d3 req-6394b525-2183-4ddd-8102-f792f36c1f98 service placement] 10.222.0.24 "GET /placement/allocations/943e1181-40e2-4973-b2ae-802bad6ba2fe" status: 200 len: 259 microversion: 1.28
May 09 12:57:39.108663 n-d-841040-2 devstack@placement-api.service[111636]: [pid: 111636|app: 0|req: 294/584] 10.222.0.24 () {60 vars in 1377 bytes} [Mon May 9 12:57:39 2022] GET /placement/allocations/943e1181-40e2-4973-b2ae-802bad6ba2fe => generated 259 bytes in 34 msecs (HTTP/1.1 200) 8 headers in 296 bytes (1 switches on core 0)
May 09 12:57:46.850878 n-d-841040-2 devstack@placement-api.service[111637]: DEBUG placement.requestlog [req-14477a91-7fb3-420d-a3e0-233cb9a40ed8 req-08066c9d-04e3-43f9-b923-78537d92ef54 None None] Starting request: 10.222.0.55 "GET /placement/allocation_candidates?resources=DISK_GB%3A1%2CMEMORY_MB%3A1024%2CVCPU%3A1&root_required=%21COMPUTE_STATUS_DISABLED" {{(pid=111637) __call__ /opt/stack/placement/placement/requestlog.py:55}}
May 09 12:57:46.886167 n-d-841040-2 devstack@placement-api.service[111637]: DEBUG placement.objects.research_context [req-14477a91-7fb3-420d-a3e0-233cb9a40ed8 req-08066c9d-04e3-43f9-b923-78537d92ef54 service placement] getting providers with 1 DISK_GB {{(pid=111637) __init__ /opt/stack/placement/placement/objects/research_context.py:136}}
May 09 12:57:46.892133 n-d-841040-2 devstack@placement-api.service[111637]: DEBUG placement.objects.research_context [req-14477a91-7fb3-420d-a3e0-233cb9a40ed8 req-08066c9d-04e3-43f9-b923-78537d92ef54 service placement] getting providers with 1024 MEMORY_MB {{(pid=111637) __init__ /opt/stack/placement/placement/objects/research_context.py:136}}
May 09 12:57:46.898925 n-d-841040-2 devstack@placement-api.service[111637]: DEBUG placement.objects.research_context [req-14477a91-7fb3-420d-a3e0-233cb9a40ed8 req-08066c9d-04e3-43f9-b923-78537d92ef54 service placement] getting providers with 1 VCPU {{(pid=111637) __init__ /opt/stack/placement/placement/objects/research_context.py:136}}
May 09 12:57:46.904791 n-d-841040-2 devstack@placement-api.service[111637]: DEBUG placement.objects.research_context [req-14477a91-7fb3-420d-a3e0-233cb9a40ed8 req-08066c9d-04e3-43f9-b923-78537d92ef54 service placement] found 2 providers with available 1 DISK_GB {{(pid=111637) get_provider_ids_matching /opt/stack/placement/placement/objects/research_context.py:563}}
May 09 12:57:46.905071 n-d-841040-2 devstack@placement-api.service[111637]: DEBUG placement.objects.research_context [req-14477a91-7fb3-420d-a3e0-233cb9a40ed8 req-08066c9d-04e3-43f9-b923-78537d92ef54 service placement] found 2 providers with available 1024 MEMORY_MB {{(pid=111637) get_provider_ids_matching /opt/stack/placement/placement/objects/research_context.py:563}}
May 09 12:57:46.905342 n-d-841040-2 devstack@placement-api.service[111637]: DEBUG placement.objects.research_context [req-14477a91-7fb3-420d-a3e0-233cb9a40ed8 req-08066c9d-04e3-43f9-b923-78537d92ef54 service placement] found 2 providers after filtering by previous result {{(pid=111637) get_provider_ids_matching /opt/stack/placement/placement/objects/research_context.py:594}}
May 09 12:57:46.905626 n-d-841040-2 devstack@placement-api.service[111637]: DEBUG placement.objects.research_context [req-14477a91-7fb3-420d-a3e0-233cb9a40ed8 req-08066c9d-04e3-43f9-b923-78537d92ef54 service placement] found 2 providers with available 1 VCPU {{(pid=111637) get_provider_ids_matching /opt/stack/placement/placement/objects/research_context.py:563}}
May 09 12:57:46.905847 n-d-841040-2 devstack@placement-api.service[111637]: DEBUG placement.objects.research_context [req-14477a91-7fb3-420d-a3e0-233cb9a40ed8 req-08066c9d-04e3-43f9-b923-78537d92ef54 service placement] found 2 providers after filtering by previous result {{(pid=111637) get_provider_ids_matching /opt/stack/placement/placement/objects/research_context.py:594}}
May 09 12:57:46.919851 n-d-841040-2 devstack@placement-api.service[111637]: DEBUG placement.objects.allocation_candidate [req-14477a91-7fb3-420d-a3e0-233cb9a40ed8 req-08066c9d-04e3-43f9-b923-78537d92ef54 service placement] RequestGroup(use_same_provider=False, resources={DISK_GB:1, MEMORY_MB:1024, VCPU:1}, traits=(), aggregates=[]) (suffix '') returned 2 matches {{(pid=111637) _get_by_requests /opt/stack/placement/placement/objects/allocation_candidate.py:156}}
May 09 12:57:46.920224 n-d-841040-2 devstack@placement-api.service[111637]: DEBUG placement.objects.allocation_candidate [req-14477a91-7fb3-420d-a3e0-233cb9a40ed8 req-08066c9d-04e3-43f9-b923-78537d92ef54 service placement] Merging candidates yields 2 allocation requests and 2 provider summaries {{(pid=111637) _merge_candidates /opt/stack/placement/placement/objects/allocation_candidate.py:809}}
May 09 12:57:46.926906 n-d-841040-2 devstack@placement-api.service[111637]: INFO placement.requestlog [req-14477a91-7fb3-420d-a3e0-233cb9a40ed8 req-08066c9d-04e3-43f9-b923-78537d92ef54 service placement] 10.222.0.55 "GET /placement/allocation_candidates?resources=DISK_GB%3A1%2CMEMORY_MB%3A1024%2CVCPU%3A1&root_required=%21COMPUTE_STATUS_DISABLED" status: 200 len: 1309 microversion: 1.36
May 09 12:57:46.926906 n-d-841040-2 devstack@placement-api.service[111637]: [pid: 111637|app: 0|req: 291/585] 10.222.0.55 () {60 vars in 1484 bytes} [Mon May 9 12:57:46 2022] GET /placement/allocation_candidates?resources=DISK_GB%3A1%2CMEMORY_MB%3A1024%2CVCPU%3A1&root_required=%21COMPUTE_STATUS_DISABLED => generated 1309 bytes in 73 msecs (HTTP/1.1 200) 8 headers in 297 bytes (1 switches on core 0)
May 09 12:57:47.004545 n-d-841040-2 devstack@placement-api.service[111636]: DEBUG placement.requestlog [req-14477a91-7fb3-420d-a3e0-233cb9a40ed8 req-c1911060-556d-471b-823c-b3ee44c0ad78 None None] Starting request: 10.222.0.55 "GET /placement/allocations/7cc79ad7-c0a6-4084-b0ce-bb9ef833f466" {{(pid=111636) __call__ /opt/stack/placement/placement/requestlog.py:55}}
May 09 12:57:47.017819 n-d-841040-2 devstack@placement-api.service[111636]: INFO placement.requestlog [req-14477a91-7fb3-420d-a3e0-233cb9a40ed8 req-c1911060-556d-471b-823c-b3ee44c0ad78 service placement] 10.222.0.55 "GET /placement/allocations/7cc79ad7-c0a6-4084-b0ce-bb9ef833f466" status: 200 len: 19 microversion: 1.28
May 09 12:57:47.018811 n-d-841040-2 devstack@placement-api.service[111636]: [pid: 111636|app: 0|req: 295/586] 10.222.0.55 () {60 vars in 1380 bytes} [Mon May 9 12:57:47 2022] GET /placement/allocations/7cc79ad7-c0a6-4084-b0ce-bb9ef833f466 => generated 19 bytes in 15 msecs (HTTP/1.1 200) 8 headers in 295 bytes (1 switches on core 0)
May 09 12:57:47.025696 n-d-841040-2 devstack@placement-api.service[111637]: DEBUG placement.requestlog [req-14477a91-7fb3-420d-a3e0-233cb9a40ed8 req-8f3b07a6-b595-4014-abb3-b9c092c4c539 None None] Starting request: 10.222.0.55 "PUT /placement/allocations/7cc79ad7-c0a6-4084-b0ce-bb9ef833f466" {{(pid=111637) __call__ /opt/stack/placement/placement/requestlog.py:55}}
May 09 12:57:47.242126 n-d-841040-2 devstack@placement-api.service[111637]: DEBUG placement.handlers.allocation [req-14477a91-7fb3-420d-a3e0-233cb9a40ed8 req-8f3b07a6-b595-4014-abb3-b9c092c4c539 service placement] Successfully wrote allocations [, , ] {{(pid=111637) _update_consumers_and_create_allocations /opt/stack/placement/placement/handlers/allocation.py:462}}
May 09 12:57:47.397011 n-d-841040-2 devstack@placement-api.service[111637]: INFO placement.requestlog [req-14477a91-7fb3-420d-a3e0-233cb9a40ed8 req-8f3b07a6-b595-4014-abb3-b9c092c4c539 service placement] 10.222.0.55 "PUT /placement/allocations/7cc79ad7-c0a6-4084-b0ce-bb9ef833f466" status: 204 len: 0 microversion: 1.36
May 09 12:57:47.402531 n-d-841040-2 devstack@placement-api.service[111637]: [pid: 111637|app: 0|req: 292/587] 10.222.0.55 () {64 vars in 1433 bytes} [Mon May 9 12:57:47 2022] PUT /placement/allocations/7cc79ad7-c0a6-4084-b0ce-bb9ef833f466 => generated 0 bytes in 373 msecs (HTTP/1.1 204) 5 headers in 199 bytes (1 switches on core 0)
May 09 12:57:47.429244 n-d-841040-2 devstack@placement-api.service[111636]: DEBUG placement.requestlog [req-14477a91-7fb3-420d-a3e0-233cb9a40ed8 req-a36ba199-a51b-4c17-8bdc-e0453d80d071 None None] Starting request: 10.222.0.55 "GET /placement/allocations/e9276d71-fa99-4c02-bcf9-ef8d7ae221d2" {{(pid=111636) __call__ /opt/stack/placement/placement/requestlog.py:55}}
May 09 12:57:47.439943 n-d-841040-2 devstack@placement-api.service[111636]: INFO placement.requestlog [req-14477a91-7fb3-420d-a3e0-233cb9a40ed8 req-a36ba199-a51b-4c17-8bdc-e0453d80d071 service placement] 10.222.0.55 "GET /placement/allocations/e9276d71-fa99-4c02-bcf9-ef8d7ae221d2" status: 200 len: 19 microversion: 1.28
May 09 12:57:47.440299 n-d-841040-2 devstack@placement-api.service[111636]: [pid: 111636|app: 0|req: 296/588] 10.222.0.55 () {60 vars in 1380 bytes} [Mon May 9 12:57:47 2022] GET /placement/allocations/e9276d71-fa99-4c02-bcf9-ef8d7ae221d2 => generated 19 bytes in 11 msecs (HTTP/1.1 200) 8 headers in 295 bytes (1 switches on core 0)
May 09 12:57:47.448559 n-d-841040-2 devstack@placement-api.service[111637]: DEBUG placement.requestlog [req-14477a91-7fb3-420d-a3e0-233cb9a40ed8 req-c6efabb9-69ba-4cbd-87f7-eef9e883c78d None None] Starting request: 10.222.0.55 "PUT /placement/allocations/e9276d71-fa99-4c02-bcf9-ef8d7ae221d2" {{(pid=111637) __call__ /opt/stack/placement/placement/requestlog.py:55}}
May 09 12:57:47.576773 n-d-841040-2 devstack@placement-api.service[111637]: DEBUG placement.handlers.allocation [req-14477a91-7fb3-420d-a3e0-233cb9a40ed8 req-c6efabb9-69ba-4cbd-87f7-eef9e883c78d service placement] Successfully wrote allocations [, , ] {{(pid=111637) _update_consumers_and_create_allocations /opt/stack/placement/placement/handlers/allocation.py:462}}
May 09 12:57:47.657821 n-d-841040-2 devstack@placement-api.service[111637]: INFO placement.requestlog [req-14477a91-7fb3-420d-a3e0-233cb9a40ed8 req-c6efabb9-69ba-4cbd-87f7-eef9e883c78d service placement] 10.222.0.55 "PUT /placement/allocations/e9276d71-fa99-4c02-bcf9-ef8d7ae221d2" status: 204 len: 0 microversion: 1.36
May 09 12:57:47.658318 n-d-841040-2 devstack@placement-api.service[111637]: [pid: 111637|app: 0|req: 293/589] 10.222.0.55 () {64 vars in 1433 bytes} [Mon May 9 12:57:47 2022] PUT /placement/allocations/e9276d71-fa99-4c02-bcf9-ef8d7ae221d2 => generated 0 bytes in 210 msecs (HTTP/1.1 204) 5 headers in 199 bytes (1 switches on core 0)
May 09 12:57:48.889706 n-d-841040-2 devstack@placement-api.service[111636]: DEBUG placement.requestlog [req-14477a91-7fb3-420d-a3e0-233cb9a40ed8 req-23e09745-cc5f-4cd3-8ed4-83b43a9a2040 None None] Starting request: 10.222.0.50 "GET /placement/allocations/7cc79ad7-c0a6-4084-b0ce-bb9ef833f466" {{(pid=111636) __call__ /opt/stack/placement/placement/requestlog.py:55}}
May 09 12:57:48.909444 n-d-841040-2 devstack@placement-api.service[111636]: INFO placement.requestlog [req-14477a91-7fb3-420d-a3e0-233cb9a40ed8 req-23e09745-cc5f-4cd3-8ed4-83b43a9a2040 service placement] 10.222.0.50 "GET /placement/allocations/7cc79ad7-c0a6-4084-b0ce-bb9ef833f466" status: 200 len: 259 microversion: 1.28
May 09 12:57:48.910169 n-d-841040-2 devstack@placement-api.service[111636]: [pid: 111636|app: 0|req: 297/590] 10.222.0.50 () {60 vars in 1377 bytes} [Mon May 9 12:57:48 2022] GET /placement/allocations/7cc79ad7-c0a6-4084-b0ce-bb9ef833f466 => generated 259 bytes in 21 msecs (HTTP/1.1 200) 8 headers in 296 bytes (1 switches on core 0)
May 09 12:57:49.486200 n-d-841040-2 devstack@placement-api.service[111637]: DEBUG placement.requestlog [req-14477a91-7fb3-420d-a3e0-233cb9a40ed8 req-704f64e4-5317-4f3d-8e8e-c4ab5aa781ad None None] Starting request: 10.222.0.50 "GET /placement/allocations/e9276d71-fa99-4c02-bcf9-ef8d7ae221d2" {{(pid=111637) __call__ /opt/stack/placement/placement/requestlog.py:55}}
May 09 12:57:49.510575 n-d-841040-2 devstack@placement-api.service[111637]: INFO placement.requestlog [req-14477a91-7fb3-420d-a3e0-233cb9a40ed8 req-704f64e4-5317-4f3d-8e8e-c4ab5aa781ad service placement] 10.222.0.50 "GET /placement/allocations/e9276d71-fa99-4c02-bcf9-ef8d7ae221d2" status: 200 len: 259 microversion: 1.28
May 09 12:57:49.511105 n-d-841040-2 devstack@placement-api.service[111637]: [pid: 111637|app: 0|req: 294/591] 10.222.0.50 () {60 vars in 1377 bytes} [Mon May 9 12:57:49 2022] GET /placement/allocations/e9276d71-fa99-4c02-bcf9-ef8d7ae221d2 => generated 259 bytes in 26 msecs (HTTP/1.1 200) 8 headers in 296 bytes (1 switches on core 0)
May 09 12:57:55.785810 n-d-841040-2 devstack@placement-api.service[111636]: DEBUG placement.requestlog [req-14839a07-6ea1-45a1-9aed-3158e6ed51ff req-5a75e8bf-f1ec-45c4-9273-b84edd3ae3b7 None None] Starting request: 10.222.0.24 "DELETE /placement/allocations/4c3241fe-5d10-4777-a2f4-a40753f55ce3" {{(pid=111636) __call__ /opt/stack/placement/placement/requestlog.py:55}}
May 09 12:57:56.012178 n-d-841040-2 devstack@placement-api.service[111636]: DEBUG placement.handlers.allocation [req-14839a07-6ea1-45a1-9aed-3158e6ed51ff req-5a75e8bf-f1ec-45c4-9273-b84edd3ae3b7 service placement] Successfully deleted allocations [, , ] {{(pid=111636) delete_allocations /opt/stack/placement/placement/handlers/allocation.py:627}}
May 09 12:57:56.013028 n-d-841040-2 devstack@placement-api.service[111636]: INFO placement.requestlog [req-14839a07-6ea1-45a1-9aed-3158e6ed51ff req-5a75e8bf-f1ec-45c4-9273-b84edd3ae3b7 service placement] 10.222.0.24 "DELETE /placement/allocations/4c3241fe-5d10-4777-a2f4-a40753f55ce3" status: 204 len: 0 microversion: 1.0
May 09 12:57:56.013408 n-d-841040-2 devstack@placement-api.service[111636]: [pid: 111636|app: 0|req: 298/592] 10.222.0.24 () {60 vars in 1355 bytes} [Mon May 9 12:57:55 2022] DELETE /placement/allocations/4c3241fe-5d10-4777-a2f4-a40753f55ce3 => generated 0 bytes in 228 msecs (HTTP/1.1 204) 5 headers in 198 bytes (2 switches on core 0)
May 09 12:58:02.444006 n-d-841040-2 devstack@placement-api.service[111637]: DEBUG placement.requestlog [req-0799d66a-bce2-4f10-ac30-f702112bc2b8 req-a6b2290a-b80c-4be1-b4fa-f64fe6440d5f None None] Starting request: 10.222.0.24 "GET /placement/resource_providers/4e2ad955-5e7d-42a8-8be3-2eab72643345/allocations" {{(pid=111637) __call__ /opt/stack/placement/placement/requestlog.py:55}}
May 09 12:58:02.469904 n-d-841040-2 devstack@placement-api.service[111637]: INFO placement.requestlog [req-0799d66a-bce2-4f10-ac30-f702112bc2b8 req-a6b2290a-b80c-4be1-b4fa-f64fe6440d5f service placement] 10.222.0.24 "GET /placement/resource_providers/4e2ad955-5e7d-42a8-8be3-2eab72643345/allocations" status: 200 len: 530 microversion: 1.0
May 09 12:58:02.470134 n-d-841040-2 devstack@placement-api.service[111637]: [pid: 111637|app: 0|req: 295/593] 10.222.0.24 () {58 vars in 1390 bytes} [Mon May 9 12:58:02 2022] GET /placement/resource_providers/4e2ad955-5e7d-42a8-8be3-2eab72643345/allocations => generated 530 bytes in 26 msecs (HTTP/1.1 200) 6 headers in 224 bytes (1 switches on core 0)
May 09 12:58:03.350191 n-d-841040-2 devstack@placement-api.service[111636]: DEBUG placement.requestlog [req-a5a0255c-17cc-436c-bba2-c4d114529fa5 req-cf6787c4-91f0-47ff-afa2-b7f05651fa26 None None] Starting request: 10.222.0.50 "DELETE /placement/allocations/9e74edc0-95fe-41b4-affc-90b1da7d76d8" {{(pid=111636) __call__ /opt/stack/placement/placement/requestlog.py:55}}
May 09 12:58:03.358668 n-d-841040-2 devstack@placement-api.service[111637]: DEBUG placement.requestlog [req-e3979ddc-d5e1-4c0e-9c87-718520551ded req-2130a012-bc33-4ccf-947f-cbbf3463ccaa None None] Starting request: 10.222.0.50 "DELETE /placement/allocations/8cb554e3-b378-4fc4-9036-c20b01f29d46" {{(pid=111637) __call__ /opt/stack/placement/placement/requestlog.py:55}}
May 09 12:58:03.662752 n-d-841040-2 devstack@placement-api.service[111636]: DEBUG placement.handlers.allocation [req-a5a0255c-17cc-436c-bba2-c4d114529fa5 req-cf6787c4-91f0-47ff-afa2-b7f05651fa26 service placement] Successfully deleted allocations [, , ] {{(pid=111636) delete_allocations /opt/stack/placement/placement/handlers/allocation.py:627}}
May 09 12:58:03.663856 n-d-841040-2 devstack@placement-api.service[111636]: INFO placement.requestlog [req-a5a0255c-17cc-436c-bba2-c4d114529fa5 req-cf6787c4-91f0-47ff-afa2-b7f05651fa26 service placement] 10.222.0.50 "DELETE /placement/allocations/9e74edc0-95fe-41b4-affc-90b1da7d76d8" status: 204 len: 0 microversion: 1.0
May 09 12:58:03.664431 n-d-841040-2 devstack@placement-api.service[111636]: [pid: 111636|app: 0|req: 299/594] 10.222.0.50 () {60 vars in 1355 bytes} [Mon May 9 12:58:03 2022] DELETE /placement/allocations/9e74edc0-95fe-41b4-affc-90b1da7d76d8 => generated 0 bytes in 315 msecs (HTTP/1.1 204) 5 headers in 198 bytes (1 switches on core 0)
May 09 12:58:03.703110 n-d-841040-2 devstack@placement-api.service[111637]: DEBUG placement.handlers.allocation [req-e3979ddc-d5e1-4c0e-9c87-718520551ded req-2130a012-bc33-4ccf-947f-cbbf3463ccaa service placement] Successfully deleted allocations [, , ] {{(pid=111637) delete_allocations /opt/stack/placement/placement/handlers/allocation.py:627}}
May 09 12:58:03.703734 n-d-841040-2 devstack@placement-api.service[111637]: INFO placement.requestlog [req-e3979ddc-d5e1-4c0e-9c87-718520551ded req-2130a012-bc33-4ccf-947f-cbbf3463ccaa service placement] 10.222.0.50 "DELETE /placement/allocations/8cb554e3-b378-4fc4-9036-c20b01f29d46" status: 204 len: 0 microversion: 1.0
May 09 12:58:03.704293 n-d-841040-2 devstack@placement-api.service[111637]: [pid: 111637|app: 0|req: 296/595] 10.222.0.50 () {60 vars in 1355 bytes} [Mon May 9 12:58:03 2022] DELETE /placement/allocations/8cb554e3-b378-4fc4-9036-c20b01f29d46 => generated 0 bytes in 346 msecs (HTTP/1.1 204) 5 headers in 198 bytes (2 switches on core 0)
May 09 12:58:05.727130 n-d-841040-2 devstack@placement-api.service[111636]: DEBUG placement.requestlog [req-930343aa-99ab-4467-9737-24b3a623195b req-5be06a53-3b19-4e32-aae2-f697b2d7f203 None None] Starting request: 10.222.0.55 "GET /placement/allocation_candidates?limit=1000&resources=DISK_GB%3A1%2CMEMORY_MB%3A1024%2CVCPU%3A1&root_required=%21COMPUTE_STATUS_DISABLED" {{(pid=111636) __call__ /opt/stack/placement/placement/requestlog.py:55}}
May 09 12:58:05.801067 n-d-841040-2 devstack@placement-api.service[111636]: DEBUG placement.objects.research_context [req-930343aa-99ab-4467-9737-24b3a623195b req-5be06a53-3b19-4e32-aae2-f697b2d7f203 service placement] getting providers with 1 DISK_GB {{(pid=111636) __init__ /opt/stack/placement/placement/objects/research_context.py:136}}
May 09 12:58:05.807415 n-d-841040-2 devstack@placement-api.service[111636]: DEBUG placement.objects.research_context [req-930343aa-99ab-4467-9737-24b3a623195b req-5be06a53-3b19-4e32-aae2-f697b2d7f203 service placement] getting providers with 1024 MEMORY_MB {{(pid=111636) __init__ /opt/stack/placement/placement/objects/research_context.py:136}}
May 09 12:58:05.815078 n-d-841040-2 devstack@placement-api.service[111636]: DEBUG placement.objects.research_context [req-930343aa-99ab-4467-9737-24b3a623195b req-5be06a53-3b19-4e32-aae2-f697b2d7f203 service placement] getting providers with 1 VCPU {{(pid=111636) __init__ /opt/stack/placement/placement/objects/research_context.py:136}}
May 09 12:58:05.822168 n-d-841040-2 devstack@placement-api.service[111636]: DEBUG placement.objects.research_context [req-930343aa-99ab-4467-9737-24b3a623195b req-5be06a53-3b19-4e32-aae2-f697b2d7f203 service placement] found 2 providers with available 1 DISK_GB {{(pid=111636) get_provider_ids_matching /opt/stack/placement/placement/objects/research_context.py:563}}
May 09 12:58:05.822519 n-d-841040-2 devstack@placement-api.service[111636]: DEBUG placement.objects.research_context [req-930343aa-99ab-4467-9737-24b3a623195b req-5be06a53-3b19-4e32-aae2-f697b2d7f203 service placement] found 2 providers with available 1024 MEMORY_MB {{(pid=111636) get_provider_ids_matching /opt/stack/placement/placement/objects/research_context.py:563}}
May 09 12:58:05.822865 n-d-841040-2 devstack@placement-api.service[111636]: DEBUG placement.objects.research_context [req-930343aa-99ab-4467-9737-24b3a623195b req-5be06a53-3b19-4e32-aae2-f697b2d7f203 service placement] found 2 providers after filtering by previous result {{(pid=111636) get_provider_ids_matching /opt/stack/placement/placement/objects/research_context.py:594}}
May 09 12:58:05.823210 n-d-841040-2 devstack@placement-api.service[111636]: DEBUG placement.objects.research_context [req-930343aa-99ab-4467-9737-24b3a623195b req-5be06a53-3b19-4e32-aae2-f697b2d7f203 service placement] found 2 providers with available 1 VCPU {{(pid=111636) get_provider_ids_matching /opt/stack/placement/placement/objects/research_context.py:563}}
May 09 12:58:05.823717 n-d-841040-2 devstack@placement-api.service[111636]: DEBUG placement.objects.research_context [req-930343aa-99ab-4467-9737-24b3a623195b req-5be06a53-3b19-4e32-aae2-f697b2d7f203 service placement] found 2 providers after filtering by previous result {{(pid=111636) get_provider_ids_matching /opt/stack/placement/placement/objects/research_context.py:594}}
May 09 12:58:05.838279 n-d-841040-2 devstack@placement-api.service[111636]: DEBUG placement.objects.allocation_candidate [req-930343aa-99ab-4467-9737-24b3a623195b req-5be06a53-3b19-4e32-aae2-f697b2d7f203 service placement] RequestGroup(use_same_provider=False, resources={DISK_GB:1, MEMORY_MB:1024, VCPU:1}, traits=(), aggregates=[]) (suffix '') returned 2 matches {{(pid=111636) _get_by_requests /opt/stack/placement/placement/objects/allocation_candidate.py:156}}
May 09 12:58:05.839103 n-d-841040-2 devstack@placement-api.service[111636]: DEBUG placement.objects.allocation_candidate [req-930343aa-99ab-4467-9737-24b3a623195b req-5be06a53-3b19-4e32-aae2-f697b2d7f203 service placement] Merging candidates yields 2 allocation requests and 2 provider summaries {{(pid=111636) _merge_candidates /opt/stack/placement/placement/objects/allocation_candidate.py:809}}
May 09 12:58:05.840996 n-d-841040-2 devstack@placement-api.service[111636]: INFO placement.requestlog [req-930343aa-99ab-4467-9737-24b3a623195b req-5be06a53-3b19-4e32-aae2-f697b2d7f203 service placement] 10.222.0.55 "GET /placement/allocation_candidates?limit=1000&resources=DISK_GB%3A1%2CMEMORY_MB%3A1024%2CVCPU%3A1&root_required=%21COMPUTE_STATUS_DISABLED" status: 200 len: 1309 microversion: 1.36
May 09 12:58:05.847603 n-d-841040-2 devstack@placement-api.service[111636]: [pid: 111636|app: 0|req: 300/596] 10.222.0.55 () {60 vars in 1506 bytes} [Mon May 9 12:58:05 2022] GET /placement/allocation_candidates?limit=1000&resources=DISK_GB%3A1%2CMEMORY_MB%3A1024%2CVCPU%3A1&root_required=%21COMPUTE_STATUS_DISABLED => generated 1309 bytes in 120 msecs (HTTP/1.1 200) 8 headers in 297 bytes (1 switches on core 0)
May 09 12:58:05.917080 n-d-841040-2 devstack@placement-api.service[111637]: DEBUG placement.requestlog [req-930343aa-99ab-4467-9737-24b3a623195b req-e7f11af6-b2ac-4ecd-8deb-efa348b98bf0 None None] Starting request: 10.222.0.55 "GET /placement/allocations/0a14d46b-4c09-417b-a39f-b681b938aff4" {{(pid=111637) __call__ /opt/stack/placement/placement/requestlog.py:55}}
May 09 12:58:05.950101 n-d-841040-2 devstack@placement-api.service[111637]: INFO placement.requestlog [req-930343aa-99ab-4467-9737-24b3a623195b req-e7f11af6-b2ac-4ecd-8deb-efa348b98bf0 service placement] 10.222.0.55 "GET /placement/allocations/0a14d46b-4c09-417b-a39f-b681b938aff4" status: 200 len: 19 microversion: 1.28
May 09 12:58:05.950652 n-d-841040-2 devstack@placement-api.service[111637]: [pid: 111637|app: 0|req: 297/597] 10.222.0.55 () {60 vars in 1380 bytes} [Mon May 9 12:58:05 2022] GET /placement/allocations/0a14d46b-4c09-417b-a39f-b681b938aff4 => generated 19 bytes in 34 msecs (HTTP/1.1 200) 8 headers in 295 bytes (1 switches on core 0)
May 09 12:58:05.957007 n-d-841040-2 devstack@placement-api.service[111636]: DEBUG placement.requestlog [req-930343aa-99ab-4467-9737-24b3a623195b req-55fe69f6-4af5-4fec-b930-d1317b909610 None None] Starting request: 10.222.0.55 "PUT /placement/allocations/0a14d46b-4c09-417b-a39f-b681b938aff4" {{(pid=111636) __call__ /opt/stack/placement/placement/requestlog.py:55}}
May 09 12:58:06.167404 n-d-841040-2 devstack@placement-api.service[111636]: DEBUG placement.handlers.allocation [req-930343aa-99ab-4467-9737-24b3a623195b req-55fe69f6-4af5-4fec-b930-d1317b909610 service placement] Successfully wrote allocations [, , ] {{(pid=111636) _update_consumers_and_create_allocations /opt/stack/placement/placement/handlers/allocation.py:462}}
May 09 12:58:06.224247 n-d-841040-2 devstack@placement-api.service[111636]: INFO placement.requestlog [req-930343aa-99ab-4467-9737-24b3a623195b req-55fe69f6-4af5-4fec-b930-d1317b909610 service placement] 10.222.0.55 "PUT /placement/allocations/0a14d46b-4c09-417b-a39f-b681b938aff4" status: 204 len: 0 microversion: 1.36
May 09 12:58:06.224959 n-d-841040-2 devstack@placement-api.service[111636]: [pid: 111636|app: 0|req: 301/598] 10.222.0.55 () {64 vars in 1433 bytes} [Mon May 9 12:58:05 2022] PUT /placement/allocations/0a14d46b-4c09-417b-a39f-b681b938aff4 => generated 0 bytes in 268 msecs (HTTP/1.1 204) 5 headers in 199 bytes (1 switches on core 0)
May 09 12:58:07.584820 n-d-841040-2 devstack@placement-api.service[111637]: DEBUG placement.requestlog [req-930343aa-99ab-4467-9737-24b3a623195b req-1dcf225d-c5a0-4c04-bf57-6722200382be None None] Starting request: 10.222.0.24 "GET /placement/allocations/0a14d46b-4c09-417b-a39f-b681b938aff4" {{(pid=111637) __call__ /opt/stack/placement/placement/requestlog.py:55}}
May 09 12:58:07.607392 n-d-841040-2 devstack@placement-api.service[111637]: INFO placement.requestlog [req-930343aa-99ab-4467-9737-24b3a623195b req-1dcf225d-c5a0-4c04-bf57-6722200382be service placement] 10.222.0.24 "GET /placement/allocations/0a14d46b-4c09-417b-a39f-b681b938aff4" status: 200 len: 259 microversion: 1.28
May 09 12:58:07.608251 n-d-841040-2 devstack@placement-api.service[111637]: [pid: 111637|app: 0|req: 298/599] 10.222.0.24 () {60 vars in 1377 bytes} [Mon May 9 12:58:07 2022] GET /placement/allocations/0a14d46b-4c09-417b-a39f-b681b938aff4 => generated 259 bytes in 24 msecs (HTTP/1.1 200) 8 headers in 296 bytes (2 switches on core 0)
May 09 12:58:08.826316 n-d-841040-2 devstack@placement-api.service[111636]: DEBUG placement.requestlog [req-161ae826-88f3-4395-b399-be1ac4cfca0b req-e7e3280e-9f82-49d9-aced-2fc72f5a997a None None] Starting request: 10.222.0.50 "DELETE /placement/allocations/401262d2-ee37-4d03-a05d-895361316797" {{(pid=111636) __call__ /opt/stack/placement/placement/requestlog.py:55}}
May 09 12:58:09.120372 n-d-841040-2 devstack@placement-api.service[111636]: DEBUG placement.handlers.allocation [req-161ae826-88f3-4395-b399-be1ac4cfca0b req-e7e3280e-9f82-49d9-aced-2fc72f5a997a service placement] Successfully deleted allocations [, , ] {{(pid=111636) delete_allocations /opt/stack/placement/placement/handlers/allocation.py:627}}
May 09 12:58:09.121155 n-d-841040-2 devstack@placement-api.service[111636]: INFO placement.requestlog [req-161ae826-88f3-4395-b399-be1ac4cfca0b req-e7e3280e-9f82-49d9-aced-2fc72f5a997a service placement] 10.222.0.50 "DELETE /placement/allocations/401262d2-ee37-4d03-a05d-895361316797" status: 204 len: 0 microversion: 1.0
May 09 12:58:09.122043 n-d-841040-2 devstack@placement-api.service[111636]: [pid: 111636|app: 0|req: 302/600] 10.222.0.50 () {60 vars in 1355 bytes} [Mon May 9 12:58:08 2022] DELETE /placement/allocations/401262d2-ee37-4d03-a05d-895361316797 => generated 0 bytes in 296 msecs (HTTP/1.1 204) 5 headers in 198 bytes (1 switches on core 0)
May 09 12:58:10.954005 n-d-841040-2 devstack@placement-api.service[111637]: DEBUG placement.requestlog [req-c2ba0134-786f-4966-b7a8-c77e69ccfef0 req-bcd92f32-18f2-4666-862e-97e7be2c9f57 None None] Starting request: 10.222.0.50 "GET /placement/resource_providers/29f1d9d6-a6a9-4d5e-9dc1-ef99be4fba6d/allocations" {{(pid=111637) __call__ /opt/stack/placement/placement/requestlog.py:55}}
May 09 12:58:11.058035 n-d-841040-2 devstack@placement-api.service[111637]: INFO placement.requestlog [req-c2ba0134-786f-4966-b7a8-c77e69ccfef0 req-bcd92f32-18f2-4666-862e-97e7be2c9f57 service placement] 10.222.0.50 "GET /placement/resource_providers/29f1d9d6-a6a9-4d5e-9dc1-ef99be4fba6d/allocations" status: 200 len: 457 microversion: 1.0
May 09 12:58:11.059605 n-d-841040-2 devstack@placement-api.service[111637]: [pid: 111637|app: 0|req: 299/601] 10.222.0.50 () {58 vars in 1390 bytes} [Mon May 9 12:58:10 2022] GET /placement/resource_providers/29f1d9d6-a6a9-4d5e-9dc1-ef99be4fba6d/allocations => generated 457 bytes in 112 msecs (HTTP/1.1 200) 6 headers in 224 bytes (1 switches on core 0)
May 09 12:58:11.388556 n-d-841040-2 devstack@placement-api.service[111636]: DEBUG placement.requestlog [req-dbcf7bfe-da01-4d45-9908-9a11f3497d34 req-8168c9cb-a7c1-4c4c-9369-d7213cd36f9a None None] Starting request: 10.222.0.55 "GET /placement/allocation_candidates?limit=1000&resources=DISK_GB%3A1%2CMEMORY_MB%3A1024%2CVCPU%3A1&root_required=%21COMPUTE_STATUS_DISABLED" {{(pid=111636) __call__ /opt/stack/placement/placement/requestlog.py:55}}
May 09 12:58:11.483985 n-d-841040-2 devstack@placement-api.service[111636]: DEBUG placement.objects.research_context [req-dbcf7bfe-da01-4d45-9908-9a11f3497d34 req-8168c9cb-a7c1-4c4c-9369-d7213cd36f9a service placement] getting providers with 1 DISK_GB {{(pid=111636) __init__ /opt/stack/placement/placement/objects/research_context.py:136}}
May 09 12:58:11.505696 n-d-841040-2 devstack@placement-api.service[111636]: DEBUG placement.objects.research_context [req-dbcf7bfe-da01-4d45-9908-9a11f3497d34 req-8168c9cb-a7c1-4c4c-9369-d7213cd36f9a service placement] getting providers with 1024 MEMORY_MB {{(pid=111636) __init__ /opt/stack/placement/placement/objects/research_context.py:136}}
May 09 12:58:11.520844 n-d-841040-2 devstack@placement-api.service[111636]: DEBUG placement.objects.research_context [req-dbcf7bfe-da01-4d45-9908-9a11f3497d34 req-8168c9cb-a7c1-4c4c-9369-d7213cd36f9a service placement] getting providers with 1 VCPU {{(pid=111636) __init__ /opt/stack/placement/placement/objects/research_context.py:136}}
May 09 12:58:11.530368 n-d-841040-2 devstack@placement-api.service[111636]: DEBUG placement.objects.research_context [req-dbcf7bfe-da01-4d45-9908-9a11f3497d34 req-8168c9cb-a7c1-4c4c-9369-d7213cd36f9a service placement] found 2 providers with available 1 DISK_GB {{(pid=111636) get_provider_ids_matching /opt/stack/placement/placement/objects/research_context.py:563}}
May 09 12:58:11.530642 n-d-841040-2 devstack@placement-api.service[111636]: DEBUG placement.objects.research_context [req-dbcf7bfe-da01-4d45-9908-9a11f3497d34 req-8168c9cb-a7c1-4c4c-9369-d7213cd36f9a service placement] found 2 providers with available 1024 MEMORY_MB {{(pid=111636) get_provider_ids_matching /opt/stack/placement/placement/objects/research_context.py:563}}
May 09 12:58:11.535331 n-d-841040-2 devstack@placement-api.service[111636]: DEBUG placement.objects.research_context [req-dbcf7bfe-da01-4d45-9908-9a11f3497d34 req-8168c9cb-a7c1-4c4c-9369-d7213cd36f9a service placement] found 2 providers after filtering by previous result {{(pid=111636) get_provider_ids_matching /opt/stack/placement/placement/objects/research_context.py:594}}
May 09 12:58:11.537548 n-d-841040-2 devstack@placement-api.service[111636]: DEBUG placement.objects.research_context [req-dbcf7bfe-da01-4d45-9908-9a11f3497d34 req-8168c9cb-a7c1-4c4c-9369-d7213cd36f9a service placement] found 2 providers with available 1 VCPU {{(pid=111636) get_provider_ids_matching /opt/stack/placement/placement/objects/research_context.py:563}}
May 09 12:58:11.540928 n-d-841040-2 devstack@placement-api.service[111636]: DEBUG placement.objects.research_context [req-dbcf7bfe-da01-4d45-9908-9a11f3497d34 req-8168c9cb-a7c1-4c4c-9369-d7213cd36f9a service placement] found 2 providers after filtering by previous result {{(pid=111636) get_provider_ids_matching /opt/stack/placement/placement/objects/research_context.py:594}}
May 09 12:58:11.568220 n-d-841040-2 devstack@placement-api.service[111636]: DEBUG placement.objects.allocation_candidate [req-dbcf7bfe-da01-4d45-9908-9a11f3497d34 req-8168c9cb-a7c1-4c4c-9369-d7213cd36f9a service placement] RequestGroup(use_same_provider=False, resources={DISK_GB:1, MEMORY_MB:1024, VCPU:1}, traits=(), aggregates=[]) (suffix '') returned 2 matches {{(pid=111636) _get_by_requests /opt/stack/placement/placement/objects/allocation_candidate.py:156}}
