May 08 15:00:51.689250 n-d-841040-1 devstack@placement-api.service[104487]: [pid: 104487|app: 0|req: 62/125] 10.222.0.35 () {64 vars in 1433 bytes} [Sun May 8 15:00:51 2022] PUT /placement/allocations/8ce13d75-19f1-4f13-9bce-6b937952d78f => generated 0 bytes in 109 msecs (HTTP/1.1 204) 5 headers in 199 bytes (2 switches on core 0)
May 08 15:00:51.875588 n-d-841040-1 devstack@placement-api.service[104488]: DEBUG placement.requestlog [req-6f944e40-5db8-495b-99f2-aeb73b8b34af req-00a874fe-afb8-4098-8822-3be694bf187a None None] Starting request: 10.222.0.49 "GET /placement/allocations/8ce13d75-19f1-4f13-9bce-6b937952d78f" {{(pid=104488) __call__ /opt/stack/placement/placement/requestlog.py:55}}
May 08 15:00:51.908890 n-d-841040-1 devstack@placement-api.service[104488]: INFO placement.requestlog [req-6f944e40-5db8-495b-99f2-aeb73b8b34af req-00a874fe-afb8-4098-8822-3be694bf187a service placement] 10.222.0.49 "GET /placement/allocations/8ce13d75-19f1-4f13-9bce-6b937952d78f" status: 200 len: 258 microversion: 1.28
May 08 15:00:51.911505 n-d-841040-1 devstack@placement-api.service[104488]: [pid: 104488|app: 0|req: 64/126] 10.222.0.49 () {60 vars in 1377 bytes} [Sun May 8 15:00:51 2022] GET /placement/allocations/8ce13d75-19f1-4f13-9bce-6b937952d78f => generated 258 bytes in 36 msecs (HTTP/1.1 200) 8 headers in 296 bytes (1 switches on core 0)
May 08 15:00:51.952780 n-d-841040-1 devstack@placement-api.service[104487]: DEBUG placement.requestlog [req-52ac3934-9c59-4be0-b08c-b51fd4915e66 req-9549a789-2441-4be4-9db1-530dab80a077 None None] Starting request: 10.222.0.49 "GET /placement/allocations/9508700b-abea-4885-9edd-bf0c5bf5d15d" {{(pid=104487) __call__ /opt/stack/placement/placement/requestlog.py:55}}
May 08 15:00:51.989023 n-d-841040-1 devstack@placement-api.service[104487]: INFO placement.requestlog [req-52ac3934-9c59-4be0-b08c-b51fd4915e66 req-9549a789-2441-4be4-9db1-530dab80a077 service placement] 10.222.0.49 "GET /placement/allocations/9508700b-abea-4885-9edd-bf0c5bf5d15d" status: 200 len: 258 microversion: 1.28
May 08 15:00:51.989858 n-d-841040-1 devstack@placement-api.service[104487]: [pid: 104487|app: 0|req: 63/127] 10.222.0.49 () {60 vars in 1377 bytes} [Sun May 8 15:00:51 2022] GET /placement/allocations/9508700b-abea-4885-9edd-bf0c5bf5d15d => generated 258 bytes in 38 msecs (HTTP/1.1 200) 8 headers in 296 bytes (2 switches on core 0)
May 08 15:00:52.789356 n-d-841040-1 devstack@placement-api.service[104488]: DEBUG placement.requestlog [req-47024a7c-a5fc-4aed-b420-9f712b607026 req-ac3cd213-cb4a-4bc3-a9ce-6c0b560402a3 None None] Starting request: 10.222.0.49 "DELETE /placement/allocations/4b2e484f-4689-4a5f-9b33-6e378577a269" {{(pid=104488) __call__ /opt/stack/placement/placement/requestlog.py:55}}
May 08 15:00:52.885504 n-d-841040-1 devstack@placement-api.service[104488]: DEBUG placement.handlers.allocation [req-47024a7c-a5fc-4aed-b420-9f712b607026 req-ac3cd213-cb4a-4bc3-a9ce-6c0b560402a3 service placement] Successfully deleted allocations [, , ] {{(pid=104488) delete_allocations /opt/stack/placement/placement/handlers/allocation.py:627}}
May 08 15:00:52.886068 n-d-841040-1 devstack@placement-api.service[104488]: INFO placement.requestlog [req-47024a7c-a5fc-4aed-b420-9f712b607026 req-ac3cd213-cb4a-4bc3-a9ce-6c0b560402a3 service placement] 10.222.0.49 "DELETE /placement/allocations/4b2e484f-4689-4a5f-9b33-6e378577a269" status: 204 len: 0 microversion: 1.0
May 08 15:00:52.887603 n-d-841040-1 devstack@placement-api.service[104488]: [pid: 104488|app: 0|req: 65/128] 10.222.0.49 () {60 vars in 1355 bytes} [Sun May 8 15:00:52 2022] DELETE /placement/allocations/4b2e484f-4689-4a5f-9b33-6e378577a269 => generated 0 bytes in 98 msecs (HTTP/1.1 204) 5 headers in 198 bytes (1 switches on core 0)
May 08 15:00:58.925249 n-d-841040-1 devstack@placement-api.service[104487]: DEBUG placement.requestlog [req-34aff089-a64e-422c-a013-8a32ded52634 req-2356bcf1-be05-4ff1-a8d6-f71eb2577d42 None None] Starting request: 10.222.0.13 "DELETE /placement/allocations/1fd19ee2-9d5b-448f-89e9-42e4e88841b2" {{(pid=104487) __call__ /opt/stack/placement/placement/requestlog.py:55}}
May 08 15:00:58.995270 n-d-841040-1 devstack@placement-api.service[104487]: DEBUG placement.handlers.allocation [req-34aff089-a64e-422c-a013-8a32ded52634 req-2356bcf1-be05-4ff1-a8d6-f71eb2577d42 service placement] Successfully deleted allocations [, , ] {{(pid=104487) delete_allocations /opt/stack/placement/placement/handlers/allocation.py:627}}
May 08 15:00:58.995270 n-d-841040-1 devstack@placement-api.service[104487]: INFO placement.requestlog [req-34aff089-a64e-422c-a013-8a32ded52634 req-2356bcf1-be05-4ff1-a8d6-f71eb2577d42 service placement] 10.222.0.13 "DELETE /placement/allocations/1fd19ee2-9d5b-448f-89e9-42e4e88841b2" status: 204 len: 0 microversion: 1.0
May 08 15:00:58.995955 n-d-841040-1 devstack@placement-api.service[104487]: [pid: 104487|app: 0|req: 64/129] 10.222.0.13 () {60 vars in 1355 bytes} [Sun May 8 15:00:58 2022] DELETE /placement/allocations/1fd19ee2-9d5b-448f-89e9-42e4e88841b2 => generated 0 bytes in 71 msecs (HTTP/1.1 204) 5 headers in 198 bytes (2 switches on core 0)
May 08 15:01:01.529099 n-d-841040-1 devstack@placement-api.service[104488]: DEBUG placement.requestlog [None req-13963323-a7af-42d2-8e8b-ae730d8bd1f1 None None] Starting request: 10.222.0.35 "GET /placement/" {{(pid=104488) __call__ /opt/stack/placement/placement/requestlog.py:55}}
May 08 15:01:01.530152 n-d-841040-1 devstack@placement-api.service[104488]: INFO placement.requestlog [None req-13963323-a7af-42d2-8e8b-ae730d8bd1f1 None None] 10.222.0.35 "GET /placement/" status: 200 len: 136 microversion: 1.0
May 08 15:01:01.530726 n-d-841040-1 devstack@placement-api.service[104488]: [pid: 104488|app: 0|req: 66/130] 10.222.0.35 () {54 vars in 907 bytes} [Sun May 8 15:01:01 2022] GET /placement => generated 136 bytes in 2 msecs (HTTP/1.1 200) 6 headers in 224 bytes (1 switches on core 0)
May 08 15:01:01.540777 n-d-841040-1 devstack@placement-api.service[104487]: DEBUG placement.requestlog [req-7aeabe61-515b-4c14-a957-25a2c4726183 req-1fc5beff-8224-498a-ac9d-3cc5f158f905 None None] Starting request: 10.222.0.35 "GET /placement/resource_providers/0d76b83c-6e11-4dfd-8efe-67348abe5111/traits" {{(pid=104487) __call__ /opt/stack/placement/placement/requestlog.py:55}}
May 08 15:01:01.773748 n-d-841040-1 devstack@placement-api.service[104487]: INFO placement.requestlog [req-7aeabe61-515b-4c14-a957-25a2c4726183 req-1fc5beff-8224-498a-ac9d-3cc5f158f905 service placement] 10.222.0.35 "GET /placement/resource_providers/0d76b83c-6e11-4dfd-8efe-67348abe5111/traits" status: 200 len: 212 microversion: 1.6
May 08 15:01:01.775014 n-d-841040-1 devstack@placement-api.service[104487]: [pid: 104487|app: 0|req: 65/131] 10.222.0.35 () {60 vars in 1412 bytes} [Sun May 8 15:01:01 2022] GET /placement/resource_providers/0d76b83c-6e11-4dfd-8efe-67348abe5111/traits => generated 212 bytes in 235 msecs (HTTP/1.1 200) 6 headers in 224 bytes (1 switches on core 0)
May 08 15:01:02.484003 n-d-841040-1 devstack@placement-api.service[104488]: DEBUG placement.requestlog [None req-24c45e9a-71cf-4834-bcce-4c06f68be681 None None] Starting request: 10.222.0.35 "GET /placement/" {{(pid=104488) __call__ /opt/stack/placement/placement/requestlog.py:55}}
May 08 15:01:02.486704 n-d-841040-1 devstack@placement-api.service[104488]: INFO placement.requestlog [None req-24c45e9a-71cf-4834-bcce-4c06f68be681 None None] 10.222.0.35 "GET /placement/" status: 200 len: 136 microversion: 1.0
May 08 15:01:02.487296 n-d-841040-1 devstack@placement-api.service[104488]: [pid: 104488|app: 0|req: 67/132] 10.222.0.35 () {54 vars in 916 bytes} [Sun May 8 15:01:02 2022] GET /placement => generated 136 bytes in 4 msecs (HTTP/1.1 200) 6 headers in 224 bytes (1 switches on core 0)
May 08 15:01:02.532361 n-d-841040-1 devstack@placement-api.service[104487]: DEBUG placement.requestlog [req-7aeabe61-515b-4c14-a957-25a2c4726183 req-8202db91-ea96-46d9-81d5-f4c04013f64c None None] Starting request: 10.222.0.35 "GET /placement/allocations/337bb506-288a-4682-8580-897ed69846bd" {{(pid=104487) __call__ /opt/stack/placement/placement/requestlog.py:55}}
May 08 15:01:02.760205 n-d-841040-1 devstack@placement-api.service[104487]: INFO placement.requestlog [req-7aeabe61-515b-4c14-a957-25a2c4726183 req-8202db91-ea96-46d9-81d5-f4c04013f64c service placement] 10.222.0.35 "GET /placement/allocations/337bb506-288a-4682-8580-897ed69846bd" status: 200 len: 259 microversion: 1.28
May 08 15:01:02.762821 n-d-841040-1 devstack@placement-api.service[104487]: [pid: 104487|app: 0|req: 66/133] 10.222.0.35 () {60 vars in 1380 bytes} [Sun May 8 15:01:02 2022] GET /placement/allocations/337bb506-288a-4682-8580-897ed69846bd => generated 259 bytes in 242 msecs (HTTP/1.1 200) 8 headers in 296 bytes (1 switches on core 0)
May 08 15:01:02.771517 n-d-841040-1 devstack@placement-api.service[104488]: DEBUG placement.requestlog [req-7aeabe61-515b-4c14-a957-25a2c4726183 req-dfcf66e7-e285-4e6a-bf19-54ceca6cf49b None None] Starting request: 10.222.0.35 "GET /placement/allocations/337bb506-288a-4682-8580-897ed69846bd" {{(pid=104488) __call__ /opt/stack/placement/placement/requestlog.py:55}}
May 08 15:01:02.804721 n-d-841040-1 devstack@placement-api.service[104488]: INFO placement.requestlog [req-7aeabe61-515b-4c14-a957-25a2c4726183 req-dfcf66e7-e285-4e6a-bf19-54ceca6cf49b service placement] 10.222.0.35 "GET /placement/allocations/337bb506-288a-4682-8580-897ed69846bd" status: 200 len: 259 microversion: 1.28
May 08 15:01:02.805100 n-d-841040-1 devstack@placement-api.service[104488]: [pid: 104488|app: 0|req: 68/134] 10.222.0.35 () {60 vars in 1380 bytes} [Sun May 8 15:01:02 2022] GET /placement/allocations/337bb506-288a-4682-8580-897ed69846bd => generated 259 bytes in 34 msecs (HTTP/1.1 200) 8 headers in 296 bytes (1 switches on core 0)
May 08 15:01:02.811311 n-d-841040-1 devstack@placement-api.service[104487]: DEBUG placement.requestlog [req-7aeabe61-515b-4c14-a957-25a2c4726183 req-31bee667-7fe2-4ab0-805a-5e2756d25d71 None None] Starting request: 10.222.0.35 "GET /placement/allocations/f04fe2a5-f5c4-43f4-80dd-16bcd361fde3" {{(pid=104487) __call__ /opt/stack/placement/placement/requestlog.py:55}}
May 08 15:01:02.824309 n-d-841040-1 devstack@placement-api.service[104487]: INFO placement.requestlog [req-7aeabe61-515b-4c14-a957-25a2c4726183 req-31bee667-7fe2-4ab0-805a-5e2756d25d71 service placement] 10.222.0.35 "GET /placement/allocations/f04fe2a5-f5c4-43f4-80dd-16bcd361fde3" status: 200 len: 19 microversion: 1.28
May 08 15:01:02.825376 n-d-841040-1 devstack@placement-api.service[104487]: [pid: 104487|app: 0|req: 67/135] 10.222.0.35 () {60 vars in 1380 bytes} [Sun May 8 15:01:02 2022] GET /placement/allocations/f04fe2a5-f5c4-43f4-80dd-16bcd361fde3 => generated 19 bytes in 14 msecs (HTTP/1.1 200) 8 headers in 295 bytes (1 switches on core 0)
May 08 15:01:02.837544 n-d-841040-1 devstack@placement-api.service[104488]: DEBUG placement.requestlog [req-7aeabe61-515b-4c14-a957-25a2c4726183 req-2e90879c-91dc-4aee-82c7-00079c1d85b7 None None] Starting request: 10.222.0.35 "POST /placement/allocations" {{(pid=104488) __call__ /opt/stack/placement/placement/requestlog.py:55}}
May 08 15:01:03.020593 n-d-841040-1 devstack@placement-api.service[104487]: DEBUG placement.requestlog [req-5d29e39a-c89a-454b-a701-71fd1be76030 req-e019ae32-69b6-451a-b17f-3bda0f43e8df None None] Starting request: 10.222.0.13 "GET /placement/resource_providers/0d76b83c-6e11-4dfd-8efe-67348abe5111/allocations" {{(pid=104487) __call__ /opt/stack/placement/placement/requestlog.py:55}}
May 08 15:01:03.040390 n-d-841040-1 devstack@placement-api.service[104488]: DEBUG placement.handlers.allocation [req-7aeabe61-515b-4c14-a957-25a2c4726183 req-2e90879c-91dc-4aee-82c7-00079c1d85b7 service placement] Successfully wrote allocations [, , , , , ] {{(pid=104488) _update_consumers_and_create_allocations /opt/stack/placement/placement/handlers/allocation.py:572}}
May 08 15:01:03.050653 n-d-841040-1 devstack@placement-api.service[104488]: INFO placement.requestlog [req-7aeabe61-515b-4c14-a957-25a2c4726183 req-2e90879c-91dc-4aee-82c7-00079c1d85b7 service placement] 10.222.0.35 "POST /placement/allocations" status: 204 len: 0 microversion: 1.28
May 08 15:01:03.051483 n-d-841040-1 devstack@placement-api.service[104488]: [pid: 104488|app: 0|req: 69/136] 10.222.0.35 () {64 vars in 1323 bytes} [Sun May 8 15:01:02 2022] POST /placement/allocations => generated 0 bytes in 218 msecs (HTTP/1.1 204) 5 headers in 199 bytes (1 switches on core 0)
May 08 15:01:03.099920 n-d-841040-1 devstack@placement-api.service[104487]: INFO placement.requestlog [req-5d29e39a-c89a-454b-a701-71fd1be76030 req-e019ae32-69b6-451a-b17f-3bda0f43e8df service placement] 10.222.0.13 "GET /placement/resource_providers/0d76b83c-6e11-4dfd-8efe-67348abe5111/allocations" status: 200 len: 255 microversion: 1.0
May 08 15:01:03.110611 n-d-841040-1 devstack@placement-api.service[104487]: [pid: 104487|app: 0|req: 68/137] 10.222.0.13 () {58 vars in 1390 bytes} [Sun May 8 15:01:03 2022] GET /placement/resource_providers/0d76b83c-6e11-4dfd-8efe-67348abe5111/allocations => generated 255 bytes in 90 msecs (HTTP/1.1 200) 6 headers in 224 bytes (1 switches on core 0)
May 08 15:01:04.016211 n-d-841040-1 devstack@placement-api.service[104488]: DEBUG placement.requestlog [req-7aeabe61-515b-4c14-a957-25a2c4726183 req-4f9a9b64-5745-4422-8b65-bed44b43b6cc None None] Starting request: 10.222.0.35 "GET /placement/allocation_candidates?limit=1000&resources=DISK_GB%3A1%2CMEMORY_MB%3A1024%2CVCPU%3A1&root_required=%21COMPUTE_STATUS_DISABLED" {{(pid=104488) __call__ /opt/stack/placement/placement/requestlog.py:55}}
May 08 15:01:04.079503 n-d-841040-1 devstack@placement-api.service[104487]: DEBUG placement.requestlog [req-c2a1256d-24fd-4687-b611-20dd391ab37d req-3b546dc7-db6a-4164-93b6-e5d9fd5ec3b3 None None] Starting request: 10.222.0.49 "GET /placement/resource_providers/cb210853-c97b-41dc-9018-83915bedbe3e/allocations" {{(pid=104487) __call__ /opt/stack/placement/placement/requestlog.py:55}}
May 08 15:01:04.133559 n-d-841040-1 devstack@placement-api.service[104487]: INFO placement.requestlog [req-c2a1256d-24fd-4687-b611-20dd391ab37d req-3b546dc7-db6a-4164-93b6-e5d9fd5ec3b3 service placement] 10.222.0.49 "GET /placement/resource_providers/cb210853-c97b-41dc-9018-83915bedbe3e/allocations" status: 200 len: 456 microversion: 1.0
May 08 15:01:04.138377 n-d-841040-1 devstack@placement-api.service[104487]: [pid: 104487|app: 0|req: 69/138] 10.222.0.49 () {58 vars in 1390 bytes} [Sun May 8 15:01:04 2022] GET /placement/resource_providers/cb210853-c97b-41dc-9018-83915bedbe3e/allocations => generated 456 bytes in 59 msecs (HTTP/1.1 200) 6 headers in 224 bytes (2 switches on core 0)
May 08 15:01:04.140638 n-d-841040-1 devstack@placement-api.service[104488]: DEBUG placement.objects.research_context [req-7aeabe61-515b-4c14-a957-25a2c4726183 req-4f9a9b64-5745-4422-8b65-bed44b43b6cc service placement] getting providers with 1 DISK_GB {{(pid=104488) __init__ /opt/stack/placement/placement/objects/research_context.py:136}}
May 08 15:01:04.169005 n-d-841040-1 devstack@placement-api.service[104488]: DEBUG placement.objects.research_context [req-7aeabe61-515b-4c14-a957-25a2c4726183 req-4f9a9b64-5745-4422-8b65-bed44b43b6cc service placement] getting providers with 1024 MEMORY_MB {{(pid=104488) __init__ /opt/stack/placement/placement/objects/research_context.py:136}}
May 08 15:01:04.178760 n-d-841040-1 devstack@placement-api.service[104488]: DEBUG placement.objects.research_context [req-7aeabe61-515b-4c14-a957-25a2c4726183 req-4f9a9b64-5745-4422-8b65-bed44b43b6cc service placement] getting providers with 1 VCPU {{(pid=104488) __init__ /opt/stack/placement/placement/objects/research_context.py:136}}
May 08 15:01:04.224346 n-d-841040-1 devstack@placement-api.service[104488]: DEBUG placement.objects.research_context [req-7aeabe61-515b-4c14-a957-25a2c4726183 req-4f9a9b64-5745-4422-8b65-bed44b43b6cc service placement] found 2 providers with available 1 DISK_GB {{(pid=104488) get_provider_ids_matching /opt/stack/placement/placement/objects/research_context.py:563}}
May 08 15:01:04.225754 n-d-841040-1 devstack@placement-api.service[104488]: DEBUG placement.objects.research_context [req-7aeabe61-515b-4c14-a957-25a2c4726183 req-4f9a9b64-5745-4422-8b65-bed44b43b6cc service placement] found 2 providers with available 1024 MEMORY_MB {{(pid=104488) get_provider_ids_matching /opt/stack/placement/placement/objects/research_context.py:563}}
May 08 15:01:04.226241 n-d-841040-1 devstack@placement-api.service[104488]: DEBUG placement.objects.research_context [req-7aeabe61-515b-4c14-a957-25a2c4726183 req-4f9a9b64-5745-4422-8b65-bed44b43b6cc service placement] found 2 providers after filtering by previous result {{(pid=104488) get_provider_ids_matching /opt/stack/placement/placement/objects/research_context.py:594}}
May 08 15:01:04.229177 n-d-841040-1 devstack@placement-api.service[104488]: DEBUG placement.objects.research_context [req-7aeabe61-515b-4c14-a957-25a2c4726183 req-4f9a9b64-5745-4422-8b65-bed44b43b6cc service placement] found 2 providers with available 1 VCPU {{(pid=104488) get_provider_ids_matching /opt/stack/placement/placement/objects/research_context.py:563}}
May 08 15:01:04.229726 n-d-841040-1 devstack@placement-api.service[104488]: DEBUG placement.objects.research_context [req-7aeabe61-515b-4c14-a957-25a2c4726183 req-4f9a9b64-5745-4422-8b65-bed44b43b6cc service placement] found 2 providers after filtering by previous result {{(pid=104488) get_provider_ids_matching /opt/stack/placement/placement/objects/research_context.py:594}}
May 08 15:01:04.274292 n-d-841040-1 devstack@placement-api.service[104488]: DEBUG placement.objects.allocation_candidate [req-7aeabe61-515b-4c14-a957-25a2c4726183 req-4f9a9b64-5745-4422-8b65-bed44b43b6cc service placement] RequestGroup(use_same_provider=False, resources={DISK_GB:1, MEMORY_MB:1024, VCPU:1}, traits=(), aggregates=[]) (suffix '') returned 2 matches {{(pid=104488) _get_by_requests /opt/stack/placement/placement/objects/allocation_candidate.py:156}}
May 08 15:01:04.277542 n-d-841040-1 devstack@placement-api.service[104488]: DEBUG placement.objects.allocation_candidate [req-7aeabe61-515b-4c14-a957-25a2c4726183 req-4f9a9b64-5745-4422-8b65-bed44b43b6cc service placement] Merging candidates yields 2 allocation requests and 2 provider summaries {{(pid=104488) _merge_candidates /opt/stack/placement/placement/objects/allocation_candidate.py:809}}
May 08 15:01:04.283151 n-d-841040-1 devstack@placement-api.service[104488]: INFO placement.requestlog [req-7aeabe61-515b-4c14-a957-25a2c4726183 req-4f9a9b64-5745-4422-8b65-bed44b43b6cc service placement] 10.222.0.35 "GET /placement/allocation_candidates?limit=1000&resources=DISK_GB%3A1%2CMEMORY_MB%3A1024%2CVCPU%3A1&root_required=%21COMPUTE_STATUS_DISABLED" status: 200 len: 1309 microversion: 1.36
May 08 15:01:04.291612 n-d-841040-1 devstack@placement-api.service[104488]: [pid: 104488|app: 0|req: 70/139] 10.222.0.35 () {60 vars in 1506 bytes} [Sun May 8 15:01:04 2022] GET /placement/allocation_candidates?limit=1000&resources=DISK_GB%3A1%2CMEMORY_MB%3A1024%2CVCPU%3A1&root_required=%21COMPUTE_STATUS_DISABLED => generated 1309 bytes in 275 msecs (HTTP/1.1 200) 8 headers in 297 bytes (1 switches on core 0)
May 08 15:01:04.460397 n-d-841040-1 devstack@placement-api.service[104487]: DEBUG placement.requestlog [req-7aeabe61-515b-4c14-a957-25a2c4726183 req-707d401c-cd6a-4830-9ab4-f7d9e439881f None None] Starting request: 10.222.0.35 "GET /placement/allocations/337bb506-288a-4682-8580-897ed69846bd" {{(pid=104487) __call__ /opt/stack/placement/placement/requestlog.py:55}}
May 08 15:01:04.482885 n-d-841040-1 devstack@placement-api.service[104487]: INFO placement.requestlog [req-7aeabe61-515b-4c14-a957-25a2c4726183 req-707d401c-cd6a-4830-9ab4-f7d9e439881f service placement] 10.222.0.35 "GET /placement/allocations/337bb506-288a-4682-8580-897ed69846bd" status: 200 len: 19 microversion: 1.28
May 08 15:01:04.491538 n-d-841040-1 devstack@placement-api.service[104488]: DEBUG placement.requestlog [req-7aeabe61-515b-4c14-a957-25a2c4726183 req-ff3fbd55-1fd3-493c-a66e-2d33d68cf119 None None] Starting request: 10.222.0.35 "PUT /placement/allocations/337bb506-288a-4682-8580-897ed69846bd" {{(pid=104488) __call__ /opt/stack/placement/placement/requestlog.py:55}}
May 08 15:01:04.504182 n-d-841040-1 devstack@placement-api.service[104487]: [pid: 104487|app: 0|req: 70/140] 10.222.0.35 () {60 vars in 1380 bytes} [Sun May 8 15:01:04 2022] GET /placement/allocations/337bb506-288a-4682-8580-897ed69846bd => generated 19 bytes in 44 msecs (HTTP/1.1 200) 8 headers in 295 bytes (1 switches on core 0)
May 08 15:01:04.585933 n-d-841040-1 devstack@placement-api.service[104488]: DEBUG placement.handlers.allocation [req-7aeabe61-515b-4c14-a957-25a2c4726183 req-ff3fbd55-1fd3-493c-a66e-2d33d68cf119 service placement] Successfully wrote allocations [, , ] {{(pid=104488) _update_consumers_and_create_allocations /opt/stack/placement/placement/handlers/allocation.py:462}}
May 08 15:01:04.591394 n-d-841040-1 devstack@placement-api.service[104488]: INFO placement.requestlog [req-7aeabe61-515b-4c14-a957-25a2c4726183 req-ff3fbd55-1fd3-493c-a66e-2d33d68cf119 service placement] 10.222.0.35 "PUT /placement/allocations/337bb506-288a-4682-8580-897ed69846bd" status: 204 len: 0 microversion: 1.36
May 08 15:01:04.593409 n-d-841040-1 devstack@placement-api.service[104488]: [pid: 104488|app: 0|req: 71/141] 10.222.0.35 () {64 vars in 1433 bytes} [Sun May 8 15:01:04 2022] PUT /placement/allocations/337bb506-288a-4682-8580-897ed69846bd => generated 0 bytes in 101 msecs (HTTP/1.1 204) 5 headers in 199 bytes (2 switches on core 0)
May 08 15:01:05.751984 n-d-841040-1 devstack@placement-api.service[104487]: DEBUG placement.requestlog [req-7aeabe61-515b-4c14-a957-25a2c4726183 req-4c3ab995-2163-40eb-844f-20a370744814 None None] Starting request: 10.222.0.49 "GET /placement/allocations/337bb506-288a-4682-8580-897ed69846bd" {{(pid=104487) __call__ /opt/stack/placement/placement/requestlog.py:55}}
May 08 15:01:05.809204 n-d-841040-1 devstack@placement-api.service[104487]: INFO placement.requestlog [req-7aeabe61-515b-4c14-a957-25a2c4726183 req-4c3ab995-2163-40eb-844f-20a370744814 service placement] 10.222.0.49 "GET /placement/allocations/337bb506-288a-4682-8580-897ed69846bd" status: 200 len: 258 microversion: 1.28
May 08 15:01:05.810601 n-d-841040-1 devstack@placement-api.service[104487]: [pid: 104487|app: 0|req: 71/142] 10.222.0.49 () {60 vars in 1377 bytes} [Sun May 8 15:01:05 2022] GET /placement/allocations/337bb506-288a-4682-8580-897ed69846bd => generated 258 bytes in 59 msecs (HTTP/1.1 200) 8 headers in 296 bytes (1 switches on core 0)
May 08 15:01:06.933245 n-d-841040-1 devstack@placement-api.service[104488]: DEBUG placement.requestlog [req-df1f3d5e-132c-479b-ba10-7d3121b7b8f8 req-697391bd-dc76-4508-ae7f-5fafe87e95f2 None None] Starting request: 10.222.0.35 "GET /placement/allocation_candidates?limit=1000&resources=DISK_GB%3A1%2CMEMORY_MB%3A1024%2CVCPU%3A1&root_required=%21COMPUTE_STATUS_DISABLED" {{(pid=104488) __call__ /opt/stack/placement/placement/requestlog.py:55}}
May 08 15:01:07.054586 n-d-841040-1 devstack@placement-api.service[104488]: DEBUG placement.objects.research_context [req-df1f3d5e-132c-479b-ba10-7d3121b7b8f8 req-697391bd-dc76-4508-ae7f-5fafe87e95f2 service placement] getting providers with 1 DISK_GB {{(pid=104488) __init__ /opt/stack/placement/placement/objects/research_context.py:136}}
May 08 15:01:07.063975 n-d-841040-1 devstack@placement-api.service[104488]: DEBUG placement.objects.research_context [req-df1f3d5e-132c-479b-ba10-7d3121b7b8f8 req-697391bd-dc76-4508-ae7f-5fafe87e95f2 service placement] getting providers with 1024 MEMORY_MB {{(pid=104488) __init__ /opt/stack/placement/placement/objects/research_context.py:136}}
May 08 15:01:07.072929 n-d-841040-1 devstack@placement-api.service[104488]: DEBUG placement.objects.research_context [req-df1f3d5e-132c-479b-ba10-7d3121b7b8f8 req-697391bd-dc76-4508-ae7f-5fafe87e95f2 service placement] getting providers with 1 VCPU {{(pid=104488) __init__ /opt/stack/placement/placement/objects/research_context.py:136}}
May 08 15:01:07.080939 n-d-841040-1 devstack@placement-api.service[104488]: DEBUG placement.objects.research_context [req-df1f3d5e-132c-479b-ba10-7d3121b7b8f8 req-697391bd-dc76-4508-ae7f-5fafe87e95f2 service placement] found 2 providers with available 1 DISK_GB {{(pid=104488) get_provider_ids_matching /opt/stack/placement/placement/objects/research_context.py:563}}
May 08 15:01:07.081400 n-d-841040-1 devstack@placement-api.service[104488]: DEBUG placement.objects.research_context [req-df1f3d5e-132c-479b-ba10-7d3121b7b8f8 req-697391bd-dc76-4508-ae7f-5fafe87e95f2 service placement] found 2 providers with available 1024 MEMORY_MB {{(pid=104488) get_provider_ids_matching /opt/stack/placement/placement/objects/research_context.py:563}}
May 08 15:01:07.081950 n-d-841040-1 devstack@placement-api.service[104488]: DEBUG placement.objects.research_context [req-df1f3d5e-132c-479b-ba10-7d3121b7b8f8 req-697391bd-dc76-4508-ae7f-5fafe87e95f2 service placement] found 2 providers after filtering by previous result {{(pid=104488) get_provider_ids_matching /opt/stack/placement/placement/objects/research_context.py:594}}
May 08 15:01:07.082882 n-d-841040-1 devstack@placement-api.service[104488]: DEBUG placement.objects.research_context [req-df1f3d5e-132c-479b-ba10-7d3121b7b8f8 req-697391bd-dc76-4508-ae7f-5fafe87e95f2 service placement] found 2 providers with available 1 VCPU {{(pid=104488) get_provider_ids_matching /opt/stack/placement/placement/objects/research_context.py:563}}
May 08 15:01:07.083357 n-d-841040-1 devstack@placement-api.service[104488]: DEBUG placement.objects.research_context [req-df1f3d5e-132c-479b-ba10-7d3121b7b8f8 req-697391bd-dc76-4508-ae7f-5fafe87e95f2 service placement] found 2 providers after filtering by previous result {{(pid=104488) get_provider_ids_matching /opt/stack/placement/placement/objects/research_context.py:594}}
May 08 15:01:07.097362 n-d-841040-1 devstack@placement-api.service[104488]: DEBUG placement.objects.allocation_candidate [req-df1f3d5e-132c-479b-ba10-7d3121b7b8f8 req-697391bd-dc76-4508-ae7f-5fafe87e95f2 service placement] RequestGroup(use_same_provider=False, resources={DISK_GB:1, MEMORY_MB:1024, VCPU:1}, traits=(), aggregates=[]) (suffix '') returned 2 matches {{(pid=104488) _get_by_requests /opt/stack/placement/placement/objects/allocation_candidate.py:156}}
May 08 15:01:07.098061 n-d-841040-1 devstack@placement-api.service[104488]: DEBUG placement.objects.allocation_candidate [req-df1f3d5e-132c-479b-ba10-7d3121b7b8f8 req-697391bd-dc76-4508-ae7f-5fafe87e95f2 service placement] Merging candidates yields 2 allocation requests and 2 provider summaries {{(pid=104488) _merge_candidates /opt/stack/placement/placement/objects/allocation_candidate.py:809}}
May 08 15:01:07.100707 n-d-841040-1 devstack@placement-api.service[104488]: INFO placement.requestlog [req-df1f3d5e-132c-479b-ba10-7d3121b7b8f8 req-697391bd-dc76-4508-ae7f-5fafe87e95f2 service placement] 10.222.0.35 "GET /placement/allocation_candidates?limit=1000&resources=DISK_GB%3A1%2CMEMORY_MB%3A1024%2CVCPU%3A1&root_required=%21COMPUTE_STATUS_DISABLED" status: 200 len: 1309 microversion: 1.36
May 08 15:01:07.101278 n-d-841040-1 devstack@placement-api.service[104488]: [pid: 104488|app: 0|req: 72/143] 10.222.0.35 () {60 vars in 1506 bytes} [Sun May 8 15:01:06 2022] GET /placement/allocation_candidates?limit=1000&resources=DISK_GB%3A1%2CMEMORY_MB%3A1024%2CVCPU%3A1&root_required=%21COMPUTE_STATUS_DISABLED => generated 1309 bytes in 168 msecs (HTTP/1.1 200) 8 headers in 297 bytes (2 switches on core 0)
May 08 15:01:07.238095 n-d-841040-1 devstack@placement-api.service[104487]: DEBUG placement.requestlog [req-df1f3d5e-132c-479b-ba10-7d3121b7b8f8 req-9ca13eea-5d02-48b0-9c15-a768bfcc77f5 None None] Starting request: 10.222.0.35 "GET /placement/allocations/af0c9982-e242-4aec-828c-7ade1033943b" {{(pid=104487) __call__ /opt/stack/placement/placement/requestlog.py:55}}
May 08 15:01:07.255974 n-d-841040-1 devstack@placement-api.service[104487]: INFO placement.requestlog [req-df1f3d5e-132c-479b-ba10-7d3121b7b8f8 req-9ca13eea-5d02-48b0-9c15-a768bfcc77f5 service placement] 10.222.0.35 "GET /placement/allocations/af0c9982-e242-4aec-828c-7ade1033943b" status: 200 len: 19 microversion: 1.28
May 08 15:01:07.256479 n-d-841040-1 devstack@placement-api.service[104487]: [pid: 104487|app: 0|req: 72/144] 10.222.0.35 () {60 vars in 1380 bytes} [Sun May 8 15:01:07 2022] GET /placement/allocations/af0c9982-e242-4aec-828c-7ade1033943b => generated 19 bytes in 19 msecs (HTTP/1.1 200) 8 headers in 295 bytes (1 switches on core 0)
May 08 15:01:07.263061 n-d-841040-1 devstack@placement-api.service[104488]: DEBUG placement.requestlog [req-df1f3d5e-132c-479b-ba10-7d3121b7b8f8 req-8db16595-9c18-453c-bc4b-55c50a784436 None None] Starting request: 10.222.0.35 "PUT /placement/allocations/af0c9982-e242-4aec-828c-7ade1033943b" {{(pid=104488) __call__ /opt/stack/placement/placement/requestlog.py:55}}
May 08 15:01:07.481951 n-d-841040-1 devstack@placement-api.service[104488]: DEBUG placement.handlers.allocation [req-df1f3d5e-132c-479b-ba10-7d3121b7b8f8 req-8db16595-9c18-453c-bc4b-55c50a784436 service placement] Successfully wrote allocations [, , ] {{(pid=104488) _update_consumers_and_create_allocations /opt/stack/placement/placement/handlers/allocation.py:462}}
May 08 15:01:07.506208 n-d-841040-1 devstack@placement-api.service[104488]: INFO placement.requestlog [req-df1f3d5e-132c-479b-ba10-7d3121b7b8f8 req-8db16595-9c18-453c-bc4b-55c50a784436 service placement] 10.222.0.35 "PUT /placement/allocations/af0c9982-e242-4aec-828c-7ade1033943b" status: 204 len: 0 microversion: 1.36
May 08 15:01:07.528152 n-d-841040-1 devstack@placement-api.service[104488]: [pid: 104488|app: 0|req: 73/145] 10.222.0.35 () {64 vars in 1433 bytes} [Sun May 8 15:01:07 2022] PUT /placement/allocations/af0c9982-e242-4aec-828c-7ade1033943b => generated 0 bytes in 265 msecs (HTTP/1.1 204) 5 headers in 199 bytes (2 switches on core 0)
May 08 15:01:08.068436 n-d-841040-1 devstack@placement-api.service[104487]: DEBUG placement.requestlog [req-df1f3d5e-132c-479b-ba10-7d3121b7b8f8 req-463c0b71-1646-4d4f-a932-5dc538a83eca None None] Starting request: 10.222.0.13 "GET /placement/allocations/af0c9982-e242-4aec-828c-7ade1033943b" {{(pid=104487) __call__ /opt/stack/placement/placement/requestlog.py:55}}
May 08 15:01:08.090099 n-d-841040-1 devstack@placement-api.service[104487]: INFO placement.requestlog [req-df1f3d5e-132c-479b-ba10-7d3121b7b8f8 req-463c0b71-1646-4d4f-a932-5dc538a83eca service placement] 10.222.0.13 "GET /placement/allocations/af0c9982-e242-4aec-828c-7ade1033943b" status: 200 len: 259 microversion: 1.28
May 08 15:01:08.091009 n-d-841040-1 devstack@placement-api.service[104487]: [pid: 104487|app: 0|req: 73/146] 10.222.0.13 () {60 vars in 1377 bytes} [Sun May 8 15:01:08 2022] GET /placement/allocations/af0c9982-e242-4aec-828c-7ade1033943b => generated 259 bytes in 23 msecs (HTTP/1.1 200) 8 headers in 296 bytes (1 switches on core 0)
May 08 15:01:12.795527 n-d-841040-1 devstack@placement-api.service[104488]: DEBUG placement.requestlog [req-6f944e40-5db8-495b-99f2-aeb73b8b34af req-f49d7692-5758-4e2c-8eb6-2ba15f05372c None None] Starting request: 10.222.0.13 "GET /placement/resource_providers/0d76b83c-6e11-4dfd-8efe-67348abe5111/allocations" {{(pid=104488) __call__ /opt/stack/placement/placement/requestlog.py:55}}
May 08 15:01:12.833588 n-d-841040-1 devstack@placement-api.service[104488]: INFO placement.requestlog [req-6f944e40-5db8-495b-99f2-aeb73b8b34af req-f49d7692-5758-4e2c-8eb6-2ba15f05372c service placement] 10.222.0.13 "GET /placement/resource_providers/0d76b83c-6e11-4dfd-8efe-67348abe5111/allocations" status: 200 len: 356 microversion: 1.0
May 08 15:01:12.837446 n-d-841040-1 devstack@placement-api.service[104488]: [pid: 104488|app: 0|req: 74/147] 10.222.0.13 () {58 vars in 1390 bytes} [Sun May 8 15:01:12 2022] GET /placement/resource_providers/0d76b83c-6e11-4dfd-8efe-67348abe5111/allocations => generated 356 bytes in 42 msecs (HTTP/1.1 200) 6 headers in 224 bytes (1 switches on core 0)
May 08 15:01:13.089610 n-d-841040-1 devstack@placement-api.service[104487]: DEBUG placement.requestlog [req-c0b9e02a-9537-4241-af56-53734652e67f req-f907a27b-1b71-4d59-942f-b6554f2dd6aa None None] Starting request: 10.222.0.49 "DELETE /placement/allocations/c319a501-cef9-45b0-8980-8735358e74a9" {{(pid=104487) __call__ /opt/stack/placement/placement/requestlog.py:55}}
May 08 15:01:13.152474 n-d-841040-1 devstack@placement-api.service[104487]: DEBUG placement.handlers.allocation [req-c0b9e02a-9537-4241-af56-53734652e67f req-f907a27b-1b71-4d59-942f-b6554f2dd6aa service placement] Successfully deleted allocations [, , ] {{(pid=104487) delete_allocations /opt/stack/placement/placement/handlers/allocation.py:627}}
May 08 15:01:13.153357 n-d-841040-1 devstack@placement-api.service[104487]: INFO placement.requestlog [req-c0b9e02a-9537-4241-af56-53734652e67f req-f907a27b-1b71-4d59-942f-b6554f2dd6aa service placement] 10.222.0.49 "DELETE /placement/allocations/c319a501-cef9-45b0-8980-8735358e74a9" status: 204 len: 0 microversion: 1.0
May 08 15:01:13.154304 n-d-841040-1 devstack@placement-api.service[104487]: [pid: 104487|app: 0|req: 74/148] 10.222.0.49 () {60 vars in 1355 bytes} [Sun May 8 15:01:13 2022] DELETE /placement/allocations/c319a501-cef9-45b0-8980-8735358e74a9 => generated 0 bytes in 65 msecs (HTTP/1.1 204) 5 headers in 198 bytes (1 switches on core 0)
May 08 15:01:13.183334 n-d-841040-1 devstack@placement-api.service[104488]: DEBUG placement.requestlog [req-6f944e40-5db8-495b-99f2-aeb73b8b34af req-b13fbf9d-d21b-4f99-a727-66001ff5706f None None] Starting request: 10.222.0.13 "GET /placement/allocations/567a67a1-3cbf-429a-9ca1-51e585174c56" {{(pid=104488) __call__ /opt/stack/placement/placement/requestlog.py:55}}
May 08 15:01:13.234818 n-d-841040-1 devstack@placement-api.service[104488]: INFO placement.requestlog [req-6f944e40-5db8-495b-99f2-aeb73b8b34af req-b13fbf9d-d21b-4f99-a727-66001ff5706f service placement] 10.222.0.13 "GET /placement/allocations/567a67a1-3cbf-429a-9ca1-51e585174c56" status: 200 len: 259 microversion: 1.28
May 08 15:01:13.236693 n-d-841040-1 devstack@placement-api.service[104488]: [pid: 104488|app: 0|req: 75/149] 10.222.0.13 () {60 vars in 1377 bytes} [Sun May 8 15:01:13 2022] GET /placement/allocations/567a67a1-3cbf-429a-9ca1-51e585174c56 => generated 259 bytes in 55 msecs (HTTP/1.1 200) 8 headers in 296 bytes (1 switches on core 0)
May 08 15:01:13.243504 n-d-841040-1 devstack@placement-api.service[104487]: DEBUG placement.requestlog [req-6f944e40-5db8-495b-99f2-aeb73b8b34af req-56104b25-8791-4f33-99f1-739a371e3de5 None None] Starting request: 10.222.0.13 "PUT /placement/allocations/567a67a1-3cbf-429a-9ca1-51e585174c56" {{(pid=104487) __call__ /opt/stack/placement/placement/requestlog.py:55}}
May 08 15:01:13.364923 n-d-841040-1 devstack@placement-api.service[104487]: DEBUG placement.handlers.allocation [req-6f944e40-5db8-495b-99f2-aeb73b8b34af req-56104b25-8791-4f33-99f1-739a371e3de5 service placement] Successfully wrote allocations [, , ] {{(pid=104487) _update_consumers_and_create_allocations /opt/stack/placement/placement/handlers/allocation.py:462}}
May 08 15:01:13.375482 n-d-841040-1 devstack@placement-api.service[104487]: INFO placement.requestlog [req-6f944e40-5db8-495b-99f2-aeb73b8b34af req-56104b25-8791-4f33-99f1-739a371e3de5 service placement] 10.222.0.13 "PUT /placement/allocations/567a67a1-3cbf-429a-9ca1-51e585174c56" status: 204 len: 0 microversion: 1.28
May 08 15:01:13.376187 n-d-841040-1 devstack@placement-api.service[104487]: [pid: 104487|app: 0|req: 75/150] 10.222.0.13 () {64 vars in 1430 bytes} [Sun May 8 15:01:13 2022] PUT /placement/allocations/567a67a1-3cbf-429a-9ca1-51e585174c56 => generated 0 bytes in 133 msecs (HTTP/1.1 204) 5 headers in 199 bytes (1 switches on core 0)
May 08 15:01:14.909061 n-d-841040-1 devstack@placement-api.service[104488]: DEBUG placement.requestlog [req-0c4ca55f-496d-486e-a682-51d4b67325c3 req-c33a343c-51d0-49f4-8dd1-1c851c7c4fe9 None None] Starting request: 10.222.0.35 "GET /placement/allocation_candidates?limit=1000&resources=DISK_GB%3A1%2CMEMORY_MB%3A1024%2CVCPU%3A1&root_required=%21COMPUTE_STATUS_DISABLED" {{(pid=104488) __call__ /opt/stack/placement/placement/requestlog.py:55}}
May 08 15:01:14.971760 n-d-841040-1 devstack@placement-api.service[104488]: DEBUG placement.objects.research_context [req-0c4ca55f-496d-486e-a682-51d4b67325c3 req-c33a343c-51d0-49f4-8dd1-1c851c7c4fe9 service placement] getting providers with 1 DISK_GB {{(pid=104488) __init__ /opt/stack/placement/placement/objects/research_context.py:136}}
May 08 15:01:14.981806 n-d-841040-1 devstack@placement-api.service[104488]: DEBUG placement.objects.research_context [req-0c4ca55f-496d-486e-a682-51d4b67325c3 req-c33a343c-51d0-49f4-8dd1-1c851c7c4fe9 service placement] getting providers with 1024 MEMORY_MB {{(pid=104488) __init__ /opt/stack/placement/placement/objects/research_context.py:136}}
May 08 15:01:14.990589 n-d-841040-1 devstack@placement-api.service[104488]: DEBUG placement.objects.research_context [req-0c4ca55f-496d-486e-a682-51d4b67325c3 req-c33a343c-51d0-49f4-8dd1-1c851c7c4fe9 service placement] getting providers with 1 VCPU {{(pid=104488) __init__ /opt/stack/placement/placement/objects/research_context.py:136}}
May 08 15:01:14.997020 n-d-841040-1 devstack@placement-api.service[104488]: DEBUG placement.objects.research_context [req-0c4ca55f-496d-486e-a682-51d4b67325c3 req-c33a343c-51d0-49f4-8dd1-1c851c7c4fe9 service placement] found 2 providers with available 1 DISK_GB {{(pid=104488) get_provider_ids_matching /opt/stack/placement/placement/objects/research_context.py:563}}
May 08 15:01:14.997447 n-d-841040-1 devstack@placement-api.service[104488]: DEBUG placement.objects.research_context [req-0c4ca55f-496d-486e-a682-51d4b67325c3 req-c33a343c-51d0-49f4-8dd1-1c851c7c4fe9 service placement] found 2 providers with available 1024 MEMORY_MB {{(pid=104488) get_provider_ids_matching /opt/stack/placement/placement/objects/research_context.py:563}}
May 08 15:01:14.997728 n-d-841040-1 devstack@placement-api.service[104488]: DEBUG placement.objects.research_context [req-0c4ca55f-496d-486e-a682-51d4b67325c3 req-c33a343c-51d0-49f4-8dd1-1c851c7c4fe9 service placement] found 2 providers after filtering by previous result {{(pid=104488) get_provider_ids_matching /opt/stack/placement/placement/objects/research_context.py:594}}
May 08 15:01:14.997993 n-d-841040-1 devstack@placement-api.service[104488]: DEBUG placement.objects.research_context [req-0c4ca55f-496d-486e-a682-51d4b67325c3 req-c33a343c-51d0-49f4-8dd1-1c851c7c4fe9 service placement] found 2 providers with available 1 VCPU {{(pid=104488) get_provider_ids_matching /opt/stack/placement/placement/objects/research_context.py:563}}
May 08 15:01:14.998259 n-d-841040-1 devstack@placement-api.service[104488]: DEBUG placement.objects.research_context [req-0c4ca55f-496d-486e-a682-51d4b67325c3 req-c33a343c-51d0-49f4-8dd1-1c851c7c4fe9 service placement] found 2 providers after filtering by previous result {{(pid=104488) get_provider_ids_matching /opt/stack/placement/placement/objects/research_context.py:594}}
May 08 15:01:15.012120 n-d-841040-1 devstack@placement-api.service[104488]: DEBUG placement.objects.allocation_candidate [req-0c4ca55f-496d-486e-a682-51d4b67325c3 req-c33a343c-51d0-49f4-8dd1-1c851c7c4fe9 service placement] RequestGroup(use_same_provider=False, resources={DISK_GB:1, MEMORY_MB:1024, VCPU:1}, traits=(), aggregates=[]) (suffix '') returned 2 matches {{(pid=104488) _get_by_requests /opt/stack/placement/placement/objects/allocation_candidate.py:156}}
May 08 15:01:15.012947 n-d-841040-1 devstack@placement-api.service[104488]: DEBUG placement.objects.allocation_candidate [req-0c4ca55f-496d-486e-a682-51d4b67325c3 req-c33a343c-51d0-49f4-8dd1-1c851c7c4fe9 service placement] Merging candidates yields 2 allocation requests and 2 provider summaries {{(pid=104488) _merge_candidates /opt/stack/placement/placement/objects/allocation_candidate.py:809}}
May 08 15:01:15.014820 n-d-841040-1 devstack@placement-api.service[104488]: INFO placement.requestlog [req-0c4ca55f-496d-486e-a682-51d4b67325c3 req-c33a343c-51d0-49f4-8dd1-1c851c7c4fe9 service placement] 10.222.0.35 "GET /placement/allocation_candidates?limit=1000&resources=DISK_GB%3A1%2CMEMORY_MB%3A1024%2CVCPU%3A1&root_required=%21COMPUTE_STATUS_DISABLED" status: 200 len: 1309 microversion: 1.36
May 08 15:01:15.015873 n-d-841040-1 devstack@placement-api.service[104488]: [pid: 104488|app: 0|req: 76/151] 10.222.0.35 () {60 vars in 1506 bytes} [Sun May 8 15:01:14 2022] GET /placement/allocation_candidates?limit=1000&resources=DISK_GB%3A1%2CMEMORY_MB%3A1024%2CVCPU%3A1&root_required=%21COMPUTE_STATUS_DISABLED => generated 1309 bytes in 107 msecs (HTTP/1.1 200) 8 headers in 297 bytes (1 switches on core 0)
May 08 15:01:15.100634 n-d-841040-1 devstack@placement-api.service[104487]: DEBUG placement.requestlog [req-0c4ca55f-496d-486e-a682-51d4b67325c3 req-d1e6c731-7a1b-411b-9445-c8ad185a4f71 None None] Starting request: 10.222.0.35 "GET /placement/allocations/5bdafaf1-fd7f-42f9-a72d-50691370d0fb" {{(pid=104487) __call__ /opt/stack/placement/placement/requestlog.py:55}}
May 08 15:01:15.121593 n-d-841040-1 devstack@placement-api.service[104487]: INFO placement.requestlog [req-0c4ca55f-496d-486e-a682-51d4b67325c3 req-d1e6c731-7a1b-411b-9445-c8ad185a4f71 service placement] 10.222.0.35 "GET /placement/allocations/5bdafaf1-fd7f-42f9-a72d-50691370d0fb" status: 200 len: 19 microversion: 1.28
May 08 15:01:15.121899 n-d-841040-1 devstack@placement-api.service[104487]: [pid: 104487|app: 0|req: 76/152] 10.222.0.35 () {60 vars in 1380 bytes} [Sun May 8 15:01:15 2022] GET /placement/allocations/5bdafaf1-fd7f-42f9-a72d-50691370d0fb => generated 19 bytes in 22 msecs (HTTP/1.1 200) 8 headers in 295 bytes (1 switches on core 0)
May 08 15:01:15.128168 n-d-841040-1 devstack@placement-api.service[104488]: DEBUG placement.requestlog [req-0c4ca55f-496d-486e-a682-51d4b67325c3 req-5c9a1624-49d7-4a91-a3bd-0472f0739d2f None None] Starting request: 10.222.0.35 "PUT /placement/allocations/5bdafaf1-fd7f-42f9-a72d-50691370d0fb" {{(pid=104488) __call__ /opt/stack/placement/placement/requestlog.py:55}}
May 08 15:01:15.207163 n-d-841040-1 devstack@placement-api.service[104488]: DEBUG placement.handlers.allocation [req-0c4ca55f-496d-486e-a682-51d4b67325c3 req-5c9a1624-49d7-4a91-a3bd-0472f0739d2f service placement] Successfully wrote allocations [, , ] {{(pid=104488) _update_consumers_and_create_allocations /opt/stack/placement/placement/handlers/allocation.py:462}}
May 08 15:01:15.214992 n-d-841040-1 devstack@placement-api.service[104488]: INFO placement.requestlog [req-0c4ca55f-496d-486e-a682-51d4b67325c3 req-5c9a1624-49d7-4a91-a3bd-0472f0739d2f service placement] 10.222.0.35 "PUT /placement/allocations/5bdafaf1-fd7f-42f9-a72d-50691370d0fb" status: 204 len: 0 microversion: 1.36
May 08 15:01:15.225464 n-d-841040-1 devstack@placement-api.service[104488]: [pid: 104488|app: 0|req: 77/153] 10.222.0.35 () {64 vars in 1433 bytes} [Sun May 8 15:01:15 2022] PUT /placement/allocations/5bdafaf1-fd7f-42f9-a72d-50691370d0fb => generated 0 bytes in 89 msecs (HTTP/1.1 204) 5 headers in 199 bytes (1 switches on core 0)
May 08 15:01:15.958986 n-d-841040-1 devstack@placement-api.service[104487]: DEBUG placement.requestlog [req-0c4ca55f-496d-486e-a682-51d4b67325c3 req-ba540c46-f885-4300-98b1-aada527b9076 None None] Starting request: 10.222.0.49 "GET /placement/allocations/5bdafaf1-fd7f-42f9-a72d-50691370d0fb" {{(pid=104487) __call__ /opt/stack/placement/placement/requestlog.py:55}}
May 08 15:01:15.986712 n-d-841040-1 devstack@placement-api.service[104487]: INFO placement.requestlog [req-0c4ca55f-496d-486e-a682-51d4b67325c3 req-ba540c46-f885-4300-98b1-aada527b9076 service placement] 10.222.0.49 "GET /placement/allocations/5bdafaf1-fd7f-42f9-a72d-50691370d0fb" status: 200 len: 258 microversion: 1.28
May 08 15:01:15.989811 n-d-841040-1 devstack@placement-api.service[104487]: [pid: 104487|app: 0|req: 77/154] 10.222.0.49 () {60 vars in 1377 bytes} [Sun May 8 15:01:15 2022] GET /placement/allocations/5bdafaf1-fd7f-42f9-a72d-50691370d0fb => generated 258 bytes in 31 msecs (HTTP/1.1 200) 8 headers in 296 bytes (1 switches on core 0)
May 08 15:01:21.921442 n-d-841040-1 devstack@placement-api.service[104488]: DEBUG placement.requestlog [req-b63b11de-e3dd-4660-8b35-aa96bbfc4c9a req-46ef62eb-6252-4db9-b98d-997b3351934b None None] Starting request: 10.222.0.35 "GET /placement/allocation_candidates?limit=1000&resources=DISK_GB%3A1%2CMEMORY_MB%3A1024%2CVCPU%3A1&root_required=%21COMPUTE_STATUS_DISABLED" {{(pid=104488) __call__ /opt/stack/placement/placement/requestlog.py:55}}
May 08 15:01:21.984412 n-d-841040-1 devstack@placement-api.service[104488]: DEBUG placement.objects.research_context [req-b63b11de-e3dd-4660-8b35-aa96bbfc4c9a req-46ef62eb-6252-4db9-b98d-997b3351934b service placement] getting providers with 1 DISK_GB {{(pid=104488) __init__ /opt/stack/placement/placement/objects/research_context.py:136}}
May 08 15:01:21.993868 n-d-841040-1 devstack@placement-api.service[104488]: DEBUG placement.objects.research_context [req-b63b11de-e3dd-4660-8b35-aa96bbfc4c9a req-46ef62eb-6252-4db9-b98d-997b3351934b service placement] getting providers with 1024 MEMORY_MB {{(pid=104488) __init__ /opt/stack/placement/placement/objects/research_context.py:136}}
May 08 15:01:22.003918 n-d-841040-1 devstack@placement-api.service[104488]: DEBUG placement.objects.research_context [req-b63b11de-e3dd-4660-8b35-aa96bbfc4c9a req-46ef62eb-6252-4db9-b98d-997b3351934b service placement] getting providers with 1 VCPU {{(pid=104488) __init__ /opt/stack/placement/placement/objects/research_context.py:136}}
May 08 15:01:22.017216 n-d-841040-1 devstack@placement-api.service[104488]: DEBUG placement.objects.research_context [req-b63b11de-e3dd-4660-8b35-aa96bbfc4c9a req-46ef62eb-6252-4db9-b98d-997b3351934b service placement] found 2 providers with available 1 DISK_GB {{(pid=104488) get_provider_ids_matching /opt/stack/placement/placement/objects/research_context.py:563}}
May 08 15:01:22.022237 n-d-841040-1 devstack@placement-api.service[104488]: DEBUG placement.objects.research_context [req-b63b11de-e3dd-4660-8b35-aa96bbfc4c9a req-46ef62eb-6252-4db9-b98d-997b3351934b service placement] found 2 providers with available 1024 MEMORY_MB {{(pid=104488) get_provider_ids_matching /opt/stack/placement/placement/objects/research_context.py:563}}
May 08 15:01:22.022931 n-d-841040-1 devstack@placement-api.service[104488]: DEBUG placement.objects.research_context [req-b63b11de-e3dd-4660-8b35-aa96bbfc4c9a req-46ef62eb-6252-4db9-b98d-997b3351934b service placement] found 2 providers after filtering by previous result {{(pid=104488) get_provider_ids_matching /opt/stack/placement/placement/objects/research_context.py:594}}
May 08 15:01:22.023492 n-d-841040-1 devstack@placement-api.service[104488]: DEBUG placement.objects.research_context [req-b63b11de-e3dd-4660-8b35-aa96bbfc4c9a req-46ef62eb-6252-4db9-b98d-997b3351934b service placement] found 2 providers with available 1 VCPU {{(pid=104488) get_provider_ids_matching /opt/stack/placement/placement/objects/research_context.py:563}}
May 08 15:01:22.023912 n-d-841040-1 devstack@placement-api.service[104488]: DEBUG placement.objects.research_context [req-b63b11de-e3dd-4660-8b35-aa96bbfc4c9a req-46ef62eb-6252-4db9-b98d-997b3351934b service placement] found 2 providers after filtering by previous result {{(pid=104488) get_provider_ids_matching /opt/stack/placement/placement/objects/research_context.py:594}}
May 08 15:01:22.052469 n-d-841040-1 devstack@placement-api.service[104488]: DEBUG placement.objects.allocation_candidate [req-b63b11de-e3dd-4660-8b35-aa96bbfc4c9a req-46ef62eb-6252-4db9-b98d-997b3351934b service placement] RequestGroup(use_same_provider=False, resources={DISK_GB:1, MEMORY_MB:1024, VCPU:1}, traits=(), aggregates=[]) (suffix '') returned 2 matches {{(pid=104488) _get_by_requests /opt/stack/placement/placement/objects/allocation_candidate.py:156}}
May 08 15:01:22.052847 n-d-841040-1 devstack@placement-api.service[104488]: DEBUG placement.objects.allocation_candidate [req-b63b11de-e3dd-4660-8b35-aa96bbfc4c9a req-46ef62eb-6252-4db9-b98d-997b3351934b service placement] Merging candidates yields 2 allocation requests and 2 provider summaries {{(pid=104488) _merge_candidates /opt/stack/placement/placement/objects/allocation_candidate.py:809}}
May 08 15:01:22.061452 n-d-841040-1 devstack@placement-api.service[104488]: INFO placement.requestlog [req-b63b11de-e3dd-4660-8b35-aa96bbfc4c9a req-46ef62eb-6252-4db9-b98d-997b3351934b service placement] 10.222.0.35 "GET /placement/allocation_candidates?limit=1000&resources=DISK_GB%3A1%2CMEMORY_MB%3A1024%2CVCPU%3A1&root_required=%21COMPUTE_STATUS_DISABLED" status: 200 len: 1309 microversion: 1.36
May 08 15:01:22.064148 n-d-841040-1 devstack@placement-api.service[104488]: [pid: 104488|app: 0|req: 78/155] 10.222.0.35 () {60 vars in 1506 bytes} [Sun May 8 15:01:21 2022] GET /placement/allocation_candidates?limit=1000&resources=DISK_GB%3A1%2CMEMORY_MB%3A1024%2CVCPU%3A1&root_required=%21COMPUTE_STATUS_DISABLED => generated 1309 bytes in 144 msecs (HTTP/1.1 200) 8 headers in 297 bytes (1 switches on core 0)
May 08 15:01:22.179477 n-d-841040-1 devstack@placement-api.service[104487]: DEBUG placement.requestlog [req-b63b11de-e3dd-4660-8b35-aa96bbfc4c9a req-559bf846-ba12-4e58-a597-e4962ca537bc None None] Starting request: 10.222.0.35 "GET /placement/allocations/b0445c04-76d3-49f3-9a0b-6ef40ae57c09" {{(pid=104487) __call__ /opt/stack/placement/placement/requestlog.py:55}}
