Aug 22 15:09:58.533360 n-d-841017-5 devstack@placement-api.service[114151]: DEBUG placement.objects.research_context [req-b01b5894-8ad5-4eb7-b7f0-fa871cb2257a req-59294943-5ad4-441b-8b19-c5c933d55c50 service placement] getting providers with 1024 MEMORY_MB {{(pid=114151) __init__ /opt/stack/placement/placement/objects/research_context.py:136}}
Aug 22 15:09:58.541580 n-d-841017-5 devstack@placement-api.service[114151]: DEBUG placement.objects.research_context [req-b01b5894-8ad5-4eb7-b7f0-fa871cb2257a req-59294943-5ad4-441b-8b19-c5c933d55c50 service placement] getting providers with 1 VCPU {{(pid=114151) __init__ /opt/stack/placement/placement/objects/research_context.py:136}}
Aug 22 15:09:58.552435 n-d-841017-5 devstack@placement-api.service[114151]: DEBUG placement.objects.research_context [req-b01b5894-8ad5-4eb7-b7f0-fa871cb2257a req-59294943-5ad4-441b-8b19-c5c933d55c50 service placement] found 2 providers with available 1 DISK_GB {{(pid=114151) get_provider_ids_matching /opt/stack/placement/placement/objects/research_context.py:563}}
Aug 22 15:09:58.553000 n-d-841017-5 devstack@placement-api.service[114151]: DEBUG placement.objects.research_context [req-b01b5894-8ad5-4eb7-b7f0-fa871cb2257a req-59294943-5ad4-441b-8b19-c5c933d55c50 service placement] found 2 providers with available 1024 MEMORY_MB {{(pid=114151) get_provider_ids_matching /opt/stack/placement/placement/objects/research_context.py:563}}
Aug 22 15:09:58.553281 n-d-841017-5 devstack@placement-api.service[114151]: DEBUG placement.objects.research_context [req-b01b5894-8ad5-4eb7-b7f0-fa871cb2257a req-59294943-5ad4-441b-8b19-c5c933d55c50 service placement] found 2 providers after filtering by previous result {{(pid=114151) get_provider_ids_matching /opt/stack/placement/placement/objects/research_context.py:594}}
Aug 22 15:09:58.553544 n-d-841017-5 devstack@placement-api.service[114151]: DEBUG placement.objects.research_context [req-b01b5894-8ad5-4eb7-b7f0-fa871cb2257a req-59294943-5ad4-441b-8b19-c5c933d55c50 service placement] found 2 providers with available 1 VCPU {{(pid=114151) get_provider_ids_matching /opt/stack/placement/placement/objects/research_context.py:563}}
Aug 22 15:09:58.553812 n-d-841017-5 devstack@placement-api.service[114151]: DEBUG placement.objects.research_context [req-b01b5894-8ad5-4eb7-b7f0-fa871cb2257a req-59294943-5ad4-441b-8b19-c5c933d55c50 service placement] found 2 providers after filtering by previous result {{(pid=114151) get_provider_ids_matching /opt/stack/placement/placement/objects/research_context.py:594}}
Aug 22 15:09:58.567434 n-d-841017-5 devstack@placement-api.service[114151]: DEBUG placement.objects.allocation_candidate [req-b01b5894-8ad5-4eb7-b7f0-fa871cb2257a req-59294943-5ad4-441b-8b19-c5c933d55c50 service placement] RequestGroup(use_same_provider=False, resources={DISK_GB:1, MEMORY_MB:1024, VCPU:1}, traits=(), aggregates=[]) (suffix '') returned 2 matches {{(pid=114151) _get_by_requests /opt/stack/placement/placement/objects/allocation_candidate.py:156}}
Aug 22 15:09:58.567796 n-d-841017-5 devstack@placement-api.service[114151]: DEBUG placement.objects.allocation_candidate [req-b01b5894-8ad5-4eb7-b7f0-fa871cb2257a req-59294943-5ad4-441b-8b19-c5c933d55c50 service placement] Merging candidates yields 2 allocation requests and 2 provider summaries {{(pid=114151) _merge_candidates /opt/stack/placement/placement/objects/allocation_candidate.py:809}}
Aug 22 15:09:58.569439 n-d-841017-5 devstack@placement-api.service[114151]: INFO placement.requestlog [req-b01b5894-8ad5-4eb7-b7f0-fa871cb2257a req-59294943-5ad4-441b-8b19-c5c933d55c50 service placement] 10.222.0.17 "GET /placement/allocation_candidates?limit=1000&resources=DISK_GB%3A1%2CMEMORY_MB%3A1024%2CVCPU%3A1&root_required=%21COMPUTE_STATUS_DISABLED" status: 200 len: 1309 microversion: 1.36
Aug 22 15:09:58.569777 n-d-841017-5 devstack@placement-api.service[114151]: [pid: 114151|app: 0|req: 348/691] 10.222.0.17 () {60 vars in 1506 bytes} [Mon Aug 22 15:09:58 2022] GET /placement/allocation_candidates?limit=1000&resources=DISK_GB%3A1%2CMEMORY_MB%3A1024%2CVCPU%3A1&root_required=%21COMPUTE_STATUS_DISABLED => generated 1309 bytes in 101 msecs (HTTP/1.1 200) 8 headers in 297 bytes (1 switches on core 0)
Aug 22 15:09:58.696873 n-d-841017-5 devstack@placement-api.service[114152]: DEBUG placement.requestlog [req-b01b5894-8ad5-4eb7-b7f0-fa871cb2257a req-0aeb252f-6f75-48e7-9417-b5f901371e72 None None] Starting request: 10.222.0.17 "GET /placement/allocations/4874ce16-4366-4b58-9d89-45ed81519dff" {{(pid=114152) __call__ /opt/stack/placement/placement/requestlog.py:55}}
Aug 22 15:09:58.712553 n-d-841017-5 devstack@placement-api.service[114152]: INFO placement.requestlog [req-b01b5894-8ad5-4eb7-b7f0-fa871cb2257a req-0aeb252f-6f75-48e7-9417-b5f901371e72 service placement] 10.222.0.17 "GET /placement/allocations/4874ce16-4366-4b58-9d89-45ed81519dff" status: 200 len: 19 microversion: 1.28
Aug 22 15:09:58.712967 n-d-841017-5 devstack@placement-api.service[114152]: [pid: 114152|app: 0|req: 344/692] 10.222.0.17 () {60 vars in 1380 bytes} [Mon Aug 22 15:09:58 2022] GET /placement/allocations/4874ce16-4366-4b58-9d89-45ed81519dff => generated 19 bytes in 16 msecs (HTTP/1.1 200) 8 headers in 295 bytes (1 switches on core 0)
Aug 22 15:09:58.720281 n-d-841017-5 devstack@placement-api.service[114151]: DEBUG placement.requestlog [req-b01b5894-8ad5-4eb7-b7f0-fa871cb2257a req-9525e045-f218-43c1-9c04-c0f785d4a06e None None] Starting request: 10.222.0.17 "PUT /placement/allocations/4874ce16-4366-4b58-9d89-45ed81519dff" {{(pid=114151) __call__ /opt/stack/placement/placement/requestlog.py:55}}
Aug 22 15:09:58.810518 n-d-841017-5 devstack@placement-api.service[114151]: DEBUG placement.handlers.allocation [req-b01b5894-8ad5-4eb7-b7f0-fa871cb2257a req-9525e045-f218-43c1-9c04-c0f785d4a06e service placement] Successfully wrote allocations [, , ] {{(pid=114151) _update_consumers_and_create_allocations /opt/stack/placement/placement/handlers/allocation.py:462}}
Aug 22 15:09:58.826833 n-d-841017-5 devstack@placement-api.service[114151]: INFO placement.requestlog [req-b01b5894-8ad5-4eb7-b7f0-fa871cb2257a req-9525e045-f218-43c1-9c04-c0f785d4a06e service placement] 10.222.0.17 "PUT /placement/allocations/4874ce16-4366-4b58-9d89-45ed81519dff" status: 204 len: 0 microversion: 1.36
Aug 22 15:09:58.827249 n-d-841017-5 devstack@placement-api.service[114151]: [pid: 114151|app: 0|req: 349/693] 10.222.0.17 () {64 vars in 1433 bytes} [Mon Aug 22 15:09:58 2022] PUT /placement/allocations/4874ce16-4366-4b58-9d89-45ed81519dff => generated 0 bytes in 107 msecs (HTTP/1.1 204) 5 headers in 199 bytes (2 switches on core 0)
Aug 22 15:09:59.449082 n-d-841017-5 devstack@placement-api.service[114152]: DEBUG placement.requestlog [req-b01b5894-8ad5-4eb7-b7f0-fa871cb2257a req-2b46ee9c-5cce-43fd-bb5f-6a735f4ebc9b None None] Starting request: 10.222.0.58 "GET /placement/allocations/4874ce16-4366-4b58-9d89-45ed81519dff" {{(pid=114152) __call__ /opt/stack/placement/placement/requestlog.py:55}}
Aug 22 15:09:59.465297 n-d-841017-5 devstack@placement-api.service[114152]: INFO placement.requestlog [req-b01b5894-8ad5-4eb7-b7f0-fa871cb2257a req-2b46ee9c-5cce-43fd-bb5f-6a735f4ebc9b service placement] 10.222.0.58 "GET /placement/allocations/4874ce16-4366-4b58-9d89-45ed81519dff" status: 200 len: 259 microversion: 1.28
Aug 22 15:09:59.466647 n-d-841017-5 devstack@placement-api.service[114152]: [pid: 114152|app: 0|req: 345/694] 10.222.0.58 () {60 vars in 1377 bytes} [Mon Aug 22 15:09:59 2022] GET /placement/allocations/4874ce16-4366-4b58-9d89-45ed81519dff => generated 259 bytes in 18 msecs (HTTP/1.1 200) 8 headers in 296 bytes (1 switches on core 0)
Aug 22 15:09:59.762574 n-d-841017-5 devstack@placement-api.service[114151]: DEBUG placement.requestlog [req-4b510fd7-b330-4868-85ef-b8a35e87c429 req-608b467a-05e6-4e83-83d9-d848136df96f None None] Starting request: 10.222.0.58 "GET /placement/resource_providers/2764cddb-14bd-4df0-a967-4dfce0380365/allocations" {{(pid=114151) __call__ /opt/stack/placement/placement/requestlog.py:55}}
Aug 22 15:09:59.803925 n-d-841017-5 devstack@placement-api.service[114151]: INFO placement.requestlog [req-4b510fd7-b330-4868-85ef-b8a35e87c429 req-608b467a-05e6-4e83-83d9-d848136df96f service placement] 10.222.0.58 "GET /placement/resource_providers/2764cddb-14bd-4df0-a967-4dfce0380365/allocations" status: 200 len: 558 microversion: 1.0
Aug 22 15:09:59.804586 n-d-841017-5 devstack@placement-api.service[114151]: [pid: 114151|app: 0|req: 350/695] 10.222.0.58 () {58 vars in 1390 bytes} [Mon Aug 22 15:09:59 2022] GET /placement/resource_providers/2764cddb-14bd-4df0-a967-4dfce0380365/allocations => generated 558 bytes in 42 msecs (HTTP/1.1 200) 6 headers in 224 bytes (1 switches on core 0)
Aug 22 15:10:01.659786 n-d-841017-5 devstack@placement-api.service[114152]: DEBUG placement.requestlog [req-0a5302a6-fcd8-48b1-ace1-bbdea801c798 req-0e9d2ca0-28cc-43a0-aea8-7697e878f537 None None] Starting request: 10.222.0.58 "GET /placement/resource_providers/2764cddb-14bd-4df0-a967-4dfce0380365/allocations" {{(pid=114152) __call__ /opt/stack/placement/placement/requestlog.py:55}}
Aug 22 15:10:01.705181 n-d-841017-5 devstack@placement-api.service[114152]: DEBUG dbcounter [-] [114152] Writing DB stats placement:SELECT=80,placement:INSERT=10,placement:DELETE=6,placement:UPDATE=4 {{(pid=114152) stat_writer /usr/local/lib/python3.8/dist-packages/dbcounter.py:114}}
Aug 22 15:10:01.710208 n-d-841017-5 devstack@placement-api.service[114152]: INFO placement.requestlog [req-0a5302a6-fcd8-48b1-ace1-bbdea801c798 req-0e9d2ca0-28cc-43a0-aea8-7697e878f537 service placement] 10.222.0.58 "GET /placement/resource_providers/2764cddb-14bd-4df0-a967-4dfce0380365/allocations" status: 200 len: 558 microversion: 1.0
Aug 22 15:10:01.710874 n-d-841017-5 devstack@placement-api.service[114152]: [pid: 114152|app: 0|req: 346/696] 10.222.0.58 () {58 vars in 1390 bytes} [Mon Aug 22 15:10:01 2022] GET /placement/resource_providers/2764cddb-14bd-4df0-a967-4dfce0380365/allocations => generated 558 bytes in 51 msecs (HTTP/1.1 200) 6 headers in 224 bytes (1 switches on core 0)
Aug 22 15:10:06.507990 n-d-841017-5 devstack@placement-api.service[114151]: DEBUG placement.requestlog [req-4447d80b-fb1c-46f8-9eb2-f7aba01934f4 req-14ca0b7a-1e99-4230-b184-b157e46eec73 None None] Starting request: 10.222.0.17 "GET /placement/allocations/427623f0-15be-4fac-976c-d59c2bf42617" {{(pid=114151) __call__ /opt/stack/placement/placement/requestlog.py:55}}
Aug 22 15:10:06.718350 n-d-841017-5 devstack@placement-api.service[114151]: INFO placement.requestlog [req-4447d80b-fb1c-46f8-9eb2-f7aba01934f4 req-14ca0b7a-1e99-4230-b184-b157e46eec73 service placement] 10.222.0.17 "GET /placement/allocations/427623f0-15be-4fac-976c-d59c2bf42617" status: 200 len: 259 microversion: 1.28
Aug 22 15:10:06.719253 n-d-841017-5 devstack@placement-api.service[114151]: [pid: 114151|app: 0|req: 351/697] 10.222.0.17 () {60 vars in 1380 bytes} [Mon Aug 22 15:10:06 2022] GET /placement/allocations/427623f0-15be-4fac-976c-d59c2bf42617 => generated 259 bytes in 211 msecs (HTTP/1.1 200) 8 headers in 296 bytes (1 switches on core 0)
Aug 22 15:10:06.725114 n-d-841017-5 devstack@placement-api.service[114152]: DEBUG placement.requestlog [req-4447d80b-fb1c-46f8-9eb2-f7aba01934f4 req-74fde555-36be-44aa-9cdf-93d3bfa15fd8 None None] Starting request: 10.222.0.17 "GET /placement/allocations/427623f0-15be-4fac-976c-d59c2bf42617" {{(pid=114152) __call__ /opt/stack/placement/placement/requestlog.py:55}}
Aug 22 15:10:06.743948 n-d-841017-5 devstack@placement-api.service[114152]: INFO placement.requestlog [req-4447d80b-fb1c-46f8-9eb2-f7aba01934f4 req-74fde555-36be-44aa-9cdf-93d3bfa15fd8 service placement] 10.222.0.17 "GET /placement/allocations/427623f0-15be-4fac-976c-d59c2bf42617" status: 200 len: 259 microversion: 1.28
Aug 22 15:10:06.751478 n-d-841017-5 devstack@placement-api.service[114151]: DEBUG placement.requestlog [req-4447d80b-fb1c-46f8-9eb2-f7aba01934f4 req-5d3e7d58-3921-4a66-962b-cd767f5b6120 None None] Starting request: 10.222.0.17 "GET /placement/allocations/0fc951a5-4aad-429e-a6a1-3bc52583b3b4" {{(pid=114151) __call__ /opt/stack/placement/placement/requestlog.py:55}}
Aug 22 15:10:06.759387 n-d-841017-5 devstack@placement-api.service[114152]: [pid: 114152|app: 0|req: 347/698] 10.222.0.17 () {60 vars in 1380 bytes} [Mon Aug 22 15:10:06 2022] GET /placement/allocations/427623f0-15be-4fac-976c-d59c2bf42617 => generated 259 bytes in 34 msecs (HTTP/1.1 200) 8 headers in 296 bytes (1 switches on core 0)
Aug 22 15:10:06.766514 n-d-841017-5 devstack@placement-api.service[114151]: INFO placement.requestlog [req-4447d80b-fb1c-46f8-9eb2-f7aba01934f4 req-5d3e7d58-3921-4a66-962b-cd767f5b6120 service placement] 10.222.0.17 "GET /placement/allocations/0fc951a5-4aad-429e-a6a1-3bc52583b3b4" status: 200 len: 19 microversion: 1.28
Aug 22 15:10:06.774750 n-d-841017-5 devstack@placement-api.service[114152]: DEBUG placement.requestlog [req-4447d80b-fb1c-46f8-9eb2-f7aba01934f4 req-ba2c52af-cb9b-4ab2-b035-5084f54b63c7 None None] Starting request: 10.222.0.17 "POST /placement/allocations" {{(pid=114152) __call__ /opt/stack/placement/placement/requestlog.py:55}}
Aug 22 15:10:06.782781 n-d-841017-5 devstack@placement-api.service[114151]: [pid: 114151|app: 0|req: 352/699] 10.222.0.17 () {60 vars in 1380 bytes} [Mon Aug 22 15:10:06 2022] GET /placement/allocations/0fc951a5-4aad-429e-a6a1-3bc52583b3b4 => generated 19 bytes in 31 msecs (HTTP/1.1 200) 8 headers in 295 bytes (1 switches on core 0)
Aug 22 15:10:06.898337 n-d-841017-5 devstack@placement-api.service[114152]: DEBUG placement.handlers.allocation [req-4447d80b-fb1c-46f8-9eb2-f7aba01934f4 req-ba2c52af-cb9b-4ab2-b035-5084f54b63c7 service placement] Successfully wrote allocations [, , , , , ] {{(pid=114152) _update_consumers_and_create_allocations /opt/stack/placement/placement/handlers/allocation.py:572}}
Aug 22 15:10:06.923026 n-d-841017-5 devstack@placement-api.service[114152]: INFO placement.requestlog [req-4447d80b-fb1c-46f8-9eb2-f7aba01934f4 req-ba2c52af-cb9b-4ab2-b035-5084f54b63c7 service placement] 10.222.0.17 "POST /placement/allocations" status: 204 len: 0 microversion: 1.28
Aug 22 15:10:06.937045 n-d-841017-5 devstack@placement-api.service[114152]: [pid: 114152|app: 0|req: 348/700] 10.222.0.17 () {64 vars in 1323 bytes} [Mon Aug 22 15:10:06 2022] POST /placement/allocations => generated 0 bytes in 150 msecs (HTTP/1.1 204) 5 headers in 199 bytes (2 switches on core 0)
Aug 22 15:10:06.967795 n-d-841017-5 devstack@placement-api.service[114151]: DEBUG placement.requestlog [req-4447d80b-fb1c-46f8-9eb2-f7aba01934f4 req-eb7bd42b-7816-4016-befd-402e9ae7dcc1 None None] Starting request: 10.222.0.17 "GET /placement/allocations/427623f0-15be-4fac-976c-d59c2bf42617" {{(pid=114151) __call__ /opt/stack/placement/placement/requestlog.py:55}}
Aug 22 15:10:06.984279 n-d-841017-5 devstack@placement-api.service[114151]: INFO placement.requestlog [req-4447d80b-fb1c-46f8-9eb2-f7aba01934f4 req-eb7bd42b-7816-4016-befd-402e9ae7dcc1 service placement] 10.222.0.17 "GET /placement/allocations/427623f0-15be-4fac-976c-d59c2bf42617" status: 200 len: 19 microversion: 1.28
Aug 22 15:10:06.990574 n-d-841017-5 devstack@placement-api.service[114151]: [pid: 114151|app: 0|req: 353/701] 10.222.0.17 () {60 vars in 1380 bytes} [Mon Aug 22 15:10:06 2022] GET /placement/allocations/427623f0-15be-4fac-976c-d59c2bf42617 => generated 19 bytes in 22 msecs (HTTP/1.1 200) 8 headers in 295 bytes (1 switches on core 0)
Aug 22 15:10:06.994206 n-d-841017-5 devstack@placement-api.service[114152]: DEBUG placement.requestlog [req-4447d80b-fb1c-46f8-9eb2-f7aba01934f4 req-40d30161-dd54-4d50-b834-7c18e562cd79 None None] Starting request: 10.222.0.17 "PUT /placement/allocations/427623f0-15be-4fac-976c-d59c2bf42617" {{(pid=114152) __call__ /opt/stack/placement/placement/requestlog.py:55}}
Aug 22 15:10:07.128422 n-d-841017-5 devstack@placement-api.service[114152]: DEBUG placement.handlers.allocation [req-4447d80b-fb1c-46f8-9eb2-f7aba01934f4 req-40d30161-dd54-4d50-b834-7c18e562cd79 service placement] Successfully wrote allocations [, , ] {{(pid=114152) _update_consumers_and_create_allocations /opt/stack/placement/placement/handlers/allocation.py:462}}
Aug 22 15:10:07.142603 n-d-841017-5 devstack@placement-api.service[114152]: INFO placement.requestlog [req-4447d80b-fb1c-46f8-9eb2-f7aba01934f4 req-40d30161-dd54-4d50-b834-7c18e562cd79 service placement] 10.222.0.17 "PUT /placement/allocations/427623f0-15be-4fac-976c-d59c2bf42617" status: 204 len: 0 microversion: 1.28
Aug 22 15:10:07.143455 n-d-841017-5 devstack@placement-api.service[114152]: [pid: 114152|app: 0|req: 349/702] 10.222.0.17 () {64 vars in 1433 bytes} [Mon Aug 22 15:10:06 2022] PUT /placement/allocations/427623f0-15be-4fac-976c-d59c2bf42617 => generated 0 bytes in 150 msecs (HTTP/1.1 204) 5 headers in 199 bytes (2 switches on core 0)
Aug 22 15:10:07.299193 n-d-841017-5 devstack@placement-api.service[114151]: DEBUG placement.requestlog [req-4447d80b-fb1c-46f8-9eb2-f7aba01934f4 req-012943cf-9877-45bf-9366-4f3bb05ea10e None None] Starting request: 10.222.0.58 "GET /placement/allocations/427623f0-15be-4fac-976c-d59c2bf42617" {{(pid=114151) __call__ /opt/stack/placement/placement/requestlog.py:55}}
Aug 22 15:10:07.315750 n-d-841017-5 devstack@placement-api.service[114151]: INFO placement.requestlog [req-4447d80b-fb1c-46f8-9eb2-f7aba01934f4 req-012943cf-9877-45bf-9366-4f3bb05ea10e service placement] 10.222.0.58 "GET /placement/allocations/427623f0-15be-4fac-976c-d59c2bf42617" status: 200 len: 259 microversion: 1.28
Aug 22 15:10:07.316421 n-d-841017-5 devstack@placement-api.service[114151]: [pid: 114151|app: 0|req: 354/703] 10.222.0.58 () {60 vars in 1377 bytes} [Mon Aug 22 15:10:07 2022] GET /placement/allocations/427623f0-15be-4fac-976c-d59c2bf42617 => generated 259 bytes in 18 msecs (HTTP/1.1 200) 8 headers in 296 bytes (1 switches on core 0)
Aug 22 15:10:11.583820 n-d-841017-5 devstack@placement-api.service[114152]: DEBUG placement.requestlog [req-6dde2021-6476-4217-afb0-13198666c87c req-43af6e69-db8b-4bce-b231-3e31a54317a1 None None] Starting request: 10.222.0.70 "GET /placement/resource_providers/a94d541e-cbdf-4936-81db-561ababf465a/allocations" {{(pid=114152) __call__ /opt/stack/placement/placement/requestlog.py:55}}
Aug 22 15:10:11.631494 n-d-841017-5 devstack@placement-api.service[114152]: INFO placement.requestlog [req-6dde2021-6476-4217-afb0-13198666c87c req-43af6e69-db8b-4bce-b231-3e31a54317a1 service placement] 10.222.0.70 "GET /placement/resource_providers/a94d541e-cbdf-4936-81db-561ababf465a/allocations" status: 200 len: 544 microversion: 1.0
Aug 22 15:10:11.631769 n-d-841017-5 devstack@placement-api.service[114152]: [pid: 114152|app: 0|req: 350/704] 10.222.0.70 () {58 vars in 1390 bytes} [Mon Aug 22 15:10:11 2022] GET /placement/resource_providers/a94d541e-cbdf-4936-81db-561ababf465a/allocations => generated 544 bytes in 48 msecs (HTTP/1.1 200) 6 headers in 224 bytes (1 switches on core 0)
Aug 22 15:10:15.878778 n-d-841017-5 devstack@placement-api.service[114151]: DEBUG placement.requestlog [None req-6ca65714-69a4-49ab-a67f-1f9db5a17b14 None None] Starting request: 10.222.0.17 "GET /placement/resource_providers/fadf59b5-6907-4bb9-a252-75bd4b102d20/aggregates" {{(pid=114151) __call__ /opt/stack/placement/placement/requestlog.py:55}}
Aug 22 15:10:15.892445 n-d-841017-5 devstack@placement-api.service[114151]: INFO placement.requestlog [None req-6ca65714-69a4-49ab-a67f-1f9db5a17b14 service placement] 10.222.0.17 "GET /placement/resource_providers/fadf59b5-6907-4bb9-a252-75bd4b102d20/aggregates" status: 404 len: 235 microversion: 1.1
Aug 22 15:10:15.893143 n-d-841017-5 devstack@placement-api.service[114151]: [pid: 114151|app: 0|req: 355/705] 10.222.0.17 () {58 vars in 1362 bytes} [Mon Aug 22 15:10:15 2022] GET /placement/resource_providers/fadf59b5-6907-4bb9-a252-75bd4b102d20/aggregates => generated 235 bytes in 15 msecs (HTTP/1.1 404) 5 headers in 202 bytes (1 switches on core 0)
Aug 22 15:10:15.909926 n-d-841017-5 devstack@placement-api.service[114152]: DEBUG placement.requestlog [None req-b4340856-0f7c-45ae-8551-4ba93c50e6d2 None None] Starting request: 10.222.0.17 "DELETE /placement/resource_providers/fadf59b5-6907-4bb9-a252-75bd4b102d20" {{(pid=114152) __call__ /opt/stack/placement/placement/requestlog.py:55}}
Aug 22 15:10:15.924365 n-d-841017-5 devstack@placement-api.service[114152]: DEBUG placement.wsgi_wrapper [None req-b4340856-0f7c-45ae-8551-4ba93c50e6d2 service placement] Placement API returning an error response: No resource provider with uuid fadf59b5-6907-4bb9-a252-75bd4b102d20 found for delete {{(pid=114152) call_func /opt/stack/placement/placement/wsgi_wrapper.py:31}}
Aug 22 15:10:15.925141 n-d-841017-5 devstack@placement-api.service[114152]: INFO placement.requestlog [None req-b4340856-0f7c-45ae-8551-4ba93c50e6d2 service placement] 10.222.0.17 "DELETE /placement/resource_providers/fadf59b5-6907-4bb9-a252-75bd4b102d20" status: 404 len: 246 microversion: 1.1
Aug 22 15:10:15.927327 n-d-841017-5 devstack@placement-api.service[114152]: [pid: 114152|app: 0|req: 351/706] 10.222.0.17 () {60 vars in 1351 bytes} [Mon Aug 22 15:10:15 2022] DELETE /placement/resource_providers/fadf59b5-6907-4bb9-a252-75bd4b102d20 => generated 246 bytes in 17 msecs (HTTP/1.1 404) 6 headers in 231 bytes (1 switches on core 0)
Aug 22 15:10:24.878529 n-d-841017-5 devstack@placement-api.service[114151]: DEBUG placement.requestlog [req-f7ab8cfa-fa88-4fec-895c-9a0715985418 req-8a32b967-d229-4c14-bb4f-577843f982d9 None None] Starting request: 10.222.0.58 "DELETE /placement/allocations/4874ce16-4366-4b58-9d89-45ed81519dff" {{(pid=114151) __call__ /opt/stack/placement/placement/requestlog.py:55}}
Aug 22 15:10:24.952426 n-d-841017-5 devstack@placement-api.service[114151]: DEBUG placement.handlers.allocation [req-f7ab8cfa-fa88-4fec-895c-9a0715985418 req-8a32b967-d229-4c14-bb4f-577843f982d9 service placement] Successfully deleted allocations [, , ] {{(pid=114151) delete_allocations /opt/stack/placement/placement/handlers/allocation.py:627}}
Aug 22 15:10:24.952917 n-d-841017-5 devstack@placement-api.service[114151]: INFO placement.requestlog [req-f7ab8cfa-fa88-4fec-895c-9a0715985418 req-8a32b967-d229-4c14-bb4f-577843f982d9 service placement] 10.222.0.58 "DELETE /placement/allocations/4874ce16-4366-4b58-9d89-45ed81519dff" status: 204 len: 0 microversion: 1.0
Aug 22 15:10:24.953487 n-d-841017-5 devstack@placement-api.service[114151]: [pid: 114151|app: 0|req: 356/707] 10.222.0.58 () {60 vars in 1355 bytes} [Mon Aug 22 15:10:24 2022] DELETE /placement/allocations/4874ce16-4366-4b58-9d89-45ed81519dff => generated 0 bytes in 75 msecs (HTTP/1.1 204) 5 headers in 198 bytes (2 switches on core 0)
Aug 22 15:10:25.919883 n-d-841017-5 devstack@placement-api.service[114152]: DEBUG dbcounter [-] [114152] Writing DB stats placement:SELECT=47,placement:INSERT=8,placement:DELETE=5,placement:UPDATE=5 {{(pid=114152) stat_writer /usr/local/lib/python3.8/dist-packages/dbcounter.py:114}}
Aug 22 15:10:29.518772 n-d-841017-5 devstack@placement-api.service[114152]: DEBUG placement.requestlog [req-7463e9a8-002d-42a4-9175-253c7e31143e req-fbd9c571-e339-4265-9d59-73a8f5115cf4 None None] Starting request: 10.222.0.17 "GET /placement/allocation_candidates?limit=1000&resources=DISK_GB%3A1%2CMEMORY_MB%3A1024%2CVCPU%3A1&root_required=%21COMPUTE_STATUS_DISABLED" {{(pid=114152) __call__ /opt/stack/placement/placement/requestlog.py:55}}
Aug 22 15:10:29.614713 n-d-841017-5 devstack@placement-api.service[114152]: DEBUG placement.objects.research_context [req-7463e9a8-002d-42a4-9175-253c7e31143e req-fbd9c571-e339-4265-9d59-73a8f5115cf4 service placement] getting providers with 1 DISK_GB {{(pid=114152) __init__ /opt/stack/placement/placement/objects/research_context.py:136}}
Aug 22 15:10:29.624896 n-d-841017-5 devstack@placement-api.service[114152]: DEBUG placement.objects.research_context [req-7463e9a8-002d-42a4-9175-253c7e31143e req-fbd9c571-e339-4265-9d59-73a8f5115cf4 service placement] getting providers with 1024 MEMORY_MB {{(pid=114152) __init__ /opt/stack/placement/placement/objects/research_context.py:136}}
Aug 22 15:10:29.632238 n-d-841017-5 devstack@placement-api.service[114152]: DEBUG placement.objects.research_context [req-7463e9a8-002d-42a4-9175-253c7e31143e req-fbd9c571-e339-4265-9d59-73a8f5115cf4 service placement] getting providers with 1 VCPU {{(pid=114152) __init__ /opt/stack/placement/placement/objects/research_context.py:136}}
Aug 22 15:10:29.649615 n-d-841017-5 devstack@placement-api.service[114152]: DEBUG placement.objects.research_context [req-7463e9a8-002d-42a4-9175-253c7e31143e req-fbd9c571-e339-4265-9d59-73a8f5115cf4 service placement] found 2 providers with available 1 DISK_GB {{(pid=114152) get_provider_ids_matching /opt/stack/placement/placement/objects/research_context.py:563}}
Aug 22 15:10:29.650061 n-d-841017-5 devstack@placement-api.service[114152]: DEBUG placement.objects.research_context [req-7463e9a8-002d-42a4-9175-253c7e31143e req-fbd9c571-e339-4265-9d59-73a8f5115cf4 service placement] found 2 providers with available 1024 MEMORY_MB {{(pid=114152) get_provider_ids_matching /opt/stack/placement/placement/objects/research_context.py:563}}
Aug 22 15:10:29.650596 n-d-841017-5 devstack@placement-api.service[114152]: DEBUG placement.objects.research_context [req-7463e9a8-002d-42a4-9175-253c7e31143e req-fbd9c571-e339-4265-9d59-73a8f5115cf4 service placement] found 2 providers after filtering by previous result {{(pid=114152) get_provider_ids_matching /opt/stack/placement/placement/objects/research_context.py:594}}
Aug 22 15:10:29.651090 n-d-841017-5 devstack@placement-api.service[114152]: DEBUG placement.objects.research_context [req-7463e9a8-002d-42a4-9175-253c7e31143e req-fbd9c571-e339-4265-9d59-73a8f5115cf4 service placement] found 2 providers with available 1 VCPU {{(pid=114152) get_provider_ids_matching /opt/stack/placement/placement/objects/research_context.py:563}}
Aug 22 15:10:29.651512 n-d-841017-5 devstack@placement-api.service[114152]: DEBUG placement.objects.research_context [req-7463e9a8-002d-42a4-9175-253c7e31143e req-fbd9c571-e339-4265-9d59-73a8f5115cf4 service placement] found 2 providers after filtering by previous result {{(pid=114152) get_provider_ids_matching /opt/stack/placement/placement/objects/research_context.py:594}}
Aug 22 15:10:29.670345 n-d-841017-5 devstack@placement-api.service[114152]: DEBUG placement.objects.allocation_candidate [req-7463e9a8-002d-42a4-9175-253c7e31143e req-fbd9c571-e339-4265-9d59-73a8f5115cf4 service placement] RequestGroup(use_same_provider=False, resources={DISK_GB:1, MEMORY_MB:1024, VCPU:1}, traits=(), aggregates=[]) (suffix '') returned 2 matches {{(pid=114152) _get_by_requests /opt/stack/placement/placement/objects/allocation_candidate.py:156}}
Aug 22 15:10:29.673950 n-d-841017-5 devstack@placement-api.service[114152]: DEBUG placement.objects.allocation_candidate [req-7463e9a8-002d-42a4-9175-253c7e31143e req-fbd9c571-e339-4265-9d59-73a8f5115cf4 service placement] Merging candidates yields 2 allocation requests and 2 provider summaries {{(pid=114152) _merge_candidates /opt/stack/placement/placement/objects/allocation_candidate.py:809}}
Aug 22 15:10:29.676047 n-d-841017-5 devstack@placement-api.service[114152]: INFO placement.requestlog [req-7463e9a8-002d-42a4-9175-253c7e31143e req-fbd9c571-e339-4265-9d59-73a8f5115cf4 service placement] 10.222.0.17 "GET /placement/allocation_candidates?limit=1000&resources=DISK_GB%3A1%2CMEMORY_MB%3A1024%2CVCPU%3A1&root_required=%21COMPUTE_STATUS_DISABLED" status: 200 len: 1309 microversion: 1.36
Aug 22 15:10:29.676967 n-d-841017-5 devstack@placement-api.service[114152]: [pid: 114152|app: 0|req: 352/708] 10.222.0.17 () {60 vars in 1506 bytes} [Mon Aug 22 15:10:29 2022] GET /placement/allocation_candidates?limit=1000&resources=DISK_GB%3A1%2CMEMORY_MB%3A1024%2CVCPU%3A1&root_required=%21COMPUTE_STATUS_DISABLED => generated 1309 bytes in 158 msecs (HTTP/1.1 200) 8 headers in 297 bytes (1 switches on core 0)
Aug 22 15:10:29.784725 n-d-841017-5 devstack@placement-api.service[114151]: DEBUG placement.requestlog [req-7463e9a8-002d-42a4-9175-253c7e31143e req-b275c423-0037-4372-9ae9-8af0d2571138 None None] Starting request: 10.222.0.17 "GET /placement/allocations/6f415b74-79f0-48ca-8ca1-15141a6988e0" {{(pid=114151) __call__ /opt/stack/placement/placement/requestlog.py:55}}
Aug 22 15:10:29.791976 n-d-841017-5 devstack@placement-api.service[114151]: DEBUG dbcounter [-] [114151] Writing DB stats placement:SELECT=53,placement:INSERT=4,placement:DELETE=4,placement:UPDATE=2 {{(pid=114151) stat_writer /usr/local/lib/python3.8/dist-packages/dbcounter.py:114}}
Aug 22 15:10:29.800091 n-d-841017-5 devstack@placement-api.service[114151]: INFO placement.requestlog [req-7463e9a8-002d-42a4-9175-253c7e31143e req-b275c423-0037-4372-9ae9-8af0d2571138 service placement] 10.222.0.17 "GET /placement/allocations/6f415b74-79f0-48ca-8ca1-15141a6988e0" status: 200 len: 19 microversion: 1.28
Aug 22 15:10:29.800482 n-d-841017-5 devstack@placement-api.service[114151]: [pid: 114151|app: 0|req: 357/709] 10.222.0.17 () {60 vars in 1380 bytes} [Mon Aug 22 15:10:29 2022] GET /placement/allocations/6f415b74-79f0-48ca-8ca1-15141a6988e0 => generated 19 bytes in 16 msecs (HTTP/1.1 200) 8 headers in 295 bytes (1 switches on core 0)
Aug 22 15:10:29.807902 n-d-841017-5 devstack@placement-api.service[114152]: DEBUG placement.requestlog [req-7463e9a8-002d-42a4-9175-253c7e31143e req-d34aab0e-4fba-4d4f-80a3-c268289903d3 None None] Starting request: 10.222.0.17 "PUT /placement/allocations/6f415b74-79f0-48ca-8ca1-15141a6988e0" {{(pid=114152) __call__ /opt/stack/placement/placement/requestlog.py:55}}
Aug 22 15:10:29.985064 n-d-841017-5 devstack@placement-api.service[114152]: DEBUG placement.handlers.allocation [req-7463e9a8-002d-42a4-9175-253c7e31143e req-d34aab0e-4fba-4d4f-80a3-c268289903d3 service placement] Successfully wrote allocations [, , ] {{(pid=114152) _update_consumers_and_create_allocations /opt/stack/placement/placement/handlers/allocation.py:462}}
Aug 22 15:10:29.999481 n-d-841017-5 devstack@placement-api.service[114152]: INFO placement.requestlog [req-7463e9a8-002d-42a4-9175-253c7e31143e req-d34aab0e-4fba-4d4f-80a3-c268289903d3 service placement] 10.222.0.17 "PUT /placement/allocations/6f415b74-79f0-48ca-8ca1-15141a6988e0" status: 204 len: 0 microversion: 1.36
Aug 22 15:10:30.000110 n-d-841017-5 devstack@placement-api.service[114152]: [pid: 114152|app: 0|req: 353/710] 10.222.0.17 () {64 vars in 1433 bytes} [Mon Aug 22 15:10:29 2022] PUT /placement/allocations/6f415b74-79f0-48ca-8ca1-15141a6988e0 => generated 0 bytes in 193 msecs (HTTP/1.1 204) 5 headers in 199 bytes (1 switches on core 0)
Aug 22 15:10:30.625714 n-d-841017-5 devstack@placement-api.service[114151]: DEBUG placement.requestlog [req-7463e9a8-002d-42a4-9175-253c7e31143e req-bd36e0be-4b37-4f5d-94ce-39f2cc85094d None None] Starting request: 10.222.0.70 "GET /placement/allocations/6f415b74-79f0-48ca-8ca1-15141a6988e0" {{(pid=114151) __call__ /opt/stack/placement/placement/requestlog.py:55}}
Aug 22 15:10:30.697731 n-d-841017-5 devstack@placement-api.service[114151]: INFO placement.requestlog [req-7463e9a8-002d-42a4-9175-253c7e31143e req-bd36e0be-4b37-4f5d-94ce-39f2cc85094d service placement] 10.222.0.70 "GET /placement/allocations/6f415b74-79f0-48ca-8ca1-15141a6988e0" status: 200 len: 259 microversion: 1.28
Aug 22 15:10:30.698260 n-d-841017-5 devstack@placement-api.service[114151]: [pid: 114151|app: 0|req: 358/711] 10.222.0.70 () {60 vars in 1377 bytes} [Mon Aug 22 15:10:30 2022] GET /placement/allocations/6f415b74-79f0-48ca-8ca1-15141a6988e0 => generated 259 bytes in 73 msecs (HTTP/1.1 200) 8 headers in 296 bytes (1 switches on core 0)
Aug 22 15:10:34.220669 n-d-841017-5 devstack@placement-api.service[114152]: DEBUG placement.requestlog [req-973a11ba-8c7e-4c33-959f-d02e4a5d7d70 req-7f549f59-58f0-42cb-b2a2-556546e85dab None None] Starting request: 10.222.0.70 "DELETE /placement/allocations/100a8cf9-4167-4ec0-9f29-8cfca22463af" {{(pid=114152) __call__ /opt/stack/placement/placement/requestlog.py:55}}
Aug 22 15:10:34.287640 n-d-841017-5 devstack@placement-api.service[114152]: DEBUG placement.handlers.allocation [req-973a11ba-8c7e-4c33-959f-d02e4a5d7d70 req-7f549f59-58f0-42cb-b2a2-556546e85dab service placement] Successfully deleted allocations [, , ] {{(pid=114152) delete_allocations /opt/stack/placement/placement/handlers/allocation.py:627}}
Aug 22 15:10:34.288434 n-d-841017-5 devstack@placement-api.service[114152]: INFO placement.requestlog [req-973a11ba-8c7e-4c33-959f-d02e4a5d7d70 req-7f549f59-58f0-42cb-b2a2-556546e85dab service placement] 10.222.0.70 "DELETE /placement/allocations/100a8cf9-4167-4ec0-9f29-8cfca22463af" status: 204 len: 0 microversion: 1.0
Aug 22 15:10:34.289546 n-d-841017-5 devstack@placement-api.service[114152]: [pid: 114152|app: 0|req: 354/712] 10.222.0.70 () {60 vars in 1355 bytes} [Mon Aug 22 15:10:34 2022] DELETE /placement/allocations/100a8cf9-4167-4ec0-9f29-8cfca22463af => generated 0 bytes in 69 msecs (HTTP/1.1 204) 5 headers in 198 bytes (1 switches on core 0)
Aug 22 15:10:40.686358 n-d-841017-5 devstack@placement-api.service[114151]: DEBUG dbcounter [-] [114151] Writing DB stats placement:SELECT=5 {{(pid=114151) stat_writer /usr/local/lib/python3.8/dist-packages/dbcounter.py:114}}
Aug 22 15:10:41.821641 n-d-841017-5 devstack@placement-api.service[114151]: DEBUG placement.requestlog [req-7840def1-3982-4b79-a01a-e6ea99ca2e27 req-e42bc78a-450d-456a-9206-133c6e630c00 None None] Starting request: 10.222.0.58 "DELETE /placement/allocations/5d8e5ecc-3320-4683-9a03-48ffcd456429" {{(pid=114151) __call__ /opt/stack/placement/placement/requestlog.py:55}}
Aug 22 15:10:41.946450 n-d-841017-5 devstack@placement-api.service[114151]: DEBUG placement.handlers.allocation [req-7840def1-3982-4b79-a01a-e6ea99ca2e27 req-e42bc78a-450d-456a-9206-133c6e630c00 service placement] Successfully deleted allocations [, , ] {{(pid=114151) delete_allocations /opt/stack/placement/placement/handlers/allocation.py:627}}
Aug 22 15:10:41.947200 n-d-841017-5 devstack@placement-api.service[114151]: INFO placement.requestlog [req-7840def1-3982-4b79-a01a-e6ea99ca2e27 req-e42bc78a-450d-456a-9206-133c6e630c00 service placement] 10.222.0.58 "DELETE /placement/allocations/5d8e5ecc-3320-4683-9a03-48ffcd456429" status: 204 len: 0 microversion: 1.0
Aug 22 15:10:41.948001 n-d-841017-5 devstack@placement-api.service[114151]: [pid: 114151|app: 0|req: 359/713] 10.222.0.58 () {60 vars in 1355 bytes} [Mon Aug 22 15:10:41 2022] DELETE /placement/allocations/5d8e5ecc-3320-4683-9a03-48ffcd456429 => generated 0 bytes in 126 msecs (HTTP/1.1 204) 5 headers in 198 bytes (1 switches on core 0)
Aug 22 15:10:44.276148 n-d-841017-5 devstack@placement-api.service[114152]: DEBUG dbcounter [-] [114152] Writing DB stats placement:SELECT=34,placement:INSERT=6,placement:DELETE=4,placement:UPDATE=2 {{(pid=114152) stat_writer /usr/local/lib/python3.8/dist-packages/dbcounter.py:114}}
Aug 22 15:10:47.313124 n-d-841017-5 devstack@placement-api.service[114152]: DEBUG placement.requestlog [req-4447d80b-fb1c-46f8-9eb2-f7aba01934f4 req-796c3770-22d8-4258-aba8-143a15c650a9 None None] Starting request: 10.222.0.70 "GET /placement/resource_providers/a94d541e-cbdf-4936-81db-561ababf465a/allocations" {{(pid=114152) __call__ /opt/stack/placement/placement/requestlog.py:55}}
Aug 22 15:10:47.355744 n-d-841017-5 devstack@placement-api.service[114152]: INFO placement.requestlog [req-4447d80b-fb1c-46f8-9eb2-f7aba01934f4 req-796c3770-22d8-4258-aba8-143a15c650a9 service placement] 10.222.0.70 "GET /placement/resource_providers/a94d541e-cbdf-4936-81db-561ababf465a/allocations" status: 200 len: 544 microversion: 1.0
Aug 22 15:10:47.356279 n-d-841017-5 devstack@placement-api.service[114152]: [pid: 114152|app: 0|req: 355/714] 10.222.0.70 () {58 vars in 1390 bytes} [Mon Aug 22 15:10:47 2022] GET /placement/resource_providers/a94d541e-cbdf-4936-81db-561ababf465a/allocations => generated 544 bytes in 43 msecs (HTTP/1.1 200) 6 headers in 224 bytes (1 switches on core 0)
Aug 22 15:10:47.880932 n-d-841017-5 devstack@placement-api.service[114151]: DEBUG placement.requestlog [req-4447d80b-fb1c-46f8-9eb2-f7aba01934f4 req-2da3856d-19e7-49fa-9677-070377d290d4 None None] Starting request: 10.222.0.70 "GET /placement/allocations/0fc951a5-4aad-429e-a6a1-3bc52583b3b4" {{(pid=114151) __call__ /opt/stack/placement/placement/requestlog.py:55}}
Aug 22 15:10:47.915982 n-d-841017-5 devstack@placement-api.service[114151]: INFO placement.requestlog [req-4447d80b-fb1c-46f8-9eb2-f7aba01934f4 req-2da3856d-19e7-49fa-9677-070377d290d4 service placement] 10.222.0.70 "GET /placement/allocations/0fc951a5-4aad-429e-a6a1-3bc52583b3b4" status: 200 len: 259 microversion: 1.28
Aug 22 15:10:47.916927 n-d-841017-5 devstack@placement-api.service[114151]: [pid: 114151|app: 0|req: 360/715] 10.222.0.70 () {60 vars in 1377 bytes} [Mon Aug 22 15:10:47 2022] GET /placement/allocations/0fc951a5-4aad-429e-a6a1-3bc52583b3b4 => generated 259 bytes in 36 msecs (HTTP/1.1 200) 8 headers in 296 bytes (1 switches on core 0)
Aug 22 15:10:47.927570 n-d-841017-5 devstack@placement-api.service[114152]: DEBUG placement.requestlog [req-4447d80b-fb1c-46f8-9eb2-f7aba01934f4 req-11b0a453-1d6a-4836-a9d2-4a6bc784cb37 None None] Starting request: 10.222.0.70 "PUT /placement/allocations/0fc951a5-4aad-429e-a6a1-3bc52583b3b4" {{(pid=114152) __call__ /opt/stack/placement/placement/requestlog.py:55}}
Aug 22 15:10:48.055957 n-d-841017-5 devstack@placement-api.service[114152]: DEBUG placement.handlers.allocation [req-4447d80b-fb1c-46f8-9eb2-f7aba01934f4 req-11b0a453-1d6a-4836-a9d2-4a6bc784cb37 service placement] Successfully wrote allocations [, , ] {{(pid=114152) _update_consumers_and_create_allocations /opt/stack/placement/placement/handlers/allocation.py:462}}
Aug 22 15:10:48.068319 n-d-841017-5 devstack@placement-api.service[114152]: INFO placement.requestlog [req-4447d80b-fb1c-46f8-9eb2-f7aba01934f4 req-11b0a453-1d6a-4836-a9d2-4a6bc784cb37 service placement] 10.222.0.70 "PUT /placement/allocations/0fc951a5-4aad-429e-a6a1-3bc52583b3b4" status: 204 len: 0 microversion: 1.28
Aug 22 15:10:48.069390 n-d-841017-5 devstack@placement-api.service[114152]: [pid: 114152|app: 0|req: 356/716] 10.222.0.70 () {64 vars in 1430 bytes} [Mon Aug 22 15:10:47 2022] PUT /placement/allocations/0fc951a5-4aad-429e-a6a1-3bc52583b3b4 => generated 0 bytes in 142 msecs (HTTP/1.1 204) 5 headers in 199 bytes (1 switches on core 0)
Aug 22 15:10:52.245815 n-d-841017-5 devstack@placement-api.service[114151]: DEBUG placement.requestlog [None req-47d0e3fd-08eb-4bff-862f-23b7e7efefb9 None None] Starting request: 10.222.0.17 "GET /placement/resource_providers/171a3de7-f6fa-46e8-896e-75943779013d/aggregates" {{(pid=114151) __call__ /opt/stack/placement/placement/requestlog.py:55}}
Aug 22 15:10:52.263059 n-d-841017-5 devstack@placement-api.service[114151]: INFO placement.requestlog [None req-47d0e3fd-08eb-4bff-862f-23b7e7efefb9 service placement] 10.222.0.17 "GET /placement/resource_providers/171a3de7-f6fa-46e8-896e-75943779013d/aggregates" status: 404 len: 235 microversion: 1.1
Aug 22 15:10:52.267242 n-d-841017-5 devstack@placement-api.service[114151]: [pid: 114151|app: 0|req: 361/717] 10.222.0.17 () {58 vars in 1362 bytes} [Mon Aug 22 15:10:52 2022] GET /placement/resource_providers/171a3de7-f6fa-46e8-896e-75943779013d/aggregates => generated 235 bytes in 21 msecs (HTTP/1.1 404) 5 headers in 202 bytes (1 switches on core 0)
Aug 22 15:10:52.282912 n-d-841017-5 devstack@placement-api.service[114152]: DEBUG placement.requestlog [None req-65cdbca4-4676-45ae-af3f-3a746c50d2ff None None] Starting request: 10.222.0.17 "DELETE /placement/resource_providers/171a3de7-f6fa-46e8-896e-75943779013d" {{(pid=114152) __call__ /opt/stack/placement/placement/requestlog.py:55}}
Aug 22 15:10:52.302631 n-d-841017-5 devstack@placement-api.service[114152]: DEBUG placement.wsgi_wrapper [None req-65cdbca4-4676-45ae-af3f-3a746c50d2ff service placement] Placement API returning an error response: No resource provider with uuid 171a3de7-f6fa-46e8-896e-75943779013d found for delete {{(pid=114152) call_func /opt/stack/placement/placement/wsgi_wrapper.py:31}}
Aug 22 15:10:52.303617 n-d-841017-5 devstack@placement-api.service[114152]: INFO placement.requestlog [None req-65cdbca4-4676-45ae-af3f-3a746c50d2ff service placement] 10.222.0.17 "DELETE /placement/resource_providers/171a3de7-f6fa-46e8-896e-75943779013d" status: 404 len: 246 microversion: 1.1
Aug 22 15:10:52.304165 n-d-841017-5 devstack@placement-api.service[114152]: [pid: 114152|app: 0|req: 357/718] 10.222.0.17 () {60 vars in 1351 bytes} [Mon Aug 22 15:10:52 2022] DELETE /placement/resource_providers/171a3de7-f6fa-46e8-896e-75943779013d => generated 246 bytes in 23 msecs (HTTP/1.1 404) 6 headers in 231 bytes (1 switches on core 0)
Aug 22 15:10:55.553751 n-d-841017-5 devstack@placement-api.service[114151]: DEBUG placement.requestlog [req-95d8a6ef-782a-49a8-a110-953f9d3dfaeb req-d8f2a6ef-cbb9-4133-ad9c-c2579b7d049c None None] Starting request: 10.222.0.58 "DELETE /placement/allocations/68e3ae2f-c855-4001-abee-475c1c252880" {{(pid=114151) __call__ /opt/stack/placement/placement/requestlog.py:55}}
Aug 22 15:10:55.616371 n-d-841017-5 devstack@placement-api.service[114151]: DEBUG placement.handlers.allocation [req-95d8a6ef-782a-49a8-a110-953f9d3dfaeb req-d8f2a6ef-cbb9-4133-ad9c-c2579b7d049c service placement] Successfully deleted allocations [, , ] {{(pid=114151) delete_allocations /opt/stack/placement/placement/handlers/allocation.py:627}}
Aug 22 15:10:55.617611 n-d-841017-5 devstack@placement-api.service[114151]: INFO placement.requestlog [req-95d8a6ef-782a-49a8-a110-953f9d3dfaeb req-d8f2a6ef-cbb9-4133-ad9c-c2579b7d049c service placement] 10.222.0.58 "DELETE /placement/allocations/68e3ae2f-c855-4001-abee-475c1c252880" status: 204 len: 0 microversion: 1.0
Aug 22 15:10:55.618434 n-d-841017-5 devstack@placement-api.service[114151]: [pid: 114151|app: 0|req: 362/719] 10.222.0.58 () {60 vars in 1355 bytes} [Mon Aug 22 15:10:55 2022] DELETE /placement/allocations/68e3ae2f-c855-4001-abee-475c1c252880 => generated 0 bytes in 65 msecs (HTTP/1.1 204) 5 headers in 198 bytes (2 switches on core 0)
Aug 22 15:10:56.101033 n-d-841017-5 devstack@placement-api.service[114152]: DEBUG placement.requestlog [None req-98726c30-ac0e-49c2-ae5f-86d10ffafd45 None None] Starting request: 10.222.0.17 "GET /placement/resource_providers/2f89b470-2e86-4bee-96f0-216cb722b198/aggregates" {{(pid=114152) __call__ /opt/stack/placement/placement/requestlog.py:55}}
Aug 22 15:10:56.136031 n-d-841017-5 devstack@placement-api.service[114152]: INFO placement.requestlog [None req-98726c30-ac0e-49c2-ae5f-86d10ffafd45 service placement] 10.222.0.17 "GET /placement/resource_providers/2f89b470-2e86-4bee-96f0-216cb722b198/aggregates" status: 404 len: 235 microversion: 1.1
Aug 22 15:10:56.136310 n-d-841017-5 devstack@placement-api.service[114152]: [pid: 114152|app: 0|req: 358/720] 10.222.0.17 () {58 vars in 1362 bytes} [Mon Aug 22 15:10:56 2022] GET /placement/resource_providers/2f89b470-2e86-4bee-96f0-216cb722b198/aggregates => generated 235 bytes in 36 msecs (HTTP/1.1 404) 5 headers in 202 bytes (1 switches on core 0)
Aug 22 15:10:56.242754 n-d-841017-5 devstack@placement-api.service[114151]: DEBUG placement.requestlog [None req-5d6ede4b-433d-4ddc-9eae-0795121e1128 None None] Starting request: 10.222.0.17 "DELETE /placement/resource_providers/2f89b470-2e86-4bee-96f0-216cb722b198" {{(pid=114151) __call__ /opt/stack/placement/placement/requestlog.py:55}}
Aug 22 15:10:56.268260 n-d-841017-5 devstack@placement-api.service[114151]: DEBUG placement.wsgi_wrapper [None req-5d6ede4b-433d-4ddc-9eae-0795121e1128 service placement] Placement API returning an error response: No resource provider with uuid 2f89b470-2e86-4bee-96f0-216cb722b198 found for delete {{(pid=114151) call_func /opt/stack/placement/placement/wsgi_wrapper.py:31}}
Aug 22 15:10:56.271407 n-d-841017-5 devstack@placement-api.service[114151]: INFO placement.requestlog [None req-5d6ede4b-433d-4ddc-9eae-0795121e1128 service placement] 10.222.0.17 "DELETE /placement/resource_providers/2f89b470-2e86-4bee-96f0-216cb722b198" status: 404 len: 246 microversion: 1.1
Aug 22 15:10:56.272109 n-d-841017-5 devstack@placement-api.service[114151]: [pid: 114151|app: 0|req: 363/721] 10.222.0.17 () {60 vars in 1351 bytes} [Mon Aug 22 15:10:56 2022] DELETE /placement/resource_providers/2f89b470-2e86-4bee-96f0-216cb722b198 => generated 246 bytes in 30 msecs (HTTP/1.1 404) 6 headers in 231 bytes (1 switches on core 0)
Aug 22 15:11:00.855992 n-d-841017-5 devstack@placement-api.service[114152]: DEBUG placement.requestlog [req-6cddbab1-ce1c-4ce2-b2b8-2d072bc83725 req-e81f14f3-f605-405a-9bb7-b1dfd5c54631 None None] Starting request: 10.222.0.58 "GET /placement/resource_providers/2764cddb-14bd-4df0-a967-4dfce0380365/allocations" {{(pid=114152) __call__ /opt/stack/placement/placement/requestlog.py:55}}
Aug 22 15:11:00.911311 n-d-841017-5 devstack@placement-api.service[114152]: INFO placement.requestlog [req-6cddbab1-ce1c-4ce2-b2b8-2d072bc83725 req-e81f14f3-f605-405a-9bb7-b1dfd5c54631 service placement] 10.222.0.58 "GET /placement/resource_providers/2764cddb-14bd-4df0-a967-4dfce0380365/allocations" status: 200 len: 356 microversion: 1.0
Aug 22 15:11:00.916732 n-d-841017-5 devstack@placement-api.service[114152]: [pid: 114152|app: 0|req: 359/722] 10.222.0.58 () {58 vars in 1390 bytes} [Mon Aug 22 15:11:00 2022] GET /placement/resource_providers/2764cddb-14bd-4df0-a967-4dfce0380365/allocations => generated 356 bytes in 61 msecs (HTTP/1.1 200) 6 headers in 224 bytes (1 switches on core 0)
Aug 22 15:11:02.280656 n-d-841017-5 devstack@placement-api.service[114151]: DEBUG placement.requestlog [req-9c50a2ca-5610-436c-9b3e-f5be1fe694ac req-ffb5fd16-d062-483f-85a7-a2f514c1333a None None] Starting request: 10.222.0.17 "GET /placement/allocation_candidates?limit=1000&resources=DISK_GB%3A1%2CMEMORY_MB%3A1024%2CVCPU%3A1&root_required=%21COMPUTE_STATUS_DISABLED" {{(pid=114151) __call__ /opt/stack/placement/placement/requestlog.py:55}}
Aug 22 15:11:02.380371 n-d-841017-5 devstack@placement-api.service[114151]: DEBUG placement.objects.research_context [req-9c50a2ca-5610-436c-9b3e-f5be1fe694ac req-ffb5fd16-d062-483f-85a7-a2f514c1333a service placement] getting providers with 1 DISK_GB {{(pid=114151) __init__ /opt/stack/placement/placement/objects/research_context.py:136}}
Aug 22 15:11:02.400893 n-d-841017-5 devstack@placement-api.service[114151]: DEBUG placement.objects.research_context [req-9c50a2ca-5610-436c-9b3e-f5be1fe694ac req-ffb5fd16-d062-483f-85a7-a2f514c1333a service placement] getting providers with 1024 MEMORY_MB {{(pid=114151) __init__ /opt/stack/placement/placement/objects/research_context.py:136}}
Aug 22 15:11:02.416511 n-d-841017-5 devstack@placement-api.service[114151]: DEBUG placement.objects.research_context [req-9c50a2ca-5610-436c-9b3e-f5be1fe694ac req-ffb5fd16-d062-483f-85a7-a2f514c1333a service placement] getting providers with 1 VCPU {{(pid=114151) __init__ /opt/stack/placement/placement/objects/research_context.py:136}}
Aug 22 15:11:02.438871 n-d-841017-5 devstack@placement-api.service[114151]: DEBUG placement.objects.research_context [req-9c50a2ca-5610-436c-9b3e-f5be1fe694ac req-ffb5fd16-d062-483f-85a7-a2f514c1333a service placement] found 2 providers with available 1 DISK_GB {{(pid=114151) get_provider_ids_matching /opt/stack/placement/placement/objects/research_context.py:563}}
Aug 22 15:11:02.439194 n-d-841017-5 devstack@placement-api.service[114151]: DEBUG placement.objects.research_context [req-9c50a2ca-5610-436c-9b3e-f5be1fe694ac req-ffb5fd16-d062-483f-85a7-a2f514c1333a service placement] found 2 providers with available 1024 MEMORY_MB {{(pid=114151) get_provider_ids_matching /opt/stack/placement/placement/objects/research_context.py:563}}
Aug 22 15:11:02.439474 n-d-841017-5 devstack@placement-api.service[114151]: DEBUG placement.objects.research_context [req-9c50a2ca-5610-436c-9b3e-f5be1fe694ac req-ffb5fd16-d062-483f-85a7-a2f514c1333a service placement] found 2 providers after filtering by previous result {{(pid=114151) get_provider_ids_matching /opt/stack/placement/placement/objects/research_context.py:594}}
Aug 22 15:11:02.439742 n-d-841017-5 devstack@placement-api.service[114151]: DEBUG placement.objects.research_context [req-9c50a2ca-5610-436c-9b3e-f5be1fe694ac req-ffb5fd16-d062-483f-85a7-a2f514c1333a service placement] found 2 providers with available 1 VCPU {{(pid=114151) get_provider_ids_matching /opt/stack/placement/placement/objects/research_context.py:563}}
Aug 22 15:11:02.440011 n-d-841017-5 devstack@placement-api.service[114151]: DEBUG placement.objects.research_context [req-9c50a2ca-5610-436c-9b3e-f5be1fe694ac req-ffb5fd16-d062-483f-85a7-a2f514c1333a service placement] found 2 providers after filtering by previous result {{(pid=114151) get_provider_ids_matching /opt/stack/placement/placement/objects/research_context.py:594}}
Aug 22 15:11:02.503280 n-d-841017-5 devstack@placement-api.service[114151]: DEBUG placement.objects.allocation_candidate [req-9c50a2ca-5610-436c-9b3e-f5be1fe694ac req-ffb5fd16-d062-483f-85a7-a2f514c1333a service placement] RequestGroup(use_same_provider=False, resources={DISK_GB:1, MEMORY_MB:1024, VCPU:1}, traits=(), aggregates=[]) (suffix '') returned 2 matches {{(pid=114151) _get_by_requests /opt/stack/placement/placement/objects/allocation_candidate.py:156}}
Aug 22 15:11:02.503799 n-d-841017-5 devstack@placement-api.service[114151]: DEBUG placement.objects.allocation_candidate [req-9c50a2ca-5610-436c-9b3e-f5be1fe694ac req-ffb5fd16-d062-483f-85a7-a2f514c1333a service placement] Merging candidates yields 2 allocation requests and 2 provider summaries {{(pid=114151) _merge_candidates /opt/stack/placement/placement/objects/allocation_candidate.py:809}}
