May 07 19:51:10.188130 n-d-841016-1 devstack@placement-api.service[104704]: DEBUG placement.objects.allocation_candidate [req-fdf9ff3c-6371-4ff0-938e-9330f04dfb36 req-12e15665-3f5d-42a5-be24-588069511f30 service placement] RequestGroup(use_same_provider=False, resources={MEMORY_MB:1024, VCPU:1}, traits=(), aggregates=[]) (suffix '') returned 2 matches {{(pid=104704) _get_by_requests /opt/stack/placement/placement/objects/allocation_candidate.py:156}}
May 07 19:51:10.188547 n-d-841016-1 devstack@placement-api.service[104704]: DEBUG placement.objects.allocation_candidate [req-fdf9ff3c-6371-4ff0-938e-9330f04dfb36 req-12e15665-3f5d-42a5-be24-588069511f30 service placement] Merging candidates yields 2 allocation requests and 2 provider summaries {{(pid=104704) _merge_candidates /opt/stack/placement/placement/objects/allocation_candidate.py:809}}
May 07 19:51:10.192742 n-d-841016-1 devstack@placement-api.service[104704]: INFO placement.requestlog [req-fdf9ff3c-6371-4ff0-938e-9330f04dfb36 req-12e15665-3f5d-42a5-be24-588069511f30 service placement] 10.222.0.13 "GET /placement/allocation_candidates?limit=1000&resources=MEMORY_MB%3A1024%2CVCPU%3A1&root_required=%21COMPUTE_STATUS_DISABLED" status: 200 len: 1281 microversion: 1.36
May 07 19:51:10.193130 n-d-841016-1 devstack@placement-api.service[104704]: [pid: 104704|app: 0|req: 287/569] 10.222.0.13 () {60 vars in 1478 bytes} [Sat May 7 19:51:10 2022] GET /placement/allocation_candidates?limit=1000&resources=MEMORY_MB%3A1024%2CVCPU%3A1&root_required=%21COMPUTE_STATUS_DISABLED => generated 1281 bytes in 112 msecs (HTTP/1.1 200) 8 headers in 297 bytes (1 switches on core 0)
May 07 19:51:10.204597 n-d-841016-1 devstack@placement-api.service[104704]: DEBUG placement.requestlog [req-8f6ad665-1b72-444a-9d7f-3e92b3286519 req-4c74b7d2-ec9a-47f8-bdb0-3ca504d8f218 None None] Starting request: 10.222.0.13 "GET /placement/allocations/a9154271-dfaf-4e5c-a538-54be7dee0c80" {{(pid=104704) __call__ /opt/stack/placement/placement/requestlog.py:55}}
May 07 19:51:10.223465 n-d-841016-1 devstack@placement-api.service[104703]: DEBUG placement.handlers.allocation [req-a292caa9-c242-44cc-87af-bf5eb0f7fbb2 req-a1016bc9-c91f-4c34-a3ab-ef6381847198 service placement] Successfully deleted allocations [, , ] {{(pid=104703) delete_allocations /opt/stack/placement/placement/handlers/allocation.py:627}}
May 07 19:51:10.224261 n-d-841016-1 devstack@placement-api.service[104703]: INFO placement.requestlog [req-a292caa9-c242-44cc-87af-bf5eb0f7fbb2 req-a1016bc9-c91f-4c34-a3ab-ef6381847198 service placement] 10.222.0.44 "DELETE /placement/allocations/b144afd7-d538-49e5-93a8-ef3aaff99ab0" status: 204 len: 0 microversion: 1.0
May 07 19:51:10.224974 n-d-841016-1 devstack@placement-api.service[104703]: [pid: 104703|app: 0|req: 283/570] 10.222.0.44 () {60 vars in 1355 bytes} [Sat May 7 19:51:10 2022] DELETE /placement/allocations/b144afd7-d538-49e5-93a8-ef3aaff99ab0 => generated 0 bytes in 51 msecs (HTTP/1.1 204) 5 headers in 198 bytes (1 switches on core 0)
May 07 19:51:10.258392 n-d-841016-1 devstack@placement-api.service[104704]: INFO placement.requestlog [req-8f6ad665-1b72-444a-9d7f-3e92b3286519 req-4c74b7d2-ec9a-47f8-bdb0-3ca504d8f218 service placement] 10.222.0.13 "GET /placement/allocations/a9154271-dfaf-4e5c-a538-54be7dee0c80" status: 200 len: 19 microversion: 1.28
May 07 19:51:10.260401 n-d-841016-1 devstack@placement-api.service[104704]: [pid: 104704|app: 0|req: 288/571] 10.222.0.13 () {60 vars in 1380 bytes} [Sat May 7 19:51:10 2022] GET /placement/allocations/a9154271-dfaf-4e5c-a538-54be7dee0c80 => generated 19 bytes in 56 msecs (HTTP/1.1 200) 8 headers in 295 bytes (1 switches on core 0)
May 07 19:51:10.265553 n-d-841016-1 devstack@placement-api.service[104703]: DEBUG placement.requestlog [req-8f6ad665-1b72-444a-9d7f-3e92b3286519 req-d04dd8e6-9a32-4af4-8e8d-a704ff5e7204 None None] Starting request: 10.222.0.13 "PUT /placement/allocations/a9154271-dfaf-4e5c-a538-54be7dee0c80" {{(pid=104703) __call__ /opt/stack/placement/placement/requestlog.py:55}}
May 07 19:51:10.342060 n-d-841016-1 devstack@placement-api.service[104704]: DEBUG placement.requestlog [req-fdf9ff3c-6371-4ff0-938e-9330f04dfb36 req-06a365d4-80bf-4ac5-8589-e44f91e47ca1 None None] Starting request: 10.222.0.13 "GET /placement/allocations/e7fecd55-0bb7-401f-be5f-abf30c31bb5d" {{(pid=104704) __call__ /opt/stack/placement/placement/requestlog.py:55}}
May 07 19:51:10.356211 n-d-841016-1 devstack@placement-api.service[104704]: INFO placement.requestlog [req-fdf9ff3c-6371-4ff0-938e-9330f04dfb36 req-06a365d4-80bf-4ac5-8589-e44f91e47ca1 service placement] 10.222.0.13 "GET /placement/allocations/e7fecd55-0bb7-401f-be5f-abf30c31bb5d" status: 200 len: 19 microversion: 1.28
May 07 19:51:10.356593 n-d-841016-1 devstack@placement-api.service[104704]: [pid: 104704|app: 0|req: 289/572] 10.222.0.13 () {60 vars in 1380 bytes} [Sat May 7 19:51:10 2022] GET /placement/allocations/e7fecd55-0bb7-401f-be5f-abf30c31bb5d => generated 19 bytes in 16 msecs (HTTP/1.1 200) 8 headers in 295 bytes (2 switches on core 0)
May 07 19:51:10.369561 n-d-841016-1 devstack@placement-api.service[104704]: DEBUG placement.requestlog [req-fdf9ff3c-6371-4ff0-938e-9330f04dfb36 req-99b71e8f-94af-4282-b570-9d819d066fea None None] Starting request: 10.222.0.13 "PUT /placement/allocations/e7fecd55-0bb7-401f-be5f-abf30c31bb5d" {{(pid=104704) __call__ /opt/stack/placement/placement/requestlog.py:55}}
May 07 19:51:10.393261 n-d-841016-1 devstack@placement-api.service[104703]: DEBUG placement.handlers.allocation [req-8f6ad665-1b72-444a-9d7f-3e92b3286519 req-d04dd8e6-9a32-4af4-8e8d-a704ff5e7204 service placement] Successfully wrote allocations [, ] {{(pid=104703) _update_consumers_and_create_allocations /opt/stack/placement/placement/handlers/allocation.py:462}}
May 07 19:51:10.399029 n-d-841016-1 devstack@placement-api.service[104703]: INFO placement.requestlog [req-8f6ad665-1b72-444a-9d7f-3e92b3286519 req-d04dd8e6-9a32-4af4-8e8d-a704ff5e7204 service placement] 10.222.0.13 "PUT /placement/allocations/a9154271-dfaf-4e5c-a538-54be7dee0c80" status: 204 len: 0 microversion: 1.36
May 07 19:51:10.400239 n-d-841016-1 devstack@placement-api.service[104703]: [pid: 104703|app: 0|req: 284/573] 10.222.0.13 () {64 vars in 1433 bytes} [Sat May 7 19:51:10 2022] PUT /placement/allocations/a9154271-dfaf-4e5c-a538-54be7dee0c80 => generated 0 bytes in 135 msecs (HTTP/1.1 204) 5 headers in 199 bytes (1 switches on core 0)
May 07 19:51:10.581516 n-d-841016-1 devstack@placement-api.service[104704]: DEBUG placement.handlers.allocation [req-fdf9ff3c-6371-4ff0-938e-9330f04dfb36 req-99b71e8f-94af-4282-b570-9d819d066fea service placement] Successfully wrote allocations [, ] {{(pid=104704) _update_consumers_and_create_allocations /opt/stack/placement/placement/handlers/allocation.py:462}}
May 07 19:51:10.587632 n-d-841016-1 devstack@placement-api.service[104704]: INFO placement.requestlog [req-fdf9ff3c-6371-4ff0-938e-9330f04dfb36 req-99b71e8f-94af-4282-b570-9d819d066fea service placement] 10.222.0.13 "PUT /placement/allocations/e7fecd55-0bb7-401f-be5f-abf30c31bb5d" status: 204 len: 0 microversion: 1.36
May 07 19:51:10.588454 n-d-841016-1 devstack@placement-api.service[104704]: [pid: 104704|app: 0|req: 290/574] 10.222.0.13 () {64 vars in 1433 bytes} [Sat May 7 19:51:10 2022] PUT /placement/allocations/e7fecd55-0bb7-401f-be5f-abf30c31bb5d => generated 0 bytes in 219 msecs (HTTP/1.1 204) 5 headers in 199 bytes (1 switches on core 0)
May 07 19:51:10.983223 n-d-841016-1 devstack@placement-api.service[104703]: DEBUG placement.requestlog [req-8f6ad665-1b72-444a-9d7f-3e92b3286519 req-cbedde94-5df0-4008-a649-8dc3bceea89d None None] Starting request: 10.222.0.44 "GET /placement/allocations/a9154271-dfaf-4e5c-a538-54be7dee0c80" {{(pid=104703) __call__ /opt/stack/placement/placement/requestlog.py:55}}
May 07 19:51:11.104332 n-d-841016-1 devstack@placement-api.service[104704]: DEBUG placement.requestlog [req-fdf9ff3c-6371-4ff0-938e-9330f04dfb36 req-49c8635a-2723-4766-be74-f6e78bda95e5 None None] Starting request: 10.222.0.44 "GET /placement/allocations/e7fecd55-0bb7-401f-be5f-abf30c31bb5d" {{(pid=104704) __call__ /opt/stack/placement/placement/requestlog.py:55}}
May 07 19:51:11.340449 n-d-841016-1 devstack@placement-api.service[104703]: INFO placement.requestlog [req-8f6ad665-1b72-444a-9d7f-3e92b3286519 req-cbedde94-5df0-4008-a649-8dc3bceea89d service placement] 10.222.0.44 "GET /placement/allocations/a9154271-dfaf-4e5c-a538-54be7dee0c80" status: 200 len: 245 microversion: 1.28
May 07 19:51:11.343198 n-d-841016-1 devstack@placement-api.service[104703]: [pid: 104703|app: 0|req: 285/575] 10.222.0.44 () {60 vars in 1377 bytes} [Sat May 7 19:51:10 2022] GET /placement/allocations/a9154271-dfaf-4e5c-a538-54be7dee0c80 => generated 245 bytes in 360 msecs (HTTP/1.1 200) 8 headers in 296 bytes (1 switches on core 0)
May 07 19:51:11.393579 n-d-841016-1 devstack@placement-api.service[104704]: INFO placement.requestlog [req-fdf9ff3c-6371-4ff0-938e-9330f04dfb36 req-49c8635a-2723-4766-be74-f6e78bda95e5 service placement] 10.222.0.44 "GET /placement/allocations/e7fecd55-0bb7-401f-be5f-abf30c31bb5d" status: 200 len: 245 microversion: 1.28
May 07 19:51:11.397933 n-d-841016-1 devstack@placement-api.service[104704]: [pid: 104704|app: 0|req: 291/576] 10.222.0.44 () {60 vars in 1377 bytes} [Sat May 7 19:51:11 2022] GET /placement/allocations/e7fecd55-0bb7-401f-be5f-abf30c31bb5d => generated 245 bytes in 294 msecs (HTTP/1.1 200) 8 headers in 296 bytes (2 switches on core 0)
May 07 19:51:12.343230 n-d-841016-1 devstack@placement-api.service[104703]: DEBUG placement.requestlog [req-0e7c3fae-accf-4072-b965-340a5279884a req-1e13df4d-b83b-43f0-bf64-beb5e3c34c4d None None] Starting request: 10.222.0.44 "DELETE /placement/allocations/d5f0411f-7828-4660-9ece-bc1914f2c873" {{(pid=104703) __call__ /opt/stack/placement/placement/requestlog.py:55}}
May 07 19:51:12.382637 n-d-841016-1 devstack@placement-api.service[104703]: DEBUG placement.handlers.allocation [req-0e7c3fae-accf-4072-b965-340a5279884a req-1e13df4d-b83b-43f0-bf64-beb5e3c34c4d service placement] Successfully deleted allocations [, , ] {{(pid=104703) delete_allocations /opt/stack/placement/placement/handlers/allocation.py:627}}
May 07 19:51:12.383356 n-d-841016-1 devstack@placement-api.service[104703]: INFO placement.requestlog [req-0e7c3fae-accf-4072-b965-340a5279884a req-1e13df4d-b83b-43f0-bf64-beb5e3c34c4d service placement] 10.222.0.44 "DELETE /placement/allocations/d5f0411f-7828-4660-9ece-bc1914f2c873" status: 204 len: 0 microversion: 1.0
May 07 19:51:12.384233 n-d-841016-1 devstack@placement-api.service[104703]: [pid: 104703|app: 0|req: 286/577] 10.222.0.44 () {60 vars in 1355 bytes} [Sat May 7 19:51:12 2022] DELETE /placement/allocations/d5f0411f-7828-4660-9ece-bc1914f2c873 => generated 0 bytes in 50 msecs (HTTP/1.1 204) 5 headers in 198 bytes (1 switches on core 0)
May 07 19:51:17.676500 n-d-841016-1 devstack@placement-api.service[104704]: DEBUG placement.requestlog [req-29d4a39f-9bc8-49f6-b761-ed2d19e2b3e3 req-ff025ade-c8d4-4d03-bba7-9bb7bdb8bddc None None] Starting request: 10.222.0.26 "GET /placement/resource_providers/63b26e56-cfe0-4eb0-8bee-b0754f81e4e8/allocations" {{(pid=104704) __call__ /opt/stack/placement/placement/requestlog.py:55}}
May 07 19:51:17.960227 n-d-841016-1 devstack@placement-api.service[104704]: INFO placement.requestlog [req-29d4a39f-9bc8-49f6-b761-ed2d19e2b3e3 req-ff025ade-c8d4-4d03-bba7-9bb7bdb8bddc service placement] 10.222.0.26 "GET /placement/resource_providers/63b26e56-cfe0-4eb0-8bee-b0754f81e4e8/allocations" status: 200 len: 760 microversion: 1.0
May 07 19:51:17.960583 n-d-841016-1 devstack@placement-api.service[104704]: [pid: 104704|app: 0|req: 292/578] 10.222.0.26 () {58 vars in 1390 bytes} [Sat May 7 19:51:17 2022] GET /placement/resource_providers/63b26e56-cfe0-4eb0-8bee-b0754f81e4e8/allocations => generated 760 bytes in 285 msecs (HTTP/1.1 200) 6 headers in 224 bytes (1 switches on core 0)
May 07 19:51:18.005778 n-d-841016-1 devstack@placement-api.service[104703]: DEBUG placement.requestlog [req-29d4a39f-9bc8-49f6-b761-ed2d19e2b3e3 req-cef333d1-2620-40e4-9fc3-8f434f072afa None None] Starting request: 10.222.0.26 "GET /placement/resource_providers?in_tree=63b26e56-cfe0-4eb0-8bee-b0754f81e4e8" {{(pid=104703) __call__ /opt/stack/placement/placement/requestlog.py:55}}
May 07 19:51:18.049856 n-d-841016-1 devstack@placement-api.service[104703]: INFO placement.requestlog [req-29d4a39f-9bc8-49f6-b761-ed2d19e2b3e3 req-cef333d1-2620-40e4-9fc3-8f434f072afa service placement] 10.222.0.26 "GET /placement/resource_providers?in_tree=63b26e56-cfe0-4eb0-8bee-b0754f81e4e8" status: 200 len: 863 microversion: 1.14
May 07 19:51:18.052107 n-d-841016-1 devstack@placement-api.service[104703]: [pid: 104703|app: 0|req: 287/579] 10.222.0.26 () {60 vars in 1376 bytes} [Sat May 7 19:51:18 2022] GET /placement/resource_providers?in_tree=63b26e56-cfe0-4eb0-8bee-b0754f81e4e8 => generated 863 bytes in 47 msecs (HTTP/1.1 200) 6 headers in 225 bytes (1 switches on core 0)
May 07 19:51:18.078786 n-d-841016-1 devstack@placement-api.service[104704]: DEBUG placement.requestlog [req-29d4a39f-9bc8-49f6-b761-ed2d19e2b3e3 req-29b92f47-2556-4d70-991a-5b5451a80bc1 None None] Starting request: 10.222.0.26 "GET /placement/resource_providers/63b26e56-cfe0-4eb0-8bee-b0754f81e4e8/inventories" {{(pid=104704) __call__ /opt/stack/placement/placement/requestlog.py:55}}
May 07 19:51:18.121258 n-d-841016-1 devstack@placement-api.service[104704]: INFO placement.requestlog [req-29d4a39f-9bc8-49f6-b761-ed2d19e2b3e3 req-29b92f47-2556-4d70-991a-5b5451a80bc1 service placement] 10.222.0.26 "GET /placement/resource_providers/63b26e56-cfe0-4eb0-8bee-b0754f81e4e8/inventories" status: 200 len: 398 microversion: 1.0
May 07 19:51:18.125088 n-d-841016-1 devstack@placement-api.service[104704]: [pid: 104704|app: 0|req: 293/580] 10.222.0.26 () {58 vars in 1390 bytes} [Sat May 7 19:51:18 2022] GET /placement/resource_providers/63b26e56-cfe0-4eb0-8bee-b0754f81e4e8/inventories => generated 398 bytes in 46 msecs (HTTP/1.1 200) 6 headers in 224 bytes (1 switches on core 0)
May 07 19:51:18.135529 n-d-841016-1 devstack@placement-api.service[104703]: DEBUG placement.requestlog [req-29d4a39f-9bc8-49f6-b761-ed2d19e2b3e3 req-70c5a0bb-5790-48ef-ad1d-12eadc791768 None None] Starting request: 10.222.0.26 "GET /placement/resource_providers/63b26e56-cfe0-4eb0-8bee-b0754f81e4e8/aggregates" {{(pid=104703) __call__ /opt/stack/placement/placement/requestlog.py:55}}
May 07 19:51:18.164445 n-d-841016-1 devstack@placement-api.service[104703]: INFO placement.requestlog [req-29d4a39f-9bc8-49f6-b761-ed2d19e2b3e3 req-70c5a0bb-5790-48ef-ad1d-12eadc791768 service placement] 10.222.0.26 "GET /placement/resource_providers/63b26e56-cfe0-4eb0-8bee-b0754f81e4e8/aggregates" status: 200 len: 54 microversion: 1.19
May 07 19:51:18.165300 n-d-841016-1 devstack@placement-api.service[104703]: [pid: 104703|app: 0|req: 288/581] 10.222.0.26 () {60 vars in 1431 bytes} [Sat May 7 19:51:18 2022] GET /placement/resource_providers/63b26e56-cfe0-4eb0-8bee-b0754f81e4e8/aggregates => generated 54 bytes in 31 msecs (HTTP/1.1 200) 8 headers in 295 bytes (1 switches on core 0)
May 07 19:51:18.181445 n-d-841016-1 devstack@placement-api.service[104704]: DEBUG placement.requestlog [req-29d4a39f-9bc8-49f6-b761-ed2d19e2b3e3 req-86f397be-b204-43cd-8ec1-2851c18b2b45 None None] Starting request: 10.222.0.26 "GET /placement/resource_providers/63b26e56-cfe0-4eb0-8bee-b0754f81e4e8/traits" {{(pid=104704) __call__ /opt/stack/placement/placement/requestlog.py:55}}
May 07 19:51:18.253631 n-d-841016-1 devstack@placement-api.service[104704]: INFO placement.requestlog [req-29d4a39f-9bc8-49f6-b761-ed2d19e2b3e3 req-86f397be-b204-43cd-8ec1-2851c18b2b45 service placement] 10.222.0.26 "GET /placement/resource_providers/63b26e56-cfe0-4eb0-8bee-b0754f81e4e8/traits" status: 200 len: 212 microversion: 1.6
May 07 19:51:18.258442 n-d-841016-1 devstack@placement-api.service[104704]: [pid: 104704|app: 0|req: 294/582] 10.222.0.26 () {60 vars in 1418 bytes} [Sat May 7 19:51:18 2022] GET /placement/resource_providers/63b26e56-cfe0-4eb0-8bee-b0754f81e4e8/traits => generated 212 bytes in 78 msecs (HTTP/1.1 200) 6 headers in 224 bytes (1 switches on core 0)
May 07 19:51:21.533651 n-d-841016-1 devstack@placement-api.service[104703]: DEBUG placement.requestlog [req-6fe9729f-29df-4d52-8230-49f8730e7bf4 req-27b9157a-eaee-4c66-8ae6-9e78f4702fba None None] Starting request: 10.222.0.13 "GET /placement/allocation_candidates?limit=1000&resources=DISK_GB%3A1%2CMEMORY_MB%3A1024%2CVCPU%3A1&root_required=%21COMPUTE_STATUS_DISABLED" {{(pid=104703) __call__ /opt/stack/placement/placement/requestlog.py:55}}
May 07 19:51:21.569799 n-d-841016-1 devstack@placement-api.service[104703]: DEBUG placement.objects.research_context [req-6fe9729f-29df-4d52-8230-49f8730e7bf4 req-27b9157a-eaee-4c66-8ae6-9e78f4702fba service placement] getting providers with 1 DISK_GB {{(pid=104703) __init__ /opt/stack/placement/placement/objects/research_context.py:136}}
May 07 19:51:21.577156 n-d-841016-1 devstack@placement-api.service[104703]: DEBUG placement.objects.research_context [req-6fe9729f-29df-4d52-8230-49f8730e7bf4 req-27b9157a-eaee-4c66-8ae6-9e78f4702fba service placement] getting providers with 1024 MEMORY_MB {{(pid=104703) __init__ /opt/stack/placement/placement/objects/research_context.py:136}}
May 07 19:51:21.585415 n-d-841016-1 devstack@placement-api.service[104703]: DEBUG placement.objects.research_context [req-6fe9729f-29df-4d52-8230-49f8730e7bf4 req-27b9157a-eaee-4c66-8ae6-9e78f4702fba service placement] getting providers with 1 VCPU {{(pid=104703) __init__ /opt/stack/placement/placement/objects/research_context.py:136}}
May 07 19:51:21.592660 n-d-841016-1 devstack@placement-api.service[104703]: DEBUG placement.objects.research_context [req-6fe9729f-29df-4d52-8230-49f8730e7bf4 req-27b9157a-eaee-4c66-8ae6-9e78f4702fba service placement] found 2 providers with available 1 DISK_GB {{(pid=104703) get_provider_ids_matching /opt/stack/placement/placement/objects/research_context.py:563}}
May 07 19:51:21.593647 n-d-841016-1 devstack@placement-api.service[104703]: DEBUG placement.objects.research_context [req-6fe9729f-29df-4d52-8230-49f8730e7bf4 req-27b9157a-eaee-4c66-8ae6-9e78f4702fba service placement] found 2 providers with available 1024 MEMORY_MB {{(pid=104703) get_provider_ids_matching /opt/stack/placement/placement/objects/research_context.py:563}}
May 07 19:51:21.594111 n-d-841016-1 devstack@placement-api.service[104703]: DEBUG placement.objects.research_context [req-6fe9729f-29df-4d52-8230-49f8730e7bf4 req-27b9157a-eaee-4c66-8ae6-9e78f4702fba service placement] found 2 providers after filtering by previous result {{(pid=104703) get_provider_ids_matching /opt/stack/placement/placement/objects/research_context.py:594}}
May 07 19:51:21.594549 n-d-841016-1 devstack@placement-api.service[104703]: DEBUG placement.objects.research_context [req-6fe9729f-29df-4d52-8230-49f8730e7bf4 req-27b9157a-eaee-4c66-8ae6-9e78f4702fba service placement] found 2 providers with available 1 VCPU {{(pid=104703) get_provider_ids_matching /opt/stack/placement/placement/objects/research_context.py:563}}
May 07 19:51:21.595072 n-d-841016-1 devstack@placement-api.service[104703]: DEBUG placement.objects.research_context [req-6fe9729f-29df-4d52-8230-49f8730e7bf4 req-27b9157a-eaee-4c66-8ae6-9e78f4702fba service placement] found 2 providers after filtering by previous result {{(pid=104703) get_provider_ids_matching /opt/stack/placement/placement/objects/research_context.py:594}}
May 07 19:51:21.611920 n-d-841016-1 devstack@placement-api.service[104703]: DEBUG placement.objects.allocation_candidate [req-6fe9729f-29df-4d52-8230-49f8730e7bf4 req-27b9157a-eaee-4c66-8ae6-9e78f4702fba service placement] RequestGroup(use_same_provider=False, resources={DISK_GB:1, MEMORY_MB:1024, VCPU:1}, traits=(), aggregates=[]) (suffix '') returned 2 matches {{(pid=104703) _get_by_requests /opt/stack/placement/placement/objects/allocation_candidate.py:156}}
May 07 19:51:21.612375 n-d-841016-1 devstack@placement-api.service[104703]: DEBUG placement.objects.allocation_candidate [req-6fe9729f-29df-4d52-8230-49f8730e7bf4 req-27b9157a-eaee-4c66-8ae6-9e78f4702fba service placement] Merging candidates yields 2 allocation requests and 2 provider summaries {{(pid=104703) _merge_candidates /opt/stack/placement/placement/objects/allocation_candidate.py:809}}
May 07 19:51:21.614868 n-d-841016-1 devstack@placement-api.service[104703]: INFO placement.requestlog [req-6fe9729f-29df-4d52-8230-49f8730e7bf4 req-27b9157a-eaee-4c66-8ae6-9e78f4702fba service placement] 10.222.0.13 "GET /placement/allocation_candidates?limit=1000&resources=DISK_GB%3A1%2CMEMORY_MB%3A1024%2CVCPU%3A1&root_required=%21COMPUTE_STATUS_DISABLED" status: 200 len: 1309 microversion: 1.36
May 07 19:51:21.615719 n-d-841016-1 devstack@placement-api.service[104703]: [pid: 104703|app: 0|req: 289/583] 10.222.0.13 () {60 vars in 1506 bytes} [Sat May 7 19:51:21 2022] GET /placement/allocation_candidates?limit=1000&resources=DISK_GB%3A1%2CMEMORY_MB%3A1024%2CVCPU%3A1&root_required=%21COMPUTE_STATUS_DISABLED => generated 1309 bytes in 83 msecs (HTTP/1.1 200) 8 headers in 297 bytes (1 switches on core 0)
May 07 19:51:21.703637 n-d-841016-1 devstack@placement-api.service[104704]: DEBUG placement.requestlog [req-6fe9729f-29df-4d52-8230-49f8730e7bf4 req-43c8f51a-bb22-42da-8a72-ce2932cf3027 None None] Starting request: 10.222.0.13 "GET /placement/allocations/8944c481-4f08-47a4-b5aa-42a77ea74519" {{(pid=104704) __call__ /opt/stack/placement/placement/requestlog.py:55}}
May 07 19:51:21.719745 n-d-841016-1 devstack@placement-api.service[104704]: INFO placement.requestlog [req-6fe9729f-29df-4d52-8230-49f8730e7bf4 req-43c8f51a-bb22-42da-8a72-ce2932cf3027 service placement] 10.222.0.13 "GET /placement/allocations/8944c481-4f08-47a4-b5aa-42a77ea74519" status: 200 len: 19 microversion: 1.28
May 07 19:51:21.720450 n-d-841016-1 devstack@placement-api.service[104704]: [pid: 104704|app: 0|req: 295/584] 10.222.0.13 () {60 vars in 1380 bytes} [Sat May 7 19:51:21 2022] GET /placement/allocations/8944c481-4f08-47a4-b5aa-42a77ea74519 => generated 19 bytes in 18 msecs (HTTP/1.1 200) 8 headers in 295 bytes (1 switches on core 0)
May 07 19:51:21.730202 n-d-841016-1 devstack@placement-api.service[104703]: DEBUG placement.requestlog [req-6fe9729f-29df-4d52-8230-49f8730e7bf4 req-2c7de9ff-0110-4806-966e-8b7c94d0bef7 None None] Starting request: 10.222.0.13 "PUT /placement/allocations/8944c481-4f08-47a4-b5aa-42a77ea74519" {{(pid=104703) __call__ /opt/stack/placement/placement/requestlog.py:55}}
May 07 19:51:21.821159 n-d-841016-1 devstack@placement-api.service[104704]: DEBUG placement.requestlog [req-2d86945b-7f23-4207-9093-ff72d5dc9375 req-26a36d38-2ac6-4cfc-a312-84dc8321527e None None] Starting request: 10.222.0.44 "GET /placement/resource_providers/c33fbafb-5a71-4377-a0ea-df705f986e97/allocations" {{(pid=104704) __call__ /opt/stack/placement/placement/requestlog.py:55}}
May 07 19:51:21.829789 n-d-841016-1 devstack@placement-api.service[104703]: DEBUG placement.handlers.allocation [req-6fe9729f-29df-4d52-8230-49f8730e7bf4 req-2c7de9ff-0110-4806-966e-8b7c94d0bef7 service placement] Successfully wrote allocations [, , ] {{(pid=104703) _update_consumers_and_create_allocations /opt/stack/placement/placement/handlers/allocation.py:462}}
May 07 19:51:21.836188 n-d-841016-1 devstack@placement-api.service[104703]: INFO placement.requestlog [req-6fe9729f-29df-4d52-8230-49f8730e7bf4 req-2c7de9ff-0110-4806-966e-8b7c94d0bef7 service placement] 10.222.0.13 "PUT /placement/allocations/8944c481-4f08-47a4-b5aa-42a77ea74519" status: 204 len: 0 microversion: 1.36
May 07 19:51:21.837795 n-d-841016-1 devstack@placement-api.service[104703]: [pid: 104703|app: 0|req: 290/585] 10.222.0.13 () {64 vars in 1433 bytes} [Sat May 7 19:51:21 2022] PUT /placement/allocations/8944c481-4f08-47a4-b5aa-42a77ea74519 => generated 0 bytes in 108 msecs (HTTP/1.1 204) 5 headers in 199 bytes (1 switches on core 0)
May 07 19:51:21.857096 n-d-841016-1 devstack@placement-api.service[104704]: INFO placement.requestlog [req-2d86945b-7f23-4207-9093-ff72d5dc9375 req-26a36d38-2ac6-4cfc-a312-84dc8321527e service placement] 10.222.0.44 "GET /placement/resource_providers/c33fbafb-5a71-4377-a0ea-df705f986e97/allocations" status: 200 len: 429 microversion: 1.0
May 07 19:51:21.857519 n-d-841016-1 devstack@placement-api.service[104704]: [pid: 104704|app: 0|req: 296/586] 10.222.0.44 () {58 vars in 1390 bytes} [Sat May 7 19:51:21 2022] GET /placement/resource_providers/c33fbafb-5a71-4377-a0ea-df705f986e97/allocations => generated 429 bytes in 38 msecs (HTTP/1.1 200) 6 headers in 224 bytes (1 switches on core 0)
May 07 19:51:21.915168 n-d-841016-1 devstack@placement-api.service[104703]: DEBUG placement.requestlog [req-2d86945b-7f23-4207-9093-ff72d5dc9375 req-2c3f8d4f-a8d6-4549-95a7-761d3b649f64 None None] Starting request: 10.222.0.44 "GET /placement/resource_providers?in_tree=c33fbafb-5a71-4377-a0ea-df705f986e97" {{(pid=104703) __call__ /opt/stack/placement/placement/requestlog.py:55}}
May 07 19:51:21.935345 n-d-841016-1 devstack@placement-api.service[104703]: INFO placement.requestlog [req-2d86945b-7f23-4207-9093-ff72d5dc9375 req-2c3f8d4f-a8d6-4549-95a7-761d3b649f64 service placement] 10.222.0.44 "GET /placement/resource_providers?in_tree=c33fbafb-5a71-4377-a0ea-df705f986e97" status: 200 len: 863 microversion: 1.14
May 07 19:51:21.936312 n-d-841016-1 devstack@placement-api.service[104703]: [pid: 104703|app: 0|req: 291/587] 10.222.0.44 () {60 vars in 1376 bytes} [Sat May 7 19:51:21 2022] GET /placement/resource_providers?in_tree=c33fbafb-5a71-4377-a0ea-df705f986e97 => generated 863 bytes in 22 msecs (HTTP/1.1 200) 6 headers in 225 bytes (1 switches on core 0)
May 07 19:51:21.945547 n-d-841016-1 devstack@placement-api.service[104704]: DEBUG placement.requestlog [req-2d86945b-7f23-4207-9093-ff72d5dc9375 req-ebeb984f-c4e7-46cd-b494-3d82c0d5e237 None None] Starting request: 10.222.0.44 "GET /placement/resource_providers/c33fbafb-5a71-4377-a0ea-df705f986e97/inventories" {{(pid=104704) __call__ /opt/stack/placement/placement/requestlog.py:55}}
May 07 19:51:21.968944 n-d-841016-1 devstack@placement-api.service[104704]: INFO placement.requestlog [req-2d86945b-7f23-4207-9093-ff72d5dc9375 req-ebeb984f-c4e7-46cd-b494-3d82c0d5e237 service placement] 10.222.0.44 "GET /placement/resource_providers/c33fbafb-5a71-4377-a0ea-df705f986e97/inventories" status: 200 len: 398 microversion: 1.0
May 07 19:51:21.969952 n-d-841016-1 devstack@placement-api.service[104704]: [pid: 104704|app: 0|req: 297/588] 10.222.0.44 () {58 vars in 1390 bytes} [Sat May 7 19:51:21 2022] GET /placement/resource_providers/c33fbafb-5a71-4377-a0ea-df705f986e97/inventories => generated 398 bytes in 25 msecs (HTTP/1.1 200) 6 headers in 224 bytes (2 switches on core 0)
May 07 19:51:21.979217 n-d-841016-1 devstack@placement-api.service[104703]: DEBUG placement.requestlog [req-2d86945b-7f23-4207-9093-ff72d5dc9375 req-98327a40-860c-400a-a635-fed98c9fd216 None None] Starting request: 10.222.0.44 "GET /placement/resource_providers/c33fbafb-5a71-4377-a0ea-df705f986e97/aggregates" {{(pid=104703) __call__ /opt/stack/placement/placement/requestlog.py:55}}
May 07 19:51:22.002490 n-d-841016-1 devstack@placement-api.service[104703]: INFO placement.requestlog [req-2d86945b-7f23-4207-9093-ff72d5dc9375 req-98327a40-860c-400a-a635-fed98c9fd216 service placement] 10.222.0.44 "GET /placement/resource_providers/c33fbafb-5a71-4377-a0ea-df705f986e97/aggregates" status: 200 len: 54 microversion: 1.19
May 07 19:51:22.003346 n-d-841016-1 devstack@placement-api.service[104703]: [pid: 104703|app: 0|req: 292/589] 10.222.0.44 () {60 vars in 1431 bytes} [Sat May 7 19:51:21 2022] GET /placement/resource_providers/c33fbafb-5a71-4377-a0ea-df705f986e97/aggregates => generated 54 bytes in 24 msecs (HTTP/1.1 200) 8 headers in 295 bytes (2 switches on core 0)
May 07 19:51:22.012531 n-d-841016-1 devstack@placement-api.service[104704]: DEBUG placement.requestlog [req-2d86945b-7f23-4207-9093-ff72d5dc9375 req-216cefbd-41b1-4d67-af70-3cc4b27ecf7a None None] Starting request: 10.222.0.44 "GET /placement/resource_providers/c33fbafb-5a71-4377-a0ea-df705f986e97/traits" {{(pid=104704) __call__ /opt/stack/placement/placement/requestlog.py:55}}
May 07 19:51:22.108490 n-d-841016-1 devstack@placement-api.service[104704]: INFO placement.requestlog [req-2d86945b-7f23-4207-9093-ff72d5dc9375 req-216cefbd-41b1-4d67-af70-3cc4b27ecf7a service placement] 10.222.0.44 "GET /placement/resource_providers/c33fbafb-5a71-4377-a0ea-df705f986e97/traits" status: 200 len: 212 microversion: 1.6
May 07 19:51:22.109446 n-d-841016-1 devstack@placement-api.service[104704]: [pid: 104704|app: 0|req: 298/590] 10.222.0.44 () {60 vars in 1418 bytes} [Sat May 7 19:51:22 2022] GET /placement/resource_providers/c33fbafb-5a71-4377-a0ea-df705f986e97/traits => generated 212 bytes in 97 msecs (HTTP/1.1 200) 6 headers in 224 bytes (2 switches on core 0)
May 07 19:51:22.214831 n-d-841016-1 devstack@placement-api.service[104703]: DEBUG placement.requestlog [req-6fe9729f-29df-4d52-8230-49f8730e7bf4 req-00ceea93-86d7-4bb8-af55-34a463755222 None None] Starting request: 10.222.0.26 "GET /placement/allocations/8944c481-4f08-47a4-b5aa-42a77ea74519" {{(pid=104703) __call__ /opt/stack/placement/placement/requestlog.py:55}}
May 07 19:51:22.232731 n-d-841016-1 devstack@placement-api.service[104703]: INFO placement.requestlog [req-6fe9729f-29df-4d52-8230-49f8730e7bf4 req-00ceea93-86d7-4bb8-af55-34a463755222 service placement] 10.222.0.26 "GET /placement/allocations/8944c481-4f08-47a4-b5aa-42a77ea74519" status: 200 len: 259 microversion: 1.28
May 07 19:51:22.233336 n-d-841016-1 devstack@placement-api.service[104703]: [pid: 104703|app: 0|req: 293/591] 10.222.0.26 () {60 vars in 1377 bytes} [Sat May 7 19:51:22 2022] GET /placement/allocations/8944c481-4f08-47a4-b5aa-42a77ea74519 => generated 259 bytes in 19 msecs (HTTP/1.1 200) 8 headers in 296 bytes (1 switches on core 0)
May 07 19:51:33.837911 n-d-841016-1 devstack@placement-api.service[104704]: DEBUG placement.requestlog [req-4f02d1c7-f222-42f6-b476-9e3c52a68ebe req-669e935e-e5fb-4c1b-9f73-89090f24f5be None None] Starting request: 10.222.0.13 "GET /placement/allocation_candidates?limit=1000&resources=DISK_GB%3A1%2CMEMORY_MB%3A1024%2CVCPU%3A1&root_required=%21COMPUTE_STATUS_DISABLED" {{(pid=104704) __call__ /opt/stack/placement/placement/requestlog.py:55}}
May 07 19:51:33.962309 n-d-841016-1 devstack@placement-api.service[104704]: DEBUG placement.objects.research_context [req-4f02d1c7-f222-42f6-b476-9e3c52a68ebe req-669e935e-e5fb-4c1b-9f73-89090f24f5be service placement] getting providers with 1 DISK_GB {{(pid=104704) __init__ /opt/stack/placement/placement/objects/research_context.py:136}}
May 07 19:51:33.968579 n-d-841016-1 devstack@placement-api.service[104704]: DEBUG placement.objects.research_context [req-4f02d1c7-f222-42f6-b476-9e3c52a68ebe req-669e935e-e5fb-4c1b-9f73-89090f24f5be service placement] getting providers with 1024 MEMORY_MB {{(pid=104704) __init__ /opt/stack/placement/placement/objects/research_context.py:136}}
May 07 19:51:33.977652 n-d-841016-1 devstack@placement-api.service[104704]: DEBUG placement.objects.research_context [req-4f02d1c7-f222-42f6-b476-9e3c52a68ebe req-669e935e-e5fb-4c1b-9f73-89090f24f5be service placement] getting providers with 1 VCPU {{(pid=104704) __init__ /opt/stack/placement/placement/objects/research_context.py:136}}
May 07 19:51:33.984242 n-d-841016-1 devstack@placement-api.service[104704]: DEBUG placement.objects.research_context [req-4f02d1c7-f222-42f6-b476-9e3c52a68ebe req-669e935e-e5fb-4c1b-9f73-89090f24f5be service placement] found 2 providers with available 1 DISK_GB {{(pid=104704) get_provider_ids_matching /opt/stack/placement/placement/objects/research_context.py:563}}
May 07 19:51:33.985223 n-d-841016-1 devstack@placement-api.service[104704]: DEBUG placement.objects.research_context [req-4f02d1c7-f222-42f6-b476-9e3c52a68ebe req-669e935e-e5fb-4c1b-9f73-89090f24f5be service placement] found 2 providers with available 1024 MEMORY_MB {{(pid=104704) get_provider_ids_matching /opt/stack/placement/placement/objects/research_context.py:563}}
May 07 19:51:33.985695 n-d-841016-1 devstack@placement-api.service[104704]: DEBUG placement.objects.research_context [req-4f02d1c7-f222-42f6-b476-9e3c52a68ebe req-669e935e-e5fb-4c1b-9f73-89090f24f5be service placement] found 2 providers after filtering by previous result {{(pid=104704) get_provider_ids_matching /opt/stack/placement/placement/objects/research_context.py:594}}
May 07 19:51:33.986115 n-d-841016-1 devstack@placement-api.service[104704]: DEBUG placement.objects.research_context [req-4f02d1c7-f222-42f6-b476-9e3c52a68ebe req-669e935e-e5fb-4c1b-9f73-89090f24f5be service placement] found 2 providers with available 1 VCPU {{(pid=104704) get_provider_ids_matching /opt/stack/placement/placement/objects/research_context.py:563}}
May 07 19:51:33.986535 n-d-841016-1 devstack@placement-api.service[104704]: DEBUG placement.objects.research_context [req-4f02d1c7-f222-42f6-b476-9e3c52a68ebe req-669e935e-e5fb-4c1b-9f73-89090f24f5be service placement] found 2 providers after filtering by previous result {{(pid=104704) get_provider_ids_matching /opt/stack/placement/placement/objects/research_context.py:594}}
May 07 19:51:34.000236 n-d-841016-1 devstack@placement-api.service[104704]: DEBUG placement.objects.allocation_candidate [req-4f02d1c7-f222-42f6-b476-9e3c52a68ebe req-669e935e-e5fb-4c1b-9f73-89090f24f5be service placement] RequestGroup(use_same_provider=False, resources={DISK_GB:1, MEMORY_MB:1024, VCPU:1}, traits=(), aggregates=[]) (suffix '') returned 2 matches {{(pid=104704) _get_by_requests /opt/stack/placement/placement/objects/allocation_candidate.py:156}}
May 07 19:51:34.000840 n-d-841016-1 devstack@placement-api.service[104704]: DEBUG placement.objects.allocation_candidate [req-4f02d1c7-f222-42f6-b476-9e3c52a68ebe req-669e935e-e5fb-4c1b-9f73-89090f24f5be service placement] Merging candidates yields 2 allocation requests and 2 provider summaries {{(pid=104704) _merge_candidates /opt/stack/placement/placement/objects/allocation_candidate.py:809}}
May 07 19:51:34.002872 n-d-841016-1 devstack@placement-api.service[104704]: INFO placement.requestlog [req-4f02d1c7-f222-42f6-b476-9e3c52a68ebe req-669e935e-e5fb-4c1b-9f73-89090f24f5be service placement] 10.222.0.13 "GET /placement/allocation_candidates?limit=1000&resources=DISK_GB%3A1%2CMEMORY_MB%3A1024%2CVCPU%3A1&root_required=%21COMPUTE_STATUS_DISABLED" status: 200 len: 1309 microversion: 1.36
May 07 19:51:34.003881 n-d-841016-1 devstack@placement-api.service[104704]: [pid: 104704|app: 0|req: 299/592] 10.222.0.13 () {60 vars in 1506 bytes} [Sat May 7 19:51:33 2022] GET /placement/allocation_candidates?limit=1000&resources=DISK_GB%3A1%2CMEMORY_MB%3A1024%2CVCPU%3A1&root_required=%21COMPUTE_STATUS_DISABLED => generated 1309 bytes in 166 msecs (HTTP/1.1 200) 8 headers in 297 bytes (1 switches on core 0)
May 07 19:51:34.132412 n-d-841016-1 devstack@placement-api.service[104703]: DEBUG placement.requestlog [req-4f02d1c7-f222-42f6-b476-9e3c52a68ebe req-61fcfe7d-3c4f-4c26-a6e6-97eb87828b5c None None] Starting request: 10.222.0.13 "GET /placement/allocations/f403eb3c-7834-4f49-8558-2274c0be4a61" {{(pid=104703) __call__ /opt/stack/placement/placement/requestlog.py:55}}
May 07 19:51:34.147757 n-d-841016-1 devstack@placement-api.service[104703]: INFO placement.requestlog [req-4f02d1c7-f222-42f6-b476-9e3c52a68ebe req-61fcfe7d-3c4f-4c26-a6e6-97eb87828b5c service placement] 10.222.0.13 "GET /placement/allocations/f403eb3c-7834-4f49-8558-2274c0be4a61" status: 200 len: 19 microversion: 1.28
May 07 19:51:34.149295 n-d-841016-1 devstack@placement-api.service[104703]: [pid: 104703|app: 0|req: 294/593] 10.222.0.13 () {60 vars in 1380 bytes} [Sat May 7 19:51:34 2022] GET /placement/allocations/f403eb3c-7834-4f49-8558-2274c0be4a61 => generated 19 bytes in 17 msecs (HTTP/1.1 200) 8 headers in 295 bytes (1 switches on core 0)
May 07 19:51:34.156372 n-d-841016-1 devstack@placement-api.service[104704]: DEBUG placement.requestlog [req-4f02d1c7-f222-42f6-b476-9e3c52a68ebe req-4e2f3e8d-2a8d-4f44-90ec-2fd90568ff91 None None] Starting request: 10.222.0.13 "PUT /placement/allocations/f403eb3c-7834-4f49-8558-2274c0be4a61" {{(pid=104704) __call__ /opt/stack/placement/placement/requestlog.py:55}}
May 07 19:51:34.228264 n-d-841016-1 devstack@placement-api.service[104704]: DEBUG placement.handlers.allocation [req-4f02d1c7-f222-42f6-b476-9e3c52a68ebe req-4e2f3e8d-2a8d-4f44-90ec-2fd90568ff91 service placement] Successfully wrote allocations [, , ] {{(pid=104704) _update_consumers_and_create_allocations /opt/stack/placement/placement/handlers/allocation.py:462}}
May 07 19:51:34.234126 n-d-841016-1 devstack@placement-api.service[104704]: INFO placement.requestlog [req-4f02d1c7-f222-42f6-b476-9e3c52a68ebe req-4e2f3e8d-2a8d-4f44-90ec-2fd90568ff91 service placement] 10.222.0.13 "PUT /placement/allocations/f403eb3c-7834-4f49-8558-2274c0be4a61" status: 204 len: 0 microversion: 1.36
May 07 19:51:34.234539 n-d-841016-1 devstack@placement-api.service[104704]: [pid: 104704|app: 0|req: 300/594] 10.222.0.13 () {64 vars in 1433 bytes} [Sat May 7 19:51:34 2022] PUT /placement/allocations/f403eb3c-7834-4f49-8558-2274c0be4a61 => generated 0 bytes in 79 msecs (HTTP/1.1 204) 5 headers in 199 bytes (1 switches on core 0)
May 07 19:51:34.234680 n-d-841016-1 devstack@placement-api.service[104703]: DEBUG placement.requestlog [req-10f67cf7-d0d9-4cad-9701-eaf35c98f8d4 req-038773f0-1902-4924-a85e-623149fd6e57 None None] Starting request: 10.222.0.13 "DELETE /placement/allocations/f403eb3c-7834-4f49-8558-2274c0be4a61" {{(pid=104703) __call__ /opt/stack/placement/placement/requestlog.py:55}}
May 07 19:51:34.289514 n-d-841016-1 devstack@placement-api.service[104704]: DEBUG placement.requestlog [req-4f02d1c7-f222-42f6-b476-9e3c52a68ebe req-e07ab91c-e2aa-4b66-9a1e-2dc3bf3fd6f1 None None] Starting request: 10.222.0.13 "DELETE /placement/allocations/f403eb3c-7834-4f49-8558-2274c0be4a61" {{(pid=104704) __call__ /opt/stack/placement/placement/requestlog.py:55}}
May 07 19:51:34.289857 n-d-841016-1 devstack@placement-api.service[104703]: DEBUG placement.handlers.allocation [req-10f67cf7-d0d9-4cad-9701-eaf35c98f8d4 req-038773f0-1902-4924-a85e-623149fd6e57 service placement] Successfully deleted allocations [, , ] {{(pid=104703) delete_allocations /opt/stack/placement/placement/handlers/allocation.py:627}}
May 07 19:51:34.290675 n-d-841016-1 devstack@placement-api.service[104703]: INFO placement.requestlog [req-10f67cf7-d0d9-4cad-9701-eaf35c98f8d4 req-038773f0-1902-4924-a85e-623149fd6e57 service placement] 10.222.0.13 "DELETE /placement/allocations/f403eb3c-7834-4f49-8558-2274c0be4a61" status: 204 len: 0 microversion: 1.0
May 07 19:51:34.291534 n-d-841016-1 devstack@placement-api.service[104703]: [pid: 104703|app: 0|req: 295/595] 10.222.0.13 () {60 vars in 1349 bytes} [Sat May 7 19:51:34 2022] DELETE /placement/allocations/f403eb3c-7834-4f49-8558-2274c0be4a61 => generated 0 bytes in 60 msecs (HTTP/1.1 204) 5 headers in 198 bytes (1 switches on core 0)
May 07 19:51:34.408111 n-d-841016-1 devstack@placement-api.service[104704]: DEBUG placement.wsgi_wrapper [req-4f02d1c7-f222-42f6-b476-9e3c52a68ebe req-e07ab91c-e2aa-4b66-9a1e-2dc3bf3fd6f1 service placement] Placement API returning an error response: No allocations for consumer 'f403eb3c-7834-4f49-8558-2274c0be4a61' {{(pid=104704) call_func /opt/stack/placement/placement/wsgi_wrapper.py:31}}
May 07 19:51:34.408681 n-d-841016-1 devstack@placement-api.service[104704]: INFO placement.requestlog [req-4f02d1c7-f222-42f6-b476-9e3c52a68ebe req-e07ab91c-e2aa-4b66-9a1e-2dc3bf3fd6f1 service placement] 10.222.0.13 "DELETE /placement/allocations/f403eb3c-7834-4f49-8558-2274c0be4a61" status: 404 len: 228 microversion: 1.0
May 07 19:51:34.420945 n-d-841016-1 devstack@placement-api.service[104704]: [pid: 104704|app: 0|req: 301/596] 10.222.0.13 () {60 vars in 1358 bytes} [Sat May 7 19:51:34 2022] DELETE /placement/allocations/f403eb3c-7834-4f49-8558-2274c0be4a61 => generated 228 bytes in 129 msecs (HTTP/1.1 404) 6 headers in 231 bytes (2 switches on core 0)
May 07 19:51:35.405627 n-d-841016-1 devstack@placement-api.service[104703]: DEBUG placement.requestlog [req-fe14dc10-9d84-42ba-b86f-30661ca25dd3 req-5f0f9aab-0bed-4b9d-b20b-37b359696016 None None] Starting request: 10.222.0.13 "GET /placement/allocation_candidates?limit=1000&resources=DISK_GB%3A1%2CMEMORY_MB%3A1024%2CVCPU%3A1&root_required=%21COMPUTE_STATUS_DISABLED" {{(pid=104703) __call__ /opt/stack/placement/placement/requestlog.py:55}}
May 07 19:51:35.473362 n-d-841016-1 devstack@placement-api.service[104703]: DEBUG placement.objects.research_context [req-fe14dc10-9d84-42ba-b86f-30661ca25dd3 req-5f0f9aab-0bed-4b9d-b20b-37b359696016 service placement] getting providers with 1 DISK_GB {{(pid=104703) __init__ /opt/stack/placement/placement/objects/research_context.py:136}}
May 07 19:51:35.491277 n-d-841016-1 devstack@placement-api.service[104703]: DEBUG placement.objects.research_context [req-fe14dc10-9d84-42ba-b86f-30661ca25dd3 req-5f0f9aab-0bed-4b9d-b20b-37b359696016 service placement] getting providers with 1024 MEMORY_MB {{(pid=104703) __init__ /opt/stack/placement/placement/objects/research_context.py:136}}
May 07 19:51:35.497352 n-d-841016-1 devstack@placement-api.service[104703]: DEBUG placement.objects.research_context [req-fe14dc10-9d84-42ba-b86f-30661ca25dd3 req-5f0f9aab-0bed-4b9d-b20b-37b359696016 service placement] getting providers with 1 VCPU {{(pid=104703) __init__ /opt/stack/placement/placement/objects/research_context.py:136}}
May 07 19:51:35.511761 n-d-841016-1 devstack@placement-api.service[104703]: DEBUG placement.objects.research_context [req-fe14dc10-9d84-42ba-b86f-30661ca25dd3 req-5f0f9aab-0bed-4b9d-b20b-37b359696016 service placement] found 2 providers with available 1 DISK_GB {{(pid=104703) get_provider_ids_matching /opt/stack/placement/placement/objects/research_context.py:563}}
May 07 19:51:35.512076 n-d-841016-1 devstack@placement-api.service[104703]: DEBUG placement.objects.research_context [req-fe14dc10-9d84-42ba-b86f-30661ca25dd3 req-5f0f9aab-0bed-4b9d-b20b-37b359696016 service placement] found 2 providers with available 1024 MEMORY_MB {{(pid=104703) get_provider_ids_matching /opt/stack/placement/placement/objects/research_context.py:563}}
May 07 19:51:35.512351 n-d-841016-1 devstack@placement-api.service[104703]: DEBUG placement.objects.research_context [req-fe14dc10-9d84-42ba-b86f-30661ca25dd3 req-5f0f9aab-0bed-4b9d-b20b-37b359696016 service placement] found 2 providers after filtering by previous result {{(pid=104703) get_provider_ids_matching /opt/stack/placement/placement/objects/research_context.py:594}}
May 07 19:51:35.512633 n-d-841016-1 devstack@placement-api.service[104703]: DEBUG placement.objects.research_context [req-fe14dc10-9d84-42ba-b86f-30661ca25dd3 req-5f0f9aab-0bed-4b9d-b20b-37b359696016 service placement] found 2 providers with available 1 VCPU {{(pid=104703) get_provider_ids_matching /opt/stack/placement/placement/objects/research_context.py:563}}
May 07 19:51:35.512890 n-d-841016-1 devstack@placement-api.service[104703]: DEBUG placement.objects.research_context [req-fe14dc10-9d84-42ba-b86f-30661ca25dd3 req-5f0f9aab-0bed-4b9d-b20b-37b359696016 service placement] found 2 providers after filtering by previous result {{(pid=104703) get_provider_ids_matching /opt/stack/placement/placement/objects/research_context.py:594}}
May 07 19:51:35.527695 n-d-841016-1 devstack@placement-api.service[104703]: DEBUG placement.objects.allocation_candidate [req-fe14dc10-9d84-42ba-b86f-30661ca25dd3 req-5f0f9aab-0bed-4b9d-b20b-37b359696016 service placement] RequestGroup(use_same_provider=False, resources={DISK_GB:1, MEMORY_MB:1024, VCPU:1}, traits=(), aggregates=[]) (suffix '') returned 2 matches {{(pid=104703) _get_by_requests /opt/stack/placement/placement/objects/allocation_candidate.py:156}}
May 07 19:51:35.528065 n-d-841016-1 devstack@placement-api.service[104703]: DEBUG placement.objects.allocation_candidate [req-fe14dc10-9d84-42ba-b86f-30661ca25dd3 req-5f0f9aab-0bed-4b9d-b20b-37b359696016 service placement] Merging candidates yields 2 allocation requests and 2 provider summaries {{(pid=104703) _merge_candidates /opt/stack/placement/placement/objects/allocation_candidate.py:809}}
May 07 19:51:35.532784 n-d-841016-1 devstack@placement-api.service[104703]: INFO placement.requestlog [req-fe14dc10-9d84-42ba-b86f-30661ca25dd3 req-5f0f9aab-0bed-4b9d-b20b-37b359696016 service placement] 10.222.0.13 "GET /placement/allocation_candidates?limit=1000&resources=DISK_GB%3A1%2CMEMORY_MB%3A1024%2CVCPU%3A1&root_required=%21COMPUTE_STATUS_DISABLED" status: 200 len: 1309 microversion: 1.36
May 07 19:51:35.533173 n-d-841016-1 devstack@placement-api.service[104703]: [pid: 104703|app: 0|req: 296/597] 10.222.0.13 () {60 vars in 1506 bytes} [Sat May 7 19:51:35 2022] GET /placement/allocation_candidates?limit=1000&resources=DISK_GB%3A1%2CMEMORY_MB%3A1024%2CVCPU%3A1&root_required=%21COMPUTE_STATUS_DISABLED => generated 1309 bytes in 128 msecs (HTTP/1.1 200) 8 headers in 297 bytes (1 switches on core 0)
May 07 19:51:35.620834 n-d-841016-1 devstack@placement-api.service[104704]: DEBUG placement.requestlog [req-fe14dc10-9d84-42ba-b86f-30661ca25dd3 req-ac7833f0-0536-49c4-a543-bba9ee0c2cc7 None None] Starting request: 10.222.0.13 "GET /placement/allocations/9db17a21-b4f1-4cc5-9e2e-de57b86e1c10" {{(pid=104704) __call__ /opt/stack/placement/placement/requestlog.py:55}}
May 07 19:51:35.633284 n-d-841016-1 devstack@placement-api.service[104704]: INFO placement.requestlog [req-fe14dc10-9d84-42ba-b86f-30661ca25dd3 req-ac7833f0-0536-49c4-a543-bba9ee0c2cc7 service placement] 10.222.0.13 "GET /placement/allocations/9db17a21-b4f1-4cc5-9e2e-de57b86e1c10" status: 200 len: 19 microversion: 1.28
May 07 19:51:35.638941 n-d-841016-1 devstack@placement-api.service[104704]: [pid: 104704|app: 0|req: 302/598] 10.222.0.13 () {60 vars in 1380 bytes} [Sat May 7 19:51:35 2022] GET /placement/allocations/9db17a21-b4f1-4cc5-9e2e-de57b86e1c10 => generated 19 bytes in 18 msecs (HTTP/1.1 200) 8 headers in 295 bytes (1 switches on core 0)
May 07 19:51:35.641783 n-d-841016-1 devstack@placement-api.service[104703]: DEBUG placement.requestlog [req-fe14dc10-9d84-42ba-b86f-30661ca25dd3 req-19376264-0ec7-4dfd-b718-21197767edbb None None] Starting request: 10.222.0.13 "PUT /placement/allocations/9db17a21-b4f1-4cc5-9e2e-de57b86e1c10" {{(pid=104703) __call__ /opt/stack/placement/placement/requestlog.py:55}}
May 07 19:51:35.706539 n-d-841016-1 devstack@placement-api.service[104703]: DEBUG placement.handlers.allocation [req-fe14dc10-9d84-42ba-b86f-30661ca25dd3 req-19376264-0ec7-4dfd-b718-21197767edbb service placement] Successfully wrote allocations [, , ] {{(pid=104703) _update_consumers_and_create_allocations /opt/stack/placement/placement/handlers/allocation.py:462}}
May 07 19:51:35.711374 n-d-841016-1 devstack@placement-api.service[104703]: INFO placement.requestlog [req-fe14dc10-9d84-42ba-b86f-30661ca25dd3 req-19376264-0ec7-4dfd-b718-21197767edbb service placement] 10.222.0.13 "PUT /placement/allocations/9db17a21-b4f1-4cc5-9e2e-de57b86e1c10" status: 204 len: 0 microversion: 1.36
May 07 19:51:35.712421 n-d-841016-1 devstack@placement-api.service[104703]: [pid: 104703|app: 0|req: 297/599] 10.222.0.13 () {64 vars in 1433 bytes} [Sat May 7 19:51:35 2022] PUT /placement/allocations/9db17a21-b4f1-4cc5-9e2e-de57b86e1c10 => generated 0 bytes in 71 msecs (HTTP/1.1 204) 5 headers in 199 bytes (2 switches on core 0)
May 07 19:51:36.071458 n-d-841016-1 devstack@placement-api.service[104704]: DEBUG placement.requestlog [req-fe14dc10-9d84-42ba-b86f-30661ca25dd3 req-0f79f117-4b8a-4999-af6b-d0e8f6d3843d None None] Starting request: 10.222.0.26 "GET /placement/allocations/9db17a21-b4f1-4cc5-9e2e-de57b86e1c10" {{(pid=104704) __call__ /opt/stack/placement/placement/requestlog.py:55}}
May 07 19:51:36.097704 n-d-841016-1 devstack@placement-api.service[104704]: INFO placement.requestlog [req-fe14dc10-9d84-42ba-b86f-30661ca25dd3 req-0f79f117-4b8a-4999-af6b-d0e8f6d3843d service placement] 10.222.0.26 "GET /placement/allocations/9db17a21-b4f1-4cc5-9e2e-de57b86e1c10" status: 200 len: 259 microversion: 1.28
May 07 19:51:36.098645 n-d-841016-1 devstack@placement-api.service[104704]: [pid: 104704|app: 0|req: 303/600] 10.222.0.26 () {60 vars in 1377 bytes} [Sat May 7 19:51:36 2022] GET /placement/allocations/9db17a21-b4f1-4cc5-9e2e-de57b86e1c10 => generated 259 bytes in 28 msecs (HTTP/1.1 200) 8 headers in 296 bytes (1 switches on core 0)
May 07 19:51:40.446267 n-d-841016-1 devstack@placement-api.service[104703]: DEBUG placement.requestlog [req-a397e98f-8606-47e6-b1fb-4d0fb07ac09a req-0af8733c-31bf-4d07-afde-3fcf4b7b5c31 None None] Starting request: 10.222.0.26 "DELETE /placement/allocations/8944c481-4f08-47a4-b5aa-42a77ea74519" {{(pid=104703) __call__ /opt/stack/placement/placement/requestlog.py:55}}
May 07 19:51:40.479433 n-d-841016-1 devstack@placement-api.service[104703]: DEBUG placement.handlers.allocation [req-a397e98f-8606-47e6-b1fb-4d0fb07ac09a req-0af8733c-31bf-4d07-afde-3fcf4b7b5c31 service placement] Successfully deleted allocations [, , ] {{(pid=104703) delete_allocations /opt/stack/placement/placement/handlers/allocation.py:627}}
May 07 19:51:40.480196 n-d-841016-1 devstack@placement-api.service[104703]: INFO placement.requestlog [req-a397e98f-8606-47e6-b1fb-4d0fb07ac09a req-0af8733c-31bf-4d07-afde-3fcf4b7b5c31 service placement] 10.222.0.26 "DELETE /placement/allocations/8944c481-4f08-47a4-b5aa-42a77ea74519" status: 204 len: 0 microversion: 1.0
