May 07 19:46:05.992455 n-d-841016-1 devstack@placement-api.service[104704]: INFO placement.requestlog [req-f6b6d009-b5fa-4c95-93e7-ac0f397bb86d req-152caf45-a037-4e82-9fc1-c81a0493af88 service placement] 10.222.0.13 "GET /placement/allocations/adee663b-8b86-4e58-be06-a323d919bca8" status: 200 len: 19 microversion: 1.28
May 07 19:46:05.995556 n-d-841016-1 devstack@placement-api.service[104704]: [pid: 104704|app: 0|req: 183/364] 10.222.0.13 () {60 vars in 1380 bytes} [Sat May 7 19:46:05 2022] GET /placement/allocations/adee663b-8b86-4e58-be06-a323d919bca8 => generated 19 bytes in 25 msecs (HTTP/1.1 200) 8 headers in 295 bytes (1 switches on core 0)
May 07 19:46:05.999149 n-d-841016-1 devstack@placement-api.service[104703]: DEBUG placement.requestlog [req-f6b6d009-b5fa-4c95-93e7-ac0f397bb86d req-27622aba-4346-44b2-a2e5-0a3e42e22d60 None None] Starting request: 10.222.0.13 "PUT /placement/allocations/adee663b-8b86-4e58-be06-a323d919bca8" {{(pid=104703) __call__ /opt/stack/placement/placement/requestlog.py:55}}
May 07 19:46:06.135541 n-d-841016-1 devstack@placement-api.service[104704]: DEBUG placement.requestlog [req-ddfd1bc7-77eb-4a18-823a-24b460731948 req-0456b5d8-40fd-4180-9e2c-ccb5d1a5cff0 None None] Starting request: 10.222.0.26 "GET /placement/resource_providers/63b26e56-cfe0-4eb0-8bee-b0754f81e4e8/allocations" {{(pid=104704) __call__ /opt/stack/placement/placement/requestlog.py:55}}
May 07 19:46:06.167652 n-d-841016-1 devstack@placement-api.service[104703]: DEBUG placement.handlers.allocation [req-f6b6d009-b5fa-4c95-93e7-ac0f397bb86d req-27622aba-4346-44b2-a2e5-0a3e42e22d60 service placement] Successfully wrote allocations [, , ] {{(pid=104703) _update_consumers_and_create_allocations /opt/stack/placement/placement/handlers/allocation.py:462}}
May 07 19:46:06.177966 n-d-841016-1 devstack@placement-api.service[104703]: INFO placement.requestlog [req-f6b6d009-b5fa-4c95-93e7-ac0f397bb86d req-27622aba-4346-44b2-a2e5-0a3e42e22d60 service placement] 10.222.0.13 "PUT /placement/allocations/adee663b-8b86-4e58-be06-a323d919bca8" status: 204 len: 0 microversion: 1.36
May 07 19:46:06.178699 n-d-841016-1 devstack@placement-api.service[104703]: [pid: 104703|app: 0|req: 182/365] 10.222.0.13 () {64 vars in 1433 bytes} [Sat May 7 19:46:05 2022] PUT /placement/allocations/adee663b-8b86-4e58-be06-a323d919bca8 => generated 0 bytes in 180 msecs (HTTP/1.1 204) 5 headers in 199 bytes (2 switches on core 0)
May 07 19:46:06.210975 n-d-841016-1 devstack@placement-api.service[104704]: INFO placement.requestlog [req-ddfd1bc7-77eb-4a18-823a-24b460731948 req-0456b5d8-40fd-4180-9e2c-ccb5d1a5cff0 service placement] 10.222.0.26 "GET /placement/resource_providers/63b26e56-cfe0-4eb0-8bee-b0754f81e4e8/allocations" status: 200 len: 544 microversion: 1.0
May 07 19:46:06.214109 n-d-841016-1 devstack@placement-api.service[104704]: [pid: 104704|app: 0|req: 184/366] 10.222.0.26 () {58 vars in 1390 bytes} [Sat May 7 19:46:06 2022] GET /placement/resource_providers/63b26e56-cfe0-4eb0-8bee-b0754f81e4e8/allocations => generated 544 bytes in 78 msecs (HTTP/1.1 200) 6 headers in 224 bytes (2 switches on core 0)
May 07 19:46:06.819033 n-d-841016-1 devstack@placement-api.service[104703]: DEBUG placement.requestlog [req-f6b6d009-b5fa-4c95-93e7-ac0f397bb86d req-ea6d7fad-f928-4066-a73d-2b07ad3ed7e5 None None] Starting request: 10.222.0.26 "GET /placement/allocations/adee663b-8b86-4e58-be06-a323d919bca8" {{(pid=104703) __call__ /opt/stack/placement/placement/requestlog.py:55}}
May 07 19:46:06.854338 n-d-841016-1 devstack@placement-api.service[104703]: INFO placement.requestlog [req-f6b6d009-b5fa-4c95-93e7-ac0f397bb86d req-ea6d7fad-f928-4066-a73d-2b07ad3ed7e5 service placement] 10.222.0.26 "GET /placement/allocations/adee663b-8b86-4e58-be06-a323d919bca8" status: 200 len: 259 microversion: 1.28
May 07 19:46:06.855277 n-d-841016-1 devstack@placement-api.service[104703]: [pid: 104703|app: 0|req: 183/367] 10.222.0.26 () {60 vars in 1377 bytes} [Sat May 7 19:46:06 2022] GET /placement/allocations/adee663b-8b86-4e58-be06-a323d919bca8 => generated 259 bytes in 37 msecs (HTTP/1.1 200) 8 headers in 296 bytes (1 switches on core 0)
May 07 19:46:08.432616 n-d-841016-1 devstack@placement-api.service[104704]: DEBUG placement.requestlog [req-70e8dfbd-1c20-4a16-8d5d-af8157f471c1 req-0948cfc0-bb99-426e-8dae-d7f4b9677119 None None] Starting request: 10.222.0.26 "GET /placement/resource_providers?in_tree=63b26e56-cfe0-4eb0-8bee-b0754f81e4e8" {{(pid=104704) __call__ /opt/stack/placement/placement/requestlog.py:55}}
May 07 19:46:08.691698 n-d-841016-1 devstack@placement-api.service[104703]: DEBUG placement.requestlog [req-d19f8a97-c834-4c40-995f-f2d20f30115f req-ad543431-5f54-4c3e-9a16-a0742246723d None None] Starting request: 10.222.0.13 "GET /placement/allocation_candidates?limit=1000&resources=DISK_GB%3A1%2CMEMORY_MB%3A1024%2CVCPU%3A1&root_required=%21COMPUTE_STATUS_DISABLED" {{(pid=104703) __call__ /opt/stack/placement/placement/requestlog.py:55}}
May 07 19:46:08.739895 n-d-841016-1 devstack@placement-api.service[104704]: INFO placement.requestlog [req-70e8dfbd-1c20-4a16-8d5d-af8157f471c1 req-0948cfc0-bb99-426e-8dae-d7f4b9677119 service placement] 10.222.0.26 "GET /placement/resource_providers?in_tree=63b26e56-cfe0-4eb0-8bee-b0754f81e4e8" status: 200 len: 863 microversion: 1.14
May 07 19:46:08.742131 n-d-841016-1 devstack@placement-api.service[104704]: [pid: 104704|app: 0|req: 185/368] 10.222.0.26 () {60 vars in 1376 bytes} [Sat May 7 19:46:08 2022] GET /placement/resource_providers?in_tree=63b26e56-cfe0-4eb0-8bee-b0754f81e4e8 => generated 863 bytes in 310 msecs (HTTP/1.1 200) 6 headers in 225 bytes (1 switches on core 0)
May 07 19:46:08.749627 n-d-841016-1 devstack@placement-api.service[104704]: DEBUG placement.requestlog [req-70e8dfbd-1c20-4a16-8d5d-af8157f471c1 req-88ce5668-7b8c-41ab-941e-f6104d22d893 None None] Starting request: 10.222.0.26 "GET /placement/resource_providers/63b26e56-cfe0-4eb0-8bee-b0754f81e4e8/inventories" {{(pid=104704) __call__ /opt/stack/placement/placement/requestlog.py:55}}
May 07 19:46:08.801077 n-d-841016-1 devstack@placement-api.service[104703]: DEBUG placement.objects.research_context [req-d19f8a97-c834-4c40-995f-f2d20f30115f req-ad543431-5f54-4c3e-9a16-a0742246723d service placement] getting providers with 1 DISK_GB {{(pid=104703) __init__ /opt/stack/placement/placement/objects/research_context.py:136}}
May 07 19:46:08.825076 n-d-841016-1 devstack@placement-api.service[104704]: INFO placement.requestlog [req-70e8dfbd-1c20-4a16-8d5d-af8157f471c1 req-88ce5668-7b8c-41ab-941e-f6104d22d893 service placement] 10.222.0.26 "GET /placement/resource_providers/63b26e56-cfe0-4eb0-8bee-b0754f81e4e8/inventories" status: 200 len: 398 microversion: 1.0
May 07 19:46:08.825446 n-d-841016-1 devstack@placement-api.service[104703]: DEBUG placement.objects.research_context [req-d19f8a97-c834-4c40-995f-f2d20f30115f req-ad543431-5f54-4c3e-9a16-a0742246723d service placement] getting providers with 1024 MEMORY_MB {{(pid=104703) __init__ /opt/stack/placement/placement/objects/research_context.py:136}}
May 07 19:46:08.828136 n-d-841016-1 devstack@placement-api.service[104704]: [pid: 104704|app: 0|req: 186/369] 10.222.0.26 () {58 vars in 1390 bytes} [Sat May 7 19:46:08 2022] GET /placement/resource_providers/63b26e56-cfe0-4eb0-8bee-b0754f81e4e8/inventories => generated 398 bytes in 79 msecs (HTTP/1.1 200) 6 headers in 224 bytes (2 switches on core 0)
May 07 19:46:08.837552 n-d-841016-1 devstack@placement-api.service[104704]: DEBUG placement.requestlog [req-70e8dfbd-1c20-4a16-8d5d-af8157f471c1 req-f6ce7f47-c673-4f3c-9b9c-8fabfa6b3bf5 None None] Starting request: 10.222.0.26 "GET /placement/resource_providers/63b26e56-cfe0-4eb0-8bee-b0754f81e4e8/aggregates" {{(pid=104704) __call__ /opt/stack/placement/placement/requestlog.py:55}}
May 07 19:46:08.850509 n-d-841016-1 devstack@placement-api.service[104703]: DEBUG placement.objects.research_context [req-d19f8a97-c834-4c40-995f-f2d20f30115f req-ad543431-5f54-4c3e-9a16-a0742246723d service placement] getting providers with 1 VCPU {{(pid=104703) __init__ /opt/stack/placement/placement/objects/research_context.py:136}}
May 07 19:46:08.887729 n-d-841016-1 devstack@placement-api.service[104703]: DEBUG placement.objects.research_context [req-d19f8a97-c834-4c40-995f-f2d20f30115f req-ad543431-5f54-4c3e-9a16-a0742246723d service placement] found 2 providers with available 1 DISK_GB {{(pid=104703) get_provider_ids_matching /opt/stack/placement/placement/objects/research_context.py:563}}
May 07 19:46:08.888103 n-d-841016-1 devstack@placement-api.service[104703]: DEBUG placement.objects.research_context [req-d19f8a97-c834-4c40-995f-f2d20f30115f req-ad543431-5f54-4c3e-9a16-a0742246723d service placement] found 2 providers with available 1024 MEMORY_MB {{(pid=104703) get_provider_ids_matching /opt/stack/placement/placement/objects/research_context.py:563}}
May 07 19:46:08.890037 n-d-841016-1 devstack@placement-api.service[104703]: DEBUG placement.objects.research_context [req-d19f8a97-c834-4c40-995f-f2d20f30115f req-ad543431-5f54-4c3e-9a16-a0742246723d service placement] found 2 providers after filtering by previous result {{(pid=104703) get_provider_ids_matching /opt/stack/placement/placement/objects/research_context.py:594}}
May 07 19:46:08.891766 n-d-841016-1 devstack@placement-api.service[104703]: DEBUG placement.objects.research_context [req-d19f8a97-c834-4c40-995f-f2d20f30115f req-ad543431-5f54-4c3e-9a16-a0742246723d service placement] found 2 providers with available 1 VCPU {{(pid=104703) get_provider_ids_matching /opt/stack/placement/placement/objects/research_context.py:563}}
May 07 19:46:08.893185 n-d-841016-1 devstack@placement-api.service[104703]: DEBUG placement.objects.research_context [req-d19f8a97-c834-4c40-995f-f2d20f30115f req-ad543431-5f54-4c3e-9a16-a0742246723d service placement] found 2 providers after filtering by previous result {{(pid=104703) get_provider_ids_matching /opt/stack/placement/placement/objects/research_context.py:594}}
May 07 19:46:08.900428 n-d-841016-1 devstack@placement-api.service[104704]: INFO placement.requestlog [req-70e8dfbd-1c20-4a16-8d5d-af8157f471c1 req-f6ce7f47-c673-4f3c-9b9c-8fabfa6b3bf5 service placement] 10.222.0.26 "GET /placement/resource_providers/63b26e56-cfe0-4eb0-8bee-b0754f81e4e8/aggregates" status: 200 len: 54 microversion: 1.19
May 07 19:46:08.905289 n-d-841016-1 devstack@placement-api.service[104704]: [pid: 104704|app: 0|req: 187/370] 10.222.0.26 () {60 vars in 1431 bytes} [Sat May 7 19:46:08 2022] GET /placement/resource_providers/63b26e56-cfe0-4eb0-8bee-b0754f81e4e8/aggregates => generated 54 bytes in 68 msecs (HTTP/1.1 200) 8 headers in 295 bytes (1 switches on core 0)
May 07 19:46:08.913175 n-d-841016-1 devstack@placement-api.service[104704]: DEBUG placement.requestlog [req-70e8dfbd-1c20-4a16-8d5d-af8157f471c1 req-c6dbb6c5-8d43-4316-b719-5c2a94ba30ae None None] Starting request: 10.222.0.26 "GET /placement/resource_providers/63b26e56-cfe0-4eb0-8bee-b0754f81e4e8/traits" {{(pid=104704) __call__ /opt/stack/placement/placement/requestlog.py:55}}
May 07 19:46:08.935819 n-d-841016-1 devstack@placement-api.service[104703]: DEBUG placement.objects.allocation_candidate [req-d19f8a97-c834-4c40-995f-f2d20f30115f req-ad543431-5f54-4c3e-9a16-a0742246723d service placement] RequestGroup(use_same_provider=False, resources={DISK_GB:1, MEMORY_MB:1024, VCPU:1}, traits=(), aggregates=[]) (suffix '') returned 2 matches {{(pid=104703) _get_by_requests /opt/stack/placement/placement/objects/allocation_candidate.py:156}}
May 07 19:46:08.937325 n-d-841016-1 devstack@placement-api.service[104703]: DEBUG placement.objects.allocation_candidate [req-d19f8a97-c834-4c40-995f-f2d20f30115f req-ad543431-5f54-4c3e-9a16-a0742246723d service placement] Merging candidates yields 2 allocation requests and 2 provider summaries {{(pid=104703) _merge_candidates /opt/stack/placement/placement/objects/allocation_candidate.py:809}}
May 07 19:46:08.944013 n-d-841016-1 devstack@placement-api.service[104703]: INFO placement.requestlog [req-d19f8a97-c834-4c40-995f-f2d20f30115f req-ad543431-5f54-4c3e-9a16-a0742246723d service placement] 10.222.0.13 "GET /placement/allocation_candidates?limit=1000&resources=DISK_GB%3A1%2CMEMORY_MB%3A1024%2CVCPU%3A1&root_required=%21COMPUTE_STATUS_DISABLED" status: 200 len: 1309 microversion: 1.36
May 07 19:46:08.945231 n-d-841016-1 devstack@placement-api.service[104703]: [pid: 104703|app: 0|req: 184/371] 10.222.0.13 () {60 vars in 1506 bytes} [Sat May 7 19:46:08 2022] GET /placement/allocation_candidates?limit=1000&resources=DISK_GB%3A1%2CMEMORY_MB%3A1024%2CVCPU%3A1&root_required=%21COMPUTE_STATUS_DISABLED => generated 1309 bytes in 254 msecs (HTTP/1.1 200) 8 headers in 297 bytes (2 switches on core 0)
May 07 19:46:09.025584 n-d-841016-1 devstack@placement-api.service[104704]: INFO placement.requestlog [req-70e8dfbd-1c20-4a16-8d5d-af8157f471c1 req-c6dbb6c5-8d43-4316-b719-5c2a94ba30ae service placement] 10.222.0.26 "GET /placement/resource_providers/63b26e56-cfe0-4eb0-8bee-b0754f81e4e8/traits" status: 200 len: 212 microversion: 1.6
May 07 19:46:09.026721 n-d-841016-1 devstack@placement-api.service[104704]: [pid: 104704|app: 0|req: 188/372] 10.222.0.26 () {60 vars in 1418 bytes} [Sat May 7 19:46:08 2022] GET /placement/resource_providers/63b26e56-cfe0-4eb0-8bee-b0754f81e4e8/traits => generated 212 bytes in 114 msecs (HTTP/1.1 200) 6 headers in 224 bytes (1 switches on core 0)
May 07 19:46:09.144106 n-d-841016-1 devstack@placement-api.service[104703]: DEBUG placement.requestlog [req-d19f8a97-c834-4c40-995f-f2d20f30115f req-e60ff828-cae8-4a0f-8d8d-6c0bf3849475 None None] Starting request: 10.222.0.13 "GET /placement/allocations/00531783-3fec-4132-a1ad-18a6cbbabf30" {{(pid=104703) __call__ /opt/stack/placement/placement/requestlog.py:55}}
May 07 19:46:09.160066 n-d-841016-1 devstack@placement-api.service[104703]: INFO placement.requestlog [req-d19f8a97-c834-4c40-995f-f2d20f30115f req-e60ff828-cae8-4a0f-8d8d-6c0bf3849475 service placement] 10.222.0.13 "GET /placement/allocations/00531783-3fec-4132-a1ad-18a6cbbabf30" status: 200 len: 19 microversion: 1.28
May 07 19:46:09.164899 n-d-841016-1 devstack@placement-api.service[104703]: [pid: 104703|app: 0|req: 185/373] 10.222.0.13 () {60 vars in 1380 bytes} [Sat May 7 19:46:09 2022] GET /placement/allocations/00531783-3fec-4132-a1ad-18a6cbbabf30 => generated 19 bytes in 21 msecs (HTTP/1.1 200) 8 headers in 295 bytes (1 switches on core 0)
May 07 19:46:09.170150 n-d-841016-1 devstack@placement-api.service[104704]: DEBUG placement.requestlog [req-d19f8a97-c834-4c40-995f-f2d20f30115f req-d1d21d8b-6ff5-4754-9690-f96b0025cc0d None None] Starting request: 10.222.0.13 "PUT /placement/allocations/00531783-3fec-4132-a1ad-18a6cbbabf30" {{(pid=104704) __call__ /opt/stack/placement/placement/requestlog.py:55}}
May 07 19:46:09.250753 n-d-841016-1 devstack@placement-api.service[104703]: DEBUG placement.requestlog [req-70e8dfbd-1c20-4a16-8d5d-af8157f471c1 req-2ad64406-1692-4657-8ee5-822248ecb335 None None] Starting request: 10.222.0.26 "DELETE /placement/allocations/11381378-9ddf-4e64-933b-4c519286f7f0" {{(pid=104703) __call__ /opt/stack/placement/placement/requestlog.py:55}}
May 07 19:46:09.326500 n-d-841016-1 devstack@placement-api.service[104703]: DEBUG placement.handlers.allocation [req-70e8dfbd-1c20-4a16-8d5d-af8157f471c1 req-2ad64406-1692-4657-8ee5-822248ecb335 service placement] Successfully deleted allocations [, , ] {{(pid=104703) delete_allocations /opt/stack/placement/placement/handlers/allocation.py:627}}
May 07 19:46:09.327826 n-d-841016-1 devstack@placement-api.service[104703]: INFO placement.requestlog [req-70e8dfbd-1c20-4a16-8d5d-af8157f471c1 req-2ad64406-1692-4657-8ee5-822248ecb335 service placement] 10.222.0.26 "DELETE /placement/allocations/11381378-9ddf-4e64-933b-4c519286f7f0" status: 204 len: 0 microversion: 1.0
May 07 19:46:09.328558 n-d-841016-1 devstack@placement-api.service[104704]: DEBUG placement.handlers.allocation [req-d19f8a97-c834-4c40-995f-f2d20f30115f req-d1d21d8b-6ff5-4754-9690-f96b0025cc0d service placement] Successfully wrote allocations [, , ] {{(pid=104704) _update_consumers_and_create_allocations /opt/stack/placement/placement/handlers/allocation.py:462}}
May 07 19:46:09.329524 n-d-841016-1 devstack@placement-api.service[104703]: [pid: 104703|app: 0|req: 186/374] 10.222.0.26 () {60 vars in 1355 bytes} [Sat May 7 19:46:09 2022] DELETE /placement/allocations/11381378-9ddf-4e64-933b-4c519286f7f0 => generated 0 bytes in 79 msecs (HTTP/1.1 204) 5 headers in 198 bytes (1 switches on core 0)
May 07 19:46:09.344289 n-d-841016-1 devstack@placement-api.service[104704]: INFO placement.requestlog [req-d19f8a97-c834-4c40-995f-f2d20f30115f req-d1d21d8b-6ff5-4754-9690-f96b0025cc0d service placement] 10.222.0.13 "PUT /placement/allocations/00531783-3fec-4132-a1ad-18a6cbbabf30" status: 204 len: 0 microversion: 1.36
May 07 19:46:09.352408 n-d-841016-1 devstack@placement-api.service[104704]: [pid: 104704|app: 0|req: 189/375] 10.222.0.13 () {64 vars in 1433 bytes} [Sat May 7 19:46:09 2022] PUT /placement/allocations/00531783-3fec-4132-a1ad-18a6cbbabf30 => generated 0 bytes in 175 msecs (HTTP/1.1 204) 5 headers in 199 bytes (1 switches on core 0)
May 07 19:46:10.297531 n-d-841016-1 devstack@placement-api.service[104703]: DEBUG placement.requestlog [req-d19f8a97-c834-4c40-995f-f2d20f30115f req-b5d86e8e-0cc9-4e74-a269-3aaf5f660383 None None] Starting request: 10.222.0.26 "GET /placement/allocations/00531783-3fec-4132-a1ad-18a6cbbabf30" {{(pid=104703) __call__ /opt/stack/placement/placement/requestlog.py:55}}
May 07 19:46:10.373139 n-d-841016-1 devstack@placement-api.service[104703]: INFO placement.requestlog [req-d19f8a97-c834-4c40-995f-f2d20f30115f req-b5d86e8e-0cc9-4e74-a269-3aaf5f660383 service placement] 10.222.0.26 "GET /placement/allocations/00531783-3fec-4132-a1ad-18a6cbbabf30" status: 200 len: 259 microversion: 1.28
May 07 19:46:10.376291 n-d-841016-1 devstack@placement-api.service[104703]: [pid: 104703|app: 0|req: 187/376] 10.222.0.26 () {60 vars in 1377 bytes} [Sat May 7 19:46:10 2022] GET /placement/allocations/00531783-3fec-4132-a1ad-18a6cbbabf30 => generated 259 bytes in 81 msecs (HTTP/1.1 200) 8 headers in 296 bytes (1 switches on core 0)
May 07 19:46:11.600995 n-d-841016-1 devstack@placement-api.service[104704]: DEBUG placement.requestlog [req-ffa7681a-a143-458f-96c9-954a2c5a35c3 req-1dadb2bb-9761-4752-87c8-0abbcdb88d5e None None] Starting request: 10.222.0.44 "DELETE /placement/allocations/c3e0a4f0-f05f-48a3-8e12-90f971e73621" {{(pid=104704) __call__ /opt/stack/placement/placement/requestlog.py:55}}
May 07 19:46:11.753910 n-d-841016-1 devstack@placement-api.service[104704]: DEBUG placement.handlers.allocation [req-ffa7681a-a143-458f-96c9-954a2c5a35c3 req-1dadb2bb-9761-4752-87c8-0abbcdb88d5e service placement] Successfully deleted allocations [, ] {{(pid=104704) delete_allocations /opt/stack/placement/placement/handlers/allocation.py:627}}
May 07 19:46:11.754831 n-d-841016-1 devstack@placement-api.service[104704]: INFO placement.requestlog [req-ffa7681a-a143-458f-96c9-954a2c5a35c3 req-1dadb2bb-9761-4752-87c8-0abbcdb88d5e service placement] 10.222.0.44 "DELETE /placement/allocations/c3e0a4f0-f05f-48a3-8e12-90f971e73621" status: 204 len: 0 microversion: 1.0
May 07 19:46:11.763522 n-d-841016-1 devstack@placement-api.service[104704]: [pid: 104704|app: 0|req: 190/377] 10.222.0.44 () {60 vars in 1355 bytes} [Sat May 7 19:46:11 2022] DELETE /placement/allocations/c3e0a4f0-f05f-48a3-8e12-90f971e73621 => generated 0 bytes in 163 msecs (HTTP/1.1 204) 5 headers in 198 bytes (2 switches on core 0)
May 07 19:46:17.306236 n-d-841016-1 devstack@placement-api.service[104703]: DEBUG placement.requestlog [req-fc4c6b24-52b7-4d30-9c07-ca946171db75 req-723e3eb8-3c6b-4261-b5bb-9fc5a5461c53 None None] Starting request: 10.222.0.44 "GET /placement/resource_providers/c33fbafb-5a71-4377-a0ea-df705f986e97/allocations" {{(pid=104703) __call__ /opt/stack/placement/placement/requestlog.py:55}}
May 07 19:46:17.363225 n-d-841016-1 devstack@placement-api.service[104703]: INFO placement.requestlog [req-fc4c6b24-52b7-4d30-9c07-ca946171db75 req-723e3eb8-3c6b-4261-b5bb-9fc5a5461c53 service placement] 10.222.0.44 "GET /placement/resource_providers/c33fbafb-5a71-4377-a0ea-df705f986e97/allocations" status: 200 len: 861 microversion: 1.0
May 07 19:46:17.364118 n-d-841016-1 devstack@placement-api.service[104703]: [pid: 104703|app: 0|req: 188/378] 10.222.0.44 () {58 vars in 1390 bytes} [Sat May 7 19:46:17 2022] GET /placement/resource_providers/c33fbafb-5a71-4377-a0ea-df705f986e97/allocations => generated 861 bytes in 58 msecs (HTTP/1.1 200) 6 headers in 224 bytes (1 switches on core 0)
May 07 19:46:17.433744 n-d-841016-1 devstack@placement-api.service[104704]: DEBUG placement.requestlog [req-fc4c6b24-52b7-4d30-9c07-ca946171db75 req-22585e1c-2609-4648-a723-7d65e1f01a37 None None] Starting request: 10.222.0.44 "GET /placement/resource_providers?in_tree=c33fbafb-5a71-4377-a0ea-df705f986e97" {{(pid=104704) __call__ /opt/stack/placement/placement/requestlog.py:55}}
May 07 19:46:17.486711 n-d-841016-1 devstack@placement-api.service[104704]: INFO placement.requestlog [req-fc4c6b24-52b7-4d30-9c07-ca946171db75 req-22585e1c-2609-4648-a723-7d65e1f01a37 service placement] 10.222.0.44 "GET /placement/resource_providers?in_tree=c33fbafb-5a71-4377-a0ea-df705f986e97" status: 200 len: 863 microversion: 1.14
May 07 19:46:17.487103 n-d-841016-1 devstack@placement-api.service[104704]: [pid: 104704|app: 0|req: 191/379] 10.222.0.44 () {60 vars in 1376 bytes} [Sat May 7 19:46:17 2022] GET /placement/resource_providers?in_tree=c33fbafb-5a71-4377-a0ea-df705f986e97 => generated 863 bytes in 54 msecs (HTTP/1.1 200) 6 headers in 225 bytes (1 switches on core 0)
May 07 19:46:17.497121 n-d-841016-1 devstack@placement-api.service[104703]: DEBUG placement.requestlog [req-fc4c6b24-52b7-4d30-9c07-ca946171db75 req-8404ac70-7e9c-4a72-af53-615f00038e90 None None] Starting request: 10.222.0.44 "GET /placement/resource_providers/c33fbafb-5a71-4377-a0ea-df705f986e97/inventories" {{(pid=104703) __call__ /opt/stack/placement/placement/requestlog.py:55}}
May 07 19:46:17.535442 n-d-841016-1 devstack@placement-api.service[104703]: INFO placement.requestlog [req-fc4c6b24-52b7-4d30-9c07-ca946171db75 req-8404ac70-7e9c-4a72-af53-615f00038e90 service placement] 10.222.0.44 "GET /placement/resource_providers/c33fbafb-5a71-4377-a0ea-df705f986e97/inventories" status: 200 len: 398 microversion: 1.0
May 07 19:46:17.541177 n-d-841016-1 devstack@placement-api.service[104703]: [pid: 104703|app: 0|req: 189/380] 10.222.0.44 () {58 vars in 1390 bytes} [Sat May 7 19:46:17 2022] GET /placement/resource_providers/c33fbafb-5a71-4377-a0ea-df705f986e97/inventories => generated 398 bytes in 44 msecs (HTTP/1.1 200) 6 headers in 224 bytes (1 switches on core 0)
May 07 19:46:17.551229 n-d-841016-1 devstack@placement-api.service[104704]: DEBUG placement.requestlog [req-fc4c6b24-52b7-4d30-9c07-ca946171db75 req-d871a63a-67d9-42ff-a42f-137bc6bb835b None None] Starting request: 10.222.0.44 "GET /placement/resource_providers/c33fbafb-5a71-4377-a0ea-df705f986e97/aggregates" {{(pid=104704) __call__ /opt/stack/placement/placement/requestlog.py:55}}
May 07 19:46:17.573328 n-d-841016-1 devstack@placement-api.service[104704]: INFO placement.requestlog [req-fc4c6b24-52b7-4d30-9c07-ca946171db75 req-d871a63a-67d9-42ff-a42f-137bc6bb835b service placement] 10.222.0.44 "GET /placement/resource_providers/c33fbafb-5a71-4377-a0ea-df705f986e97/aggregates" status: 200 len: 54 microversion: 1.19
May 07 19:46:17.574303 n-d-841016-1 devstack@placement-api.service[104704]: [pid: 104704|app: 0|req: 192/381] 10.222.0.44 () {60 vars in 1431 bytes} [Sat May 7 19:46:17 2022] GET /placement/resource_providers/c33fbafb-5a71-4377-a0ea-df705f986e97/aggregates => generated 54 bytes in 24 msecs (HTTP/1.1 200) 8 headers in 295 bytes (1 switches on core 0)
May 07 19:46:17.587402 n-d-841016-1 devstack@placement-api.service[104703]: DEBUG placement.requestlog [req-fc4c6b24-52b7-4d30-9c07-ca946171db75 req-afd65b2d-eccf-4d91-840d-e671feff7813 None None] Starting request: 10.222.0.44 "GET /placement/resource_providers/c33fbafb-5a71-4377-a0ea-df705f986e97/traits" {{(pid=104703) __call__ /opt/stack/placement/placement/requestlog.py:55}}
May 07 19:46:17.640898 n-d-841016-1 devstack@placement-api.service[104703]: INFO placement.requestlog [req-fc4c6b24-52b7-4d30-9c07-ca946171db75 req-afd65b2d-eccf-4d91-840d-e671feff7813 service placement] 10.222.0.44 "GET /placement/resource_providers/c33fbafb-5a71-4377-a0ea-df705f986e97/traits" status: 200 len: 212 microversion: 1.6
May 07 19:46:17.644537 n-d-841016-1 devstack@placement-api.service[104703]: [pid: 104703|app: 0|req: 190/382] 10.222.0.44 () {60 vars in 1418 bytes} [Sat May 7 19:46:17 2022] GET /placement/resource_providers/c33fbafb-5a71-4377-a0ea-df705f986e97/traits => generated 212 bytes in 58 msecs (HTTP/1.1 200) 6 headers in 224 bytes (1 switches on core 0)
May 07 19:46:27.251651 n-d-841016-1 devstack@placement-api.service[104704]: DEBUG placement.requestlog [req-a42c6280-10be-4b80-9015-8775fa87160d req-dda8bafd-ff7d-417d-b95c-de72ecd71485 None None] Starting request: 10.222.0.44 "DELETE /placement/allocations/4c66b084-a010-44a2-bde3-d0973fd06b98" {{(pid=104704) __call__ /opt/stack/placement/placement/requestlog.py:55}}
May 07 19:46:27.302076 n-d-841016-1 devstack@placement-api.service[104704]: DEBUG placement.handlers.allocation [req-a42c6280-10be-4b80-9015-8775fa87160d req-dda8bafd-ff7d-417d-b95c-de72ecd71485 service placement] Successfully deleted allocations [, , ] {{(pid=104704) delete_allocations /opt/stack/placement/placement/handlers/allocation.py:627}}
May 07 19:46:27.302579 n-d-841016-1 devstack@placement-api.service[104704]: INFO placement.requestlog [req-a42c6280-10be-4b80-9015-8775fa87160d req-dda8bafd-ff7d-417d-b95c-de72ecd71485 service placement] 10.222.0.44 "DELETE /placement/allocations/4c66b084-a010-44a2-bde3-d0973fd06b98" status: 204 len: 0 microversion: 1.0
May 07 19:46:27.303536 n-d-841016-1 devstack@placement-api.service[104704]: [pid: 104704|app: 0|req: 193/383] 10.222.0.44 () {60 vars in 1355 bytes} [Sat May 7 19:46:27 2022] DELETE /placement/allocations/4c66b084-a010-44a2-bde3-d0973fd06b98 => generated 0 bytes in 53 msecs (HTTP/1.1 204) 5 headers in 198 bytes (2 switches on core 0)
May 07 19:46:27.679754 n-d-841016-1 devstack@placement-api.service[104703]: DEBUG placement.requestlog [req-899b2fe2-a61b-4eae-abec-7142c7870d92 req-82e40112-c9ad-4f55-b750-7c71d053d087 None None] Starting request: 10.222.0.44 "GET /placement/allocations/9752a7bb-75a1-44df-990c-4f59d102edc7" {{(pid=104703) __call__ /opt/stack/placement/placement/requestlog.py:55}}
May 07 19:46:27.724377 n-d-841016-1 devstack@placement-api.service[104703]: INFO placement.requestlog [req-899b2fe2-a61b-4eae-abec-7142c7870d92 req-82e40112-c9ad-4f55-b750-7c71d053d087 service placement] 10.222.0.44 "GET /placement/allocations/9752a7bb-75a1-44df-990c-4f59d102edc7" status: 200 len: 259 microversion: 1.28
May 07 19:46:27.725062 n-d-841016-1 devstack@placement-api.service[104703]: [pid: 104703|app: 0|req: 191/384] 10.222.0.44 () {60 vars in 1377 bytes} [Sat May 7 19:46:27 2022] GET /placement/allocations/9752a7bb-75a1-44df-990c-4f59d102edc7 => generated 259 bytes in 45 msecs (HTTP/1.1 200) 8 headers in 296 bytes (1 switches on core 0)
May 07 19:46:29.994411 n-d-841016-1 devstack@placement-api.service[104704]: DEBUG placement.requestlog [req-5571c4e1-3a22-4dff-8bd4-cbf88a7ea970 req-b2e46490-ea77-48a0-a668-9364dbc4fe59 None None] Starting request: 10.222.0.44 "DELETE /placement/allocations/5bfc0ae8-162c-4c0c-aa1c-cffae3dd29bf" {{(pid=104704) __call__ /opt/stack/placement/placement/requestlog.py:55}}
May 07 19:46:30.039269 n-d-841016-1 devstack@placement-api.service[104704]: DEBUG placement.handlers.allocation [req-5571c4e1-3a22-4dff-8bd4-cbf88a7ea970 req-b2e46490-ea77-48a0-a668-9364dbc4fe59 service placement] Successfully deleted allocations [, , ] {{(pid=104704) delete_allocations /opt/stack/placement/placement/handlers/allocation.py:627}}
May 07 19:46:30.040257 n-d-841016-1 devstack@placement-api.service[104704]: INFO placement.requestlog [req-5571c4e1-3a22-4dff-8bd4-cbf88a7ea970 req-b2e46490-ea77-48a0-a668-9364dbc4fe59 service placement] 10.222.0.44 "DELETE /placement/allocations/5bfc0ae8-162c-4c0c-aa1c-cffae3dd29bf" status: 204 len: 0 microversion: 1.0
May 07 19:46:30.042317 n-d-841016-1 devstack@placement-api.service[104704]: [pid: 104704|app: 0|req: 194/385] 10.222.0.44 () {60 vars in 1355 bytes} [Sat May 7 19:46:29 2022] DELETE /placement/allocations/5bfc0ae8-162c-4c0c-aa1c-cffae3dd29bf => generated 0 bytes in 48 msecs (HTTP/1.1 204) 5 headers in 198 bytes (1 switches on core 0)
May 07 19:46:32.713063 n-d-841016-1 devstack@placement-api.service[104703]: DEBUG placement.requestlog [req-7bf999f6-7153-49a3-91a1-67f78fe64a01 req-8b0980e9-8ba4-499e-9769-3d264734bb4d None None] Starting request: 10.222.0.26 "DELETE /placement/allocations/5d7d1f1e-a40a-4197-b824-4685e8a1edca" {{(pid=104703) __call__ /opt/stack/placement/placement/requestlog.py:55}}
May 07 19:46:32.754345 n-d-841016-1 devstack@placement-api.service[104703]: DEBUG placement.handlers.allocation [req-7bf999f6-7153-49a3-91a1-67f78fe64a01 req-8b0980e9-8ba4-499e-9769-3d264734bb4d service placement] Successfully deleted allocations [, , ] {{(pid=104703) delete_allocations /opt/stack/placement/placement/handlers/allocation.py:627}}
May 07 19:46:32.755377 n-d-841016-1 devstack@placement-api.service[104703]: INFO placement.requestlog [req-7bf999f6-7153-49a3-91a1-67f78fe64a01 req-8b0980e9-8ba4-499e-9769-3d264734bb4d service placement] 10.222.0.26 "DELETE /placement/allocations/5d7d1f1e-a40a-4197-b824-4685e8a1edca" status: 204 len: 0 microversion: 1.0
May 07 19:46:32.756762 n-d-841016-1 devstack@placement-api.service[104703]: [pid: 104703|app: 0|req: 192/386] 10.222.0.26 () {60 vars in 1355 bytes} [Sat May 7 19:46:32 2022] DELETE /placement/allocations/5d7d1f1e-a40a-4197-b824-4685e8a1edca => generated 0 bytes in 44 msecs (HTTP/1.1 204) 5 headers in 198 bytes (1 switches on core 0)
May 07 19:46:33.629450 n-d-841016-1 devstack@placement-api.service[104704]: DEBUG placement.requestlog [req-b75fd71e-821c-4eb2-bb7f-a613c5af5066 req-284b091b-2f86-461e-a093-4d5caac6956e None None] Starting request: 10.222.0.26 "DELETE /placement/allocations/00531783-3fec-4132-a1ad-18a6cbbabf30" {{(pid=104704) __call__ /opt/stack/placement/placement/requestlog.py:55}}
May 07 19:46:33.687254 n-d-841016-1 devstack@placement-api.service[104704]: DEBUG placement.handlers.allocation [req-b75fd71e-821c-4eb2-bb7f-a613c5af5066 req-284b091b-2f86-461e-a093-4d5caac6956e service placement] Successfully deleted allocations [, , ] {{(pid=104704) delete_allocations /opt/stack/placement/placement/handlers/allocation.py:627}}
May 07 19:46:33.687902 n-d-841016-1 devstack@placement-api.service[104704]: INFO placement.requestlog [req-b75fd71e-821c-4eb2-bb7f-a613c5af5066 req-284b091b-2f86-461e-a093-4d5caac6956e service placement] 10.222.0.26 "DELETE /placement/allocations/00531783-3fec-4132-a1ad-18a6cbbabf30" status: 204 len: 0 microversion: 1.0
May 07 19:46:33.688942 n-d-841016-1 devstack@placement-api.service[104704]: [pid: 104704|app: 0|req: 195/387] 10.222.0.26 () {60 vars in 1355 bytes} [Sat May 7 19:46:33 2022] DELETE /placement/allocations/00531783-3fec-4132-a1ad-18a6cbbabf30 => generated 0 bytes in 61 msecs (HTTP/1.1 204) 5 headers in 198 bytes (1 switches on core 0)
May 07 19:46:34.267746 n-d-841016-1 devstack@placement-api.service[104703]: DEBUG placement.requestlog [req-2ca50821-a052-4923-b483-3453dcac352b req-5fe5d503-e376-4589-ae32-1508bd0e74d6 None None] Starting request: 10.222.0.26 "DELETE /placement/allocations/4a175c94-0714-4aba-ae80-340331038e5b" {{(pid=104703) __call__ /opt/stack/placement/placement/requestlog.py:55}}
May 07 19:46:34.341004 n-d-841016-1 devstack@placement-api.service[104703]: DEBUG placement.handlers.allocation [req-2ca50821-a052-4923-b483-3453dcac352b req-5fe5d503-e376-4589-ae32-1508bd0e74d6 service placement] Successfully deleted allocations [, , ] {{(pid=104703) delete_allocations /opt/stack/placement/placement/handlers/allocation.py:627}}
May 07 19:46:34.341587 n-d-841016-1 devstack@placement-api.service[104703]: INFO placement.requestlog [req-2ca50821-a052-4923-b483-3453dcac352b req-5fe5d503-e376-4589-ae32-1508bd0e74d6 service placement] 10.222.0.26 "DELETE /placement/allocations/4a175c94-0714-4aba-ae80-340331038e5b" status: 204 len: 0 microversion: 1.0
May 07 19:46:34.342077 n-d-841016-1 devstack@placement-api.service[104703]: [pid: 104703|app: 0|req: 193/388] 10.222.0.26 () {60 vars in 1355 bytes} [Sat May 7 19:46:34 2022] DELETE /placement/allocations/4a175c94-0714-4aba-ae80-340331038e5b => generated 0 bytes in 75 msecs (HTTP/1.1 204) 5 headers in 198 bytes (2 switches on core 0)
May 07 19:46:44.943443 n-d-841016-1 devstack@placement-api.service[104704]: DEBUG placement.requestlog [req-0d20ad5e-640d-4bea-9ebd-ddc67d70712a req-a282eec8-aedf-4de5-a541-3226a4450ba8 None None] Starting request: 10.222.0.13 "GET /placement/allocation_candidates?limit=1000&resources=DISK_GB%3A1%2CMEMORY_MB%3A1024%2CVCPU%3A1&root_required=%21COMPUTE_STATUS_DISABLED" {{(pid=104704) __call__ /opt/stack/placement/placement/requestlog.py:55}}
May 07 19:46:45.010437 n-d-841016-1 devstack@placement-api.service[104704]: DEBUG placement.objects.research_context [req-0d20ad5e-640d-4bea-9ebd-ddc67d70712a req-a282eec8-aedf-4de5-a541-3226a4450ba8 service placement] getting providers with 1 DISK_GB {{(pid=104704) __init__ /opt/stack/placement/placement/objects/research_context.py:136}}
May 07 19:46:45.017591 n-d-841016-1 devstack@placement-api.service[104704]: DEBUG placement.objects.research_context [req-0d20ad5e-640d-4bea-9ebd-ddc67d70712a req-a282eec8-aedf-4de5-a541-3226a4450ba8 service placement] getting providers with 1024 MEMORY_MB {{(pid=104704) __init__ /opt/stack/placement/placement/objects/research_context.py:136}}
May 07 19:46:45.026941 n-d-841016-1 devstack@placement-api.service[104704]: DEBUG placement.objects.research_context [req-0d20ad5e-640d-4bea-9ebd-ddc67d70712a req-a282eec8-aedf-4de5-a541-3226a4450ba8 service placement] getting providers with 1 VCPU {{(pid=104704) __init__ /opt/stack/placement/placement/objects/research_context.py:136}}
May 07 19:46:45.034425 n-d-841016-1 devstack@placement-api.service[104704]: DEBUG placement.objects.research_context [req-0d20ad5e-640d-4bea-9ebd-ddc67d70712a req-a282eec8-aedf-4de5-a541-3226a4450ba8 service placement] found 2 providers with available 1 DISK_GB {{(pid=104704) get_provider_ids_matching /opt/stack/placement/placement/objects/research_context.py:563}}
May 07 19:46:45.035070 n-d-841016-1 devstack@placement-api.service[104704]: DEBUG placement.objects.research_context [req-0d20ad5e-640d-4bea-9ebd-ddc67d70712a req-a282eec8-aedf-4de5-a541-3226a4450ba8 service placement] found 2 providers with available 1024 MEMORY_MB {{(pid=104704) get_provider_ids_matching /opt/stack/placement/placement/objects/research_context.py:563}}
May 07 19:46:45.036325 n-d-841016-1 devstack@placement-api.service[104704]: DEBUG placement.objects.research_context [req-0d20ad5e-640d-4bea-9ebd-ddc67d70712a req-a282eec8-aedf-4de5-a541-3226a4450ba8 service placement] found 2 providers after filtering by previous result {{(pid=104704) get_provider_ids_matching /opt/stack/placement/placement/objects/research_context.py:594}}
May 07 19:46:45.036801 n-d-841016-1 devstack@placement-api.service[104704]: DEBUG placement.objects.research_context [req-0d20ad5e-640d-4bea-9ebd-ddc67d70712a req-a282eec8-aedf-4de5-a541-3226a4450ba8 service placement] found 2 providers with available 1 VCPU {{(pid=104704) get_provider_ids_matching /opt/stack/placement/placement/objects/research_context.py:563}}
May 07 19:46:45.037282 n-d-841016-1 devstack@placement-api.service[104704]: DEBUG placement.objects.research_context [req-0d20ad5e-640d-4bea-9ebd-ddc67d70712a req-a282eec8-aedf-4de5-a541-3226a4450ba8 service placement] found 2 providers after filtering by previous result {{(pid=104704) get_provider_ids_matching /opt/stack/placement/placement/objects/research_context.py:594}}
May 07 19:46:45.073003 n-d-841016-1 devstack@placement-api.service[104704]: DEBUG placement.objects.allocation_candidate [req-0d20ad5e-640d-4bea-9ebd-ddc67d70712a req-a282eec8-aedf-4de5-a541-3226a4450ba8 service placement] RequestGroup(use_same_provider=False, resources={DISK_GB:1, MEMORY_MB:1024, VCPU:1}, traits=(), aggregates=[]) (suffix '') returned 2 matches {{(pid=104704) _get_by_requests /opt/stack/placement/placement/objects/allocation_candidate.py:156}}
May 07 19:46:45.074512 n-d-841016-1 devstack@placement-api.service[104704]: DEBUG placement.objects.allocation_candidate [req-0d20ad5e-640d-4bea-9ebd-ddc67d70712a req-a282eec8-aedf-4de5-a541-3226a4450ba8 service placement] Merging candidates yields 2 allocation requests and 2 provider summaries {{(pid=104704) _merge_candidates /opt/stack/placement/placement/objects/allocation_candidate.py:809}}
May 07 19:46:45.081038 n-d-841016-1 devstack@placement-api.service[104704]: INFO placement.requestlog [req-0d20ad5e-640d-4bea-9ebd-ddc67d70712a req-a282eec8-aedf-4de5-a541-3226a4450ba8 service placement] 10.222.0.13 "GET /placement/allocation_candidates?limit=1000&resources=DISK_GB%3A1%2CMEMORY_MB%3A1024%2CVCPU%3A1&root_required=%21COMPUTE_STATUS_DISABLED" status: 200 len: 1309 microversion: 1.36
May 07 19:46:45.082153 n-d-841016-1 devstack@placement-api.service[104704]: [pid: 104704|app: 0|req: 196/389] 10.222.0.13 () {60 vars in 1506 bytes} [Sat May 7 19:46:44 2022] GET /placement/allocation_candidates?limit=1000&resources=DISK_GB%3A1%2CMEMORY_MB%3A1024%2CVCPU%3A1&root_required=%21COMPUTE_STATUS_DISABLED => generated 1309 bytes in 139 msecs (HTTP/1.1 200) 8 headers in 297 bytes (1 switches on core 0)
May 07 19:46:45.201931 n-d-841016-1 devstack@placement-api.service[104703]: DEBUG placement.requestlog [req-0d20ad5e-640d-4bea-9ebd-ddc67d70712a req-01b8bf83-2649-4a84-a359-27ff6ffb286a None None] Starting request: 10.222.0.13 "GET /placement/allocations/2105ec7d-c682-4c75-8e1e-86a30db995fc" {{(pid=104703) __call__ /opt/stack/placement/placement/requestlog.py:55}}
May 07 19:46:45.221267 n-d-841016-1 devstack@placement-api.service[104703]: INFO placement.requestlog [req-0d20ad5e-640d-4bea-9ebd-ddc67d70712a req-01b8bf83-2649-4a84-a359-27ff6ffb286a service placement] 10.222.0.13 "GET /placement/allocations/2105ec7d-c682-4c75-8e1e-86a30db995fc" status: 200 len: 19 microversion: 1.28
May 07 19:46:45.221851 n-d-841016-1 devstack@placement-api.service[104703]: [pid: 104703|app: 0|req: 194/390] 10.222.0.13 () {60 vars in 1380 bytes} [Sat May 7 19:46:45 2022] GET /placement/allocations/2105ec7d-c682-4c75-8e1e-86a30db995fc => generated 19 bytes in 20 msecs (HTTP/1.1 200) 8 headers in 295 bytes (1 switches on core 0)
May 07 19:46:45.238915 n-d-841016-1 devstack@placement-api.service[104704]: DEBUG placement.requestlog [req-0d20ad5e-640d-4bea-9ebd-ddc67d70712a req-1494a041-a81a-44ec-a96b-4d34d3b1fb0a None None] Starting request: 10.222.0.13 "PUT /placement/allocations/2105ec7d-c682-4c75-8e1e-86a30db995fc" {{(pid=104704) __call__ /opt/stack/placement/placement/requestlog.py:55}}
May 07 19:46:45.361435 n-d-841016-1 devstack@placement-api.service[104704]: DEBUG placement.handlers.allocation [req-0d20ad5e-640d-4bea-9ebd-ddc67d70712a req-1494a041-a81a-44ec-a96b-4d34d3b1fb0a service placement] Successfully wrote allocations [, , ] {{(pid=104704) _update_consumers_and_create_allocations /opt/stack/placement/placement/handlers/allocation.py:462}}
May 07 19:46:45.366326 n-d-841016-1 devstack@placement-api.service[104704]: INFO placement.requestlog [req-0d20ad5e-640d-4bea-9ebd-ddc67d70712a req-1494a041-a81a-44ec-a96b-4d34d3b1fb0a service placement] 10.222.0.13 "PUT /placement/allocations/2105ec7d-c682-4c75-8e1e-86a30db995fc" status: 204 len: 0 microversion: 1.36
May 07 19:46:45.366829 n-d-841016-1 devstack@placement-api.service[104704]: [pid: 104704|app: 0|req: 197/391] 10.222.0.13 () {64 vars in 1433 bytes} [Sat May 7 19:46:45 2022] PUT /placement/allocations/2105ec7d-c682-4c75-8e1e-86a30db995fc => generated 0 bytes in 128 msecs (HTTP/1.1 204) 5 headers in 199 bytes (1 switches on core 0)
May 07 19:46:46.164873 n-d-841016-1 devstack@placement-api.service[104703]: DEBUG placement.requestlog [req-0d20ad5e-640d-4bea-9ebd-ddc67d70712a req-c6f81f65-aacb-4ccc-a30f-b20314044b91 None None] Starting request: 10.222.0.44 "GET /placement/allocations/2105ec7d-c682-4c75-8e1e-86a30db995fc" {{(pid=104703) __call__ /opt/stack/placement/placement/requestlog.py:55}}
May 07 19:46:46.192984 n-d-841016-1 devstack@placement-api.service[104703]: INFO placement.requestlog [req-0d20ad5e-640d-4bea-9ebd-ddc67d70712a req-c6f81f65-aacb-4ccc-a30f-b20314044b91 service placement] 10.222.0.44 "GET /placement/allocations/2105ec7d-c682-4c75-8e1e-86a30db995fc" status: 200 len: 259 microversion: 1.28
May 07 19:46:46.196997 n-d-841016-1 devstack@placement-api.service[104703]: [pid: 104703|app: 0|req: 195/392] 10.222.0.44 () {60 vars in 1377 bytes} [Sat May 7 19:46:46 2022] GET /placement/allocations/2105ec7d-c682-4c75-8e1e-86a30db995fc => generated 259 bytes in 32 msecs (HTTP/1.1 200) 8 headers in 296 bytes (1 switches on core 0)
May 07 19:46:46.829611 n-d-841016-1 devstack@placement-api.service[104704]: DEBUG placement.requestlog [req-cb9b9eab-26cb-4012-a938-d883e006cc32 req-d6d204a5-4ba2-4488-9afe-69f4aa8bb0d8 None None] Starting request: 10.222.0.13 "GET /placement/allocation_candidates?limit=1000&resources=DISK_GB%3A1%2CMEMORY_MB%3A1024%2CVCPU%3A1&root_required=%21COMPUTE_STATUS_DISABLED" {{(pid=104704) __call__ /opt/stack/placement/placement/requestlog.py:55}}
May 07 19:46:46.952326 n-d-841016-1 devstack@placement-api.service[104704]: DEBUG placement.objects.research_context [req-cb9b9eab-26cb-4012-a938-d883e006cc32 req-d6d204a5-4ba2-4488-9afe-69f4aa8bb0d8 service placement] getting providers with 1 DISK_GB {{(pid=104704) __init__ /opt/stack/placement/placement/objects/research_context.py:136}}
May 07 19:46:46.961111 n-d-841016-1 devstack@placement-api.service[104704]: DEBUG placement.objects.research_context [req-cb9b9eab-26cb-4012-a938-d883e006cc32 req-d6d204a5-4ba2-4488-9afe-69f4aa8bb0d8 service placement] getting providers with 1024 MEMORY_MB {{(pid=104704) __init__ /opt/stack/placement/placement/objects/research_context.py:136}}
May 07 19:46:46.990635 n-d-841016-1 devstack@placement-api.service[104704]: DEBUG placement.objects.research_context [req-cb9b9eab-26cb-4012-a938-d883e006cc32 req-d6d204a5-4ba2-4488-9afe-69f4aa8bb0d8 service placement] getting providers with 1 VCPU {{(pid=104704) __init__ /opt/stack/placement/placement/objects/research_context.py:136}}
May 07 19:46:46.998859 n-d-841016-1 devstack@placement-api.service[104704]: DEBUG placement.objects.research_context [req-cb9b9eab-26cb-4012-a938-d883e006cc32 req-d6d204a5-4ba2-4488-9afe-69f4aa8bb0d8 service placement] found 2 providers with available 1 DISK_GB {{(pid=104704) get_provider_ids_matching /opt/stack/placement/placement/objects/research_context.py:563}}
May 07 19:46:46.999515 n-d-841016-1 devstack@placement-api.service[104704]: DEBUG placement.objects.research_context [req-cb9b9eab-26cb-4012-a938-d883e006cc32 req-d6d204a5-4ba2-4488-9afe-69f4aa8bb0d8 service placement] found 2 providers with available 1024 MEMORY_MB {{(pid=104704) get_provider_ids_matching /opt/stack/placement/placement/objects/research_context.py:563}}
May 07 19:46:47.000017 n-d-841016-1 devstack@placement-api.service[104704]: DEBUG placement.objects.research_context [req-cb9b9eab-26cb-4012-a938-d883e006cc32 req-d6d204a5-4ba2-4488-9afe-69f4aa8bb0d8 service placement] found 2 providers after filtering by previous result {{(pid=104704) get_provider_ids_matching /opt/stack/placement/placement/objects/research_context.py:594}}
May 07 19:46:47.000485 n-d-841016-1 devstack@placement-api.service[104704]: DEBUG placement.objects.research_context [req-cb9b9eab-26cb-4012-a938-d883e006cc32 req-d6d204a5-4ba2-4488-9afe-69f4aa8bb0d8 service placement] found 2 providers with available 1 VCPU {{(pid=104704) get_provider_ids_matching /opt/stack/placement/placement/objects/research_context.py:563}}
May 07 19:46:47.001031 n-d-841016-1 devstack@placement-api.service[104704]: DEBUG placement.objects.research_context [req-cb9b9eab-26cb-4012-a938-d883e006cc32 req-d6d204a5-4ba2-4488-9afe-69f4aa8bb0d8 service placement] found 2 providers after filtering by previous result {{(pid=104704) get_provider_ids_matching /opt/stack/placement/placement/objects/research_context.py:594}}
May 07 19:46:47.015998 n-d-841016-1 devstack@placement-api.service[104704]: DEBUG placement.objects.allocation_candidate [req-cb9b9eab-26cb-4012-a938-d883e006cc32 req-d6d204a5-4ba2-4488-9afe-69f4aa8bb0d8 service placement] RequestGroup(use_same_provider=False, resources={DISK_GB:1, MEMORY_MB:1024, VCPU:1}, traits=(), aggregates=[]) (suffix '') returned 2 matches {{(pid=104704) _get_by_requests /opt/stack/placement/placement/objects/allocation_candidate.py:156}}
May 07 19:46:47.016762 n-d-841016-1 devstack@placement-api.service[104704]: DEBUG placement.objects.allocation_candidate [req-cb9b9eab-26cb-4012-a938-d883e006cc32 req-d6d204a5-4ba2-4488-9afe-69f4aa8bb0d8 service placement] Merging candidates yields 2 allocation requests and 2 provider summaries {{(pid=104704) _merge_candidates /opt/stack/placement/placement/objects/allocation_candidate.py:809}}
May 07 19:46:47.019023 n-d-841016-1 devstack@placement-api.service[104704]: INFO placement.requestlog [req-cb9b9eab-26cb-4012-a938-d883e006cc32 req-d6d204a5-4ba2-4488-9afe-69f4aa8bb0d8 service placement] 10.222.0.13 "GET /placement/allocation_candidates?limit=1000&resources=DISK_GB%3A1%2CMEMORY_MB%3A1024%2CVCPU%3A1&root_required=%21COMPUTE_STATUS_DISABLED" status: 200 len: 1309 microversion: 1.36
May 07 19:46:47.019962 n-d-841016-1 devstack@placement-api.service[104704]: [pid: 104704|app: 0|req: 198/393] 10.222.0.13 () {60 vars in 1506 bytes} [Sat May 7 19:46:46 2022] GET /placement/allocation_candidates?limit=1000&resources=DISK_GB%3A1%2CMEMORY_MB%3A1024%2CVCPU%3A1&root_required=%21COMPUTE_STATUS_DISABLED => generated 1309 bytes in 191 msecs (HTTP/1.1 200) 8 headers in 297 bytes (2 switches on core 0)
May 07 19:46:47.184762 n-d-841016-1 devstack@placement-api.service[104703]: DEBUG placement.requestlog [req-cb9b9eab-26cb-4012-a938-d883e006cc32 req-7b80a36f-3b10-436b-9f0e-a54325291872 None None] Starting request: 10.222.0.13 "GET /placement/allocations/1e270b91-c541-4c54-8573-04b1fb0eae88" {{(pid=104703) __call__ /opt/stack/placement/placement/requestlog.py:55}}
May 07 19:46:47.212908 n-d-841016-1 devstack@placement-api.service[104703]: INFO placement.requestlog [req-cb9b9eab-26cb-4012-a938-d883e006cc32 req-7b80a36f-3b10-436b-9f0e-a54325291872 service placement] 10.222.0.13 "GET /placement/allocations/1e270b91-c541-4c54-8573-04b1fb0eae88" status: 200 len: 19 microversion: 1.28
May 07 19:46:47.213342 n-d-841016-1 devstack@placement-api.service[104703]: [pid: 104703|app: 0|req: 196/394] 10.222.0.13 () {60 vars in 1380 bytes} [Sat May 7 19:46:47 2022] GET /placement/allocations/1e270b91-c541-4c54-8573-04b1fb0eae88 => generated 19 bytes in 29 msecs (HTTP/1.1 200) 8 headers in 295 bytes (1 switches on core 0)
May 07 19:46:47.219650 n-d-841016-1 devstack@placement-api.service[104704]: DEBUG placement.requestlog [req-cb9b9eab-26cb-4012-a938-d883e006cc32 req-4f24dd2d-e8a3-4a40-99cc-08a0d5f2194f None None] Starting request: 10.222.0.13 "PUT /placement/allocations/1e270b91-c541-4c54-8573-04b1fb0eae88" {{(pid=104704) __call__ /opt/stack/placement/placement/requestlog.py:55}}
May 07 19:46:47.336891 n-d-841016-1 devstack@placement-api.service[104704]: DEBUG placement.handlers.allocation [req-cb9b9eab-26cb-4012-a938-d883e006cc32 req-4f24dd2d-e8a3-4a40-99cc-08a0d5f2194f service placement] Successfully wrote allocations [, , ] {{(pid=104704) _update_consumers_and_create_allocations /opt/stack/placement/placement/handlers/allocation.py:462}}
May 07 19:46:47.341794 n-d-841016-1 devstack@placement-api.service[104704]: INFO placement.requestlog [req-cb9b9eab-26cb-4012-a938-d883e006cc32 req-4f24dd2d-e8a3-4a40-99cc-08a0d5f2194f service placement] 10.222.0.13 "PUT /placement/allocations/1e270b91-c541-4c54-8573-04b1fb0eae88" status: 204 len: 0 microversion: 1.36
May 07 19:46:47.342676 n-d-841016-1 devstack@placement-api.service[104704]: [pid: 104704|app: 0|req: 199/395] 10.222.0.13 () {64 vars in 1433 bytes} [Sat May 7 19:46:47 2022] PUT /placement/allocations/1e270b91-c541-4c54-8573-04b1fb0eae88 => generated 0 bytes in 123 msecs (HTTP/1.1 204) 5 headers in 199 bytes (1 switches on core 0)
May 07 19:46:47.998549 n-d-841016-1 devstack@placement-api.service[104703]: DEBUG placement.requestlog [req-cb9b9eab-26cb-4012-a938-d883e006cc32 req-26f67fd8-f922-4452-ba82-4069f6a88faa None None] Starting request: 10.222.0.26 "GET /placement/allocations/1e270b91-c541-4c54-8573-04b1fb0eae88" {{(pid=104703) __call__ /opt/stack/placement/placement/requestlog.py:55}}
May 07 19:46:48.025860 n-d-841016-1 devstack@placement-api.service[104703]: INFO placement.requestlog [req-cb9b9eab-26cb-4012-a938-d883e006cc32 req-26f67fd8-f922-4452-ba82-4069f6a88faa service placement] 10.222.0.26 "GET /placement/allocations/1e270b91-c541-4c54-8573-04b1fb0eae88" status: 200 len: 259 microversion: 1.28
May 07 19:46:48.026957 n-d-841016-1 devstack@placement-api.service[104703]: [pid: 104703|app: 0|req: 197/396] 10.222.0.26 () {60 vars in 1377 bytes} [Sat May 7 19:46:47 2022] GET /placement/allocations/1e270b91-c541-4c54-8573-04b1fb0eae88 => generated 259 bytes in 29 msecs (HTTP/1.1 200) 8 headers in 296 bytes (1 switches on core 0)
