May 07 19:21:12.368540 n-d-841012-3 devstack@keystone.service[80207]: DEBUG keystone.server.flask.request_processing.middleware.auth_context [None req-25fc9be7-7415-4a91-8fc0-5d613eef9cb7 None admin] Validating token access rules against request {{(pid=80207) validate_allowed_request /usr/local/lib/python3.8/dist-packages/keystonemiddleware/auth_token/__init__.py:545}}
May 07 19:21:12.401309 n-d-841012-3 devstack@keystone.service[80207]: DEBUG keystone.server.flask.request_processing.middleware.auth_context [None req-e77deab2-72a7-4b57-a166-15a988523644 None admin] RBAC: auth_context: {'token': , 'domain_id': None, 'trust_id': None, 'trustor_id': None, 'trustee_id': None, 'domain_name': None, 'group_ids': [], 'user_id': 'c1900d07fac94f1d860a86cb57f25296', 'user_domain_id': 'default', 'system_scope': 'all', 'project_id': None, 'project_domain_id': None, 'roles': ['admin', 'member', 'reader'], 'is_admin_project': True, 'service_user_id': None, 'service_user_domain_id': None, 'service_project_id': None, 'service_project_domain_id': None, 'service_roles': []} {{(pid=80207) fill_context /opt/stack/keystone/keystone/server/flask/request_processing/middleware/auth_context.py:478}}
May 07 19:21:12.402210 n-d-841012-3 devstack@keystone.service[80207]: DEBUG keystone.server.flask.request_processing.req_logging [None req-e77deab2-72a7-4b57-a166-15a988523644 None admin] REQUEST_METHOD: `GET` {{(pid=80207) log_request_info /opt/stack/keystone/keystone/server/flask/request_processing/req_logging.py:27}}
May 07 19:21:12.402622 n-d-841012-3 devstack@keystone.service[80207]: DEBUG keystone.server.flask.request_processing.req_logging [None req-e77deab2-72a7-4b57-a166-15a988523644 None admin] SCRIPT_NAME: `/identity` {{(pid=80207) log_request_info /opt/stack/keystone/keystone/server/flask/request_processing/req_logging.py:28}}
May 07 19:21:12.403036 n-d-841012-3 devstack@keystone.service[80207]: DEBUG keystone.server.flask.request_processing.req_logging [None req-e77deab2-72a7-4b57-a166-15a988523644 None admin] PATH_INFO: `/v3/auth/tokens` {{(pid=80207) log_request_info /opt/stack/keystone/keystone/server/flask/request_processing/req_logging.py:29}}
May 07 19:21:12.416860 n-d-841012-3 devstack@keystone.service[80208]: DEBUG keystone.server.flask.request_processing.middleware.auth_context [None req-057082df-7352-4a76-b869-d8e07de5d3e2 None admin] Validating token access rules against request {{(pid=80208) validate_allowed_request /usr/local/lib/python3.8/dist-packages/keystonemiddleware/auth_token/__init__.py:545}}
May 07 19:21:12.469170 n-d-841012-3 devstack@keystone.service[80207]: DEBUG keystone.common.rbac_enforcer.enforcer [None req-e77deab2-72a7-4b57-a166-15a988523644 None admin] RBAC: Authorizing `identity:validate_token()` {{(pid=80207) enforce_call /opt/stack/keystone/keystone/common/rbac_enforcer/enforcer.py:449}}
May 07 19:21:12.470983 n-d-841012-3 devstack@keystone.service[80207]: DEBUG keystone.common.rbac_enforcer.enforcer [None req-e77deab2-72a7-4b57-a166-15a988523644 None admin] RBAC: Authorization granted {{(pid=80207) enforce_call /opt/stack/keystone/keystone/common/rbac_enforcer/enforcer.py:457}}
May 07 19:21:12.494191 n-d-841012-3 devstack@keystone.service[80208]: DEBUG keystone.server.flask.request_processing.middleware.auth_context [None req-19dda512-8c0f-427a-9433-1b46a449d08d None admin] RBAC: auth_context: {'token': , 'domain_id': None, 'trust_id': None, 'trustor_id': None, 'trustee_id': None, 'domain_name': None, 'group_ids': [], 'user_id': 'c1900d07fac94f1d860a86cb57f25296', 'user_domain_id': 'default', 'system_scope': 'all', 'project_id': None, 'project_domain_id': None, 'roles': ['admin', 'member', 'reader'], 'is_admin_project': True, 'service_user_id': None, 'service_user_domain_id': None, 'service_project_id': None, 'service_project_domain_id': None, 'service_roles': []} {{(pid=80208) fill_context /opt/stack/keystone/keystone/server/flask/request_processing/middleware/auth_context.py:478}}
May 07 19:21:12.495095 n-d-841012-3 devstack@keystone.service[80208]: DEBUG keystone.server.flask.request_processing.req_logging [None req-19dda512-8c0f-427a-9433-1b46a449d08d None admin] REQUEST_METHOD: `GET` {{(pid=80208) log_request_info /opt/stack/keystone/keystone/server/flask/request_processing/req_logging.py:27}}
May 07 19:21:12.495373 n-d-841012-3 devstack@keystone.service[80208]: DEBUG keystone.server.flask.request_processing.req_logging [None req-19dda512-8c0f-427a-9433-1b46a449d08d None admin] SCRIPT_NAME: `/identity` {{(pid=80208) log_request_info /opt/stack/keystone/keystone/server/flask/request_processing/req_logging.py:28}}
May 07 19:21:12.495612 n-d-841012-3 devstack@keystone.service[80208]: DEBUG keystone.server.flask.request_processing.req_logging [None req-19dda512-8c0f-427a-9433-1b46a449d08d None admin] PATH_INFO: `/v3/projects/f1f1a303c9b342b39b65746df96c3b4b` {{(pid=80208) log_request_info /opt/stack/keystone/keystone/server/flask/request_processing/req_logging.py:29}}
May 07 19:21:12.501289 n-d-841012-3 devstack@keystone.service[80208]: DEBUG keystone.common.rbac_enforcer.enforcer [None req-19dda512-8c0f-427a-9433-1b46a449d08d None admin] RBAC: Authorizing `identity:get_project(project_id=f1f1a303c9b342b39b65746df96c3b4b)` {{(pid=80208) enforce_call /opt/stack/keystone/keystone/common/rbac_enforcer/enforcer.py:449}}
May 07 19:21:12.502769 n-d-841012-3 devstack@keystone.service[80208]: DEBUG keystone.common.rbac_enforcer.enforcer [None req-19dda512-8c0f-427a-9433-1b46a449d08d None admin] RBAC: Authorization granted {{(pid=80208) enforce_call /opt/stack/keystone/keystone/common/rbac_enforcer/enforcer.py:457}}
May 07 19:21:12.504754 n-d-841012-3 devstack@keystone.service[80208]: [pid: 80208|app: 0|req: 102/204] 10.222.0.25 () {56 vars in 1186 bytes} [Sat May 7 19:21:12 2022] GET /identity/v3/projects/f1f1a303c9b342b39b65746df96c3b4b => generated 298 bytes in 232 msecs (HTTP/1.1 200) 5 headers in 177 bytes (1 switches on core 0)
May 07 19:21:12.514053 n-d-841012-3 devstack@keystone.service[80208]: DEBUG keystone.server.flask.request_processing.middleware.auth_context [None req-19dda512-8c0f-427a-9433-1b46a449d08d None admin] Authenticating user token {{(pid=80208) process_request /usr/local/lib/python3.8/dist-packages/keystonemiddleware/auth_token/__init__.py:407}}
May 07 19:21:12.578261 n-d-841012-3 devstack@keystone.service[80207]: [pid: 80207|app: 0|req: 103/205] 10.222.0.25 () {58 vars in 1282 bytes} [Sat May 7 19:21:12 2022] GET /identity/v3/auth/tokens => generated 799 bytes in 317 msecs (HTTP/1.1 200) 6 headers in 358 bytes (1 switches on core 0)
May 07 19:21:12.584606 n-d-841012-3 devstack@keystone.service[80207]: DEBUG keystone.server.flask.request_processing.middleware.auth_context [None req-e77deab2-72a7-4b57-a166-15a988523644 None admin] Authenticating user token {{(pid=80207) process_request /usr/local/lib/python3.8/dist-packages/keystonemiddleware/auth_token/__init__.py:407}}
May 07 19:21:12.705054 n-d-841012-3 devstack@keystone.service[80208]: DEBUG keystone.server.flask.request_processing.middleware.auth_context [None req-19dda512-8c0f-427a-9433-1b46a449d08d None admin] Validating token access rules against request {{(pid=80208) validate_allowed_request /usr/local/lib/python3.8/dist-packages/keystonemiddleware/auth_token/__init__.py:545}}
May 07 19:21:12.750028 n-d-841012-3 devstack@keystone.service[80207]: DEBUG keystone.server.flask.request_processing.middleware.auth_context [None req-e77deab2-72a7-4b57-a166-15a988523644 None admin] Validating token access rules against request {{(pid=80207) validate_allowed_request /usr/local/lib/python3.8/dist-packages/keystonemiddleware/auth_token/__init__.py:545}}
May 07 19:21:12.761946 n-d-841012-3 devstack@keystone.service[80208]: DEBUG keystone.server.flask.request_processing.middleware.auth_context [None req-8d5fb721-214c-4444-b11c-129ce59eef29 None admin] RBAC: auth_context: {'token': , 'domain_id': None, 'trust_id': None, 'trustor_id': None, 'trustee_id': None, 'domain_name': None, 'group_ids': [], 'user_id': 'c1900d07fac94f1d860a86cb57f25296', 'user_domain_id': 'default', 'system_scope': 'all', 'project_id': None, 'project_domain_id': None, 'roles': ['admin', 'member', 'reader'], 'is_admin_project': True, 'service_user_id': None, 'service_user_domain_id': None, 'service_project_id': None, 'service_project_domain_id': None, 'service_roles': []} {{(pid=80208) fill_context /opt/stack/keystone/keystone/server/flask/request_processing/middleware/auth_context.py:478}}
May 07 19:21:12.762918 n-d-841012-3 devstack@keystone.service[80208]: DEBUG keystone.server.flask.request_processing.req_logging [None req-8d5fb721-214c-4444-b11c-129ce59eef29 None admin] REQUEST_METHOD: `GET` {{(pid=80208) log_request_info /opt/stack/keystone/keystone/server/flask/request_processing/req_logging.py:27}}
May 07 19:21:12.763381 n-d-841012-3 devstack@keystone.service[80208]: DEBUG keystone.server.flask.request_processing.req_logging [None req-8d5fb721-214c-4444-b11c-129ce59eef29 None admin] SCRIPT_NAME: `/identity` {{(pid=80208) log_request_info /opt/stack/keystone/keystone/server/flask/request_processing/req_logging.py:28}}
May 07 19:21:12.763832 n-d-841012-3 devstack@keystone.service[80208]: DEBUG keystone.server.flask.request_processing.req_logging [None req-8d5fb721-214c-4444-b11c-129ce59eef29 None admin] PATH_INFO: `/v3/role_assignments` {{(pid=80208) log_request_info /opt/stack/keystone/keystone/server/flask/request_processing/req_logging.py:29}}
May 07 19:21:12.764870 n-d-841012-3 devstack@keystone.service[80208]: DEBUG keystone.common.rbac_enforcer.enforcer [None req-8d5fb721-214c-4444-b11c-129ce59eef29 None admin] RBAC: Adding query filter params (role.id=dca9743cb0c54a9dadd033cd8d7cdffc, scope.project.id=f1f1a303c9b342b39b65746df96c3b4b, user.id=65a398bc82ad47578aa6c79e94b87bd7) {{(pid=80208) _extract_filter_values /opt/stack/keystone/keystone/common/rbac_enforcer/enforcer.py:167}}
May 07 19:21:12.766868 n-d-841012-3 devstack@keystone.service[80208]: DEBUG keystone.common.rbac_enforcer.enforcer [None req-8d5fb721-214c-4444-b11c-129ce59eef29 None admin] RBAC: Authorizing `identity:list_role_assignments()` {{(pid=80208) enforce_call /opt/stack/keystone/keystone/common/rbac_enforcer/enforcer.py:449}}
May 07 19:21:12.768523 n-d-841012-3 devstack@keystone.service[80208]: DEBUG keystone.common.rbac_enforcer.enforcer [None req-8d5fb721-214c-4444-b11c-129ce59eef29 None admin] RBAC: Authorization granted {{(pid=80208) enforce_call /opt/stack/keystone/keystone/common/rbac_enforcer/enforcer.py:457}}
May 07 19:21:12.777978 n-d-841012-3 devstack@keystone.service[80208]: [pid: 80208|app: 0|req: 103/206] 10.222.0.25 () {56 vars in 1374 bytes} [Sat May 7 19:21:12 2022] GET /identity/v3/role_assignments?user.id=65a398bc82ad47578aa6c79e94b87bd7&scope.project.id=f1f1a303c9b342b39b65746df96c3b4b&role.id=dca9743cb0c54a9dadd033cd8d7cdffc => generated 608 bytes in 265 msecs (HTTP/1.1 200) 5 headers in 177 bytes (1 switches on core 0)
May 07 19:21:12.811764 n-d-841012-3 devstack@keystone.service[80207]: DEBUG keystone.server.flask.request_processing.middleware.auth_context [None req-da064521-8b65-46e7-9e27-093258614ee3 None admin] RBAC: auth_context: {'token': , 'domain_id': None, 'trust_id': None, 'trustor_id': None, 'trustee_id': None, 'domain_name': None, 'group_ids': [], 'user_id': 'c1900d07fac94f1d860a86cb57f25296', 'user_domain_id': 'default', 'system_scope': 'all', 'project_id': None, 'project_domain_id': None, 'roles': ['admin', 'member', 'reader'], 'is_admin_project': True, 'service_user_id': None, 'service_user_domain_id': None, 'service_project_id': None, 'service_project_domain_id': None, 'service_roles': []} {{(pid=80207) fill_context /opt/stack/keystone/keystone/server/flask/request_processing/middleware/auth_context.py:478}}
May 07 19:21:12.813003 n-d-841012-3 devstack@keystone.service[80207]: DEBUG keystone.server.flask.request_processing.req_logging [None req-da064521-8b65-46e7-9e27-093258614ee3 None admin] REQUEST_METHOD: `GET` {{(pid=80207) log_request_info /opt/stack/keystone/keystone/server/flask/request_processing/req_logging.py:27}}
May 07 19:21:12.813469 n-d-841012-3 devstack@keystone.service[80207]: DEBUG keystone.server.flask.request_processing.req_logging [None req-da064521-8b65-46e7-9e27-093258614ee3 None admin] SCRIPT_NAME: `/identity` {{(pid=80207) log_request_info /opt/stack/keystone/keystone/server/flask/request_processing/req_logging.py:28}}
May 07 19:21:12.813945 n-d-841012-3 devstack@keystone.service[80207]: DEBUG keystone.server.flask.request_processing.req_logging [None req-da064521-8b65-46e7-9e27-093258614ee3 None admin] PATH_INFO: `/v3/projects/604e599e3f014d1db1d675e8599edde8` {{(pid=80207) log_request_info /opt/stack/keystone/keystone/server/flask/request_processing/req_logging.py:29}}
May 07 19:21:12.815616 n-d-841012-3 devstack@keystone.service[80207]: DEBUG keystone.common.rbac_enforcer.enforcer [None req-da064521-8b65-46e7-9e27-093258614ee3 None admin] RBAC: Authorizing `identity:get_project(project_id=604e599e3f014d1db1d675e8599edde8)` {{(pid=80207) enforce_call /opt/stack/keystone/keystone/common/rbac_enforcer/enforcer.py:449}}
May 07 19:21:12.817270 n-d-841012-3 devstack@keystone.service[80207]: DEBUG keystone.common.rbac_enforcer.enforcer [None req-da064521-8b65-46e7-9e27-093258614ee3 None admin] RBAC: Authorization granted {{(pid=80207) enforce_call /opt/stack/keystone/keystone/common/rbac_enforcer/enforcer.py:457}}
May 07 19:21:12.819223 n-d-841012-3 devstack@keystone.service[80207]: [pid: 80207|app: 0|req: 104/207] 10.222.0.25 () {56 vars in 1186 bytes} [Sat May 7 19:21:12 2022] GET /identity/v3/projects/604e599e3f014d1db1d675e8599edde8 => generated 302 bytes in 235 msecs (HTTP/1.1 200) 5 headers in 177 bytes (2 switches on core 0)
May 07 19:21:12.825270 n-d-841012-3 devstack@keystone.service[80208]: DEBUG keystone.server.flask.request_processing.middleware.auth_context [None req-8d5fb721-214c-4444-b11c-129ce59eef29 None admin] Authenticating user token {{(pid=80208) process_request /usr/local/lib/python3.8/dist-packages/keystonemiddleware/auth_token/__init__.py:407}}
May 07 19:21:12.964145 n-d-841012-3 devstack@keystone.service[80208]: DEBUG keystone.server.flask.request_processing.middleware.auth_context [None req-8d5fb721-214c-4444-b11c-129ce59eef29 None admin] Validating token access rules against request {{(pid=80208) validate_allowed_request /usr/local/lib/python3.8/dist-packages/keystonemiddleware/auth_token/__init__.py:545}}
May 07 19:21:12.999398 n-d-841012-3 devstack@keystone.service[80208]: DEBUG keystone.server.flask.request_processing.middleware.auth_context [None req-b322e85b-752c-471b-8593-a0adbf65394a None admin] RBAC: auth_context: {'token': , 'domain_id': None, 'trust_id': None, 'trustor_id': None, 'trustee_id': None, 'domain_name': None, 'group_ids': [], 'user_id': 'c1900d07fac94f1d860a86cb57f25296', 'user_domain_id': 'default', 'system_scope': 'all', 'project_id': None, 'project_domain_id': None, 'roles': ['admin', 'member', 'reader'], 'is_admin_project': True, 'service_user_id': None, 'service_user_domain_id': None, 'service_project_id': None, 'service_project_domain_id': None, 'service_roles': []} {{(pid=80208) fill_context /opt/stack/keystone/keystone/server/flask/request_processing/middleware/auth_context.py:478}}
May 07 19:21:13.000072 n-d-841012-3 devstack@keystone.service[80208]: DEBUG keystone.server.flask.request_processing.req_logging [None req-b322e85b-752c-471b-8593-a0adbf65394a None admin] REQUEST_METHOD: `GET` {{(pid=80208) log_request_info /opt/stack/keystone/keystone/server/flask/request_processing/req_logging.py:27}}
May 07 19:21:13.000352 n-d-841012-3 devstack@keystone.service[80208]: DEBUG keystone.server.flask.request_processing.req_logging [None req-b322e85b-752c-471b-8593-a0adbf65394a None admin] SCRIPT_NAME: `/identity` {{(pid=80208) log_request_info /opt/stack/keystone/keystone/server/flask/request_processing/req_logging.py:28}}
May 07 19:21:13.000657 n-d-841012-3 devstack@keystone.service[80208]: DEBUG keystone.server.flask.request_processing.req_logging [None req-b322e85b-752c-471b-8593-a0adbf65394a None admin] PATH_INFO: `/v3/role_assignments` {{(pid=80208) log_request_info /opt/stack/keystone/keystone/server/flask/request_processing/req_logging.py:29}}
May 07 19:21:13.001520 n-d-841012-3 devstack@keystone.service[80208]: DEBUG keystone.common.rbac_enforcer.enforcer [None req-b322e85b-752c-471b-8593-a0adbf65394a None admin] RBAC: Adding query filter params (role.id=32ed30a9bded48ff98c13d6b6b8b3a50, scope.project.id=604e599e3f014d1db1d675e8599edde8, user.id=78d1047edde2408489669aa99a7cdab5) {{(pid=80208) _extract_filter_values /opt/stack/keystone/keystone/common/rbac_enforcer/enforcer.py:167}}
May 07 19:21:13.001892 n-d-841012-3 devstack@keystone.service[80208]: DEBUG keystone.common.rbac_enforcer.enforcer [None req-b322e85b-752c-471b-8593-a0adbf65394a None admin] RBAC: Authorizing `identity:list_role_assignments()` {{(pid=80208) enforce_call /opt/stack/keystone/keystone/common/rbac_enforcer/enforcer.py:449}}
May 07 19:21:13.003436 n-d-841012-3 devstack@keystone.service[80208]: DEBUG keystone.common.rbac_enforcer.enforcer [None req-b322e85b-752c-471b-8593-a0adbf65394a None admin] RBAC: Authorization granted {{(pid=80208) enforce_call /opt/stack/keystone/keystone/common/rbac_enforcer/enforcer.py:457}}
May 07 19:21:13.009895 n-d-841012-3 devstack@keystone.service[80208]: [pid: 80208|app: 0|req: 104/208] 10.222.0.25 () {56 vars in 1374 bytes} [Sat May 7 19:21:12 2022] GET /identity/v3/role_assignments?user.id=78d1047edde2408489669aa99a7cdab5&scope.project.id=604e599e3f014d1db1d675e8599edde8&role.id=32ed30a9bded48ff98c13d6b6b8b3a50 => generated 259 bytes in 185 msecs (HTTP/1.1 200) 5 headers in 177 bytes (1 switches on core 0)
May 07 19:21:13.696137 n-d-841012-3 devstack@keystone.service[80207]: DEBUG keystone.server.flask.request_processing.req_logging [None req-7a899850-0b8f-46ba-b765-9110b5bc8951 None None] REQUEST_METHOD: `GET` {{(pid=80207) log_request_info /opt/stack/keystone/keystone/server/flask/request_processing/req_logging.py:27}}
May 07 19:21:13.696703 n-d-841012-3 devstack@keystone.service[80207]: DEBUG keystone.server.flask.request_processing.req_logging [None req-7a899850-0b8f-46ba-b765-9110b5bc8951 None None] SCRIPT_NAME: `/identity` {{(pid=80207) log_request_info /opt/stack/keystone/keystone/server/flask/request_processing/req_logging.py:28}}
May 07 19:21:13.696703 n-d-841012-3 devstack@keystone.service[80207]: DEBUG keystone.server.flask.request_processing.req_logging [None req-7a899850-0b8f-46ba-b765-9110b5bc8951 None None] PATH_INFO: `/` {{(pid=80207) log_request_info /opt/stack/keystone/keystone/server/flask/request_processing/req_logging.py:29}}
May 07 19:21:13.698319 n-d-841012-3 devstack@keystone.service[80207]: [pid: 80207|app: 0|req: 105/209] 10.222.0.25 () {54 vars in 926 bytes} [Sat May 7 19:21:13 2022] GET /identity => generated 270 bytes in 3 msecs (HTTP/1.1 300) 6 headers in 234 bytes (1 switches on core 0)
May 07 19:21:13.703663 n-d-841012-3 devstack@keystone.service[80208]: DEBUG keystone.server.flask.request_processing.req_logging [None req-de4d829c-6fb5-4e7c-8ea4-8a4e89471031 None None] REQUEST_METHOD: `POST` {{(pid=80208) log_request_info /opt/stack/keystone/keystone/server/flask/request_processing/req_logging.py:27}}
May 07 19:21:13.704099 n-d-841012-3 devstack@keystone.service[80208]: DEBUG keystone.server.flask.request_processing.req_logging [None req-de4d829c-6fb5-4e7c-8ea4-8a4e89471031 None None] SCRIPT_NAME: `/identity` {{(pid=80208) log_request_info /opt/stack/keystone/keystone/server/flask/request_processing/req_logging.py:28}}
May 07 19:21:13.704269 n-d-841012-3 devstack@keystone.service[80208]: DEBUG keystone.server.flask.request_processing.req_logging [None req-de4d829c-6fb5-4e7c-8ea4-8a4e89471031 None None] PATH_INFO: `/v3/auth/tokens` {{(pid=80208) log_request_info /opt/stack/keystone/keystone/server/flask/request_processing/req_logging.py:29}}
May 07 19:21:13.722000 n-d-841012-3 devstack@keystone.service[80208]: DEBUG keystone.auth.core [None req-de4d829c-6fb5-4e7c-8ea4-8a4e89471031 None None] MFA Rules not processed for user `c1900d07fac94f1d860a86cb57f25296`. Rule list: `[]` (Enabled: `True`). {{(pid=80208) check_auth_methods_against_rules /opt/stack/keystone/keystone/auth/core.py:438}}
May 07 19:21:13.723478 n-d-841012-3 devstack@keystone.service[80208]: DEBUG keystone.common.fernet_utils [None req-de4d829c-6fb5-4e7c-8ea4-8a4e89471031 None None] Loaded 2 Fernet keys from /etc/keystone/fernet-keys/, but `[fernet_tokens] max_active_keys = 3`; perhaps there have not been enough key rotations to reach `max_active_keys` yet? {{(pid=80208) load_keys /opt/stack/keystone/keystone/common/fernet_utils.py:286}}
May 07 19:21:13.789004 n-d-841012-3 devstack@keystone.service[80208]: [pid: 80208|app: 0|req: 105/210] 10.222.0.25 () {58 vars in 1023 bytes} [Sat May 7 19:21:13 2022] POST /identity/v3/auth/tokens => generated 799 bytes in 86 msecs (HTTP/1.1 201) 6 headers in 363 bytes (1 switches on core 0)
May 07 19:21:13.791063 n-d-841012-3 devstack@keystone.service[80207]: DEBUG keystone.server.flask.request_processing.req_logging [None req-cb17a431-d45a-4709-8222-bd3628f74f7a None None] REQUEST_METHOD: `GET` {{(pid=80207) log_request_info /opt/stack/keystone/keystone/server/flask/request_processing/req_logging.py:27}}
May 07 19:21:13.791495 n-d-841012-3 devstack@keystone.service[80207]: DEBUG keystone.server.flask.request_processing.req_logging [None req-cb17a431-d45a-4709-8222-bd3628f74f7a None None] SCRIPT_NAME: `/identity` {{(pid=80207) log_request_info /opt/stack/keystone/keystone/server/flask/request_processing/req_logging.py:28}}
May 07 19:21:13.791904 n-d-841012-3 devstack@keystone.service[80207]: DEBUG keystone.server.flask.request_processing.req_logging [None req-cb17a431-d45a-4709-8222-bd3628f74f7a None None] PATH_INFO: `/` {{(pid=80207) log_request_info /opt/stack/keystone/keystone/server/flask/request_processing/req_logging.py:29}}
May 07 19:21:13.793674 n-d-841012-3 devstack@keystone.service[80207]: [pid: 80207|app: 0|req: 106/211] 10.222.0.25 () {54 vars in 926 bytes} [Sat May 7 19:21:13 2022] GET /identity => generated 270 bytes in 3 msecs (HTTP/1.1 300) 6 headers in 234 bytes (1 switches on core 0)
May 07 19:21:13.800426 n-d-841012-3 devstack@keystone.service[80208]: DEBUG keystone.server.flask.request_processing.req_logging [None req-41cf2c1a-801b-4f72-b323-8c0102269212 None None] REQUEST_METHOD: `POST` {{(pid=80208) log_request_info /opt/stack/keystone/keystone/server/flask/request_processing/req_logging.py:27}}
May 07 19:21:13.800426 n-d-841012-3 devstack@keystone.service[80208]: DEBUG keystone.server.flask.request_processing.req_logging [None req-41cf2c1a-801b-4f72-b323-8c0102269212 None None] SCRIPT_NAME: `/identity` {{(pid=80208) log_request_info /opt/stack/keystone/keystone/server/flask/request_processing/req_logging.py:28}}
May 07 19:21:13.800426 n-d-841012-3 devstack@keystone.service[80208]: DEBUG keystone.server.flask.request_processing.req_logging [None req-41cf2c1a-801b-4f72-b323-8c0102269212 None None] PATH_INFO: `/v3/auth/tokens` {{(pid=80208) log_request_info /opt/stack/keystone/keystone/server/flask/request_processing/req_logging.py:29}}
May 07 19:21:13.816642 n-d-841012-3 devstack@keystone.service[80208]: DEBUG keystone.auth.core [None req-41cf2c1a-801b-4f72-b323-8c0102269212 None None] MFA Rules not processed for user `c1900d07fac94f1d860a86cb57f25296`. Rule list: `[]` (Enabled: `True`). {{(pid=80208) check_auth_methods_against_rules /opt/stack/keystone/keystone/auth/core.py:438}}
May 07 19:21:13.818050 n-d-841012-3 devstack@keystone.service[80208]: DEBUG keystone.common.fernet_utils [None req-41cf2c1a-801b-4f72-b323-8c0102269212 None None] Loaded 2 Fernet keys from /etc/keystone/fernet-keys/, but `[fernet_tokens] max_active_keys = 3`; perhaps there have not been enough key rotations to reach `max_active_keys` yet? {{(pid=80208) load_keys /opt/stack/keystone/keystone/common/fernet_utils.py:286}}
May 07 19:21:13.819321 n-d-841012-3 devstack@keystone.service[80207]: DEBUG keystone.server.flask.request_processing.middleware.auth_context [None req-cb17a431-d45a-4709-8222-bd3628f74f7a None None] Authenticating user token {{(pid=80207) process_request /usr/local/lib/python3.8/dist-packages/keystonemiddleware/auth_token/__init__.py:407}}
May 07 19:21:13.892514 n-d-841012-3 devstack@keystone.service[80208]: [pid: 80208|app: 0|req: 106/212] 10.222.0.25 () {58 vars in 1023 bytes} [Sat May 7 19:21:13 2022] POST /identity/v3/auth/tokens => generated 799 bytes in 88 msecs (HTTP/1.1 201) 6 headers in 363 bytes (1 switches on core 0)
May 07 19:21:13.910766 n-d-841012-3 devstack@keystone.service[80208]: DEBUG keystone.server.flask.request_processing.middleware.auth_context [None req-41cf2c1a-801b-4f72-b323-8c0102269212 None None] Authenticating user token {{(pid=80208) process_request /usr/local/lib/python3.8/dist-packages/keystonemiddleware/auth_token/__init__.py:407}}
May 07 19:21:13.938232 n-d-841012-3 devstack@keystone.service[80207]: DEBUG keystone.server.flask.request_processing.middleware.auth_context [None req-cb17a431-d45a-4709-8222-bd3628f74f7a None None] Validating token access rules against request {{(pid=80207) validate_allowed_request /usr/local/lib/python3.8/dist-packages/keystonemiddleware/auth_token/__init__.py:545}}
May 07 19:21:13.980145 n-d-841012-3 devstack@keystone.service[80207]: DEBUG keystone.server.flask.request_processing.middleware.auth_context [None req-3b0cbd9d-e2ad-42de-8555-5a36e615611e None admin] RBAC: auth_context: {'token': , 'domain_id': None, 'trust_id': None, 'trustor_id': None, 'trustee_id': None, 'domain_name': None, 'group_ids': [], 'user_id': 'c1900d07fac94f1d860a86cb57f25296', 'user_domain_id': 'default', 'system_scope': 'all', 'project_id': None, 'project_domain_id': None, 'roles': ['admin', 'member', 'reader'], 'is_admin_project': True, 'service_user_id': None, 'service_user_domain_id': None, 'service_project_id': None, 'service_project_domain_id': None, 'service_roles': []} {{(pid=80207) fill_context /opt/stack/keystone/keystone/server/flask/request_processing/middleware/auth_context.py:478}}
May 07 19:21:13.981314 n-d-841012-3 devstack@keystone.service[80207]: DEBUG keystone.server.flask.request_processing.req_logging [None req-3b0cbd9d-e2ad-42de-8555-5a36e615611e None admin] REQUEST_METHOD: `GET` {{(pid=80207) log_request_info /opt/stack/keystone/keystone/server/flask/request_processing/req_logging.py:27}}
May 07 19:21:13.981784 n-d-841012-3 devstack@keystone.service[80207]: DEBUG keystone.server.flask.request_processing.req_logging [None req-3b0cbd9d-e2ad-42de-8555-5a36e615611e None admin] SCRIPT_NAME: `/identity` {{(pid=80207) log_request_info /opt/stack/keystone/keystone/server/flask/request_processing/req_logging.py:28}}
May 07 19:21:13.982621 n-d-841012-3 devstack@keystone.service[80207]: DEBUG keystone.server.flask.request_processing.req_logging [None req-3b0cbd9d-e2ad-42de-8555-5a36e615611e None admin] PATH_INFO: `/v3/roles/member` {{(pid=80207) log_request_info /opt/stack/keystone/keystone/server/flask/request_processing/req_logging.py:29}}
May 07 19:21:13.995634 n-d-841012-3 devstack@keystone.service[80207]: DEBUG keystone.common.rbac_enforcer.enforcer [None req-3b0cbd9d-e2ad-42de-8555-5a36e615611e None admin] Extracting inferred target data resulted in "NOT FOUND (404)". {{(pid=80207) enforce_call /opt/stack/keystone/keystone/common/rbac_enforcer/enforcer.py:409}}
May 07 19:21:14.005560 n-d-841012-3 devstack@keystone.service[80208]: DEBUG keystone.server.flask.request_processing.middleware.auth_context [None req-41cf2c1a-801b-4f72-b323-8c0102269212 None None] Validating token access rules against request {{(pid=80208) validate_allowed_request /usr/local/lib/python3.8/dist-packages/keystonemiddleware/auth_token/__init__.py:545}}
May 07 19:21:14.006226 n-d-841012-3 devstack@keystone.service[80207]: ERROR keystone.server.flask.application [None req-3b0cbd9d-e2ad-42de-8555-5a36e615611e None admin] Could not find role: member.: keystone.exception.RoleNotFound: Could not find role: member.
May 07 19:21:14.006226 n-d-841012-3 devstack@keystone.service[80207]: ERROR keystone.server.flask.application
Traceback (most recent call last):
May 07 19:21:14.006226 n-d-841012-3 devstack@keystone.service[80207]: ERROR keystone.server.flask.application
File "/usr/local/lib/python3.8/dist-packages/flask/app.py", line 1523, in full_dispatch_request
May 07 19:21:14.006226 n-d-841012-3 devstack@keystone.service[80207]: ERROR keystone.server.flask.application rv = self.dispatch_request()
May 07 19:21:14.006226 n-d-841012-3 devstack@keystone.service[80207]: ERROR keystone.server.flask.application
File "/usr/local/lib/python3.8/dist-packages/flask/app.py", line 1509, in dispatch_request
May 07 19:21:14.006226 n-d-841012-3 devstack@keystone.service[80207]: ERROR keystone.server.flask.application return self.ensure_sync(self.view_functions[rule.endpoint])(**req.view_args)
May 07 19:21:14.006226 n-d-841012-3 devstack@keystone.service[80207]: ERROR keystone.server.flask.application
File "/usr/local/lib/python3.8/dist-packages/flask_restful/__init__.py", line 467, in wrapper
May 07 19:21:14.006226 n-d-841012-3 devstack@keystone.service[80207]: ERROR keystone.server.flask.application resp = resource(*args, **kwargs)
May 07 19:21:14.006226 n-d-841012-3 devstack@keystone.service[80207]: ERROR keystone.server.flask.application
File "/usr/local/lib/python3.8/dist-packages/flask/views.py", line 84, in view
May 07 19:21:14.006226 n-d-841012-3 devstack@keystone.service[80207]: ERROR keystone.server.flask.application return current_app.ensure_sync(self.dispatch_request)(*args, **kwargs)
May 07 19:21:14.006226 n-d-841012-3 devstack@keystone.service[80207]: ERROR keystone.server.flask.application
File "/usr/local/lib/python3.8/dist-packages/flask_restful/__init__.py", line 582, in dispatch_request
May 07 19:21:14.006226 n-d-841012-3 devstack@keystone.service[80207]: ERROR keystone.server.flask.application resp = meth(*args, **kwargs)
May 07 19:21:14.006226 n-d-841012-3 devstack@keystone.service[80207]: ERROR keystone.server.flask.application
File "/opt/stack/keystone/keystone/api/roles.py", line 50, in get
May 07 19:21:14.006226 n-d-841012-3 devstack@keystone.service[80207]: ERROR keystone.server.flask.application return self._get_role(role_id)
May 07 19:21:14.006226 n-d-841012-3 devstack@keystone.service[80207]: ERROR keystone.server.flask.application
File "/opt/stack/keystone/keystone/api/roles.py", line 70, in _get_role
May 07 19:21:14.006226 n-d-841012-3 devstack@keystone.service[80207]: ERROR keystone.server.flask.application ENFORCER.enforce_call(action='identity:get_role')
May 07 19:21:14.007090 n-d-841012-3 devstack@keystone.service[80207]: ERROR keystone.server.flask.application
File "/opt/stack/keystone/keystone/common/rbac_enforcer/enforcer.py", line 402, in enforce_call
May 07 19:21:14.007090 n-d-841012-3 devstack@keystone.service[80207]: ERROR keystone.server.flask.application policy_dict.update(cls._extract_member_target_data(
May 07 19:21:14.007090 n-d-841012-3 devstack@keystone.service[80207]: ERROR keystone.server.flask.application
File "/opt/stack/keystone/keystone/common/rbac_enforcer/enforcer.py", line 234, in _extract_member_target_data
May 07 19:21:14.007090 n-d-841012-3 devstack@keystone.service[80207]: ERROR keystone.server.flask.application member_name: func(flask.request.view_args[key])
May 07 19:21:14.007090 n-d-841012-3 devstack@keystone.service[80207]: ERROR keystone.server.flask.application
File "/opt/stack/keystone/keystone/common/manager.py", line 115, in wrapped
May 07 19:21:14.007090 n-d-841012-3 devstack@keystone.service[80207]: ERROR keystone.server.flask.application __ret_val = __f(*args, **kwargs)
May 07 19:21:14.007090 n-d-841012-3 devstack@keystone.service[80207]: ERROR keystone.server.flask.application
File "/usr/local/lib/python3.8/dist-packages/decorator.py", line 232, in fun
May 07 19:21:14.007090 n-d-841012-3 devstack@keystone.service[80207]: ERROR keystone.server.flask.application return caller(func, *(extras + args), **kw)
May 07 19:21:14.007090 n-d-841012-3 devstack@keystone.service[80207]: ERROR keystone.server.flask.application
File "/usr/local/lib/python3.8/dist-packages/dogpile/cache/region.py", line 1577, in get_or_create_for_user_func
May 07 19:21:14.007090 n-d-841012-3 devstack@keystone.service[80207]: ERROR keystone.server.flask.application return self.get_or_create(
May 07 19:21:14.007090 n-d-841012-3 devstack@keystone.service[80207]: ERROR keystone.server.flask.application
File "/usr/local/lib/python3.8/dist-packages/dogpile/cache/region.py", line 1042, in get_or_create
May 07 19:21:14.007090 n-d-841012-3 devstack@keystone.service[80207]: ERROR keystone.server.flask.application with Lock(
May 07 19:21:14.007090 n-d-841012-3 devstack@keystone.service[80207]: ERROR keystone.server.flask.application
File "/usr/local/lib/python3.8/dist-packages/dogpile/lock.py", line 185, in __enter__
May 07 19:21:14.007090 n-d-841012-3 devstack@keystone.service[80207]: ERROR keystone.server.flask.application return self._enter()
May 07 19:21:14.007090 n-d-841012-3 devstack@keystone.service[80207]: ERROR keystone.server.flask.application
File "/usr/local/lib/python3.8/dist-packages/dogpile/lock.py", line 94, in _enter
May 07 19:21:14.007090 n-d-841012-3 devstack@keystone.service[80207]: ERROR keystone.server.flask.application generated = self._enter_create(value, createdtime)
May 07 19:21:14.007988 n-d-841012-3 devstack@keystone.service[80207]: ERROR keystone.server.flask.application
File "/usr/local/lib/python3.8/dist-packages/dogpile/lock.py", line 178, in _enter_create
May 07 19:21:14.007988 n-d-841012-3 devstack@keystone.service[80207]: ERROR keystone.server.flask.application return self.creator()
May 07 19:21:14.007988 n-d-841012-3 devstack@keystone.service[80207]: ERROR keystone.server.flask.application
File "/usr/local/lib/python3.8/dist-packages/dogpile/cache/region.py", line 995, in gen_value
May 07 19:21:14.007988 n-d-841012-3 devstack@keystone.service[80207]: ERROR keystone.server.flask.application created_value = creator(
May 07 19:21:14.007988 n-d-841012-3 devstack@keystone.service[80207]: ERROR keystone.server.flask.application
File "/opt/stack/keystone/keystone/assignment/core.py", line 1276, in get_role
May 07 19:21:14.007988 n-d-841012-3 devstack@keystone.service[80207]: ERROR keystone.server.flask.application return self.driver.get_role(role_id)
May 07 19:21:14.007988 n-d-841012-3 devstack@keystone.service[80207]: ERROR keystone.server.flask.application
File "/opt/stack/keystone/keystone/assignment/role_backends/sql.py", line 70, in get_role
May 07 19:21:14.007988 n-d-841012-3 devstack@keystone.service[80207]: ERROR keystone.server.flask.application return self._get_role(session, role_id).to_dict()
May 07 19:21:14.007988 n-d-841012-3 devstack@keystone.service[80207]: ERROR keystone.server.flask.application
File "/opt/stack/keystone/keystone/assignment/role_backends/sql.py", line 65, in _get_role
May 07 19:21:14.007988 n-d-841012-3 devstack@keystone.service[80207]: ERROR keystone.server.flask.application raise exception.RoleNotFound(role_id=role_id)
May 07 19:21:14.007988 n-d-841012-3 devstack@keystone.service[80207]: ERROR keystone.server.flask.application keystone.exception.RoleNotFound: Could not find role: member.
May 07 19:21:14.007988 n-d-841012-3 devstack@keystone.service[80207]: ERROR keystone.server.flask.application
May 07 19:21:14.012452 n-d-841012-3 devstack@keystone.service[80207]: [pid: 80207|app: 0|req: 107/213] 10.222.0.25 () {56 vars in 1099 bytes} [Sat May 7 19:21:13 2022] GET /identity/v3/roles/member => generated 84 bytes in 191 msecs (HTTP/1.1 404) 5 headers in 183 bytes (1 switches on core 0)
May 07 19:21:14.016230 n-d-841012-3 devstack@keystone.service[80207]: DEBUG keystone.server.flask.request_processing.middleware.auth_context [None req-3b0cbd9d-e2ad-42de-8555-5a36e615611e None admin] Authenticating user token {{(pid=80207) process_request /usr/local/lib/python3.8/dist-packages/keystonemiddleware/auth_token/__init__.py:407}}
May 07 19:21:14.044304 n-d-841012-3 devstack@keystone.service[80208]: DEBUG keystone.server.flask.request_processing.middleware.auth_context [None req-464b292c-f646-4db9-87c7-941167520c47 None admin] RBAC: auth_context: {'token': , 'domain_id': None, 'trust_id': None, 'trustor_id': None, 'trustee_id': None, 'domain_name': None, 'group_ids': [], 'user_id': 'c1900d07fac94f1d860a86cb57f25296', 'user_domain_id': 'default', 'system_scope': 'all', 'project_id': None, 'project_domain_id': None, 'roles': ['admin', 'member', 'reader'], 'is_admin_project': True, 'service_user_id': None, 'service_user_domain_id': None, 'service_project_id': None, 'service_project_domain_id': None, 'service_roles': []} {{(pid=80208) fill_context /opt/stack/keystone/keystone/server/flask/request_processing/middleware/auth_context.py:478}}
May 07 19:21:14.045404 n-d-841012-3 devstack@keystone.service[80208]: DEBUG keystone.server.flask.request_processing.req_logging [None req-464b292c-f646-4db9-87c7-941167520c47 None admin] REQUEST_METHOD: `GET` {{(pid=80208) log_request_info /opt/stack/keystone/keystone/server/flask/request_processing/req_logging.py:27}}
May 07 19:21:14.045861 n-d-841012-3 devstack@keystone.service[80208]: DEBUG keystone.server.flask.request_processing.req_logging [None req-464b292c-f646-4db9-87c7-941167520c47 None admin] SCRIPT_NAME: `/identity` {{(pid=80208) log_request_info /opt/stack/keystone/keystone/server/flask/request_processing/req_logging.py:28}}
May 07 19:21:14.046268 n-d-841012-3 devstack@keystone.service[80208]: DEBUG keystone.server.flask.request_processing.req_logging [None req-464b292c-f646-4db9-87c7-941167520c47 None admin] PATH_INFO: `/v3/domains/default` {{(pid=80208) log_request_info /opt/stack/keystone/keystone/server/flask/request_processing/req_logging.py:29}}
May 07 19:21:14.047567 n-d-841012-3 devstack@keystone.service[80208]: DEBUG keystone.common.rbac_enforcer.enforcer [None req-464b292c-f646-4db9-87c7-941167520c47 None admin] RBAC: Authorizing `identity:get_domain(domain_id=default)` {{(pid=80208) enforce_call /opt/stack/keystone/keystone/common/rbac_enforcer/enforcer.py:449}}
May 07 19:21:14.049228 n-d-841012-3 devstack@keystone.service[80208]: DEBUG keystone.common.rbac_enforcer.enforcer [None req-464b292c-f646-4db9-87c7-941167520c47 None admin] RBAC: Authorization granted {{(pid=80208) enforce_call /opt/stack/keystone/keystone/common/rbac_enforcer/enforcer.py:457}}
May 07 19:21:14.055619 n-d-841012-3 devstack@keystone.service[80208]: [pid: 80208|app: 0|req: 107/214] 10.222.0.25 () {56 vars in 1108 bytes} [Sat May 7 19:21:13 2022] GET /identity/v3/domains/default => generated 199 bytes in 141 msecs (HTTP/1.1 200) 5 headers in 177 bytes (1 switches on core 0)
May 07 19:21:14.057203 n-d-841012-3 devstack@keystone.service[80208]: DEBUG keystone.server.flask.request_processing.middleware.auth_context [None req-464b292c-f646-4db9-87c7-941167520c47 None admin] Authenticating user token {{(pid=80208) process_request /usr/local/lib/python3.8/dist-packages/keystonemiddleware/auth_token/__init__.py:407}}
May 07 19:21:14.136586 n-d-841012-3 devstack@keystone.service[80207]: DEBUG keystone.server.flask.request_processing.middleware.auth_context [None req-3b0cbd9d-e2ad-42de-8555-5a36e615611e None admin] Validating token access rules against request {{(pid=80207) validate_allowed_request /usr/local/lib/python3.8/dist-packages/keystonemiddleware/auth_token/__init__.py:545}}
May 07 19:21:14.157315 n-d-841012-3 devstack@keystone.service[80208]: DEBUG keystone.server.flask.request_processing.middleware.auth_context [None req-464b292c-f646-4db9-87c7-941167520c47 None admin] Validating token access rules against request {{(pid=80208) validate_allowed_request /usr/local/lib/python3.8/dist-packages/keystonemiddleware/auth_token/__init__.py:545}}
May 07 19:21:14.178321 n-d-841012-3 devstack@keystone.service[80207]: DEBUG keystone.server.flask.request_processing.middleware.auth_context [None req-da8d8f0b-5264-4c1b-9bf8-d68aa299d1bf None admin] RBAC: auth_context: {'token': , 'domain_id': None, 'trust_id': None, 'trustor_id': None, 'trustee_id': None, 'domain_name': None, 'group_ids': [], 'user_id': 'c1900d07fac94f1d860a86cb57f25296', 'user_domain_id': 'default', 'system_scope': 'all', 'project_id': None, 'project_domain_id': None, 'roles': ['admin', 'member', 'reader'], 'is_admin_project': True, 'service_user_id': None, 'service_user_domain_id': None, 'service_project_id': None, 'service_project_domain_id': None, 'service_roles': []} {{(pid=80207) fill_context /opt/stack/keystone/keystone/server/flask/request_processing/middleware/auth_context.py:478}}
May 07 19:21:14.179404 n-d-841012-3 devstack@keystone.service[80207]: DEBUG keystone.server.flask.request_processing.req_logging [None req-da8d8f0b-5264-4c1b-9bf8-d68aa299d1bf None admin] REQUEST_METHOD: `GET` {{(pid=80207) log_request_info /opt/stack/keystone/keystone/server/flask/request_processing/req_logging.py:27}}
May 07 19:21:14.179695 n-d-841012-3 devstack@keystone.service[80207]: DEBUG keystone.server.flask.request_processing.req_logging [None req-da8d8f0b-5264-4c1b-9bf8-d68aa299d1bf None admin] SCRIPT_NAME: `/identity` {{(pid=80207) log_request_info /opt/stack/keystone/keystone/server/flask/request_processing/req_logging.py:28}}
May 07 19:21:14.179970 n-d-841012-3 devstack@keystone.service[80207]: DEBUG keystone.server.flask.request_processing.req_logging [None req-da8d8f0b-5264-4c1b-9bf8-d68aa299d1bf None admin] PATH_INFO: `/v3/roles` {{(pid=80207) log_request_info /opt/stack/keystone/keystone/server/flask/request_processing/req_logging.py:29}}
May 07 19:21:14.180761 n-d-841012-3 devstack@keystone.service[80207]: DEBUG keystone.common.rbac_enforcer.enforcer [None req-da8d8f0b-5264-4c1b-9bf8-d68aa299d1bf None admin] RBAC: Adding query filter params (name=member) {{(pid=80207) _extract_filter_values /opt/stack/keystone/keystone/common/rbac_enforcer/enforcer.py:167}}
May 07 19:21:14.181203 n-d-841012-3 devstack@keystone.service[80207]: DEBUG keystone.common.rbac_enforcer.enforcer [None req-da8d8f0b-5264-4c1b-9bf8-d68aa299d1bf None admin] RBAC: Authorizing `identity:list_roles()` {{(pid=80207) enforce_call /opt/stack/keystone/keystone/common/rbac_enforcer/enforcer.py:449}}
May 07 19:21:14.182895 n-d-841012-3 devstack@keystone.service[80207]: DEBUG keystone.common.rbac_enforcer.enforcer [None req-da8d8f0b-5264-4c1b-9bf8-d68aa299d1bf None admin] RBAC: Authorization granted {{(pid=80207) enforce_call /opt/stack/keystone/keystone/common/rbac_enforcer/enforcer.py:457}}
May 07 19:21:14.193899 n-d-841012-3 devstack@keystone.service[80207]: [pid: 80207|app: 0|req: 108/215] 10.222.0.25 () {56 vars in 1101 bytes} [Sat May 7 19:21:14 2022] GET /identity/v3/roles?name=member => generated 341 bytes in 178 msecs (HTTP/1.1 200) 5 headers in 177 bytes (2 switches on core 0)
May 07 19:21:14.197186 n-d-841012-3 devstack@keystone.service[80208]: DEBUG keystone.server.flask.request_processing.middleware.auth_context [None req-1015b786-b3d4-4eba-96ca-87db60383b3d None admin] RBAC: auth_context: {'token': , 'domain_id': None, 'trust_id': None, 'trustor_id': None, 'trustee_id': None, 'domain_name': None, 'group_ids': [], 'user_id': 'c1900d07fac94f1d860a86cb57f25296', 'user_domain_id': 'default', 'system_scope': 'all', 'project_id': None, 'project_domain_id': None, 'roles': ['admin', 'member', 'reader'], 'is_admin_project': True, 'service_user_id': None, 'service_user_domain_id': None, 'service_project_id': None, 'service_project_domain_id': None, 'service_roles': []} {{(pid=80208) fill_context /opt/stack/keystone/keystone/server/flask/request_processing/middleware/auth_context.py:478}}
May 07 19:21:14.198399 n-d-841012-3 devstack@keystone.service[80208]: DEBUG keystone.server.flask.request_processing.req_logging [None req-1015b786-b3d4-4eba-96ca-87db60383b3d None admin] REQUEST_METHOD: `POST` {{(pid=80208) log_request_info /opt/stack/keystone/keystone/server/flask/request_processing/req_logging.py:27}}
May 07 19:21:14.198878 n-d-841012-3 devstack@keystone.service[80208]: DEBUG keystone.server.flask.request_processing.req_logging [None req-1015b786-b3d4-4eba-96ca-87db60383b3d None admin] SCRIPT_NAME: `/identity` {{(pid=80208) log_request_info /opt/stack/keystone/keystone/server/flask/request_processing/req_logging.py:28}}
May 07 19:21:14.199273 n-d-841012-3 devstack@keystone.service[80207]: DEBUG keystone.server.flask.request_processing.middleware.auth_context [None req-da8d8f0b-5264-4c1b-9bf8-d68aa299d1bf None admin] Authenticating user token {{(pid=80207) process_request /usr/local/lib/python3.8/dist-packages/keystonemiddleware/auth_token/__init__.py:407}}
May 07 19:21:14.199578 n-d-841012-3 devstack@keystone.service[80208]: DEBUG keystone.server.flask.request_processing.req_logging [None req-1015b786-b3d4-4eba-96ca-87db60383b3d None admin] PATH_INFO: `/v3/users` {{(pid=80208) log_request_info /opt/stack/keystone/keystone/server/flask/request_processing/req_logging.py:29}}
May 07 19:21:14.200537 n-d-841012-3 devstack@keystone.service[80208]: DEBUG keystone.common.rbac_enforcer.enforcer [None req-1015b786-b3d4-4eba-96ca-87db60383b3d None admin] RBAC: Authorizing `identity:create_user()` {{(pid=80208) enforce_call /opt/stack/keystone/keystone/common/rbac_enforcer/enforcer.py:449}}
May 07 19:21:14.202182 n-d-841012-3 devstack@keystone.service[80208]: DEBUG keystone.common.rbac_enforcer.enforcer [None req-1015b786-b3d4-4eba-96ca-87db60383b3d None admin] RBAC: Authorization granted {{(pid=80208) enforce_call /opt/stack/keystone/keystone/common/rbac_enforcer/enforcer.py:457}}
May 07 19:21:14.228083 n-d-841012-3 devstack@keystone.service[80208]: [pid: 80208|app: 0|req: 108/216] 10.222.0.25 () {60 vars in 1132 bytes} [Sat May 7 19:21:14 2022] POST /identity/v3/users => generated 297 bytes in 171 msecs (HTTP/1.1 201) 5 headers in 182 bytes (2 switches on core 0)
May 07 19:21:14.319195 n-d-841012-3 devstack@keystone.service[80207]: DEBUG keystone.server.flask.request_processing.middleware.auth_context [None req-da8d8f0b-5264-4c1b-9bf8-d68aa299d1bf None admin] Validating token access rules against request {{(pid=80207) validate_allowed_request /usr/local/lib/python3.8/dist-packages/keystonemiddleware/auth_token/__init__.py:545}}
May 07 19:21:14.357497 n-d-841012-3 devstack@keystone.service[80207]: DEBUG keystone.server.flask.request_processing.middleware.auth_context [None req-bc73068b-74d9-4d5e-ac28-55fd605e8c3f None admin] RBAC: auth_context: {'token': , 'domain_id': None, 'trust_id': None, 'trustor_id': None, 'trustee_id': None, 'domain_name': None, 'group_ids': [], 'user_id': 'c1900d07fac94f1d860a86cb57f25296', 'user_domain_id': 'default', 'system_scope': 'all', 'project_id': None, 'project_domain_id': None, 'roles': ['admin', 'member', 'reader'], 'is_admin_project': True, 'service_user_id': None, 'service_user_domain_id': None, 'service_project_id': None, 'service_project_domain_id': None, 'service_roles': []} {{(pid=80207) fill_context /opt/stack/keystone/keystone/server/flask/request_processing/middleware/auth_context.py:478}}
May 07 19:21:14.358626 n-d-841012-3 devstack@keystone.service[80207]: DEBUG keystone.server.flask.request_processing.req_logging [None req-bc73068b-74d9-4d5e-ac28-55fd605e8c3f None admin] REQUEST_METHOD: `GET` {{(pid=80207) log_request_info /opt/stack/keystone/keystone/server/flask/request_processing/req_logging.py:27}}
May 07 19:21:14.359097 n-d-841012-3 devstack@keystone.service[80207]: DEBUG keystone.server.flask.request_processing.req_logging [None req-bc73068b-74d9-4d5e-ac28-55fd605e8c3f None admin] SCRIPT_NAME: `/identity` {{(pid=80207) log_request_info /opt/stack/keystone/keystone/server/flask/request_processing/req_logging.py:28}}
May 07 19:21:14.359500 n-d-841012-3 devstack@keystone.service[80207]: DEBUG keystone.server.flask.request_processing.req_logging [None req-bc73068b-74d9-4d5e-ac28-55fd605e8c3f None admin] PATH_INFO: `/v3/users/c03c544f6e894eff875a7b2199560e0d` {{(pid=80207) log_request_info /opt/stack/keystone/keystone/server/flask/request_processing/req_logging.py:29}}
May 07 19:21:14.375095 n-d-841012-3 devstack@keystone.service[80207]: DEBUG keystone.common.rbac_enforcer.enforcer [None req-bc73068b-74d9-4d5e-ac28-55fd605e8c3f None admin] RBAC: Authorizing `identity:get_user(user_id=c03c544f6e894eff875a7b2199560e0d)` {{(pid=80207) enforce_call /opt/stack/keystone/keystone/common/rbac_enforcer/enforcer.py:449}}
May 07 19:21:14.376908 n-d-841012-3 devstack@keystone.service[80207]: DEBUG keystone.common.rbac_enforcer.enforcer [None req-bc73068b-74d9-4d5e-ac28-55fd605e8c3f None admin] RBAC: Authorization granted {{(pid=80207) enforce_call /opt/stack/keystone/keystone/common/rbac_enforcer/enforcer.py:457}}
May 07 19:21:14.378902 n-d-841012-3 devstack@keystone.service[80207]: [pid: 80207|app: 0|req: 109/217] 10.222.0.25 () {56 vars in 1177 bytes} [Sat May 7 19:21:14 2022] GET /identity/v3/users/c03c544f6e894eff875a7b2199560e0d => generated 297 bytes in 180 msecs (HTTP/1.1 200) 5 headers in 177 bytes (2 switches on core 0)
May 07 19:21:14.385901 n-d-841012-3 devstack@keystone.service[80208]: DEBUG keystone.server.flask.request_processing.middleware.auth_context [None req-1015b786-b3d4-4eba-96ca-87db60383b3d None admin] Authenticating user token {{(pid=80208) process_request /usr/local/lib/python3.8/dist-packages/keystonemiddleware/auth_token/__init__.py:407}}
May 07 19:21:14.491465 n-d-841012-3 devstack@keystone.service[80208]: DEBUG keystone.server.flask.request_processing.middleware.auth_context [None req-1015b786-b3d4-4eba-96ca-87db60383b3d None admin] Validating token access rules against request {{(pid=80208) validate_allowed_request /usr/local/lib/python3.8/dist-packages/keystonemiddleware/auth_token/__init__.py:545}}
