May 07 12:27:24.915302 n-d-841012-2 devstack@n-api.service[118584]: DEBUG nova.api.openstack.wsgi [None req-0b30d1e5-6e37-434d-8401-136917fc25de tempest-FlavorsExtraSpecsTestJSON-1062456367 tempest-FlavorsExtraSpecsTestJSON-1062456367-project-admin] Action: 'update', calling method: >, body: {"hw:numa_nodes": "2"} {{(pid=118584) _process_stack /opt/stack/nova/nova/api/openstack/wsgi.py:511}}
May 07 12:27:24.931617 n-d-841012-2 devstack@n-api.service[118583]: INFO nova.api.openstack.requestlog [None req-0882051a-3bd4-49b3-b2df-7e88fb1e8a66 tempest-FlavorsExtraSpecsNegativeTestJSON-788548264 tempest-FlavorsExtraSpecsNegativeTestJSON-788548264-project-admin] 10.222.0.58 "DELETE /compute/v2.1/flavors/1552216075" status: 202 len: 0 microversion: 2.1 time: 0.043618
May 07 12:27:24.932677 n-d-841012-2 devstack@n-api.service[118583]: [pid: 118583|app: 0|req: 12/37] 10.222.0.58 () {58 vars in 1160 bytes} [Sat May 7 12:27:24 2022] DELETE /compute/v2.1/flavors/1552216075 => generated 0 bytes in 45 msecs (HTTP/1.1 202) 9 headers in 361 bytes (1 switches on core 0)
May 07 12:27:24.938539 n-d-841012-2 devstack@n-api.service[118583]: DEBUG nova.api.openstack.wsgi [None req-16349561-04c3-4b3b-8cb6-a053e41592c9 tempest-FlavorsAdminTestJSON-1693377229 tempest-FlavorsAdminTestJSON-1693377229-project-admin] Calling method '>' {{(pid=118583) _process_stack /opt/stack/nova/nova/api/openstack/wsgi.py:513}}
May 07 12:27:24.949688 n-d-841012-2 devstack@n-api.service[118584]: INFO nova.api.openstack.requestlog [None req-0b30d1e5-6e37-434d-8401-136917fc25de tempest-FlavorsExtraSpecsTestJSON-1062456367 tempest-FlavorsExtraSpecsTestJSON-1062456367-project-admin] 10.222.0.58 "PUT /compute/v2.1/flavors/431956239/os-extra_specs/hw:numa_nodes" status: 200 len: 22 microversion: 2.1 time: 0.037788
May 07 12:27:24.951086 n-d-841012-2 devstack@n-api.service[118584]: [pid: 118584|app: 0|req: 26/38] 10.222.0.58 () {60 vars in 1261 bytes} [Sat May 7 12:27:24 2022] PUT /compute/v2.1/flavors/431956239/os-extra_specs/hw:numa_nodes => generated 22 bytes in 40 msecs (HTTP/1.1 200) 9 headers in 356 bytes (1 switches on core 0)
May 07 12:27:24.955784 n-d-841012-2 devstack@n-api.service[118584]: DEBUG nova.api.openstack.wsgi [None req-94c156df-4390-4e33-962e-e7ea7083ae45 tempest-FlavorsExtraSpecsNegativeTestJSON-788548264 tempest-FlavorsExtraSpecsNegativeTestJSON-788548264-project-admin] Calling method '>' {{(pid=118584) _process_stack /opt/stack/nova/nova/api/openstack/wsgi.py:513}}
May 07 12:27:24.963298 n-d-841012-2 devstack@n-api.service[118583]: INFO nova.api.openstack.requestlog [None req-16349561-04c3-4b3b-8cb6-a053e41592c9 tempest-FlavorsAdminTestJSON-1693377229 tempest-FlavorsAdminTestJSON-1693377229-project-admin] 10.222.0.58 "DELETE /compute/v2.1/flavors/1330422056" status: 202 len: 0 microversion: 2.1 time: 0.029177
May 07 12:27:24.964516 n-d-841012-2 devstack@n-api.service[118583]: [pid: 118583|app: 0|req: 13/39] 10.222.0.58 () {58 vars in 1160 bytes} [Sat May 7 12:27:24 2022] DELETE /compute/v2.1/flavors/1330422056 => generated 0 bytes in 31 msecs (HTTP/1.1 202) 9 headers in 361 bytes (1 switches on core 0)
May 07 12:27:24.969913 n-d-841012-2 devstack@n-api.service[118583]: DEBUG nova.api.openstack.wsgi [None req-16a20010-356a-49ea-bb24-2b5c84b217b8 tempest-FlavorsExtraSpecsTestJSON-1062456367 tempest-FlavorsExtraSpecsTestJSON-1062456367-project-admin] Calling method '>' {{(pid=118583) _process_stack /opt/stack/nova/nova/api/openstack/wsgi.py:513}}
May 07 12:27:24.979147 n-d-841012-2 devstack@n-api.service[118583]: INFO nova.api.openstack.requestlog [None req-16a20010-356a-49ea-bb24-2b5c84b217b8 tempest-FlavorsExtraSpecsTestJSON-1062456367 tempest-FlavorsExtraSpecsTestJSON-1062456367-project-admin] 10.222.0.58 "GET /compute/v2.1/flavors/431956239/os-extra_specs" status: 200 len: 66 microversion: 2.1 time: 0.013336
May 07 12:27:24.984146 n-d-841012-2 devstack@n-api.service[118584]: INFO nova.api.openstack.requestlog [None req-94c156df-4390-4e33-962e-e7ea7083ae45 tempest-FlavorsExtraSpecsNegativeTestJSON-788548264 tempest-FlavorsExtraSpecsNegativeTestJSON-788548264-project-admin] 10.222.0.58 "GET /compute/v2.1/flavors/detail" status: 200 len: 5394 microversion: 2.1 time: 0.029793
May 07 12:27:24.984620 n-d-841012-2 devstack@n-api.service[118583]: [pid: 118583|app: 0|req: 14/40] 10.222.0.58 () {58 vars in 1199 bytes} [Sat May 7 12:27:24 2022] GET /compute/v2.1/flavors/431956239/os-extra_specs => generated 66 bytes in 19 msecs (HTTP/1.1 200) 9 headers in 356 bytes (1 switches on core 0)
May 07 12:27:24.985062 n-d-841012-2 devstack@n-api.service[118584]: [pid: 118584|app: 0|req: 27/41] 10.222.0.58 () {58 vars in 1145 bytes} [Sat May 7 12:27:24 2022] GET /compute/v2.1/flavors/detail => generated 5394 bytes in 33 msecs (HTTP/1.1 200) 9 headers in 358 bytes (1 switches on core 0)
May 07 12:27:24.989682 n-d-841012-2 devstack@n-api.service[118584]: DEBUG nova.api.openstack.wsgi [None req-9f361ba2-ff6f-4fcb-9973-9d52da9d31a0 tempest-FlavorsExtraSpecsTestJSON-1062456367 tempest-FlavorsExtraSpecsTestJSON-1062456367-project-admin] Calling method '>' {{(pid=118584) _process_stack /opt/stack/nova/nova/api/openstack/wsgi.py:513}}
May 07 12:27:24.998806 n-d-841012-2 devstack@n-api.service[118583]: DEBUG nova.api.openstack.wsgi [None req-29f5c6c7-6add-4e5f-9e07-1f2b272a956e tempest-FlavorsAdminTestJSON-1693377229 tempest-FlavorsAdminTestJSON-1693377229-project-admin] Calling method '>' {{(pid=118583) _process_stack /opt/stack/nova/nova/api/openstack/wsgi.py:513}}
May 07 12:27:25.021728 n-d-841012-2 devstack@n-api.service[118583]: INFO nova.api.openstack.requestlog [None req-29f5c6c7-6add-4e5f-9e07-1f2b272a956e tempest-FlavorsAdminTestJSON-1693377229 tempest-FlavorsAdminTestJSON-1693377229-project-admin] 10.222.0.58 "GET /compute/v2.1/flavors/detail" status: 200 len: 5394 microversion: 2.1 time: 0.035561
May 07 12:27:25.022728 n-d-841012-2 devstack@n-api.service[118583]: [pid: 118583|app: 0|req: 15/42] 10.222.0.58 () {58 vars in 1145 bytes} [Sat May 7 12:27:24 2022] GET /compute/v2.1/flavors/detail => generated 5394 bytes in 37 msecs (HTTP/1.1 200) 9 headers in 358 bytes (1 switches on core 0)
May 07 12:27:25.030855 n-d-841012-2 devstack@n-api.service[118584]: INFO nova.api.openstack.requestlog [None req-9f361ba2-ff6f-4fcb-9973-9d52da9d31a0 tempest-FlavorsExtraSpecsTestJSON-1062456367 tempest-FlavorsExtraSpecsTestJSON-1062456367-project-admin] 10.222.0.58 "DELETE /compute/v2.1/flavors/431956239/os-extra_specs/hw:numa_nodes" status: 200 len: 0 microversion: 2.1 time: 0.044479
May 07 12:27:25.031778 n-d-841012-2 devstack@n-api.service[118584]: [pid: 118584|app: 0|req: 28/43] 10.222.0.58 () {58 vars in 1244 bytes} [Sat May 7 12:27:24 2022] DELETE /compute/v2.1/flavors/431956239/os-extra_specs/hw:numa_nodes => generated 0 bytes in 46 msecs (HTTP/1.1 200) 9 headers in 355 bytes (1 switches on core 0)
May 07 12:27:25.040242 n-d-841012-2 devstack@n-api.service[118583]: DEBUG nova.api.openstack.wsgi [None req-2d1fee87-6a27-491f-83ce-154a14ec77db tempest-FlavorsExtraSpecsTestJSON-1062456367 tempest-FlavorsExtraSpecsTestJSON-1062456367-project-admin] Calling method '>' {{(pid=118583) _process_stack /opt/stack/nova/nova/api/openstack/wsgi.py:513}}
May 07 12:27:25.041082 n-d-841012-2 devstack@n-api.service[118583]: /usr/local/lib/python3.8/dist-packages/oslo_policy/policy.py:1129: UserWarning: Policy "os_compute_api:os-flavor-extra-specs:delete": "rule:context_is_admin" failed scope check. The token used to make the request was project scoped but the policy requires ['system'] scope. This behavior may change in the future where using the intended scope is required
May 07 12:27:25.041082 n-d-841012-2 devstack@n-api.service[118583]: warnings.warn(msg)
May 07 12:27:25.044079 n-d-841012-2 devstack@n-api.service[118584]: DEBUG nova.api.openstack.wsgi [None req-90642423-9b4d-4ace-b91a-f8eb4316aa5d tempest-FlavorsAdminTestJSON-1693377229 tempest-FlavorsAdminTestJSON-1693377229-project-admin] Action: 'create', calling method: >, body: {"flavor": {"ram": 512, "vcpus": 1, "disk": 10, "name": "tempest-FlavorsAdminTestJSON-flavor-373961701", "id": null, "os-flavor-access:is_public": "True"}} {{(pid=118584) _process_stack /opt/stack/nova/nova/api/openstack/wsgi.py:511}}
May 07 12:27:25.070575 n-d-841012-2 devstack@n-api.service[118583]: INFO nova.api.openstack.requestlog [None req-2d1fee87-6a27-491f-83ce-154a14ec77db tempest-FlavorsExtraSpecsTestJSON-1062456367 tempest-FlavorsExtraSpecsTestJSON-1062456367-project-admin] 10.222.0.58 "DELETE /compute/v2.1/flavors/431956239/os-extra_specs/hw:cpu_policy" status: 200 len: 0 microversion: 2.1 time: 0.034672
May 07 12:27:25.070806 n-d-841012-2 devstack@n-api.service[118584]: INFO nova.api.openstack.requestlog [None req-90642423-9b4d-4ace-b91a-f8eb4316aa5d tempest-FlavorsAdminTestJSON-1693377229 tempest-FlavorsAdminTestJSON-1693377229-project-admin] 10.222.0.58 "POST /compute/v2.1/flavors" status: 200 len: 506 microversion: 2.1 time: 0.031096
May 07 12:27:25.071411 n-d-841012-2 devstack@n-api.service[118584]: [pid: 118584|app: 0|req: 29/44] 10.222.0.58 () {60 vars in 1146 bytes} [Sat May 7 12:27:25 2022] POST /compute/v2.1/flavors => generated 506 bytes in 33 msecs (HTTP/1.1 200) 9 headers in 357 bytes (1 switches on core 0)
May 07 12:27:25.072744 n-d-841012-2 devstack@n-api.service[118583]: [pid: 118583|app: 0|req: 16/45] 10.222.0.58 () {58 vars in 1244 bytes} [Sat May 7 12:27:25 2022] DELETE /compute/v2.1/flavors/431956239/os-extra_specs/hw:cpu_policy => generated 0 bytes in 37 msecs (HTTP/1.1 200) 9 headers in 355 bytes (2 switches on core 0)
May 07 12:27:25.083287 n-d-841012-2 devstack@n-api.service[118583]: DEBUG nova.api.openstack.wsgi [None req-f7fb5659-0bdf-4875-893d-048ef79012f4 tempest-FlavorsExtraSpecsTestJSON-1062456367 tempest-FlavorsExtraSpecsTestJSON-1062456367-project-admin] Calling method '>' {{(pid=118583) _process_stack /opt/stack/nova/nova/api/openstack/wsgi.py:513}}
May 07 12:27:25.091763 n-d-841012-2 devstack@n-api.service[118583]: INFO nova.api.openstack.requestlog [None req-f7fb5659-0bdf-4875-893d-048ef79012f4 tempest-FlavorsExtraSpecsTestJSON-1062456367 tempest-FlavorsExtraSpecsTestJSON-1062456367-project-admin] 10.222.0.58 "GET /compute/v2.1/flavors/431956239/os-extra_specs" status: 200 len: 19 microversion: 2.1 time: 0.013918
May 07 12:27:25.092678 n-d-841012-2 devstack@n-api.service[118583]: [pid: 118583|app: 0|req: 17/46] 10.222.0.58 () {58 vars in 1199 bytes} [Sat May 7 12:27:25 2022] GET /compute/v2.1/flavors/431956239/os-extra_specs => generated 19 bytes in 16 msecs (HTTP/1.1 200) 9 headers in 356 bytes (1 switches on core 0)
May 07 12:27:25.097209 n-d-841012-2 devstack@n-api.service[118583]: DEBUG nova.api.openstack.wsgi [None req-5a4ed74f-b36b-459d-84a0-0e2afbea1f29 tempest-FlavorsAdminTestJSON-1693377229 tempest-FlavorsAdminTestJSON-1693377229-project-admin] Calling method '>' {{(pid=118583) _process_stack /opt/stack/nova/nova/api/openstack/wsgi.py:513}}
May 07 12:27:25.118138 n-d-841012-2 devstack@n-api.service[118583]: INFO nova.api.openstack.requestlog [None req-5a4ed74f-b36b-459d-84a0-0e2afbea1f29 tempest-FlavorsAdminTestJSON-1693377229 tempest-FlavorsAdminTestJSON-1693377229-project-admin] 10.222.0.58 "DELETE /compute/v2.1/flavors/c959fa5b-d356-431b-9eb8-deac6e451154" status: 202 len: 0 microversion: 2.1 time: 0.024273
May 07 12:27:25.119089 n-d-841012-2 devstack@n-api.service[118583]: [pid: 118583|app: 0|req: 18/47] 10.222.0.58 () {58 vars in 1238 bytes} [Sat May 7 12:27:25 2022] DELETE /compute/v2.1/flavors/c959fa5b-d356-431b-9eb8-deac6e451154 => generated 0 bytes in 26 msecs (HTTP/1.1 202) 9 headers in 361 bytes (1 switches on core 0)
May 07 12:27:25.123844 n-d-841012-2 devstack@n-api.service[118583]: DEBUG nova.api.openstack.wsgi [None req-d3d70a7b-7dcf-48a8-bd7f-49a325c4816e tempest-FlavorsExtraSpecsTestJSON-1062456367 tempest-FlavorsExtraSpecsTestJSON-1062456367-project-admin] Calling method '>' {{(pid=118583) _process_stack /opt/stack/nova/nova/api/openstack/wsgi.py:513}}
May 07 12:27:25.145978 n-d-841012-2 devstack@n-api.service[118583]: INFO nova.api.openstack.requestlog [None req-d3d70a7b-7dcf-48a8-bd7f-49a325c4816e tempest-FlavorsExtraSpecsTestJSON-1062456367 tempest-FlavorsExtraSpecsTestJSON-1062456367-project-admin] 10.222.0.58 "DELETE /compute/v2.1/flavors/431956239" status: 202 len: 0 microversion: 2.1 time: 0.025792
May 07 12:27:25.149614 n-d-841012-2 devstack@n-api.service[118583]: [pid: 118583|app: 0|req: 19/48] 10.222.0.58 () {58 vars in 1157 bytes} [Sat May 7 12:27:25 2022] DELETE /compute/v2.1/flavors/431956239 => generated 0 bytes in 27 msecs (HTTP/1.1 202) 9 headers in 361 bytes (1 switches on core 0)
May 07 12:27:25.154023 n-d-841012-2 devstack@n-api.service[118583]: DEBUG nova.api.openstack.wsgi [None req-1c31de11-7f4d-4369-8052-a2687e95e097 tempest-FlavorsAdminTestJSON-1693377229 tempest-FlavorsAdminTestJSON-1693377229-project-admin] Calling method '>' {{(pid=118583) _process_stack /opt/stack/nova/nova/api/openstack/wsgi.py:513}}
May 07 12:27:25.172013 n-d-841012-2 devstack@n-api.service[118583]: INFO nova.api.openstack.requestlog [None req-1c31de11-7f4d-4369-8052-a2687e95e097 tempest-FlavorsAdminTestJSON-1693377229 tempest-FlavorsAdminTestJSON-1693377229-project-admin] 10.222.0.58 "GET /compute/v2.1/flavors/detail" status: 200 len: 4991 microversion: 2.1 time: 0.024373
May 07 12:27:25.177941 n-d-841012-2 devstack@n-api.service[118583]: [pid: 118583|app: 0|req: 20/49] 10.222.0.58 () {58 vars in 1145 bytes} [Sat May 7 12:27:25 2022] GET /compute/v2.1/flavors/detail => generated 4991 bytes in 31 msecs (HTTP/1.1 200) 9 headers in 358 bytes (1 switches on core 0)
May 07 12:27:25.184170 n-d-841012-2 devstack@n-api.service[118583]: DEBUG nova.api.openstack.wsgi [None req-9c7ea031-5b2d-4502-ad5b-ad05c2ead155 tempest-FlavorsExtraSpecsTestJSON-1062456367 tempest-FlavorsExtraSpecsTestJSON-1062456367-project-admin] Calling method '>' {{(pid=118583) _process_stack /opt/stack/nova/nova/api/openstack/wsgi.py:513}}
May 07 12:27:25.202864 n-d-841012-2 devstack@n-api.service[118583]: INFO nova.api.openstack.requestlog [None req-9c7ea031-5b2d-4502-ad5b-ad05c2ead155 tempest-FlavorsExtraSpecsTestJSON-1062456367 tempest-FlavorsExtraSpecsTestJSON-1062456367-project-admin] 10.222.0.58 "GET /compute/v2.1/flavors/detail" status: 200 len: 4991 microversion: 2.1 time: 0.023750
May 07 12:27:25.203594 n-d-841012-2 devstack@n-api.service[118583]: [pid: 118583|app: 0|req: 21/50] 10.222.0.58 () {58 vars in 1145 bytes} [Sat May 7 12:27:25 2022] GET /compute/v2.1/flavors/detail => generated 4991 bytes in 25 msecs (HTTP/1.1 200) 9 headers in 358 bytes (1 switches on core 0)
May 07 12:27:25.385067 n-d-841012-2 devstack@n-api.service[118584]: DEBUG nova.api.openstack.wsgi [None req-8d6a8a8a-6d69-4eca-944b-59deecfd3140 tempest-AggregatesAdminTestJSON-621838804 tempest-AggregatesAdminTestJSON-621838804-project] Action: 'create', calling method: >, body: {"server": {"name": "tempest-AggregatesAdminTestJSON-server-531071787", "imageRef": "ec9e21d7-8fab-4995-b72a-ed479b729140", "flavorRef": "452", "availability_zone": "tempest-test_az-191475275"}} {{(pid=118584) _process_stack /opt/stack/nova/nova/api/openstack/wsgi.py:511}}
May 07 12:27:25.395297 n-d-841012-2 devstack@n-api.service[118584]: DEBUG oslo_concurrency.lockutils [None req-8d6a8a8a-6d69-4eca-944b-59deecfd3140 tempest-AggregatesAdminTestJSON-621838804 tempest-AggregatesAdminTestJSON-621838804-project] Lock "00000000-0000-0000-0000-000000000000" acquired by "nova.context.set_target_cell..get_or_set_cached_cell_and_set_connections" :: waited 0.000s {{(pid=118584) inner /usr/local/lib/python3.8/dist-packages/oslo_concurrency/lockutils.py:386}}
May 07 12:27:25.395787 n-d-841012-2 devstack@n-api.service[118584]: DEBUG oslo_concurrency.lockutils [None req-8d6a8a8a-6d69-4eca-944b-59deecfd3140 tempest-AggregatesAdminTestJSON-621838804 tempest-AggregatesAdminTestJSON-621838804-project] Lock "00000000-0000-0000-0000-000000000000" "released" by "nova.context.set_target_cell..get_or_set_cached_cell_and_set_connections" :: held 0.001s {{(pid=118584) inner /usr/local/lib/python3.8/dist-packages/oslo_concurrency/lockutils.py:400}}
May 07 12:27:25.396592 n-d-841012-2 devstack@n-api.service[118584]: DEBUG oslo_concurrency.lockutils [None req-8d6a8a8a-6d69-4eca-944b-59deecfd3140 tempest-AggregatesAdminTestJSON-621838804 tempest-AggregatesAdminTestJSON-621838804-project] Lock "a2e74f82-8080-4e10-a93d-8b6ad8a1c68f" acquired by "nova.context.set_target_cell..get_or_set_cached_cell_and_set_connections" :: waited 0.000s {{(pid=118584) inner /usr/local/lib/python3.8/dist-packages/oslo_concurrency/lockutils.py:386}}
May 07 12:27:25.397025 n-d-841012-2 devstack@n-api.service[118584]: DEBUG oslo_concurrency.lockutils [None req-8d6a8a8a-6d69-4eca-944b-59deecfd3140 tempest-AggregatesAdminTestJSON-621838804 tempest-AggregatesAdminTestJSON-621838804-project] Lock "a2e74f82-8080-4e10-a93d-8b6ad8a1c68f" "released" by "nova.context.set_target_cell..get_or_set_cached_cell_and_set_connections" :: held 0.000s {{(pid=118584) inner /usr/local/lib/python3.8/dist-packages/oslo_concurrency/lockutils.py:400}}
May 07 12:27:25.907185 n-d-841012-2 devstack@n-api.service[118583]: DEBUG nova.api.openstack.wsgi [None req-8ad8a46d-7887-4386-9016-81ffa1287141 tempest-DeleteServersAdminTestJSON-903383 tempest-DeleteServersAdminTestJSON-903383-project] Action: 'create', calling method: >, body: {"server": {"name": "tempest-DeleteServersAdminTestJSON-server-1818384089", "imageRef": "ec9e21d7-8fab-4995-b72a-ed479b729140", "flavorRef": "452"}} {{(pid=118583) _process_stack /opt/stack/nova/nova/api/openstack/wsgi.py:511}}
May 07 12:27:26.316391 n-d-841012-2 devstack@n-api.service[118584]: DEBUG nova.network.neutron [None req-8d6a8a8a-6d69-4eca-944b-59deecfd3140 tempest-AggregatesAdminTestJSON-621838804 tempest-AggregatesAdminTestJSON-621838804-project] validate_networks() for None {{(pid=118584) validate_networks /opt/stack/nova/nova/network/neutron.py:2608}}
May 07 12:27:26.664056 n-d-841012-2 devstack@n-api.service[118584]: DEBUG nova.virt.hardware [None req-8d6a8a8a-6d69-4eca-944b-59deecfd3140 tempest-AggregatesAdminTestJSON-621838804 tempest-AggregatesAdminTestJSON-621838804-project] Flavor limits 0:0:0 {{(pid=118584) get_cpu_topology_constraints /opt/stack/nova/nova/virt/hardware.py:343}}
May 07 12:27:26.665480 n-d-841012-2 devstack@n-api.service[118584]: DEBUG nova.virt.hardware [None req-8d6a8a8a-6d69-4eca-944b-59deecfd3140 tempest-AggregatesAdminTestJSON-621838804 tempest-AggregatesAdminTestJSON-621838804-project] Image limits 0:0:0 {{(pid=118584) get_cpu_topology_constraints /opt/stack/nova/nova/virt/hardware.py:347}}
May 07 12:27:26.666538 n-d-841012-2 devstack@n-api.service[118584]: DEBUG nova.virt.hardware [None req-8d6a8a8a-6d69-4eca-944b-59deecfd3140 tempest-AggregatesAdminTestJSON-621838804 tempest-AggregatesAdminTestJSON-621838804-project] Flavor pref 0:0:0 {{(pid=118584) get_cpu_topology_constraints /opt/stack/nova/nova/virt/hardware.py:383}}
May 07 12:27:26.667266 n-d-841012-2 devstack@n-api.service[118584]: DEBUG nova.virt.hardware [None req-8d6a8a8a-6d69-4eca-944b-59deecfd3140 tempest-AggregatesAdminTestJSON-621838804 tempest-AggregatesAdminTestJSON-621838804-project] Image pref 0:0:0 {{(pid=118584) get_cpu_topology_constraints /opt/stack/nova/nova/virt/hardware.py:387}}
May 07 12:27:26.667840 n-d-841012-2 devstack@n-api.service[118584]: DEBUG nova.virt.hardware [None req-8d6a8a8a-6d69-4eca-944b-59deecfd3140 tempest-AggregatesAdminTestJSON-621838804 tempest-AggregatesAdminTestJSON-621838804-project] Chose sockets=0, cores=0, threads=0; limits were sockets=65536, cores=65536, threads=65536 {{(pid=118584) get_cpu_topology_constraints /opt/stack/nova/nova/virt/hardware.py:425}}
May 07 12:27:26.684186 n-d-841012-2 devstack@n-api.service[118584]: DEBUG oslo_concurrency.lockutils [None req-8d6a8a8a-6d69-4eca-944b-59deecfd3140 tempest-AggregatesAdminTestJSON-621838804 tempest-AggregatesAdminTestJSON-621838804-project] Lock "00000000-0000-0000-0000-000000000000" acquired by "nova.context.set_target_cell..get_or_set_cached_cell_and_set_connections" :: waited 0.000s {{(pid=118584) inner /usr/local/lib/python3.8/dist-packages/oslo_concurrency/lockutils.py:386}}
May 07 12:27:26.684869 n-d-841012-2 devstack@n-api.service[118584]: DEBUG oslo_concurrency.lockutils [None req-8d6a8a8a-6d69-4eca-944b-59deecfd3140 tempest-AggregatesAdminTestJSON-621838804 tempest-AggregatesAdminTestJSON-621838804-project] Lock "00000000-0000-0000-0000-000000000000" "released" by "nova.context.set_target_cell..get_or_set_cached_cell_and_set_connections" :: held 0.001s {{(pid=118584) inner /usr/local/lib/python3.8/dist-packages/oslo_concurrency/lockutils.py:400}}
May 07 12:27:26.685621 n-d-841012-2 devstack@n-api.service[118584]: DEBUG oslo_concurrency.lockutils [None req-8d6a8a8a-6d69-4eca-944b-59deecfd3140 tempest-AggregatesAdminTestJSON-621838804 tempest-AggregatesAdminTestJSON-621838804-project] Lock "a2e74f82-8080-4e10-a93d-8b6ad8a1c68f" acquired by "nova.context.set_target_cell..get_or_set_cached_cell_and_set_connections" :: waited 0.000s {{(pid=118584) inner /usr/local/lib/python3.8/dist-packages/oslo_concurrency/lockutils.py:386}}
May 07 12:27:26.686232 n-d-841012-2 devstack@n-api.service[118584]: DEBUG oslo_concurrency.lockutils [None req-8d6a8a8a-6d69-4eca-944b-59deecfd3140 tempest-AggregatesAdminTestJSON-621838804 tempest-AggregatesAdminTestJSON-621838804-project] Lock "a2e74f82-8080-4e10-a93d-8b6ad8a1c68f" "released" by "nova.context.set_target_cell..get_or_set_cached_cell_and_set_connections" :: held 0.001s {{(pid=118584) inner /usr/local/lib/python3.8/dist-packages/oslo_concurrency/lockutils.py:400}}
May 07 12:27:26.723952 n-d-841012-2 devstack@n-api.service[118584]: DEBUG nova.quota [None req-8d6a8a8a-6d69-4eca-944b-59deecfd3140 tempest-AggregatesAdminTestJSON-621838804 tempest-AggregatesAdminTestJSON-621838804-project] Getting quotas for project ee8e8614c341427cb5b81bef66c3fa19. Resources: {'ram', 'cores', 'instances'} {{(pid=118584) _get_quotas /opt/stack/nova/nova/quota.py:393}}
May 07 12:27:26.737221 n-d-841012-2 devstack@n-api.service[118584]: DEBUG nova.quota [None req-8d6a8a8a-6d69-4eca-944b-59deecfd3140 tempest-AggregatesAdminTestJSON-621838804 tempest-AggregatesAdminTestJSON-621838804-project] Getting quotas for user 2494d22faa654791b4006bfa36b65ace and project ee8e8614c341427cb5b81bef66c3fa19. Resources: {'ram', 'cores', 'instances'} {{(pid=118584) _get_quotas /opt/stack/nova/nova/quota.py:383}}
May 07 12:27:26.740613 n-d-841012-2 devstack@n-api.service[118583]: DEBUG nova.network.neutron [None req-8ad8a46d-7887-4386-9016-81ffa1287141 tempest-DeleteServersAdminTestJSON-903383 tempest-DeleteServersAdminTestJSON-903383-project] validate_networks() for None {{(pid=118583) validate_networks /opt/stack/nova/nova/network/neutron.py:2608}}
May 07 12:27:26.751533 n-d-841012-2 devstack@n-api.service[118584]: DEBUG nova.compute.api [None req-8d6a8a8a-6d69-4eca-944b-59deecfd3140 tempest-AggregatesAdminTestJSON-621838804 tempest-AggregatesAdminTestJSON-621838804-project] Going to run 1 instances... {{(pid=118584) _provision_instances /opt/stack/nova/nova/compute/api.py:1389}}
May 07 12:27:26.754223 n-d-841012-2 devstack@n-api.service[118584]: DEBUG nova.compute.api [None req-8d6a8a8a-6d69-4eca-944b-59deecfd3140 tempest-AggregatesAdminTestJSON-621838804 tempest-AggregatesAdminTestJSON-621838804-project] [instance: af4524d9-5ca5-430c-8058-b128ebabac03] block_device_mapping [BlockDeviceMapping(attachment_id=,boot_index=0,connection_info=None,created_at=,delete_on_termination=True,deleted=,deleted_at=,destination_type='local',device_name=None,device_type='disk',disk_bus=None,guest_format=None,id=,image_id='ec9e21d7-8fab-4995-b72a-ed479b729140',instance=,instance_uuid=,no_device=False,snapshot_id=None,source_type='image',tag=None,updated_at=,uuid=,volume_id=None,volume_size=None,volume_type=None)] {{(pid=118584) _bdm_validate_set_size_and_instance /opt/stack/nova/nova/compute/api.py:1807}}
May 07 12:27:26.836784 n-d-841012-2 devstack@n-api.service[118584]: INFO nova.api.openstack.requestlog [None req-8d6a8a8a-6d69-4eca-944b-59deecfd3140 tempest-AggregatesAdminTestJSON-621838804 tempest-AggregatesAdminTestJSON-621838804-project] 10.222.0.58 "POST /compute/v2.1/servers" status: 202 len: 380 microversion: 2.1 time: 1.764444
May 07 12:27:26.838128 n-d-841012-2 devstack@n-api.service[118584]: [pid: 118584|app: 0|req: 30/51] 10.222.0.58 () {60 vars in 1146 bytes} [Sat May 7 12:27:25 2022] POST /compute/v2.1/servers => generated 380 bytes in 1766 msecs (HTTP/1.1 202) 10 headers in 451 bytes (1 switches on core 0)
May 07 12:27:26.846655 n-d-841012-2 devstack@n-api.service[118584]: DEBUG nova.api.openstack.wsgi [None req-4a7d7044-49a9-42b1-a65f-9af08582a9eb tempest-FlavorsAdminTestJSON-1693377229 tempest-FlavorsAdminTestJSON-1693377229-project-admin] Action: 'create', calling method: >, body: {"flavor": {"ram": 512, "vcpus": 1, "disk": 10, "name": "tempest-FlavorsAdminTestJSON-flavor-1444603784", "id": "cbfd9efe-7c35-456b-a34a-f6562d6d4592", "os-flavor-access:is_public": "True"}} {{(pid=118584) _process_stack /opt/stack/nova/nova/api/openstack/wsgi.py:511}}
May 07 12:27:26.850394 n-d-841012-2 devstack@n-api.service[118584]: /usr/local/lib/python3.8/dist-packages/oslo_policy/policy.py:1129: UserWarning: Policy "os_compute_api:os-flavor-manage:create": "rule:context_is_admin" failed scope check. The token used to make the request was project scoped but the policy requires ['system'] scope. This behavior may change in the future where using the intended scope is required
May 07 12:27:26.850394 n-d-841012-2 devstack@n-api.service[118584]: warnings.warn(msg)
May 07 12:27:26.879060 n-d-841012-2 devstack@n-api.service[118584]: INFO nova.api.openstack.requestlog [None req-4a7d7044-49a9-42b1-a65f-9af08582a9eb tempest-FlavorsAdminTestJSON-1693377229 tempest-FlavorsAdminTestJSON-1693377229-project-admin] 10.222.0.58 "POST /compute/v2.1/flavors" status: 200 len: 507 microversion: 2.1 time: 0.038383
May 07 12:27:26.879966 n-d-841012-2 devstack@n-api.service[118584]: [pid: 118584|app: 0|req: 31/52] 10.222.0.58 () {60 vars in 1146 bytes} [Sat May 7 12:27:26 2022] POST /compute/v2.1/flavors => generated 507 bytes in 41 msecs (HTTP/1.1 200) 9 headers in 357 bytes (1 switches on core 0)
May 07 12:27:26.891374 n-d-841012-2 devstack@n-api.service[118584]: DEBUG nova.api.openstack.wsgi [None req-1bddc169-b775-46c0-8609-aa07467b4bb2 tempest-AggregatesAdminTestJSON-621838804 tempest-AggregatesAdminTestJSON-621838804-project] Calling method '>' {{(pid=118584) _process_stack /opt/stack/nova/nova/api/openstack/wsgi.py:513}}
May 07 12:27:26.892372 n-d-841012-2 devstack@n-api.service[118584]: DEBUG nova.compute.api [None req-1bddc169-b775-46c0-8609-aa07467b4bb2 tempest-AggregatesAdminTestJSON-621838804 tempest-AggregatesAdminTestJSON-621838804-project] [instance: af4524d9-5ca5-430c-8058-b128ebabac03] Fetching instance by UUID {{(pid=118584) get /opt/stack/nova/nova/compute/api.py:2920}}
May 07 12:27:27.012419 n-d-841012-2 devstack@n-api.service[118584]: DEBUG nova.policy [None req-1bddc169-b775-46c0-8609-aa07467b4bb2 tempest-AggregatesAdminTestJSON-621838804 tempest-AggregatesAdminTestJSON-621838804-project] Policy check for os_compute_api:os-extended-server-attributes failed with credentials {'is_admin': False, 'user_id': '2494d22faa654791b4006bfa36b65ace', 'user_domain_id': 'default', 'system_scope': None, 'domain_id': None, 'project_id': 'ee8e8614c341427cb5b81bef66c3fa19', 'project_domain_id': 'default', 'roles': ['member', 'reader'], 'is_admin_project': True, 'service_user_id': None, 'service_user_domain_id': None, 'service_project_id': None, 'service_project_domain_id': None, 'service_roles': []} {{(pid=118584) authorize /opt/stack/nova/nova/policy.py:199}}
May 07 12:27:27.032215 n-d-841012-2 devstack@n-api.service[118584]: INFO nova.api.openstack.requestlog [None req-1bddc169-b775-46c0-8609-aa07467b4bb2 tempest-AggregatesAdminTestJSON-621838804 tempest-AggregatesAdminTestJSON-621838804-project] 10.222.0.58 "GET /compute/v2.1/servers/af4524d9-5ca5-430c-8058-b128ebabac03" status: 200 len: 1241 microversion: 2.1 time: 0.151020
May 07 12:27:27.032820 n-d-841012-2 devstack@n-api.service[118584]: [pid: 118584|app: 0|req: 32/53] 10.222.0.58 () {58 vars in 1235 bytes} [Sat May 7 12:27:26 2022] GET /compute/v2.1/servers/af4524d9-5ca5-430c-8058-b128ebabac03 => generated 1241 bytes in 152 msecs (HTTP/1.1 200) 9 headers in 358 bytes (1 switches on core 0)
May 07 12:27:27.047893 n-d-841012-2 devstack@n-api.service[118584]: DEBUG nova.api.openstack.wsgi [None req-8b36f976-0003-4f7b-a226-a3b50ed6411f tempest-FlavorsAdminTestJSON-1693377229 tempest-FlavorsAdminTestJSON-1693377229-project-admin] Calling method '>' {{(pid=118584) _process_stack /opt/stack/nova/nova/api/openstack/wsgi.py:513}}
May 07 12:27:27.048670 n-d-841012-2 devstack@n-api.service[118584]: /usr/local/lib/python3.8/dist-packages/oslo_policy/policy.py:1129: UserWarning: Policy "os_compute_api:os-flavor-manage:delete": "rule:context_is_admin" failed scope check. The token used to make the request was project scoped but the policy requires ['system'] scope. This behavior may change in the future where using the intended scope is required
May 07 12:27:27.048670 n-d-841012-2 devstack@n-api.service[118584]: warnings.warn(msg)
May 07 12:27:27.105590 n-d-841012-2 devstack@n-api.service[118584]: INFO nova.api.openstack.requestlog [None req-8b36f976-0003-4f7b-a226-a3b50ed6411f tempest-FlavorsAdminTestJSON-1693377229 tempest-FlavorsAdminTestJSON-1693377229-project-admin] 10.222.0.58 "DELETE /compute/v2.1/flavors/cbfd9efe-7c35-456b-a34a-f6562d6d4592" status: 202 len: 0 microversion: 2.1 time: 0.071695
May 07 12:27:27.108349 n-d-841012-2 devstack@n-api.service[118584]: [pid: 118584|app: 0|req: 33/54] 10.222.0.58 () {58 vars in 1238 bytes} [Sat May 7 12:27:27 2022] DELETE /compute/v2.1/flavors/cbfd9efe-7c35-456b-a34a-f6562d6d4592 => generated 0 bytes in 75 msecs (HTTP/1.1 202) 9 headers in 361 bytes (1 switches on core 0)
May 07 12:27:27.120334 n-d-841012-2 devstack@n-api.service[118584]: DEBUG nova.api.openstack.wsgi [None req-816f99e1-97e6-4e0b-833b-7450b9361ca4 tempest-FlavorsAdminTestJSON-1693377229 tempest-FlavorsAdminTestJSON-1693377229-project-admin] Calling method '>' {{(pid=118584) _process_stack /opt/stack/nova/nova/api/openstack/wsgi.py:513}}
May 07 12:27:27.158117 n-d-841012-2 devstack@n-api.service[118584]: INFO nova.api.openstack.requestlog [None req-816f99e1-97e6-4e0b-833b-7450b9361ca4 tempest-FlavorsAdminTestJSON-1693377229 tempest-FlavorsAdminTestJSON-1693377229-project-admin] 10.222.0.58 "GET /compute/v2.1/flavors/detail" status: 200 len: 4991 microversion: 2.1 time: 0.045178
May 07 12:27:27.160774 n-d-841012-2 devstack@n-api.service[118584]: [pid: 118584|app: 0|req: 34/55] 10.222.0.58 () {58 vars in 1145 bytes} [Sat May 7 12:27:27 2022] GET /compute/v2.1/flavors/detail => generated 4991 bytes in 49 msecs (HTTP/1.1 200) 9 headers in 358 bytes (1 switches on core 0)
May 07 12:27:27.174013 n-d-841012-2 devstack@n-api.service[118584]: DEBUG nova.api.openstack.wsgi [None req-d42c1e3a-8cc7-4880-9147-f991e37ef691 tempest-FlavorsAdminTestJSON-1693377229 tempest-FlavorsAdminTestJSON-1693377229-project-admin] Action: 'create', calling method: >, body: {"flavor": {"ram": 512, "vcpus": 1, "disk": 10, "name": "tempest-test_flavor_-536248599", "id": 2031379025, "os-flavor-access:is_public": "True"}} {{(pid=118584) _process_stack /opt/stack/nova/nova/api/openstack/wsgi.py:511}}
May 07 12:27:27.176968 n-d-841012-2 devstack@n-api.service[118584]: /usr/local/lib/python3.8/dist-packages/oslo_policy/policy.py:1129: UserWarning: Policy "os_compute_api:os-flavor-manage:create": "rule:context_is_admin" failed scope check. The token used to make the request was project scoped but the policy requires ['system'] scope. This behavior may change in the future where using the intended scope is required
May 07 12:27:27.176968 n-d-841012-2 devstack@n-api.service[118584]: warnings.warn(msg)
May 07 12:27:27.179775 n-d-841012-2 devstack@n-api.service[118583]: DEBUG nova.virt.hardware [None req-8ad8a46d-7887-4386-9016-81ffa1287141 tempest-DeleteServersAdminTestJSON-903383 tempest-DeleteServersAdminTestJSON-903383-project] Flavor limits 0:0:0 {{(pid=118583) get_cpu_topology_constraints /opt/stack/nova/nova/virt/hardware.py:343}}
May 07 12:27:27.180736 n-d-841012-2 devstack@n-api.service[118583]: DEBUG nova.virt.hardware [None req-8ad8a46d-7887-4386-9016-81ffa1287141 tempest-DeleteServersAdminTestJSON-903383 tempest-DeleteServersAdminTestJSON-903383-project] Image limits 0:0:0 {{(pid=118583) get_cpu_topology_constraints /opt/stack/nova/nova/virt/hardware.py:347}}
May 07 12:27:27.180736 n-d-841012-2 devstack@n-api.service[118583]: DEBUG nova.virt.hardware [None req-8ad8a46d-7887-4386-9016-81ffa1287141 tempest-DeleteServersAdminTestJSON-903383 tempest-DeleteServersAdminTestJSON-903383-project] Flavor pref 0:0:0 {{(pid=118583) get_cpu_topology_constraints /opt/stack/nova/nova/virt/hardware.py:383}}
May 07 12:27:27.181006 n-d-841012-2 devstack@n-api.service[118583]: DEBUG nova.virt.hardware [None req-8ad8a46d-7887-4386-9016-81ffa1287141 tempest-DeleteServersAdminTestJSON-903383 tempest-DeleteServersAdminTestJSON-903383-project] Image pref 0:0:0 {{(pid=118583) get_cpu_topology_constraints /opt/stack/nova/nova/virt/hardware.py:387}}
May 07 12:27:27.181427 n-d-841012-2 devstack@n-api.service[118583]: DEBUG nova.virt.hardware [None req-8ad8a46d-7887-4386-9016-81ffa1287141 tempest-DeleteServersAdminTestJSON-903383 tempest-DeleteServersAdminTestJSON-903383-project] Chose sockets=0, cores=0, threads=0; limits were sockets=65536, cores=65536, threads=65536 {{(pid=118583) get_cpu_topology_constraints /opt/stack/nova/nova/virt/hardware.py:425}}
May 07 12:27:27.201736 n-d-841012-2 devstack@n-api.service[118583]: DEBUG oslo_concurrency.lockutils [None req-8ad8a46d-7887-4386-9016-81ffa1287141 tempest-DeleteServersAdminTestJSON-903383 tempest-DeleteServersAdminTestJSON-903383-project] Lock "00000000-0000-0000-0000-000000000000" acquired by "nova.context.set_target_cell..get_or_set_cached_cell_and_set_connections" :: waited 0.000s {{(pid=118583) inner /usr/local/lib/python3.8/dist-packages/oslo_concurrency/lockutils.py:386}}
May 07 12:27:27.202619 n-d-841012-2 devstack@n-api.service[118583]: DEBUG oslo_concurrency.lockutils [None req-8ad8a46d-7887-4386-9016-81ffa1287141 tempest-DeleteServersAdminTestJSON-903383 tempest-DeleteServersAdminTestJSON-903383-project] Lock "00000000-0000-0000-0000-000000000000" "released" by "nova.context.set_target_cell..get_or_set_cached_cell_and_set_connections" :: held 0.001s {{(pid=118583) inner /usr/local/lib/python3.8/dist-packages/oslo_concurrency/lockutils.py:400}}
May 07 12:27:27.204119 n-d-841012-2 devstack@n-api.service[118583]: DEBUG oslo_concurrency.lockutils [None req-8ad8a46d-7887-4386-9016-81ffa1287141 tempest-DeleteServersAdminTestJSON-903383 tempest-DeleteServersAdminTestJSON-903383-project] Lock "a2e74f82-8080-4e10-a93d-8b6ad8a1c68f" acquired by "nova.context.set_target_cell..get_or_set_cached_cell_and_set_connections" :: waited 0.000s {{(pid=118583) inner /usr/local/lib/python3.8/dist-packages/oslo_concurrency/lockutils.py:386}}
May 07 12:27:27.205573 n-d-841012-2 devstack@n-api.service[118583]: DEBUG oslo_concurrency.lockutils [None req-8ad8a46d-7887-4386-9016-81ffa1287141 tempest-DeleteServersAdminTestJSON-903383 tempest-DeleteServersAdminTestJSON-903383-project] Lock "a2e74f82-8080-4e10-a93d-8b6ad8a1c68f" "released" by "nova.context.set_target_cell..get_or_set_cached_cell_and_set_connections" :: held 0.001s {{(pid=118583) inner /usr/local/lib/python3.8/dist-packages/oslo_concurrency/lockutils.py:400}}
May 07 12:27:27.206233 n-d-841012-2 devstack@n-api.service[118584]: INFO nova.api.openstack.requestlog [None req-d42c1e3a-8cc7-4880-9147-f991e37ef691 tempest-FlavorsAdminTestJSON-1693377229 tempest-FlavorsAdminTestJSON-1693377229-project-admin] 10.222.0.58 "POST /compute/v2.1/flavors" status: 200 len: 413 microversion: 2.1 time: 0.036174
May 07 12:27:27.214947 n-d-841012-2 devstack@n-api.service[118584]: [pid: 118584|app: 0|req: 35/56] 10.222.0.58 () {60 vars in 1146 bytes} [Sat May 7 12:27:27 2022] POST /compute/v2.1/flavors => generated 413 bytes in 40 msecs (HTTP/1.1 200) 9 headers in 357 bytes (1 switches on core 0)
May 07 12:27:27.220517 n-d-841012-2 devstack@n-api.service[118584]: DEBUG nova.api.openstack.wsgi [None req-9aa2d44a-1e01-4314-9495-f586d21dbe64 tempest-FlavorsAdminTestJSON-1693377229 tempest-FlavorsAdminTestJSON-1693377229-project-admin] Calling method '>' {{(pid=118584) _process_stack /opt/stack/nova/nova/api/openstack/wsgi.py:513}}
May 07 12:27:27.231167 n-d-841012-2 devstack@n-api.service[118584]: INFO nova.api.openstack.requestlog [None req-9aa2d44a-1e01-4314-9495-f586d21dbe64 tempest-FlavorsAdminTestJSON-1693377229 tempest-FlavorsAdminTestJSON-1693377229-project-admin] 10.222.0.58 "GET /compute/v2.1/flavors/2031379025" status: 200 len: 413 microversion: 2.1 time: 0.014746
May 07 12:27:27.231767 n-d-841012-2 devstack@n-api.service[118584]: [pid: 118584|app: 0|req: 36/57] 10.222.0.58 () {58 vars in 1157 bytes} [Sat May 7 12:27:27 2022] GET /compute/v2.1/flavors/2031379025 => generated 413 bytes in 16 msecs (HTTP/1.1 200) 9 headers in 357 bytes (2 switches on core 0)
May 07 12:27:27.253932 n-d-841012-2 devstack@n-api.service[118583]: DEBUG nova.quota [None req-8ad8a46d-7887-4386-9016-81ffa1287141 tempest-DeleteServersAdminTestJSON-903383 tempest-DeleteServersAdminTestJSON-903383-project] Getting quotas for project 60d8ab7d916140b3919aa84316c7681a. Resources: {'ram', 'cores', 'instances'} {{(pid=118583) _get_quotas /opt/stack/nova/nova/quota.py:393}}
May 07 12:27:27.263447 n-d-841012-2 devstack@n-api.service[118583]: DEBUG nova.quota [None req-8ad8a46d-7887-4386-9016-81ffa1287141 tempest-DeleteServersAdminTestJSON-903383 tempest-DeleteServersAdminTestJSON-903383-project] Getting quotas for user 92af429e6e564aa1bb2c400941b61fdc and project 60d8ab7d916140b3919aa84316c7681a. Resources: {'ram', 'cores', 'instances'} {{(pid=118583) _get_quotas /opt/stack/nova/nova/quota.py:383}}
May 07 12:27:27.278401 n-d-841012-2 devstack@n-api.service[118583]: DEBUG nova.compute.api [None req-8ad8a46d-7887-4386-9016-81ffa1287141 tempest-DeleteServersAdminTestJSON-903383 tempest-DeleteServersAdminTestJSON-903383-project] Going to run 1 instances... {{(pid=118583) _provision_instances /opt/stack/nova/nova/compute/api.py:1389}}
May 07 12:27:27.282261 n-d-841012-2 devstack@n-api.service[118583]: DEBUG nova.compute.api [None req-8ad8a46d-7887-4386-9016-81ffa1287141 tempest-DeleteServersAdminTestJSON-903383 tempest-DeleteServersAdminTestJSON-903383-project] [instance: d95a7116-689e-4d8e-9174-dbfc46e13067] block_device_mapping [BlockDeviceMapping(attachment_id=,boot_index=0,connection_info=None,created_at=,delete_on_termination=True,deleted=,deleted_at=,destination_type='local',device_name=None,device_type='disk',disk_bus=None,guest_format=None,id=,image_id='ec9e21d7-8fab-4995-b72a-ed479b729140',instance=,instance_uuid=,no_device=False,snapshot_id=None,source_type='image',tag=None,updated_at=,uuid=,volume_id=None,volume_size=None,volume_type=None)] {{(pid=118583) _bdm_validate_set_size_and_instance /opt/stack/nova/nova/compute/api.py:1807}}
May 07 12:27:27.367541 n-d-841012-2 devstack@n-api.service[118583]: INFO nova.api.openstack.requestlog [None req-8ad8a46d-7887-4386-9016-81ffa1287141 tempest-DeleteServersAdminTestJSON-903383 tempest-DeleteServersAdminTestJSON-903383-project] 10.222.0.58 "POST /compute/v2.1/servers" status: 202 len: 380 microversion: 2.1 time: 2.159880
May 07 12:27:27.368609 n-d-841012-2 devstack@n-api.service[118583]: [pid: 118583|app: 0|req: 22/58] 10.222.0.58 () {60 vars in 1146 bytes} [Sat May 7 12:27:25 2022] POST /compute/v2.1/servers => generated 380 bytes in 2165 msecs (HTTP/1.1 202) 10 headers in 451 bytes (1 switches on core 0)
May 07 12:27:27.383890 n-d-841012-2 devstack@n-api.service[118583]: DEBUG nova.api.openstack.wsgi [None req-e8c7a272-9834-4786-b5bb-258b27fe77e6 tempest-DeleteServersAdminTestJSON-903383 tempest-DeleteServersAdminTestJSON-903383-project] Calling method '>' {{(pid=118583) _process_stack /opt/stack/nova/nova/api/openstack/wsgi.py:513}}
May 07 12:27:27.384523 n-d-841012-2 devstack@n-api.service[118583]: DEBUG nova.compute.api [None req-e8c7a272-9834-4786-b5bb-258b27fe77e6 tempest-DeleteServersAdminTestJSON-903383 tempest-DeleteServersAdminTestJSON-903383-project] [instance: d95a7116-689e-4d8e-9174-dbfc46e13067] Fetching instance by UUID {{(pid=118583) get /opt/stack/nova/nova/compute/api.py:2920}}
May 07 12:27:27.608330 n-d-841012-2 devstack@n-api.service[118583]: DEBUG nova.policy [None req-e8c7a272-9834-4786-b5bb-258b27fe77e6 tempest-DeleteServersAdminTestJSON-903383 tempest-DeleteServersAdminTestJSON-903383-project] Policy check for os_compute_api:os-extended-server-attributes failed with credentials {'is_admin': False, 'user_id': '92af429e6e564aa1bb2c400941b61fdc', 'user_domain_id': 'default', 'system_scope': None, 'domain_id': None, 'project_id': '60d8ab7d916140b3919aa84316c7681a', 'project_domain_id': 'default', 'roles': ['member', 'reader'], 'is_admin_project': True, 'service_user_id': None, 'service_user_domain_id': None, 'service_project_id': None, 'service_project_domain_id': None, 'service_roles': []} {{(pid=118583) authorize /opt/stack/nova/nova/policy.py:199}}
May 07 12:27:27.637910 n-d-841012-2 devstack@n-api.service[118583]: INFO nova.api.openstack.requestlog [None req-e8c7a272-9834-4786-b5bb-258b27fe77e6 tempest-DeleteServersAdminTestJSON-903383 tempest-DeleteServersAdminTestJSON-903383-project] 10.222.0.58 "GET /compute/v2.1/servers/d95a7116-689e-4d8e-9174-dbfc46e13067" status: 200 len: 1220 microversion: 2.1 time: 0.261779
May 07 12:27:27.638990 n-d-841012-2 devstack@n-api.service[118583]: [pid: 118583|app: 0|req: 23/59] 10.222.0.58 () {58 vars in 1235 bytes} [Sat May 7 12:27:27 2022] GET /compute/v2.1/servers/d95a7116-689e-4d8e-9174-dbfc46e13067 => generated 1220 bytes in 264 msecs (HTTP/1.1 200) 9 headers in 358 bytes (1 switches on core 0)
May 07 12:27:27.940604 n-d-841012-2 devstack@n-api.service[118584]: DEBUG nova.api.openstack.wsgi [None req-35a3b075-8b58-4fd7-9aa6-0061af500af7 tempest-FlavorsAdminTestJSON-450910862 tempest-FlavorsAdminTestJSON-450910862-project] Calling method '>' {{(pid=118584) _process_stack /opt/stack/nova/nova/api/openstack/wsgi.py:513}}
May 07 12:27:28.012538 n-d-841012-2 devstack@n-api.service[118584]: INFO nova.api.openstack.requestlog [None req-35a3b075-8b58-4fd7-9aa6-0061af500af7 tempest-FlavorsAdminTestJSON-450910862 tempest-FlavorsAdminTestJSON-450910862-project] 10.222.0.58 "GET /compute/v2.1/flavors/detail" status: 200 len: 5394 microversion: 2.1 time: 0.773360
May 07 12:27:28.019337 n-d-841012-2 devstack@n-api.service[118584]: [pid: 118584|app: 0|req: 37/60] 10.222.0.58 () {58 vars in 1145 bytes} [Sat May 7 12:27:27 2022] GET /compute/v2.1/flavors/detail => generated 5394 bytes in 781 msecs (HTTP/1.1 200) 9 headers in 358 bytes (1 switches on core 0)
May 07 12:27:28.030904 n-d-841012-2 devstack@n-api.service[118583]: DEBUG nova.api.openstack.wsgi [None req-af1189f2-6dcf-4175-af76-f0184a336ecc tempest-FlavorsAdminTestJSON-1693377229 tempest-FlavorsAdminTestJSON-1693377229-project-admin] Calling method '>' {{(pid=118583) _process_stack /opt/stack/nova/nova/api/openstack/wsgi.py:513}}
May 07 12:27:28.031852 n-d-841012-2 devstack@n-api.service[118583]: /usr/local/lib/python3.8/dist-packages/oslo_policy/policy.py:1129: UserWarning: Policy "os_compute_api:os-flavor-manage:delete": "rule:context_is_admin" failed scope check. The token used to make the request was project scoped but the policy requires ['system'] scope. This behavior may change in the future where using the intended scope is required
May 07 12:27:28.031852 n-d-841012-2 devstack@n-api.service[118583]: warnings.warn(msg)
May 07 12:27:28.051889 n-d-841012-2 devstack@n-api.service[118584]: DEBUG nova.api.openstack.wsgi [None req-e1060192-bed8-4ca9-8439-7450da822a72 tempest-AggregatesAdminTestJSON-621838804 tempest-AggregatesAdminTestJSON-621838804-project] Calling method '>' {{(pid=118584) _process_stack /opt/stack/nova/nova/api/openstack/wsgi.py:513}}
May 07 12:27:28.052721 n-d-841012-2 devstack@n-api.service[118584]: DEBUG nova.compute.api [None req-e1060192-bed8-4ca9-8439-7450da822a72 tempest-AggregatesAdminTestJSON-621838804 tempest-AggregatesAdminTestJSON-621838804-project] [instance: af4524d9-5ca5-430c-8058-b128ebabac03] Fetching instance by UUID {{(pid=118584) get /opt/stack/nova/nova/compute/api.py:2920}}
May 07 12:27:28.053618 n-d-841012-2 devstack@n-api.service[118583]: INFO nova.api.openstack.requestlog [None req-af1189f2-6dcf-4175-af76-f0184a336ecc tempest-FlavorsAdminTestJSON-1693377229 tempest-FlavorsAdminTestJSON-1693377229-project-admin] 10.222.0.58 "DELETE /compute/v2.1/flavors/2031379025" status: 202 len: 0 microversion: 2.1 time: 0.028271
May 07 12:27:28.055375 n-d-841012-2 devstack@n-api.service[118583]: [pid: 118583|app: 0|req: 24/61] 10.222.0.58 () {58 vars in 1160 bytes} [Sat May 7 12:27:28 2022] DELETE /compute/v2.1/flavors/2031379025 => generated 0 bytes in 32 msecs (HTTP/1.1 202) 9 headers in 361 bytes (1 switches on core 0)
May 07 12:27:28.069706 n-d-841012-2 devstack@n-api.service[118583]: DEBUG nova.api.openstack.wsgi [None req-d5bf4b32-ebbf-493d-98ca-b0903fa18491 tempest-FlavorsAdminTestJSON-1693377229 tempest-FlavorsAdminTestJSON-1693377229-project-admin] Calling method '>' {{(pid=118583) _process_stack /opt/stack/nova/nova/api/openstack/wsgi.py:513}}
May 07 12:27:28.114454 n-d-841012-2 devstack@n-api.service[118583]: INFO nova.api.openstack.requestlog [None req-d5bf4b32-ebbf-493d-98ca-b0903fa18491 tempest-FlavorsAdminTestJSON-1693377229 tempest-FlavorsAdminTestJSON-1693377229-project-admin] 10.222.0.58 "GET /compute/v2.1/flavors/detail" status: 200 len: 4991 microversion: 2.1 time: 0.052936
May 07 12:27:28.115689 n-d-841012-2 devstack@n-api.service[118583]: [pid: 118583|app: 0|req: 25/62] 10.222.0.58 () {58 vars in 1145 bytes} [Sat May 7 12:27:28 2022] GET /compute/v2.1/flavors/detail => generated 4991 bytes in 57 msecs (HTTP/1.1 200) 9 headers in 358 bytes (2 switches on core 0)
May 07 12:27:28.138857 n-d-841012-2 devstack@n-api.service[118583]: DEBUG nova.api.openstack.wsgi [None req-c1cbe06f-ed4f-4e98-90fb-31019efe52ba tempest-FlavorsAdminTestJSON-1693377229 tempest-FlavorsAdminTestJSON-1693377229-project-admin] Action: 'create', calling method: >, body: {"flavor": {"ram": 512, "vcpus": 1, "disk": 10, "name": "tempest-FlavorsAdminTestJSON-flavor-213633903", "id": 940853327, "os-flavor-access:is_public": "False"}} {{(pid=118583) _process_stack /opt/stack/nova/nova/api/openstack/wsgi.py:511}}
May 07 12:27:28.140799 n-d-841012-2 devstack@n-api.service[118583]: /usr/local/lib/python3.8/dist-packages/oslo_policy/policy.py:1129: UserWarning: Policy "os_compute_api:os-flavor-manage:create": "rule:context_is_admin" failed scope check. The token used to make the request was project scoped but the policy requires ['system'] scope. This behavior may change in the future where using the intended scope is required
May 07 12:27:28.140799 n-d-841012-2 devstack@n-api.service[118583]: warnings.warn(msg)
May 07 12:27:28.141328 n-d-841012-2 devstack@n-api.service[118584]: DEBUG nova.policy [None req-e1060192-bed8-4ca9-8439-7450da822a72 tempest-AggregatesAdminTestJSON-621838804 tempest-AggregatesAdminTestJSON-621838804-project] Policy check for os_compute_api:os-extended-server-attributes failed with credentials {'is_admin': False, 'user_id': '2494d22faa654791b4006bfa36b65ace', 'user_domain_id': 'default', 'system_scope': None, 'domain_id': None, 'project_id': 'ee8e8614c341427cb5b81bef66c3fa19', 'project_domain_id': 'default', 'roles': ['member', 'reader'], 'is_admin_project': True, 'service_user_id': None, 'service_user_domain_id': None, 'service_project_id': None, 'service_project_domain_id': None, 'service_roles': []} {{(pid=118584) authorize /opt/stack/nova/nova/policy.py:199}}
May 07 12:27:28.168419 n-d-841012-2 devstack@n-api.service[118584]: INFO nova.api.openstack.requestlog [None req-e1060192-bed8-4ca9-8439-7450da822a72 tempest-AggregatesAdminTestJSON-621838804 tempest-AggregatesAdminTestJSON-621838804-project] 10.222.0.58 "GET /compute/v2.1/servers/af4524d9-5ca5-430c-8058-b128ebabac03" status: 200 len: 1241 microversion: 2.1 time: 0.120909
May 07 12:27:28.169825 n-d-841012-2 devstack@n-api.service[118584]: [pid: 118584|app: 0|req: 38/63] 10.222.0.58 () {58 vars in 1235 bytes} [Sat May 7 12:27:28 2022] GET /compute/v2.1/servers/af4524d9-5ca5-430c-8058-b128ebabac03 => generated 1241 bytes in 123 msecs (HTTP/1.1 200) 9 headers in 358 bytes (2 switches on core 0)
May 07 12:27:28.175623 n-d-841012-2 devstack@n-api.service[118583]: INFO nova.api.openstack.requestlog [None req-c1cbe06f-ed4f-4e98-90fb-31019efe52ba tempest-FlavorsAdminTestJSON-1693377229 tempest-FlavorsAdminTestJSON-1693377229-project-admin] 10.222.0.58 "POST /compute/v2.1/flavors" status: 200 len: 426 microversion: 2.1 time: 0.040409
May 07 12:27:28.178394 n-d-841012-2 devstack@n-api.service[118583]: [pid: 118583|app: 0|req: 26/64] 10.222.0.58 () {60 vars in 1146 bytes} [Sat May 7 12:27:28 2022] POST /compute/v2.1/flavors => generated 426 bytes in 44 msecs (HTTP/1.1 200) 9 headers in 357 bytes (1 switches on core 0)
May 07 12:27:28.200090 n-d-841012-2 devstack@n-api.service[118584]: DEBUG nova.api.openstack.wsgi [None req-c5b4b462-7158-4710-9d70-8ed4505bc676 tempest-FlavorsAdminTestJSON-450910862 tempest-FlavorsAdminTestJSON-450910862-project] Action: 'create', calling method: >, body: {"server": {"name": "test", "imageRef": "ec9e21d7-8fab-4995-b72a-ed479b729140", "flavorRef": "940853327"}} {{(pid=118584) _process_stack /opt/stack/nova/nova/api/openstack/wsgi.py:511}}
