May 10 15:55:39.754299 n-d-840993-2 devstack@n-api.service[103608]: DEBUG oslo_concurrency.lockutils [None req-b1496138-0a45-43ae-abb7-cd7b52449220 None None] Lock "090d58c6-7bce-4f84-a3e4-1b416c243b1c" "released" by "nova.context.set_target_cell..get_or_set_cached_cell_and_set_connections" :: held 0.002s {{(pid=103608) inner /usr/local/lib/python3.8/dist-packages/oslo_concurrency/lockutils.py:400}}
May 10 15:55:39.768220 n-d-840993-2 devstack@n-api.service[103608]: DEBUG oslo_db.sqlalchemy.engines [None req-b1496138-0a45-43ae-abb7-cd7b52449220 None None] MySQL server mode set to STRICT_TRANS_TABLES,STRICT_ALL_TABLES,NO_ZERO_IN_DATE,NO_ZERO_DATE,ERROR_FOR_DIVISION_BY_ZERO,TRADITIONAL,NO_ENGINE_SUBSTITUTION {{(pid=103608) _check_effective_sql_mode /usr/local/lib/python3.8/dist-packages/oslo_db/sqlalchemy/engines.py:314}}
May 10 15:55:39.771673 n-d-840993-2 devstack@n-api.service[103608]: DEBUG oslo_db.sqlalchemy.engines [None req-b1496138-0a45-43ae-abb7-cd7b52449220 None None] MySQL server mode set to STRICT_TRANS_TABLES,STRICT_ALL_TABLES,NO_ZERO_IN_DATE,NO_ZERO_DATE,ERROR_FOR_DIVISION_BY_ZERO,TRADITIONAL,NO_ENGINE_SUBSTITUTION {{(pid=103608) _check_effective_sql_mode /usr/local/lib/python3.8/dist-packages/oslo_db/sqlalchemy/engines.py:314}}
May 10 15:55:39.931227 n-d-840993-2 devstack@n-api.service[103608]: DEBUG oslo_db.sqlalchemy.engines [None req-b1496138-0a45-43ae-abb7-cd7b52449220 None None] MySQL server mode set to STRICT_TRANS_TABLES,STRICT_ALL_TABLES,NO_ZERO_IN_DATE,NO_ZERO_DATE,ERROR_FOR_DIVISION_BY_ZERO,TRADITIONAL,NO_ENGINE_SUBSTITUTION {{(pid=103608) _check_effective_sql_mode /usr/local/lib/python3.8/dist-packages/oslo_db/sqlalchemy/engines.py:314}}
May 10 15:55:39.946476 n-d-840993-2 devstack@n-api.service[103607]: DEBUG oslo_db.sqlalchemy.engines [None req-816f5a09-c63a-4d51-83e0-19a81bad1832 None None] MySQL server mode set to STRICT_TRANS_TABLES,STRICT_ALL_TABLES,NO_ZERO_IN_DATE,NO_ZERO_DATE,ERROR_FOR_DIVISION_BY_ZERO,TRADITIONAL,NO_ENGINE_SUBSTITUTION {{(pid=103607) _check_effective_sql_mode /usr/local/lib/python3.8/dist-packages/oslo_db/sqlalchemy/engines.py:314}}
May 10 15:55:40.270510 n-d-840993-2 devstack@n-api.service[103608]: WARNING keystonemiddleware.auth_token [None req-b1496138-0a45-43ae-abb7-cd7b52449220 None None] AuthToken middleware is set with keystone_authtoken.service_token_roles_required set to False. This is backwards compatible but deprecated behaviour. Please set this to True.
May 10 15:55:40.278460 n-d-840993-2 devstack@n-api.service[103608]: WARNING keystonemiddleware.auth_token [None req-b1496138-0a45-43ae-abb7-cd7b52449220 None None] Configuring www_authenticate_uri to point to the public identity endpoint is required; clients may not be able to authenticate against an admin endpoint
May 10 15:55:40.278604 n-d-840993-2 devstack@n-api.service[103607]: WARNING keystonemiddleware.auth_token [None req-816f5a09-c63a-4d51-83e0-19a81bad1832 None None] AuthToken middleware is set with keystone_authtoken.service_token_roles_required set to False. This is backwards compatible but deprecated behaviour. Please set this to True.
May 10 15:55:40.285926 n-d-840993-2 devstack@n-api.service[103607]: WARNING keystonemiddleware.auth_token [None req-816f5a09-c63a-4d51-83e0-19a81bad1832 None None] Configuring www_authenticate_uri to point to the public identity endpoint is required; clients may not be able to authenticate against an admin endpoint
May 10 15:55:40.622188 n-d-840993-2 devstack@n-api.service[103608]: WARNING keystonemiddleware.auth_token [None req-b1496138-0a45-43ae-abb7-cd7b52449220 None None] AuthToken middleware is set with keystone_authtoken.service_token_roles_required set to False. This is backwards compatible but deprecated behaviour. Please set this to True.
May 10 15:55:40.628345 n-d-840993-2 devstack@n-api.service[103608]: WARNING keystonemiddleware.auth_token [None req-b1496138-0a45-43ae-abb7-cd7b52449220 None None] Configuring www_authenticate_uri to point to the public identity endpoint is required; clients may not be able to authenticate against an admin endpoint
May 10 15:55:40.631483 n-d-840993-2 devstack@n-api.service[103607]: WARNING keystonemiddleware.auth_token [None req-816f5a09-c63a-4d51-83e0-19a81bad1832 None None] AuthToken middleware is set with keystone_authtoken.service_token_roles_required set to False. This is backwards compatible but deprecated behaviour. Please set this to True.
May 10 15:55:40.634478 n-d-840993-2 devstack@n-api.service[103608]: WSGI app 0 (mountpoint='') ready in 6 seconds on interpreter 0x559b5cda39c0 pid: 103608 (default app)
May 10 15:55:40.636511 n-d-840993-2 devstack@n-api.service[103608]: DEBUG nova.api.openstack.wsgi [None req-b1496138-0a45-43ae-abb7-cd7b52449220 None None] Calling method '>' {{(pid=103608) _process_stack /opt/stack/nova/nova/api/openstack/wsgi.py:513}}
May 10 15:55:40.637739 n-d-840993-2 devstack@n-api.service[103608]: INFO nova.api.openstack.requestlog [None req-b1496138-0a45-43ae-abb7-cd7b52449220 None None] 10.222.0.61 "GET /compute/v2.1/" status: 200 len: 388 microversion: 2.1 time: 0.001740
May 10 15:55:40.637884 n-d-840993-2 devstack@n-api.service[103607]: WARNING keystonemiddleware.auth_token [None req-816f5a09-c63a-4d51-83e0-19a81bad1832 None None] Configuring www_authenticate_uri to point to the public identity endpoint is required; clients may not be able to authenticate against an admin endpoint
May 10 15:55:40.638123 n-d-840993-2 devstack@n-api.service[103608]: [pid: 103608|app: 0|req: 1/1] 10.222.0.61 () {50 vars in 788 bytes} [Tue May 10 15:55:40 2022] GET /compute/v2.1/ => generated 388 bytes in 3 msecs (HTTP/1.1 200) 9 headers in 357 bytes (1 switches on core 0)
May 10 15:55:40.643945 n-d-840993-2 devstack@n-api.service[103607]: WSGI app 0 (mountpoint='') ready in 6 seconds on interpreter 0x559b5cda39c0 pid: 103607 (default app)
May 10 15:56:58.960237 n-d-840993-2 devstack@n-api.service[103608]: DEBUG nova.api.openstack.wsgi [None req-b1496138-0a45-43ae-abb7-cd7b52449220 None None] Calling method '>' {{(pid=103608) _process_stack /opt/stack/nova/nova/api/openstack/wsgi.py:513}}
May 10 15:56:58.961318 n-d-840993-2 devstack@n-api.service[103608]: INFO nova.api.openstack.requestlog [None req-b1496138-0a45-43ae-abb7-cd7b52449220 None None] 10.222.0.61 "GET /compute/v2.1" status: 200 len: 388 microversion: 2.1 time: 0.001495
May 10 15:56:58.961721 n-d-840993-2 devstack@n-api.service[103608]: [pid: 103608|app: 0|req: 2/2] 10.222.0.61 () {54 vars in 930 bytes} [Tue May 10 15:56:58 2022] GET /compute/v2.1 => generated 388 bytes in 2 msecs (HTTP/1.1 200) 9 headers in 357 bytes (1 switches on core 0)
May 10 15:56:59.386050 n-d-840993-2 devstack@n-api.service[103607]: DEBUG nova.api.openstack.wsgi [None req-4e17e2e5-6e24-4d08-b182-e627d1b4da2a admin admin] Calling method '>' {{(pid=103607) _process_stack /opt/stack/nova/nova/api/openstack/wsgi.py:513}}
May 10 15:56:59.416641 n-d-840993-2 devstack@n-api.service[103607]: INFO nova.api.openstack.requestlog [None req-4e17e2e5-6e24-4d08-b182-e627d1b4da2a admin admin] 10.222.0.61 "GET /compute/v2.1/flavors/detail?is_public=True" status: 200 len: 15 microversion: 2.61 time: 0.447825
May 10 15:56:59.417142 n-d-840993-2 devstack@n-api.service[103607]: [pid: 103607|app: 0|req: 1/3] 10.222.0.61 () {60 vars in 1291 bytes} [Tue May 10 15:56:58 2022] GET /compute/v2.1/flavors/detail?is_public=True => generated 15 bytes in 450 msecs (HTTP/1.1 200) 9 headers in 358 bytes (1 switches on core 0)
May 10 15:57:01.777416 n-d-840993-2 devstack@n-api.service[103608]: DEBUG nova.api.openstack.wsgi [None req-b1496138-0a45-43ae-abb7-cd7b52449220 None None] Calling method '>' {{(pid=103608) _process_stack /opt/stack/nova/nova/api/openstack/wsgi.py:513}}
May 10 15:57:01.778342 n-d-840993-2 devstack@n-api.service[103608]: INFO nova.api.openstack.requestlog [None req-b1496138-0a45-43ae-abb7-cd7b52449220 None None] 10.222.0.61 "GET /compute/v2.1" status: 200 len: 388 microversion: 2.1 time: 0.001474
May 10 15:57:01.778746 n-d-840993-2 devstack@n-api.service[103608]: [pid: 103608|app: 0|req: 3/4] 10.222.0.61 () {54 vars in 930 bytes} [Tue May 10 15:57:01 2022] GET /compute/v2.1 => generated 388 bytes in 2 msecs (HTTP/1.1 200) 9 headers in 357 bytes (1 switches on core 0)
May 10 15:57:01.840625 n-d-840993-2 devstack@n-api.service[103607]: DEBUG nova.api.openstack.wsgi [None req-c8b7a3c2-e79d-4ef6-a1d1-482a2305fdb7 admin admin] Action: 'create', calling method: >, body: {"flavor": {"disk": 1, "vcpus": 1, "name": "cirros256", "rxtx_factor": 1.0, "swap": 0, "ram": 256, "os-flavor-access:is_public": true, "OS-FLV-EXT-DATA:ephemeral": 0, "id": "c1"}} {{(pid=103607) _process_stack /opt/stack/nova/nova/api/openstack/wsgi.py:511}}
May 10 15:57:01.860188 n-d-840993-2 devstack@n-api.service[103607]: /usr/local/lib/python3.8/dist-packages/oslo_policy/policy.py:1129: UserWarning: Policy "os_compute_api:os-flavor-manage:create": "rule:context_is_admin" failed scope check. The token used to make the request was project scoped but the policy requires ['system'] scope. This behavior may change in the future where using the intended scope is required
May 10 15:57:01.860188 n-d-840993-2 devstack@n-api.service[103607]: warnings.warn(msg)
May 10 15:57:01.892557 n-d-840993-2 devstack@n-api.service[103607]: INFO nova.api.openstack.requestlog [None req-c8b7a3c2-e79d-4ef6-a1d1-482a2305fdb7 admin admin] 10.222.0.61 "POST /compute/v2.1/flavors" status: 200 len: 407 microversion: 2.61 time: 0.107969
May 10 15:57:01.900073 n-d-840993-2 devstack@n-api.service[103607]: [pid: 103607|app: 0|req: 2/5] 10.222.0.61 () {64 vars in 1282 bytes} [Tue May 10 15:57:01 2022] POST /compute/v2.1/flavors => generated 407 bytes in 109 msecs (HTTP/1.1 200) 9 headers in 359 bytes (2 switches on core 0)
May 10 15:57:02.105883 n-d-840993-2 devstack@n-api.service[103608]: DEBUG nova.api.openstack.wsgi [None req-25cf75db-4996-4010-a548-009c1ae1c1b4 admin admin] Action: 'create', calling method: >, body: {"extra_specs": {"hw_rng:allowed": "True"}} {{(pid=103608) _process_stack /opt/stack/nova/nova/api/openstack/wsgi.py:511}}
May 10 15:57:02.108351 n-d-840993-2 devstack@n-api.service[103608]: /usr/local/lib/python3.8/dist-packages/oslo_policy/policy.py:1129: UserWarning: Policy "os_compute_api:os-flavor-extra-specs:create": "rule:context_is_admin" failed scope check. The token used to make the request was project scoped but the policy requires ['system'] scope. This behavior may change in the future where using the intended scope is required
May 10 15:57:02.108351 n-d-840993-2 devstack@n-api.service[103608]: warnings.warn(msg)
May 10 15:57:02.161312 n-d-840993-2 devstack@n-api.service[103608]: INFO nova.api.openstack.requestlog [None req-25cf75db-4996-4010-a548-009c1ae1c1b4 admin admin] 10.222.0.61 "POST /compute/v2.1/flavors/c1/os-extra_specs" status: 200 len: 43 microversion: 2.61 time: 0.259007
May 10 15:57:02.162107 n-d-840993-2 devstack@n-api.service[103608]: [pid: 103608|app: 0|req: 4/6] 10.222.0.61 () {64 vars in 1335 bytes} [Tue May 10 15:57:01 2022] POST /compute/v2.1/flavors/c1/os-extra_specs => generated 43 bytes in 261 msecs (HTTP/1.1 200) 9 headers in 358 bytes (1 switches on core 0)
May 10 15:57:04.421317 n-d-840993-2 devstack@n-api.service[103607]: DEBUG nova.api.openstack.wsgi [None req-c8b7a3c2-e79d-4ef6-a1d1-482a2305fdb7 admin admin] Calling method '>' {{(pid=103607) _process_stack /opt/stack/nova/nova/api/openstack/wsgi.py:513}}
May 10 15:57:04.422350 n-d-840993-2 devstack@n-api.service[103607]: INFO nova.api.openstack.requestlog [None req-c8b7a3c2-e79d-4ef6-a1d1-482a2305fdb7 admin admin] 10.222.0.61 "GET /compute/v2.1" status: 200 len: 388 microversion: 2.1 time: 0.001532
May 10 15:57:04.422752 n-d-840993-2 devstack@n-api.service[103607]: [pid: 103607|app: 0|req: 3/7] 10.222.0.61 () {54 vars in 930 bytes} [Tue May 10 15:57:04 2022] GET /compute/v2.1 => generated 388 bytes in 2 msecs (HTTP/1.1 200) 9 headers in 357 bytes (1 switches on core 0)
May 10 15:57:04.526155 n-d-840993-2 devstack@n-api.service[103608]: DEBUG nova.api.openstack.wsgi [None req-6c38d8f2-28ff-492b-b917-9b0207ea4192 admin admin] Action: 'create', calling method: >, body: {"flavor": {"vcpus": 1, "id": "d1", "swap": 0, "disk": 5, "rxtx_factor": 1.0, "OS-FLV-EXT-DATA:ephemeral": 0, "name": "ds512M", "ram": 512, "os-flavor-access:is_public": true}} {{(pid=103608) _process_stack /opt/stack/nova/nova/api/openstack/wsgi.py:511}}
May 10 15:57:04.544518 n-d-840993-2 devstack@n-api.service[103608]: /usr/local/lib/python3.8/dist-packages/oslo_policy/policy.py:1129: UserWarning: Policy "os_compute_api:os-flavor-manage:create": "rule:context_is_admin" failed scope check. The token used to make the request was project scoped but the policy requires ['system'] scope. This behavior may change in the future where using the intended scope is required
May 10 15:57:04.544518 n-d-840993-2 devstack@n-api.service[103608]: warnings.warn(msg)
May 10 15:57:04.565539 n-d-840993-2 devstack@n-api.service[103608]: INFO nova.api.openstack.requestlog [None req-6c38d8f2-28ff-492b-b917-9b0207ea4192 admin admin] 10.222.0.61 "POST /compute/v2.1/flavors" status: 200 len: 404 microversion: 2.61 time: 0.136468
May 10 15:57:04.566099 n-d-840993-2 devstack@n-api.service[103608]: [pid: 103608|app: 0|req: 5/8] 10.222.0.61 () {64 vars in 1282 bytes} [Tue May 10 15:57:04 2022] POST /compute/v2.1/flavors => generated 404 bytes in 138 msecs (HTTP/1.1 200) 9 headers in 359 bytes (1 switches on core 0)
May 10 15:57:04.578259 n-d-840993-2 devstack@n-api.service[103607]: DEBUG nova.api.openstack.wsgi [None req-bd318007-9730-4362-8b6d-c33b701de2be admin admin] Action: 'create', calling method: >, body: {"extra_specs": {"hw_rng:allowed": "True"}} {{(pid=103607) _process_stack /opt/stack/nova/nova/api/openstack/wsgi.py:511}}
May 10 15:57:04.579739 n-d-840993-2 devstack@n-api.service[103607]: /usr/local/lib/python3.8/dist-packages/oslo_policy/policy.py:1129: UserWarning: Policy "os_compute_api:os-flavor-extra-specs:create": "rule:context_is_admin" failed scope check. The token used to make the request was project scoped but the policy requires ['system'] scope. This behavior may change in the future where using the intended scope is required
May 10 15:57:04.579739 n-d-840993-2 devstack@n-api.service[103607]: warnings.warn(msg)
May 10 15:57:04.615078 n-d-840993-2 devstack@n-api.service[103607]: INFO nova.api.openstack.requestlog [None req-bd318007-9730-4362-8b6d-c33b701de2be admin admin] 10.222.0.61 "POST /compute/v2.1/flavors/d1/os-extra_specs" status: 200 len: 43 microversion: 2.61 time: 0.040462
May 10 15:57:04.615685 n-d-840993-2 devstack@n-api.service[103607]: [pid: 103607|app: 0|req: 4/9] 10.222.0.61 () {64 vars in 1335 bytes} [Tue May 10 15:57:04 2022] POST /compute/v2.1/flavors/d1/os-extra_specs => generated 43 bytes in 42 msecs (HTTP/1.1 200) 9 headers in 358 bytes (1 switches on core 0)
May 10 15:57:06.904427 n-d-840993-2 devstack@n-api.service[103608]: DEBUG nova.api.openstack.wsgi [None req-6c38d8f2-28ff-492b-b917-9b0207ea4192 admin admin] Calling method '>' {{(pid=103608) _process_stack /opt/stack/nova/nova/api/openstack/wsgi.py:513}}
May 10 15:57:06.910130 n-d-840993-2 devstack@n-api.service[103608]: INFO nova.api.openstack.requestlog [None req-6c38d8f2-28ff-492b-b917-9b0207ea4192 admin admin] 10.222.0.61 "GET /compute/v2.1" status: 200 len: 388 microversion: 2.1 time: 0.006084
May 10 15:57:06.910853 n-d-840993-2 devstack@n-api.service[103608]: [pid: 103608|app: 0|req: 6/10] 10.222.0.61 () {54 vars in 930 bytes} [Tue May 10 15:57:06 2022] GET /compute/v2.1 => generated 388 bytes in 7 msecs (HTTP/1.1 200) 9 headers in 357 bytes (1 switches on core 0)
May 10 15:57:06.985249 n-d-840993-2 devstack@n-api.service[103607]: DEBUG nova.api.openstack.wsgi [None req-b9b5e44e-f269-406d-b4f6-d44ff251ad6e admin admin] Action: 'create', calling method: >, body: {"flavor": {"OS-FLV-EXT-DATA:ephemeral": 0, "swap": 0, "name": "ds1G", "ram": 1024, "rxtx_factor": 1.0, "vcpus": 1, "id": "d2", "disk": 10, "os-flavor-access:is_public": true}} {{(pid=103607) _process_stack /opt/stack/nova/nova/api/openstack/wsgi.py:511}}
May 10 15:57:07.019705 n-d-840993-2 devstack@n-api.service[103607]: INFO nova.api.openstack.requestlog [None req-b9b5e44e-f269-406d-b4f6-d44ff251ad6e admin admin] 10.222.0.61 "POST /compute/v2.1/flavors" status: 200 len: 404 microversion: 2.61 time: 0.100095
May 10 15:57:07.020673 n-d-840993-2 devstack@n-api.service[103607]: [pid: 103607|app: 0|req: 5/11] 10.222.0.61 () {64 vars in 1282 bytes} [Tue May 10 15:57:06 2022] POST /compute/v2.1/flavors => generated 404 bytes in 103 msecs (HTTP/1.1 200) 9 headers in 359 bytes (1 switches on core 0)
May 10 15:57:07.038293 n-d-840993-2 devstack@n-api.service[103608]: DEBUG nova.api.openstack.wsgi [None req-f617ef04-c085-42e0-ab6d-d956647a4805 admin admin] Action: 'create', calling method: >, body: {"extra_specs": {"hw_rng:allowed": "True"}} {{(pid=103608) _process_stack /opt/stack/nova/nova/api/openstack/wsgi.py:511}}
May 10 15:57:07.072809 n-d-840993-2 devstack@n-api.service[103608]: INFO nova.api.openstack.requestlog [None req-f617ef04-c085-42e0-ab6d-d956647a4805 admin admin] 10.222.0.61 "POST /compute/v2.1/flavors/d2/os-extra_specs" status: 200 len: 43 microversion: 2.61 time: 0.043568
May 10 15:57:07.073779 n-d-840993-2 devstack@n-api.service[103608]: [pid: 103608|app: 0|req: 7/12] 10.222.0.61 () {64 vars in 1335 bytes} [Tue May 10 15:57:07 2022] POST /compute/v2.1/flavors/d2/os-extra_specs => generated 43 bytes in 45 msecs (HTTP/1.1 200) 9 headers in 358 bytes (1 switches on core 0)
May 10 15:57:09.548625 n-d-840993-2 devstack@n-api.service[103607]: DEBUG nova.api.openstack.wsgi [None req-b9b5e44e-f269-406d-b4f6-d44ff251ad6e admin admin] Calling method '>' {{(pid=103607) _process_stack /opt/stack/nova/nova/api/openstack/wsgi.py:513}}
May 10 15:57:09.549778 n-d-840993-2 devstack@n-api.service[103607]: INFO nova.api.openstack.requestlog [None req-b9b5e44e-f269-406d-b4f6-d44ff251ad6e admin admin] 10.222.0.61 "GET /compute/v2.1" status: 200 len: 388 microversion: 2.1 time: 0.001618
May 10 15:57:09.550406 n-d-840993-2 devstack@n-api.service[103607]: [pid: 103607|app: 0|req: 6/13] 10.222.0.61 () {54 vars in 930 bytes} [Tue May 10 15:57:09 2022] GET /compute/v2.1 => generated 388 bytes in 3 msecs (HTTP/1.1 200) 9 headers in 357 bytes (1 switches on core 0)
May 10 15:57:09.615761 n-d-840993-2 devstack@n-api.service[103608]: DEBUG nova.api.openstack.wsgi [None req-831aa65b-e929-46ab-8df1-9e5be833fbeb admin admin] Action: 'create', calling method: >, body: {"flavor": {"disk": 10, "name": "ds2G", "swap": 0, "id": "d3", "OS-FLV-EXT-DATA:ephemeral": 0, "ram": 2048, "os-flavor-access:is_public": true, "rxtx_factor": 1.0, "vcpus": 2}} {{(pid=103608) _process_stack /opt/stack/nova/nova/api/openstack/wsgi.py:511}}
May 10 15:57:09.637270 n-d-840993-2 devstack@n-api.service[103608]: INFO nova.api.openstack.requestlog [None req-831aa65b-e929-46ab-8df1-9e5be833fbeb admin admin] 10.222.0.61 "POST /compute/v2.1/flavors" status: 200 len: 404 microversion: 2.61 time: 0.079763
May 10 15:57:09.651007 n-d-840993-2 devstack@n-api.service[103607]: DEBUG nova.api.openstack.wsgi [None req-0234cf04-3e4b-4fe0-af4c-e06bb7791075 admin admin] Action: 'create', calling method: >, body: {"extra_specs": {"hw_rng:allowed": "True"}} {{(pid=103607) _process_stack /opt/stack/nova/nova/api/openstack/wsgi.py:511}}
May 10 15:57:09.657309 n-d-840993-2 devstack@n-api.service[103608]: [pid: 103608|app: 0|req: 8/14] 10.222.0.61 () {64 vars in 1282 bytes} [Tue May 10 15:57:09 2022] POST /compute/v2.1/flavors => generated 404 bytes in 89 msecs (HTTP/1.1 200) 9 headers in 359 bytes (1 switches on core 0)
May 10 15:57:09.678151 n-d-840993-2 devstack@n-api.service[103607]: INFO nova.api.openstack.requestlog [None req-0234cf04-3e4b-4fe0-af4c-e06bb7791075 admin admin] 10.222.0.61 "POST /compute/v2.1/flavors/d3/os-extra_specs" status: 200 len: 43 microversion: 2.61 time: 0.031329
May 10 15:57:09.688509 n-d-840993-2 devstack@n-api.service[103607]: [pid: 103607|app: 0|req: 7/15] 10.222.0.61 () {64 vars in 1335 bytes} [Tue May 10 15:57:09 2022] POST /compute/v2.1/flavors/d3/os-extra_specs => generated 43 bytes in 43 msecs (HTTP/1.1 200) 9 headers in 358 bytes (2 switches on core 0)
May 10 15:57:12.004603 n-d-840993-2 devstack@n-api.service[103608]: DEBUG nova.api.openstack.wsgi [None req-831aa65b-e929-46ab-8df1-9e5be833fbeb admin admin] Calling method '>' {{(pid=103608) _process_stack /opt/stack/nova/nova/api/openstack/wsgi.py:513}}
May 10 15:57:12.006334 n-d-840993-2 devstack@n-api.service[103608]: INFO nova.api.openstack.requestlog [None req-831aa65b-e929-46ab-8df1-9e5be833fbeb admin admin] 10.222.0.61 "GET /compute/v2.1" status: 200 len: 388 microversion: 2.1 time: 0.002180
May 10 15:57:12.009282 n-d-840993-2 devstack@n-api.service[103608]: [pid: 103608|app: 0|req: 9/16] 10.222.0.61 () {54 vars in 930 bytes} [Tue May 10 15:57:12 2022] GET /compute/v2.1 => generated 388 bytes in 5 msecs (HTTP/1.1 200) 9 headers in 357 bytes (1 switches on core 0)
May 10 15:57:12.072140 n-d-840993-2 devstack@n-api.service[103607]: DEBUG nova.api.openstack.wsgi [None req-ff859c16-88eb-435c-9388-706171eb95aa admin admin] Action: 'create', calling method: >, body: {"flavor": {"name": "ds4G", "os-flavor-access:is_public": true, "id": "d4", "vcpus": 4, "ram": 4096, "OS-FLV-EXT-DATA:ephemeral": 0, "rxtx_factor": 1.0, "swap": 0, "disk": 20}} {{(pid=103607) _process_stack /opt/stack/nova/nova/api/openstack/wsgi.py:511}}
May 10 15:57:12.097669 n-d-840993-2 devstack@n-api.service[103607]: INFO nova.api.openstack.requestlog [None req-ff859c16-88eb-435c-9388-706171eb95aa admin admin] 10.222.0.61 "POST /compute/v2.1/flavors" status: 200 len: 404 microversion: 2.61 time: 0.085039
May 10 15:57:12.105062 n-d-840993-2 devstack@n-api.service[103607]: [pid: 103607|app: 0|req: 8/17] 10.222.0.61 () {64 vars in 1282 bytes} [Tue May 10 15:57:12 2022] POST /compute/v2.1/flavors => generated 404 bytes in 87 msecs (HTTP/1.1 200) 9 headers in 359 bytes (1 switches on core 0)
May 10 15:57:12.111528 n-d-840993-2 devstack@n-api.service[103608]: DEBUG nova.api.openstack.wsgi [None req-af680eef-72cc-4c99-a697-c8177b485eaa admin admin] Action: 'create', calling method: >, body: {"extra_specs": {"hw_rng:allowed": "True"}} {{(pid=103608) _process_stack /opt/stack/nova/nova/api/openstack/wsgi.py:511}}
May 10 15:57:12.138154 n-d-840993-2 devstack@n-api.service[103608]: INFO nova.api.openstack.requestlog [None req-af680eef-72cc-4c99-a697-c8177b485eaa admin admin] 10.222.0.61 "POST /compute/v2.1/flavors/d4/os-extra_specs" status: 200 len: 43 microversion: 2.61 time: 0.031069
May 10 15:57:12.145980 n-d-840993-2 devstack@n-api.service[103608]: [pid: 103608|app: 0|req: 10/18] 10.222.0.61 () {64 vars in 1335 bytes} [Tue May 10 15:57:12 2022] POST /compute/v2.1/flavors/d4/os-extra_specs => generated 43 bytes in 39 msecs (HTTP/1.1 200) 9 headers in 358 bytes (1 switches on core 0)
May 10 15:57:14.476243 n-d-840993-2 devstack@n-api.service[103607]: DEBUG nova.api.openstack.wsgi [None req-ff859c16-88eb-435c-9388-706171eb95aa admin admin] Calling method '>' {{(pid=103607) _process_stack /opt/stack/nova/nova/api/openstack/wsgi.py:513}}
May 10 15:57:14.477286 n-d-840993-2 devstack@n-api.service[103607]: INFO nova.api.openstack.requestlog [None req-ff859c16-88eb-435c-9388-706171eb95aa admin admin] 10.222.0.61 "GET /compute/v2.1" status: 200 len: 388 microversion: 2.1 time: 0.001508
May 10 15:57:14.478149 n-d-840993-2 devstack@n-api.service[103607]: [pid: 103607|app: 0|req: 9/19] 10.222.0.61 () {54 vars in 930 bytes} [Tue May 10 15:57:14 2022] GET /compute/v2.1 => generated 388 bytes in 3 msecs (HTTP/1.1 200) 9 headers in 357 bytes (1 switches on core 0)
May 10 15:57:14.553725 n-d-840993-2 devstack@n-api.service[103608]: DEBUG nova.api.openstack.wsgi [None req-0e9d408a-6dba-42e5-8ea6-bb4eae14b38e admin admin] Calling method '>' {{(pid=103608) _process_stack /opt/stack/nova/nova/api/openstack/wsgi.py:513}}
May 10 15:57:14.577518 n-d-840993-2 devstack@n-api.service[103608]: INFO nova.api.openstack.requestlog [None req-0e9d408a-6dba-42e5-8ea6-bb4eae14b38e admin admin] 10.222.0.61 "GET /compute/v2.1/flavors/detail?is_public=True" status: 200 len: 2106 microversion: 2.61 time: 0.093140
May 10 15:57:14.578288 n-d-840993-2 devstack@n-api.service[103608]: [pid: 103608|app: 0|req: 11/20] 10.222.0.61 () {60 vars in 1291 bytes} [Tue May 10 15:57:14 2022] GET /compute/v2.1/flavors/detail?is_public=True => generated 2106 bytes in 94 msecs (HTTP/1.1 200) 9 headers in 360 bytes (1 switches on core 0)
May 10 15:57:16.896171 n-d-840993-2 devstack@n-api.service[103607]: DEBUG nova.api.openstack.wsgi [None req-ff859c16-88eb-435c-9388-706171eb95aa admin admin] Calling method '>' {{(pid=103607) _process_stack /opt/stack/nova/nova/api/openstack/wsgi.py:513}}
May 10 15:57:16.898115 n-d-840993-2 devstack@n-api.service[103607]: INFO nova.api.openstack.requestlog [None req-ff859c16-88eb-435c-9388-706171eb95aa admin admin] 10.222.0.61 "GET /compute/v2.1" status: 200 len: 388 microversion: 2.1 time: 0.002947
May 10 15:57:16.909401 n-d-840993-2 devstack@n-api.service[103607]: [pid: 103607|app: 0|req: 10/21] 10.222.0.61 () {54 vars in 930 bytes} [Tue May 10 15:57:16 2022] GET /compute/v2.1 => generated 388 bytes in 9 msecs (HTTP/1.1 200) 9 headers in 357 bytes (1 switches on core 0)
May 10 15:57:16.963136 n-d-840993-2 devstack@n-api.service[103608]: DEBUG nova.api.openstack.wsgi [None req-b708e0b4-da3a-4e4d-a919-f2c10c01635b admin admin] Action: 'create', calling method: >, body: {"flavor": {"name": "m1.tiny", "vcpus": 1, "os-flavor-access:is_public": true, "ram": 512, "id": "1", "OS-FLV-EXT-DATA:ephemeral": 0, "rxtx_factor": 1.0, "disk": 1, "swap": 0}} {{(pid=103608) _process_stack /opt/stack/nova/nova/api/openstack/wsgi.py:511}}
May 10 15:57:16.986269 n-d-840993-2 devstack@n-api.service[103608]: INFO nova.api.openstack.requestlog [None req-b708e0b4-da3a-4e4d-a919-f2c10c01635b admin admin] 10.222.0.61 "POST /compute/v2.1/flavors" status: 200 len: 402 microversion: 2.61 time: 0.081018
May 10 15:57:17.000315 n-d-840993-2 devstack@n-api.service[103607]: DEBUG nova.api.openstack.wsgi [None req-b263269b-1aed-4f1c-8464-a9995344ba24 admin admin] Action: 'create', calling method: >, body: {"extra_specs": {"hw_rng:allowed": "True"}} {{(pid=103607) _process_stack /opt/stack/nova/nova/api/openstack/wsgi.py:511}}
May 10 15:57:17.005849 n-d-840993-2 devstack@n-api.service[103608]: [pid: 103608|app: 0|req: 12/22] 10.222.0.61 () {64 vars in 1282 bytes} [Tue May 10 15:57:16 2022] POST /compute/v2.1/flavors => generated 402 bytes in 99 msecs (HTTP/1.1 200) 9 headers in 359 bytes (1 switches on core 0)
May 10 15:57:17.029532 n-d-840993-2 devstack@n-api.service[103607]: INFO nova.api.openstack.requestlog [None req-b263269b-1aed-4f1c-8464-a9995344ba24 admin admin] 10.222.0.61 "POST /compute/v2.1/flavors/1/os-extra_specs" status: 200 len: 43 microversion: 2.61 time: 0.033150
May 10 15:57:17.030390 n-d-840993-2 devstack@n-api.service[103607]: [pid: 103607|app: 0|req: 11/23] 10.222.0.61 () {64 vars in 1332 bytes} [Tue May 10 15:57:16 2022] POST /compute/v2.1/flavors/1/os-extra_specs => generated 43 bytes in 35 msecs (HTTP/1.1 200) 9 headers in 358 bytes (1 switches on core 0)
May 10 15:57:19.368882 n-d-840993-2 devstack@n-api.service[103608]: DEBUG nova.api.openstack.wsgi [None req-b708e0b4-da3a-4e4d-a919-f2c10c01635b admin admin] Calling method '>' {{(pid=103608) _process_stack /opt/stack/nova/nova/api/openstack/wsgi.py:513}}
May 10 15:57:19.370043 n-d-840993-2 devstack@n-api.service[103608]: INFO nova.api.openstack.requestlog [None req-b708e0b4-da3a-4e4d-a919-f2c10c01635b admin admin] 10.222.0.61 "GET /compute/v2.1" status: 200 len: 388 microversion: 2.1 time: 0.001515
May 10 15:57:19.375157 n-d-840993-2 devstack@n-api.service[103608]: [pid: 103608|app: 0|req: 13/24] 10.222.0.61 () {54 vars in 930 bytes} [Tue May 10 15:57:19 2022] GET /compute/v2.1 => generated 388 bytes in 3 msecs (HTTP/1.1 200) 9 headers in 357 bytes (1 switches on core 0)
May 10 15:57:19.469520 n-d-840993-2 devstack@n-api.service[103607]: DEBUG nova.api.openstack.wsgi [None req-bc3622e9-3696-4f50-bec1-2a385a413822 admin admin] Action: 'create', calling method: >, body: {"flavor": {"vcpus": 1, "OS-FLV-EXT-DATA:ephemeral": 0, "rxtx_factor": 1.0, "ram": 2048, "disk": 20, "os-flavor-access:is_public": true, "name": "m1.small", "swap": 0, "id": "2"}} {{(pid=103607) _process_stack /opt/stack/nova/nova/api/openstack/wsgi.py:511}}
May 10 15:57:19.501322 n-d-840993-2 devstack@n-api.service[103607]: INFO nova.api.openstack.requestlog [None req-bc3622e9-3696-4f50-bec1-2a385a413822 admin admin] 10.222.0.61 "POST /compute/v2.1/flavors" status: 200 len: 405 microversion: 2.61 time: 0.118340
May 10 15:57:19.509015 n-d-840993-2 devstack@n-api.service[103607]: [pid: 103607|app: 0|req: 12/25] 10.222.0.61 () {64 vars in 1282 bytes} [Tue May 10 15:57:19 2022] POST /compute/v2.1/flavors => generated 405 bytes in 120 msecs (HTTP/1.1 200) 9 headers in 359 bytes (1 switches on core 0)
May 10 15:57:19.515326 n-d-840993-2 devstack@n-api.service[103608]: DEBUG nova.api.openstack.wsgi [None req-1447f493-34be-468c-9e02-6c0a7a0a281d admin admin] Action: 'create', calling method: >, body: {"extra_specs": {"hw_rng:allowed": "True"}} {{(pid=103608) _process_stack /opt/stack/nova/nova/api/openstack/wsgi.py:511}}
May 10 15:57:19.544169 n-d-840993-2 devstack@n-api.service[103608]: INFO nova.api.openstack.requestlog [None req-1447f493-34be-468c-9e02-6c0a7a0a281d admin admin] 10.222.0.61 "POST /compute/v2.1/flavors/2/os-extra_specs" status: 200 len: 43 microversion: 2.61 time: 0.034272
May 10 15:57:19.545946 n-d-840993-2 devstack@n-api.service[103608]: [pid: 103608|app: 0|req: 14/26] 10.222.0.61 () {64 vars in 1332 bytes} [Tue May 10 15:57:19 2022] POST /compute/v2.1/flavors/2/os-extra_specs => generated 43 bytes in 36 msecs (HTTP/1.1 200) 9 headers in 358 bytes (1 switches on core 0)
May 10 15:57:21.920539 n-d-840993-2 devstack@n-api.service[103607]: DEBUG nova.api.openstack.wsgi [None req-bc3622e9-3696-4f50-bec1-2a385a413822 admin admin] Calling method '>' {{(pid=103607) _process_stack /opt/stack/nova/nova/api/openstack/wsgi.py:513}}
May 10 15:57:21.922685 n-d-840993-2 devstack@n-api.service[103607]: INFO nova.api.openstack.requestlog [None req-bc3622e9-3696-4f50-bec1-2a385a413822 admin admin] 10.222.0.61 "GET /compute/v2.1" status: 200 len: 388 microversion: 2.1 time: 0.002863
May 10 15:57:21.923260 n-d-840993-2 devstack@n-api.service[103607]: [pid: 103607|app: 0|req: 13/27] 10.222.0.61 () {54 vars in 930 bytes} [Tue May 10 15:57:21 2022] GET /compute/v2.1 => generated 388 bytes in 4 msecs (HTTP/1.1 200) 9 headers in 357 bytes (1 switches on core 0)
May 10 15:57:21.998660 n-d-840993-2 devstack@n-api.service[103608]: DEBUG nova.api.openstack.wsgi [None req-919331a0-92cc-4a4f-99b1-feae7903c25b admin admin] Action: 'create', calling method: >, body: {"flavor": {"disk": 40, "id": "3", "ram": 4096, "vcpus": 2, "rxtx_factor": 1.0, "swap": 0, "name": "m1.medium", "os-flavor-access:is_public": true, "OS-FLV-EXT-DATA:ephemeral": 0}} {{(pid=103608) _process_stack /opt/stack/nova/nova/api/openstack/wsgi.py:511}}
May 10 15:57:22.023208 n-d-840993-2 devstack@n-api.service[103608]: INFO nova.api.openstack.requestlog [None req-919331a0-92cc-4a4f-99b1-feae7903c25b admin admin] 10.222.0.61 "POST /compute/v2.1/flavors" status: 200 len: 406 microversion: 2.61 time: 0.093645
May 10 15:57:22.024244 n-d-840993-2 devstack@n-api.service[103608]: [pid: 103608|app: 0|req: 15/28] 10.222.0.61 () {64 vars in 1282 bytes} [Tue May 10 15:57:21 2022] POST /compute/v2.1/flavors => generated 406 bytes in 95 msecs (HTTP/1.1 200) 9 headers in 359 bytes (1 switches on core 0)
May 10 15:57:22.036448 n-d-840993-2 devstack@n-api.service[103607]: DEBUG nova.api.openstack.wsgi [None req-5f9ec1ab-cbc8-4770-8486-a30324310433 admin admin] Action: 'create', calling method: >, body: {"extra_specs": {"hw_rng:allowed": "True"}} {{(pid=103607) _process_stack /opt/stack/nova/nova/api/openstack/wsgi.py:511}}
May 10 15:57:22.065115 n-d-840993-2 devstack@n-api.service[103607]: INFO nova.api.openstack.requestlog [None req-5f9ec1ab-cbc8-4770-8486-a30324310433 admin admin] 10.222.0.61 "POST /compute/v2.1/flavors/3/os-extra_specs" status: 200 len: 43 microversion: 2.61 time: 0.032353
May 10 15:57:22.065837 n-d-840993-2 devstack@n-api.service[103607]: [pid: 103607|app: 0|req: 14/29] 10.222.0.61 () {64 vars in 1332 bytes} [Tue May 10 15:57:22 2022] POST /compute/v2.1/flavors/3/os-extra_specs => generated 43 bytes in 34 msecs (HTTP/1.1 200) 9 headers in 358 bytes (1 switches on core 0)
May 10 15:57:24.564175 n-d-840993-2 devstack@n-api.service[103608]: DEBUG nova.api.openstack.wsgi [None req-919331a0-92cc-4a4f-99b1-feae7903c25b admin admin] Calling method '>' {{(pid=103608) _process_stack /opt/stack/nova/nova/api/openstack/wsgi.py:513}}
May 10 15:57:24.565544 n-d-840993-2 devstack@n-api.service[103608]: INFO nova.api.openstack.requestlog [None req-919331a0-92cc-4a4f-99b1-feae7903c25b admin admin] 10.222.0.61 "GET /compute/v2.1" status: 200 len: 388 microversion: 2.1 time: 0.001722
May 10 15:57:24.566052 n-d-840993-2 devstack@n-api.service[103608]: [pid: 103608|app: 0|req: 16/30] 10.222.0.61 () {54 vars in 930 bytes} [Tue May 10 15:57:24 2022] GET /compute/v2.1 => generated 388 bytes in 3 msecs (HTTP/1.1 200) 9 headers in 357 bytes (1 switches on core 0)
May 10 15:57:24.647784 n-d-840993-2 devstack@n-api.service[103607]: DEBUG nova.api.openstack.wsgi [None req-fb5a3577-d05f-4889-96ef-851496014afa admin admin] Action: 'create', calling method: >, body: {"flavor": {"id": "4", "vcpus": 4, "ram": 8192, "os-flavor-access:is_public": true, "name": "m1.large", "disk": 80, "OS-FLV-EXT-DATA:ephemeral": 0, "rxtx_factor": 1.0, "swap": 0}} {{(pid=103607) _process_stack /opt/stack/nova/nova/api/openstack/wsgi.py:511}}
May 10 15:57:24.671851 n-d-840993-2 devstack@n-api.service[103607]: INFO nova.api.openstack.requestlog [None req-fb5a3577-d05f-4889-96ef-851496014afa admin admin] 10.222.0.61 "POST /compute/v2.1/flavors" status: 200 len: 405 microversion: 2.61 time: 0.098849
May 10 15:57:24.672555 n-d-840993-2 devstack@n-api.service[103607]: [pid: 103607|app: 0|req: 15/31] 10.222.0.61 () {64 vars in 1282 bytes} [Tue May 10 15:57:24 2022] POST /compute/v2.1/flavors => generated 405 bytes in 101 msecs (HTTP/1.1 200) 9 headers in 359 bytes (2 switches on core 0)
May 10 15:57:24.685703 n-d-840993-2 devstack@n-api.service[103608]: DEBUG nova.api.openstack.wsgi [None req-6dffb3aa-47f6-4ef5-b86d-1c8ca93c785f admin admin] Action: 'create', calling method: >, body: {"extra_specs": {"hw_rng:allowed": "True"}} {{(pid=103608) _process_stack /opt/stack/nova/nova/api/openstack/wsgi.py:511}}
May 10 15:57:24.711701 n-d-840993-2 devstack@n-api.service[103608]: INFO nova.api.openstack.requestlog [None req-6dffb3aa-47f6-4ef5-b86d-1c8ca93c785f admin admin] 10.222.0.61 "POST /compute/v2.1/flavors/4/os-extra_specs" status: 200 len: 43 microversion: 2.61 time: 0.029794
May 10 15:57:24.712443 n-d-840993-2 devstack@n-api.service[103608]: [pid: 103608|app: 0|req: 17/32] 10.222.0.61 () {64 vars in 1332 bytes} [Tue May 10 15:57:24 2022] POST /compute/v2.1/flavors/4/os-extra_specs => generated 43 bytes in 31 msecs (HTTP/1.1 200) 9 headers in 358 bytes (1 switches on core 0)
May 10 15:57:27.025511 n-d-840993-2 devstack@n-api.service[103607]: DEBUG nova.api.openstack.wsgi [None req-fb5a3577-d05f-4889-96ef-851496014afa admin admin] Calling method '>' {{(pid=103607) _process_stack /opt/stack/nova/nova/api/openstack/wsgi.py:513}}
May 10 15:57:27.026629 n-d-840993-2 devstack@n-api.service[103607]: INFO nova.api.openstack.requestlog [None req-fb5a3577-d05f-4889-96ef-851496014afa admin admin] 10.222.0.61 "GET /compute/v2.1" status: 200 len: 388 microversion: 2.1 time: 0.001600
May 10 15:57:27.027110 n-d-840993-2 devstack@n-api.service[103607]: [pid: 103607|app: 0|req: 16/33] 10.222.0.61 () {54 vars in 930 bytes} [Tue May 10 15:57:27 2022] GET /compute/v2.1 => generated 388 bytes in 3 msecs (HTTP/1.1 200) 9 headers in 357 bytes (1 switches on core 0)
May 10 15:57:27.087121 n-d-840993-2 devstack@n-api.service[103608]: DEBUG nova.api.openstack.wsgi [None req-1d9a9ef5-7959-4901-939c-ec287328aab4 admin admin] Action: 'create', calling method: >, body: {"flavor": {"id": "5", "vcpus": 8, "name": "m1.xlarge", "rxtx_factor": 1.0, "ram": 16384, "swap": 0, "OS-FLV-EXT-DATA:ephemeral": 0, "disk": 160, "os-flavor-access:is_public": true}} {{(pid=103608) _process_stack /opt/stack/nova/nova/api/openstack/wsgi.py:511}}
May 10 15:57:27.107141 n-d-840993-2 devstack@n-api.service[103608]: INFO nova.api.openstack.requestlog [None req-1d9a9ef5-7959-4901-939c-ec287328aab4 admin admin] 10.222.0.61 "POST /compute/v2.1/flavors" status: 200 len: 408 microversion: 2.61 time: 0.074308
May 10 15:57:27.107716 n-d-840993-2 devstack@n-api.service[103608]: [pid: 103608|app: 0|req: 18/34] 10.222.0.61 () {64 vars in 1282 bytes} [Tue May 10 15:57:27 2022] POST /compute/v2.1/flavors => generated 408 bytes in 76 msecs (HTTP/1.1 200) 9 headers in 359 bytes (1 switches on core 0)
May 10 15:57:27.120261 n-d-840993-2 devstack@n-api.service[103607]: DEBUG nova.api.openstack.wsgi [None req-8e9f2d49-42ae-4ddc-a610-08bc7a03825b admin admin] Action: 'create', calling method: >, body: {"extra_specs": {"hw_rng:allowed": "True"}} {{(pid=103607) _process_stack /opt/stack/nova/nova/api/openstack/wsgi.py:511}}
May 10 15:57:27.144576 n-d-840993-2 devstack@n-api.service[103607]: INFO nova.api.openstack.requestlog [None req-8e9f2d49-42ae-4ddc-a610-08bc7a03825b admin admin] 10.222.0.61 "POST /compute/v2.1/flavors/5/os-extra_specs" status: 200 len: 43 microversion: 2.61 time: 0.028063
May 10 15:57:27.145183 n-d-840993-2 devstack@n-api.service[103607]: [pid: 103607|app: 0|req: 17/35] 10.222.0.61 () {64 vars in 1332 bytes} [Tue May 10 15:57:27 2022] POST /compute/v2.1/flavors/5/os-extra_specs => generated 43 bytes in 29 msecs (HTTP/1.1 200) 9 headers in 358 bytes (1 switches on core 0)
May 10 15:57:54.955898 n-d-840993-2 devstack@n-api.service[103608]: DEBUG nova.api.openstack.wsgi [None req-1d9a9ef5-7959-4901-939c-ec287328aab4 admin admin] Calling method '>' {{(pid=103608) _process_stack /opt/stack/nova/nova/api/openstack/wsgi.py:513}}
May 10 15:57:54.956967 n-d-840993-2 devstack@n-api.service[103608]: INFO nova.api.openstack.requestlog [None req-1d9a9ef5-7959-4901-939c-ec287328aab4 admin admin] 10.222.0.61 "GET /compute/v2.1" status: 200 len: 388 microversion: 2.1 time: 0.001489
May 10 15:57:54.957405 n-d-840993-2 devstack@n-api.service[103608]: [pid: 103608|app: 0|req: 19/36] 10.222.0.61 () {54 vars in 930 bytes} [Tue May 10 15:57:54 2022] GET /compute/v2.1 => generated 388 bytes in 2 msecs (HTTP/1.1 200) 9 headers in 357 bytes (1 switches on core 0)
May 10 15:57:55.021571 n-d-840993-2 devstack@n-api.service[103607]: DEBUG nova.api.openstack.wsgi [None req-4409fd3d-ff5f-44f9-a148-fbed549c2854 admin admin] Calling method '>' {{(pid=103607) _process_stack /opt/stack/nova/nova/api/openstack/wsgi.py:513}}
May 10 15:57:55.040527 n-d-840993-2 devstack@n-api.service[103607]: INFO nova.api.openstack.requestlog [None req-4409fd3d-ff5f-44f9-a148-fbed549c2854 admin admin] 10.222.0.61 "GET /compute/v2.1/flavors/detail?is_public=True" status: 200 len: 4202 microversion: 2.61 time: 0.076367
May 10 15:57:55.041409 n-d-840993-2 devstack@n-api.service[103607]: [pid: 103607|app: 0|req: 18/37] 10.222.0.61 () {60 vars in 1291 bytes} [Tue May 10 15:57:54 2022] GET /compute/v2.1/flavors/detail?is_public=True => generated 4202 bytes in 78 msecs (HTTP/1.1 200) 9 headers in 360 bytes (1 switches on core 0)
May 10 15:57:56.050068 n-d-840993-2 devstack@n-api.service[103608]: DEBUG nova.api.openstack.wsgi [None req-1d9a9ef5-7959-4901-939c-ec287328aab4 admin admin] Calling method '>' {{(pid=103608) _process_stack /opt/stack/nova/nova/api/openstack/wsgi.py:513}}
May 10 15:57:56.051086 n-d-840993-2 devstack@n-api.service[103608]: INFO nova.api.openstack.requestlog [None req-1d9a9ef5-7959-4901-939c-ec287328aab4 admin admin] 10.222.0.61 "GET /compute/v2.1" status: 200 len: 388 microversion: 2.1 time: 0.001442
May 10 15:57:56.051489 n-d-840993-2 devstack@n-api.service[103608]: [pid: 103608|app: 0|req: 20/38] 10.222.0.61 () {56 vars in 1074 bytes} [Tue May 10 15:57:56 2022] GET /compute/v2.1 => generated 388 bytes in 2 msecs (HTTP/1.1 200) 9 headers in 357 bytes (1 switches on core 0)
May 10 15:57:56.262049 n-d-840993-2 devstack@n-api.service[103607]: DEBUG nova.api.openstack.wsgi [None req-0fd727d8-5ee5-4c08-84c7-ac028b2d9ce2 admin admin] Calling method '>' {{(pid=103607) _process_stack /opt/stack/nova/nova/api/openstack/wsgi.py:513}}
May 10 15:57:56.269856 n-d-840993-2 devstack@n-api.service[103607]: INFO nova.api.openstack.wsgi [None req-0fd727d8-5ee5-4c08-84c7-ac028b2d9ce2 admin admin] HTTP exception thrown: Flavor 42 could not be found.
May 10 15:57:56.273619 n-d-840993-2 devstack@n-api.service[103607]: DEBUG nova.api.openstack.wsgi [None req-0fd727d8-5ee5-4c08-84c7-ac028b2d9ce2 admin admin] Request method failure captured:
May 10 15:57:56.273619 n-d-840993-2 devstack@n-api.service[103607]: request: GET /compute/v2.1/flavors/42 HTTP/1.1
May 10 15:57:56.273619 n-d-840993-2 devstack@n-api.service[103607]: Accept: application/json
May 10 15:57:56.273619 n-d-840993-2 devstack@n-api.service[103607]: Accept-Encoding: gzip, deflate
May 10 15:57:56.273619 n-d-840993-2 devstack@n-api.service[103607]: Connection: keep-alive
May 10 15:57:56.273619 n-d-840993-2 devstack@n-api.service[103607]: Content-Length: 0
May 10 15:57:56.273619 n-d-840993-2 devstack@n-api.service[103607]: Host: 10.222.0.61
May 10 15:57:56.273619 n-d-840993-2 devstack@n-api.service[103607]: Openstack-Api-Version: compute 2.90
May 10 15:57:56.273619 n-d-840993-2 devstack@n-api.service[103607]: Openstack-System-Scope: None
May 10 15:57:56.273619 n-d-840993-2 devstack@n-api.service[103607]: User-Agent: python-novaclient
May 10 15:57:56.273619 n-d-840993-2 devstack@n-api.service[103607]: X-Auth-Token: gAAAAABieouE9w86NOPUbpfx4U6hprdTGVNwHh7s63okI-MpgXt-xOmpyPJvhDxEYf349istOFMF2dCTtvspEC74c1LviFcPt7VdOz5fhS8GvIhyMqgYAJLwAAQm1kKzIZn3dIp5TKO5DmDVlT-LxAv3SCmu9D-WUe2I0g8Bf_sSjjpMKgRtq_g
May 10 15:57:56.273619 n-d-840993-2 devstack@n-api.service[103607]: X-Domain-Id: None
May 10 15:57:56.273619 n-d-840993-2 devstack@n-api.service[103607]: X-Domain-Name: None
May 10 15:57:56.273619 n-d-840993-2 devstack@n-api.service[103607]: X-Identity-Status: Confirmed
May 10 15:57:56.273619 n-d-840993-2 devstack@n-api.service[103607]: X-Is-Admin-Project: True
May 10 15:57:56.273619 n-d-840993-2 devstack@n-api.service[103607]: X-Openstack-Nova-Api-Version: 2.90
May 10 15:57:56.273619 n-d-840993-2 devstack@n-api.service[103607]: X-Project-Domain-Id: default
May 10 15:57:56.273619 n-d-840993-2 devstack@n-api.service[103607]: X-Project-Domain-Name: Default
May 10 15:57:56.273619 n-d-840993-2 devstack@n-api.service[103607]: X-Project-Id: fe85e15ee8b8480a9907758c021f28cf
May 10 15:57:56.273619 n-d-840993-2 devstack@n-api.service[103607]: X-Project-Name: admin
May 10 15:57:56.273619 n-d-840993-2 devstack@n-api.service[103607]: X-Role: admin,reader,member
May 10 15:57:56.273619 n-d-840993-2 devstack@n-api.service[103607]: X-Roles: admin,reader,member
May 10 15:57:56.275589 n-d-840993-2 devstack@n-api.service[103607]: X-Service-Catalog: [{"type": "placement", "name": "placement", "endpoints": [{"region": "RegionOne", "publicURL": "http://10.222.0.61/placement"}]}, {"type": "volumev3", "name": "cinderv3", "endpoints": [{"region": "RegionOne", "publicURL": "http://10.222.0.61/volume/v3/fe85e15ee8b8480a9907758c021f28cf"}]}, {"type": "identity", "name": "keystone", "endpoints": [{"region": "RegionOne", "publicURL": "http://10.222.0.61/identity"}]}, {"type": "block-storage", "name": "cinder", "endpoints": [{"region": "RegionOne", "publicURL": "http://10.222.0.61/volume/v3/fe85e15ee8b8480a9907758c021f28cf"}]}, {"type": "image", "name": "glance", "endpoints": [{"region": "RegionOne", "publicURL": "http://10.222.0.61/image"}]}, {"type": "compute", "name": "nova", "endpoints": [{"region": "RegionOne", "publicURL": "http://10.222.0.61/compute/v2.1"}]}, {"type": "compute_legacy", "name": "nova_legacy", "endpoints": [{"region": "RegionOne", "publicURL": "http://10.222.0.61/compute/v2/fe85e15ee8b8480a9907758c021f28cf"}]}, {"type": "object-store", "name": "swift", "endpoints": [{"region": "RegionOne", "publicURL": "http://10.222.0.61:8080/v1/AUTH_fe85e15ee8b8480a9907758c021f28cf", "adminURL": "http://10.222.0.61:8080"}]}, {"type": "network", "name": "neutron", "endpoints": [{"region": "RegionOne", "publicURL": "http://10.222.0.61:9696/"}]}]
May 10 15:57:56.275589 n-d-840993-2 devstack@n-api.service[103607]: X-Tenant: admin
May 10 15:57:56.275589 n-d-840993-2 devstack@n-api.service[103607]: X-Tenant-Id: fe85e15ee8b8480a9907758c021f28cf
May 10 15:57:56.275589 n-d-840993-2 devstack@n-api.service[103607]: X-Tenant-Name: admin
May 10 15:57:56.275589 n-d-840993-2 devstack@n-api.service[103607]: X-User: admin
May 10 15:57:56.275589 n-d-840993-2 devstack@n-api.service[103607]: X-User-Domain-Id: default
May 10 15:57:56.275589 n-d-840993-2 devstack@n-api.service[103607]: X-User-Domain-Name: Default
May 10 15:57:56.275589 n-d-840993-2 devstack@n-api.service[103607]: X-User-Id: 73fb7667576d45bbabaac0ee18b7ef68
May 10 15:57:56.275589 n-d-840993-2 devstack@n-api.service[103607]: X-User-Name: admin
May 10 15:57:56.275589 n-d-840993-2 devstack@n-api.service[103607]: method: > May 10 15:57:56.275589 n-d-840993-2 devstack@n-api.service[103607]: exception: Flavor 42 could not be found.
May 10 15:57:56.275589 n-d-840993-2 devstack@n-api.service[103607]: action_args: {'id': '42'}
May 10 15:57:56.275589 n-d-840993-2 devstack@n-api.service[103607]: {{(pid=103607) _process_stack /opt/stack/nova/nova/api/openstack/wsgi.py:541}}
May 10 15:57:56.275589 n-d-840993-2 devstack@n-api.service[103607]: ERROR nova.api.openstack.wsgi
Traceback (most recent call last):
May 10 15:57:56.276676 n-d-840993-2 devstack@n-api.service[103607]: ERROR nova.api.openstack.wsgi
File "/opt/stack/nova/nova/api/openstack/compute/flavors.py", line 66, in show
May 10 15:57:56.276676 n-d-840993-2 devstack@n-api.service[103607]: ERROR nova.api.openstack.wsgi flavor = flavors.get_flavor_by_flavor_id(id, ctxt=context)
May 10 15:57:56.276676 n-d-840993-2 devstack@n-api.service[103607]: ERROR nova.api.openstack.wsgi
File "/opt/stack/nova/nova/compute/flavors.py", line 139, in get_flavor_by_flavor_id
May 10 15:57:56.276676 n-d-840993-2 devstack@n-api.service[103607]: ERROR nova.api.openstack.wsgi return objects.Flavor.get_by_flavor_id(ctxt, flavorid, read_deleted)
May 10 15:57:56.276676 n-d-840993-2 devstack@n-api.service[103607]: ERROR nova.api.openstack.wsgi
File "/usr/local/lib/python3.8/dist-packages/oslo_versionedobjects/base.py", line 184, in wrapper
May 10 15:57:56.276676 n-d-840993-2 devstack@n-api.service[103607]: ERROR nova.api.openstack.wsgi result = fn(cls, context, *args, **kwargs)
May 10 15:57:56.276676 n-d-840993-2 devstack@n-api.service[103607]: ERROR nova.api.openstack.wsgi
File "/opt/stack/nova/nova/objects/flavor.py", line 390, in get_by_flavor_id
May 10 15:57:56.276676 n-d-840993-2 devstack@n-api.service[103607]: ERROR nova.api.openstack.wsgi db_flavor = cls._flavor_get_by_flavor_id_from_db(context,
May 10 15:57:56.276676 n-d-840993-2 devstack@n-api.service[103607]: ERROR nova.api.openstack.wsgi
File "/opt/stack/nova/nova/db/utils.py", line 35, in wrapper
May 10 15:57:56.276676 n-d-840993-2 devstack@n-api.service[103607]: ERROR nova.api.openstack.wsgi return f(*args, **kwargs)
May 10 15:57:56.276676 n-d-840993-2 devstack@n-api.service[103607]: ERROR nova.api.openstack.wsgi
File "/opt/stack/nova/nova/objects/flavor.py", line 317, in _flavor_get_by_flavor_id_from_db
May 10 15:57:56.276676 n-d-840993-2 devstack@n-api.service[103607]: ERROR nova.api.openstack.wsgi raise exception.FlavorNotFound(flavor_id=flavor_id)
May 10 15:57:56.276676 n-d-840993-2 devstack@n-api.service[103607]: ERROR nova.api.openstack.wsgi nova.exception.FlavorNotFound: Flavor 42 could not be found.
May 10 15:57:56.276676 n-d-840993-2 devstack@n-api.service[103607]: ERROR nova.api.openstack.wsgi
May 10 15:57:56.276676 n-d-840993-2 devstack@n-api.service[103607]: ERROR nova.api.openstack.wsgi During handling of the above exception, another exception occurred:
May 10 15:57:56.276676 n-d-840993-2 devstack@n-api.service[103607]: ERROR nova.api.openstack.wsgi
May 10 15:57:56.276676 n-d-840993-2 devstack@n-api.service[103607]: ERROR nova.api.openstack.wsgi
Traceback (most recent call last):
May 10 15:57:56.276676 n-d-840993-2 devstack@n-api.service[103607]: ERROR nova.api.openstack.wsgi
File "/opt/stack/nova/nova/api/openstack/wsgi.py", line 539, in _process_stack
May 10 15:57:56.276676 n-d-840993-2 devstack@n-api.service[103607]: ERROR nova.api.openstack.wsgi action_result = self.dispatch(meth, request, action_args)
May 10 15:57:56.278273 n-d-840993-2 devstack@n-api.service[103607]: ERROR nova.api.openstack.wsgi
File "/opt/stack/nova/nova/api/openstack/wsgi.py", line 630, in dispatch
May 10 15:57:56.278273 n-d-840993-2 devstack@n-api.service[103607]: ERROR nova.api.openstack.wsgi return method(req=request, **action_args)
May 10 15:57:56.278273 n-d-840993-2 devstack@n-api.service[103607]: ERROR nova.api.openstack.wsgi
File "/opt/stack/nova/nova/api/openstack/wsgi.py", line 664, in wrapped
May 10 15:57:56.278273 n-d-840993-2 devstack@n-api.service[103607]: ERROR nova.api.openstack.wsgi return f(*args, **kwargs)
May 10 15:57:56.278273 n-d-840993-2 devstack@n-api.service[103607]: ERROR nova.api.openstack.wsgi
File "/opt/stack/nova/nova/api/openstack/compute/flavors.py", line 68, in show
May 10 15:57:56.278273 n-d-840993-2 devstack@n-api.service[103607]: ERROR nova.api.openstack.wsgi raise webob.exc.HTTPNotFound(explanation=e.format_message())
