May 06 22:24:49.636367 n-d-840993-1 devstack@placement-api.service[104695]: DEBUG placement.objects.allocation_candidate [req-ef82d8d1-fccc-482f-a88a-955b345efd02 req-c79ba3ca-578f-4a0f-b6bf-86ad484a0ba0 service placement] RequestGroup(use_same_provider=False, resources={MEMORY_MB:1024, VCPU:1}, traits=(), aggregates=[]) (suffix '') returned 2 matches {{(pid=104695) _get_by_requests /opt/stack/placement/placement/objects/allocation_candidate.py:156}}
May 06 22:24:49.636734 n-d-840993-1 devstack@placement-api.service[104695]: DEBUG placement.objects.allocation_candidate [req-ef82d8d1-fccc-482f-a88a-955b345efd02 req-c79ba3ca-578f-4a0f-b6bf-86ad484a0ba0 service placement] Merging candidates yields 2 allocation requests and 2 provider summaries {{(pid=104695) _merge_candidates /opt/stack/placement/placement/objects/allocation_candidate.py:809}}
May 06 22:24:49.638909 n-d-840993-1 devstack@placement-api.service[104695]: INFO placement.requestlog [req-ef82d8d1-fccc-482f-a88a-955b345efd02 req-c79ba3ca-578f-4a0f-b6bf-86ad484a0ba0 service placement] 10.222.0.26 "GET /placement/allocation_candidates?limit=1000&resources=MEMORY_MB%3A1024%2CVCPU%3A1&root_required=%21COMPUTE_STATUS_DISABLED" status: 200 len: 1281 microversion: 1.36
May 06 22:24:49.639834 n-d-840993-1 devstack@placement-api.service[104695]: [pid: 104695|app: 0|req: 301/604] 10.222.0.26 () {60 vars in 1478 bytes} [Fri May 6 22:24:49 2022] GET /placement/allocation_candidates?limit=1000&resources=MEMORY_MB%3A1024%2CVCPU%3A1&root_required=%21COMPUTE_STATUS_DISABLED => generated 1281 bytes in 109 msecs (HTTP/1.1 200) 8 headers in 297 bytes (1 switches on core 0)
May 06 22:24:49.660469 n-d-840993-1 devstack@placement-api.service[104694]: INFO placement.requestlog [req-788b768e-bde0-411b-8dda-362d72d65a11 req-bb077202-f853-4dfa-8e3e-0257ab0879b2 service placement] 10.222.0.57 "GET /placement/resource_providers?in_tree=07d74da0-239b-45f3-b89e-ac61390bdc10" status: 200 len: 863 microversion: 1.14
May 06 22:24:49.661357 n-d-840993-1 devstack@placement-api.service[104694]: [pid: 104694|app: 0|req: 304/605] 10.222.0.57 () {60 vars in 1376 bytes} [Fri May 6 22:24:49 2022] GET /placement/resource_providers?in_tree=07d74da0-239b-45f3-b89e-ac61390bdc10 => generated 863 bytes in 28 msecs (HTTP/1.1 200) 6 headers in 225 bytes (2 switches on core 0)
May 06 22:24:49.671744 n-d-840993-1 devstack@placement-api.service[104695]: DEBUG placement.requestlog [req-788b768e-bde0-411b-8dda-362d72d65a11 req-b63dae8a-0fe0-4f87-8beb-700c684d504e None None] Starting request: 10.222.0.57 "GET /placement/resource_providers/07d74da0-239b-45f3-b89e-ac61390bdc10/inventories" {{(pid=104695) __call__ /opt/stack/placement/placement/requestlog.py:55}}
May 06 22:24:49.718207 n-d-840993-1 devstack@placement-api.service[104695]: INFO placement.requestlog [req-788b768e-bde0-411b-8dda-362d72d65a11 req-b63dae8a-0fe0-4f87-8beb-700c684d504e service placement] 10.222.0.57 "GET /placement/resource_providers/07d74da0-239b-45f3-b89e-ac61390bdc10/inventories" status: 200 len: 398 microversion: 1.0
May 06 22:24:49.718892 n-d-840993-1 devstack@placement-api.service[104695]: [pid: 104695|app: 0|req: 302/606] 10.222.0.57 () {58 vars in 1390 bytes} [Fri May 6 22:24:49 2022] GET /placement/resource_providers/07d74da0-239b-45f3-b89e-ac61390bdc10/inventories => generated 398 bytes in 47 msecs (HTTP/1.1 200) 6 headers in 224 bytes (1 switches on core 0)
May 06 22:24:49.741238 n-d-840993-1 devstack@placement-api.service[104694]: DEBUG placement.requestlog [req-788b768e-bde0-411b-8dda-362d72d65a11 req-946a6162-1902-4d65-8c34-f513993c7f38 None None] Starting request: 10.222.0.57 "GET /placement/resource_providers/07d74da0-239b-45f3-b89e-ac61390bdc10/aggregates" {{(pid=104694) __call__ /opt/stack/placement/placement/requestlog.py:55}}
May 06 22:24:49.753016 n-d-840993-1 devstack@placement-api.service[104695]: DEBUG placement.requestlog [req-ef82d8d1-fccc-482f-a88a-955b345efd02 req-7271272d-546f-4032-917e-5171cb50efbd None None] Starting request: 10.222.0.26 "GET /placement/allocations/12ee7680-034a-42bc-b427-c1fecde56b5a" {{(pid=104695) __call__ /opt/stack/placement/placement/requestlog.py:55}}
May 06 22:24:49.758210 n-d-840993-1 devstack@placement-api.service[104694]: INFO placement.requestlog [req-788b768e-bde0-411b-8dda-362d72d65a11 req-946a6162-1902-4d65-8c34-f513993c7f38 service placement] 10.222.0.57 "GET /placement/resource_providers/07d74da0-239b-45f3-b89e-ac61390bdc10/aggregates" status: 200 len: 54 microversion: 1.19
May 06 22:24:49.760257 n-d-840993-1 devstack@placement-api.service[104694]: [pid: 104694|app: 0|req: 305/607] 10.222.0.57 () {60 vars in 1431 bytes} [Fri May 6 22:24:49 2022] GET /placement/resource_providers/07d74da0-239b-45f3-b89e-ac61390bdc10/aggregates => generated 54 bytes in 19 msecs (HTTP/1.1 200) 8 headers in 295 bytes (2 switches on core 0)
May 06 22:24:49.765890 n-d-840993-1 devstack@placement-api.service[104695]: INFO placement.requestlog [req-ef82d8d1-fccc-482f-a88a-955b345efd02 req-7271272d-546f-4032-917e-5171cb50efbd service placement] 10.222.0.26 "GET /placement/allocations/12ee7680-034a-42bc-b427-c1fecde56b5a" status: 200 len: 19 microversion: 1.28
May 06 22:24:49.766236 n-d-840993-1 devstack@placement-api.service[104695]: [pid: 104695|app: 0|req: 303/608] 10.222.0.26 () {60 vars in 1380 bytes} [Fri May 6 22:24:49 2022] GET /placement/allocations/12ee7680-034a-42bc-b427-c1fecde56b5a => generated 19 bytes in 15 msecs (HTTP/1.1 200) 8 headers in 295 bytes (1 switches on core 0)
May 06 22:24:49.768896 n-d-840993-1 devstack@placement-api.service[104694]: DEBUG placement.requestlog [req-788b768e-bde0-411b-8dda-362d72d65a11 req-79efcf6d-0395-4eb8-935c-540b788e03ce None None] Starting request: 10.222.0.57 "GET /placement/resource_providers/07d74da0-239b-45f3-b89e-ac61390bdc10/traits" {{(pid=104694) __call__ /opt/stack/placement/placement/requestlog.py:55}}
May 06 22:24:49.774082 n-d-840993-1 devstack@placement-api.service[104695]: DEBUG placement.requestlog [req-ef82d8d1-fccc-482f-a88a-955b345efd02 req-f9cae493-66a5-4d4c-ada9-231dd45f78cc None None] Starting request: 10.222.0.26 "PUT /placement/allocations/12ee7680-034a-42bc-b427-c1fecde56b5a" {{(pid=104695) __call__ /opt/stack/placement/placement/requestlog.py:55}}
May 06 22:24:49.812685 n-d-840993-1 devstack@placement-api.service[104694]: INFO placement.requestlog [req-788b768e-bde0-411b-8dda-362d72d65a11 req-79efcf6d-0395-4eb8-935c-540b788e03ce service placement] 10.222.0.57 "GET /placement/resource_providers/07d74da0-239b-45f3-b89e-ac61390bdc10/traits" status: 200 len: 212 microversion: 1.6
May 06 22:24:49.813666 n-d-840993-1 devstack@placement-api.service[104694]: [pid: 104694|app: 0|req: 306/609] 10.222.0.57 () {60 vars in 1418 bytes} [Fri May 6 22:24:49 2022] GET /placement/resource_providers/07d74da0-239b-45f3-b89e-ac61390bdc10/traits => generated 212 bytes in 45 msecs (HTTP/1.1 200) 6 headers in 224 bytes (2 switches on core 0)
May 06 22:24:49.903707 n-d-840993-1 devstack@placement-api.service[104695]: DEBUG placement.handlers.allocation [req-ef82d8d1-fccc-482f-a88a-955b345efd02 req-f9cae493-66a5-4d4c-ada9-231dd45f78cc service placement] Successfully wrote allocations [, ] {{(pid=104695) _update_consumers_and_create_allocations /opt/stack/placement/placement/handlers/allocation.py:462}}
May 06 22:24:49.912530 n-d-840993-1 devstack@placement-api.service[104695]: INFO placement.requestlog [req-ef82d8d1-fccc-482f-a88a-955b345efd02 req-f9cae493-66a5-4d4c-ada9-231dd45f78cc service placement] 10.222.0.26 "PUT /placement/allocations/12ee7680-034a-42bc-b427-c1fecde56b5a" status: 204 len: 0 microversion: 1.36
May 06 22:24:49.913693 n-d-840993-1 devstack@placement-api.service[104695]: [pid: 104695|app: 0|req: 304/610] 10.222.0.26 () {64 vars in 1433 bytes} [Fri May 6 22:24:49 2022] PUT /placement/allocations/12ee7680-034a-42bc-b427-c1fecde56b5a => generated 0 bytes in 140 msecs (HTTP/1.1 204) 5 headers in 199 bytes (1 switches on core 0)
May 06 22:24:50.465956 n-d-840993-1 devstack@placement-api.service[104694]: DEBUG placement.requestlog [req-ef82d8d1-fccc-482f-a88a-955b345efd02 req-504a634b-378b-4b96-8f0e-dc5fc9602c77 None None] Starting request: 10.222.0.48 "GET /placement/allocations/12ee7680-034a-42bc-b427-c1fecde56b5a" {{(pid=104694) __call__ /opt/stack/placement/placement/requestlog.py:55}}
May 06 22:24:50.492619 n-d-840993-1 devstack@placement-api.service[104694]: INFO placement.requestlog [req-ef82d8d1-fccc-482f-a88a-955b345efd02 req-504a634b-378b-4b96-8f0e-dc5fc9602c77 service placement] 10.222.0.48 "GET /placement/allocations/12ee7680-034a-42bc-b427-c1fecde56b5a" status: 200 len: 245 microversion: 1.28
May 06 22:24:50.493591 n-d-840993-1 devstack@placement-api.service[104694]: [pid: 104694|app: 0|req: 307/611] 10.222.0.48 () {60 vars in 1377 bytes} [Fri May 6 22:24:50 2022] GET /placement/allocations/12ee7680-034a-42bc-b427-c1fecde56b5a => generated 245 bytes in 28 msecs (HTTP/1.1 200) 8 headers in 296 bytes (1 switches on core 0)
May 06 22:24:56.355194 n-d-840993-1 devstack@placement-api.service[104695]: DEBUG placement.requestlog [req-fe688904-d628-4bf3-9f22-be9367ece931 req-cc6a4b65-4ff8-490e-b032-641c2889f296 None None] Starting request: 10.222.0.57 "DELETE /placement/allocations/4f2da5e8-75ba-4a30-a3c9-67b676117f0a" {{(pid=104695) __call__ /opt/stack/placement/placement/requestlog.py:55}}
May 06 22:24:56.412878 n-d-840993-1 devstack@placement-api.service[104695]: DEBUG placement.handlers.allocation [req-fe688904-d628-4bf3-9f22-be9367ece931 req-cc6a4b65-4ff8-490e-b032-641c2889f296 service placement] Successfully deleted allocations [, , ] {{(pid=104695) delete_allocations /opt/stack/placement/placement/handlers/allocation.py:627}}
May 06 22:24:56.413822 n-d-840993-1 devstack@placement-api.service[104695]: INFO placement.requestlog [req-fe688904-d628-4bf3-9f22-be9367ece931 req-cc6a4b65-4ff8-490e-b032-641c2889f296 service placement] 10.222.0.57 "DELETE /placement/allocations/4f2da5e8-75ba-4a30-a3c9-67b676117f0a" status: 204 len: 0 microversion: 1.0
May 06 22:24:56.414896 n-d-840993-1 devstack@placement-api.service[104695]: [pid: 104695|app: 0|req: 305/612] 10.222.0.57 () {60 vars in 1355 bytes} [Fri May 6 22:24:56 2022] DELETE /placement/allocations/4f2da5e8-75ba-4a30-a3c9-67b676117f0a => generated 0 bytes in 60 msecs (HTTP/1.1 204) 5 headers in 198 bytes (1 switches on core 0)
May 06 22:25:01.321912 n-d-840993-1 devstack@placement-api.service[104694]: DEBUG placement.requestlog [req-a08294f5-c3d2-4bf7-b0d5-68d94be16371 req-a2d49fd2-e0ba-4e07-b803-7cdcda576914 None None] Starting request: 10.222.0.57 "DELETE /placement/allocations/b939625f-cb1c-4357-a49b-74c3ccf02489" {{(pid=104694) __call__ /opt/stack/placement/placement/requestlog.py:55}}
May 06 22:25:01.379807 n-d-840993-1 devstack@placement-api.service[104694]: DEBUG placement.handlers.allocation [req-a08294f5-c3d2-4bf7-b0d5-68d94be16371 req-a2d49fd2-e0ba-4e07-b803-7cdcda576914 service placement] Successfully deleted allocations [, , ] {{(pid=104694) delete_allocations /opt/stack/placement/placement/handlers/allocation.py:627}}
May 06 22:25:01.380591 n-d-840993-1 devstack@placement-api.service[104694]: INFO placement.requestlog [req-a08294f5-c3d2-4bf7-b0d5-68d94be16371 req-a2d49fd2-e0ba-4e07-b803-7cdcda576914 service placement] 10.222.0.57 "DELETE /placement/allocations/b939625f-cb1c-4357-a49b-74c3ccf02489" status: 204 len: 0 microversion: 1.0
May 06 22:25:01.381179 n-d-840993-1 devstack@placement-api.service[104694]: [pid: 104694|app: 0|req: 308/613] 10.222.0.57 () {60 vars in 1355 bytes} [Fri May 6 22:25:01 2022] DELETE /placement/allocations/b939625f-cb1c-4357-a49b-74c3ccf02489 => generated 0 bytes in 60 msecs (HTTP/1.1 204) 5 headers in 198 bytes (1 switches on core 0)
May 06 22:25:05.334001 n-d-840993-1 devstack@placement-api.service[104695]: DEBUG placement.requestlog [req-893dc15e-60aa-48a2-951a-69705a176be6 req-7257f609-f22f-4e6a-8655-517adf35d419 None None] Starting request: 10.222.0.48 "DELETE /placement/allocations/6ac73f4a-9b50-46d4-bf9d-8014c3f6e17d" {{(pid=104695) __call__ /opt/stack/placement/placement/requestlog.py:55}}
May 06 22:25:05.401629 n-d-840993-1 devstack@placement-api.service[104695]: DEBUG placement.handlers.allocation [req-893dc15e-60aa-48a2-951a-69705a176be6 req-7257f609-f22f-4e6a-8655-517adf35d419 service placement] Successfully deleted allocations [, , ] {{(pid=104695) delete_allocations /opt/stack/placement/placement/handlers/allocation.py:627}}
May 06 22:25:05.403539 n-d-840993-1 devstack@placement-api.service[104695]: INFO placement.requestlog [req-893dc15e-60aa-48a2-951a-69705a176be6 req-7257f609-f22f-4e6a-8655-517adf35d419 service placement] 10.222.0.48 "DELETE /placement/allocations/6ac73f4a-9b50-46d4-bf9d-8014c3f6e17d" status: 204 len: 0 microversion: 1.0
May 06 22:25:05.405589 n-d-840993-1 devstack@placement-api.service[104695]: [pid: 104695|app: 0|req: 306/614] 10.222.0.48 () {60 vars in 1355 bytes} [Fri May 6 22:25:05 2022] DELETE /placement/allocations/6ac73f4a-9b50-46d4-bf9d-8014c3f6e17d => generated 0 bytes in 72 msecs (HTTP/1.1 204) 5 headers in 198 bytes (2 switches on core 0)
May 06 22:25:09.641662 n-d-840993-1 devstack@placement-api.service[104694]: DEBUG placement.requestlog [req-4b3f253b-107c-4968-b03c-e4a0d8fb99d0 req-24ed4d9a-06e3-4bc5-af37-44533844462d None None] Starting request: 10.222.0.57 "DELETE /placement/allocations/9a4e155f-43bb-4132-90d0-e4a4590267ef" {{(pid=104694) __call__ /opt/stack/placement/placement/requestlog.py:55}}
May 06 22:25:09.701373 n-d-840993-1 devstack@placement-api.service[104694]: DEBUG placement.handlers.allocation [req-4b3f253b-107c-4968-b03c-e4a0d8fb99d0 req-24ed4d9a-06e3-4bc5-af37-44533844462d service placement] Successfully deleted allocations [, , ] {{(pid=104694) delete_allocations /opt/stack/placement/placement/handlers/allocation.py:627}}
May 06 22:25:09.702247 n-d-840993-1 devstack@placement-api.service[104694]: INFO placement.requestlog [req-4b3f253b-107c-4968-b03c-e4a0d8fb99d0 req-24ed4d9a-06e3-4bc5-af37-44533844462d service placement] 10.222.0.57 "DELETE /placement/allocations/9a4e155f-43bb-4132-90d0-e4a4590267ef" status: 204 len: 0 microversion: 1.0
May 06 22:25:09.702695 n-d-840993-1 devstack@placement-api.service[104694]: [pid: 104694|app: 0|req: 309/615] 10.222.0.57 () {60 vars in 1355 bytes} [Fri May 6 22:25:09 2022] DELETE /placement/allocations/9a4e155f-43bb-4132-90d0-e4a4590267ef => generated 0 bytes in 61 msecs (HTTP/1.1 204) 5 headers in 198 bytes (2 switches on core 0)
May 06 22:25:18.160410 n-d-840993-1 devstack@placement-api.service[104695]: DEBUG placement.requestlog [req-5db7f9eb-e190-4c42-83c4-ebda8d879e8a req-4e6d777c-bfda-4c8a-9033-80b8c95beb96 None None] Starting request: 10.222.0.26 "GET /placement/allocation_candidates?limit=1000&resources=DISK_GB%3A1%2CMEMORY_MB%3A1024%2CVCPU%3A1&root_required=%21COMPUTE_STATUS_DISABLED" {{(pid=104695) __call__ /opt/stack/placement/placement/requestlog.py:55}}
May 06 22:25:18.253800 n-d-840993-1 devstack@placement-api.service[104695]: DEBUG placement.objects.research_context [req-5db7f9eb-e190-4c42-83c4-ebda8d879e8a req-4e6d777c-bfda-4c8a-9033-80b8c95beb96 service placement] getting providers with 1 DISK_GB {{(pid=104695) __init__ /opt/stack/placement/placement/objects/research_context.py:136}}
May 06 22:25:18.260572 n-d-840993-1 devstack@placement-api.service[104695]: DEBUG placement.objects.research_context [req-5db7f9eb-e190-4c42-83c4-ebda8d879e8a req-4e6d777c-bfda-4c8a-9033-80b8c95beb96 service placement] getting providers with 1024 MEMORY_MB {{(pid=104695) __init__ /opt/stack/placement/placement/objects/research_context.py:136}}
May 06 22:25:18.273301 n-d-840993-1 devstack@placement-api.service[104695]: DEBUG placement.objects.research_context [req-5db7f9eb-e190-4c42-83c4-ebda8d879e8a req-4e6d777c-bfda-4c8a-9033-80b8c95beb96 service placement] getting providers with 1 VCPU {{(pid=104695) __init__ /opt/stack/placement/placement/objects/research_context.py:136}}
May 06 22:25:18.282684 n-d-840993-1 devstack@placement-api.service[104695]: DEBUG placement.objects.research_context [req-5db7f9eb-e190-4c42-83c4-ebda8d879e8a req-4e6d777c-bfda-4c8a-9033-80b8c95beb96 service placement] found 2 providers with available 1 DISK_GB {{(pid=104695) get_provider_ids_matching /opt/stack/placement/placement/objects/research_context.py:563}}
May 06 22:25:18.283262 n-d-840993-1 devstack@placement-api.service[104695]: DEBUG placement.objects.research_context [req-5db7f9eb-e190-4c42-83c4-ebda8d879e8a req-4e6d777c-bfda-4c8a-9033-80b8c95beb96 service placement] found 2 providers with available 1024 MEMORY_MB {{(pid=104695) get_provider_ids_matching /opt/stack/placement/placement/objects/research_context.py:563}}
May 06 22:25:18.283721 n-d-840993-1 devstack@placement-api.service[104695]: DEBUG placement.objects.research_context [req-5db7f9eb-e190-4c42-83c4-ebda8d879e8a req-4e6d777c-bfda-4c8a-9033-80b8c95beb96 service placement] found 2 providers after filtering by previous result {{(pid=104695) get_provider_ids_matching /opt/stack/placement/placement/objects/research_context.py:594}}
May 06 22:25:18.284151 n-d-840993-1 devstack@placement-api.service[104695]: DEBUG placement.objects.research_context [req-5db7f9eb-e190-4c42-83c4-ebda8d879e8a req-4e6d777c-bfda-4c8a-9033-80b8c95beb96 service placement] found 2 providers with available 1 VCPU {{(pid=104695) get_provider_ids_matching /opt/stack/placement/placement/objects/research_context.py:563}}
May 06 22:25:18.284620 n-d-840993-1 devstack@placement-api.service[104695]: DEBUG placement.objects.research_context [req-5db7f9eb-e190-4c42-83c4-ebda8d879e8a req-4e6d777c-bfda-4c8a-9033-80b8c95beb96 service placement] found 2 providers after filtering by previous result {{(pid=104695) get_provider_ids_matching /opt/stack/placement/placement/objects/research_context.py:594}}
May 06 22:25:18.300230 n-d-840993-1 devstack@placement-api.service[104695]: DEBUG placement.objects.allocation_candidate [req-5db7f9eb-e190-4c42-83c4-ebda8d879e8a req-4e6d777c-bfda-4c8a-9033-80b8c95beb96 service placement] RequestGroup(use_same_provider=False, resources={DISK_GB:1, MEMORY_MB:1024, VCPU:1}, traits=(), aggregates=[]) (suffix '') returned 2 matches {{(pid=104695) _get_by_requests /opt/stack/placement/placement/objects/allocation_candidate.py:156}}
May 06 22:25:18.300771 n-d-840993-1 devstack@placement-api.service[104695]: DEBUG placement.objects.allocation_candidate [req-5db7f9eb-e190-4c42-83c4-ebda8d879e8a req-4e6d777c-bfda-4c8a-9033-80b8c95beb96 service placement] Merging candidates yields 2 allocation requests and 2 provider summaries {{(pid=104695) _merge_candidates /opt/stack/placement/placement/objects/allocation_candidate.py:809}}
May 06 22:25:18.302983 n-d-840993-1 devstack@placement-api.service[104695]: INFO placement.requestlog [req-5db7f9eb-e190-4c42-83c4-ebda8d879e8a req-4e6d777c-bfda-4c8a-9033-80b8c95beb96 service placement] 10.222.0.26 "GET /placement/allocation_candidates?limit=1000&resources=DISK_GB%3A1%2CMEMORY_MB%3A1024%2CVCPU%3A1&root_required=%21COMPUTE_STATUS_DISABLED" status: 200 len: 1309 microversion: 1.36
May 06 22:25:18.303954 n-d-840993-1 devstack@placement-api.service[104695]: [pid: 104695|app: 0|req: 307/616] 10.222.0.26 () {60 vars in 1506 bytes} [Fri May 6 22:25:18 2022] GET /placement/allocation_candidates?limit=1000&resources=DISK_GB%3A1%2CMEMORY_MB%3A1024%2CVCPU%3A1&root_required=%21COMPUTE_STATUS_DISABLED => generated 1309 bytes in 144 msecs (HTTP/1.1 200) 8 headers in 297 bytes (1 switches on core 0)
May 06 22:25:18.426108 n-d-840993-1 devstack@placement-api.service[104694]: DEBUG placement.requestlog [req-5db7f9eb-e190-4c42-83c4-ebda8d879e8a req-54e82cb6-39ea-4741-8036-ffd0d88b95c9 None None] Starting request: 10.222.0.26 "GET /placement/allocations/6b9fbe0c-7d99-446c-9a51-6be1bcfa7f09" {{(pid=104694) __call__ /opt/stack/placement/placement/requestlog.py:55}}
May 06 22:25:18.444134 n-d-840993-1 devstack@placement-api.service[104694]: INFO placement.requestlog [req-5db7f9eb-e190-4c42-83c4-ebda8d879e8a req-54e82cb6-39ea-4741-8036-ffd0d88b95c9 service placement] 10.222.0.26 "GET /placement/allocations/6b9fbe0c-7d99-446c-9a51-6be1bcfa7f09" status: 200 len: 19 microversion: 1.28
May 06 22:25:18.445724 n-d-840993-1 devstack@placement-api.service[104694]: [pid: 104694|app: 0|req: 310/617] 10.222.0.26 () {60 vars in 1380 bytes} [Fri May 6 22:25:18 2022] GET /placement/allocations/6b9fbe0c-7d99-446c-9a51-6be1bcfa7f09 => generated 19 bytes in 20 msecs (HTTP/1.1 200) 8 headers in 295 bytes (1 switches on core 0)
May 06 22:25:18.451845 n-d-840993-1 devstack@placement-api.service[104695]: DEBUG placement.requestlog [req-5db7f9eb-e190-4c42-83c4-ebda8d879e8a req-c777d8f8-8f82-4a67-86d9-7b8a1a7f45e4 None None] Starting request: 10.222.0.26 "PUT /placement/allocations/6b9fbe0c-7d99-446c-9a51-6be1bcfa7f09" {{(pid=104695) __call__ /opt/stack/placement/placement/requestlog.py:55}}
May 06 22:25:18.625421 n-d-840993-1 devstack@placement-api.service[104695]: DEBUG placement.handlers.allocation [req-5db7f9eb-e190-4c42-83c4-ebda8d879e8a req-c777d8f8-8f82-4a67-86d9-7b8a1a7f45e4 service placement] Successfully wrote allocations [, , ] {{(pid=104695) _update_consumers_and_create_allocations /opt/stack/placement/placement/handlers/allocation.py:462}}
May 06 22:25:18.637057 n-d-840993-1 devstack@placement-api.service[104695]: INFO placement.requestlog [req-5db7f9eb-e190-4c42-83c4-ebda8d879e8a req-c777d8f8-8f82-4a67-86d9-7b8a1a7f45e4 service placement] 10.222.0.26 "PUT /placement/allocations/6b9fbe0c-7d99-446c-9a51-6be1bcfa7f09" status: 204 len: 0 microversion: 1.36
May 06 22:25:18.638059 n-d-840993-1 devstack@placement-api.service[104695]: [pid: 104695|app: 0|req: 308/618] 10.222.0.26 () {64 vars in 1433 bytes} [Fri May 6 22:25:18 2022] PUT /placement/allocations/6b9fbe0c-7d99-446c-9a51-6be1bcfa7f09 => generated 0 bytes in 187 msecs (HTTP/1.1 204) 5 headers in 199 bytes (1 switches on core 0)
May 06 22:25:19.174092 n-d-840993-1 devstack@placement-api.service[104694]: DEBUG placement.requestlog [req-5db7f9eb-e190-4c42-83c4-ebda8d879e8a req-fd4dfcbe-ba2c-4b82-9438-2d281ffafdd8 None None] Starting request: 10.222.0.57 "GET /placement/allocations/6b9fbe0c-7d99-446c-9a51-6be1bcfa7f09" {{(pid=104694) __call__ /opt/stack/placement/placement/requestlog.py:55}}
May 06 22:25:19.190353 n-d-840993-1 devstack@placement-api.service[104694]: INFO placement.requestlog [req-5db7f9eb-e190-4c42-83c4-ebda8d879e8a req-fd4dfcbe-ba2c-4b82-9438-2d281ffafdd8 service placement] 10.222.0.57 "GET /placement/allocations/6b9fbe0c-7d99-446c-9a51-6be1bcfa7f09" status: 200 len: 259 microversion: 1.28
May 06 22:25:19.191237 n-d-840993-1 devstack@placement-api.service[104694]: [pid: 104694|app: 0|req: 311/619] 10.222.0.57 () {60 vars in 1377 bytes} [Fri May 6 22:25:19 2022] GET /placement/allocations/6b9fbe0c-7d99-446c-9a51-6be1bcfa7f09 => generated 259 bytes in 17 msecs (HTTP/1.1 200) 8 headers in 296 bytes (1 switches on core 0)
May 06 22:25:23.115740 n-d-840993-1 devstack@placement-api.service[104695]: DEBUG placement.requestlog [req-e501d520-37d4-4453-b946-c5bcf8094c1b req-100be3f3-069c-44dd-b648-27e45e5a6ff0 None None] Starting request: 10.222.0.57 "GET /placement/resource_providers/07d74da0-239b-45f3-b89e-ac61390bdc10/allocations" {{(pid=104695) __call__ /opt/stack/placement/placement/requestlog.py:55}}
May 06 22:25:23.159220 n-d-840993-1 devstack@placement-api.service[104695]: INFO placement.requestlog [req-e501d520-37d4-4453-b946-c5bcf8094c1b req-100be3f3-069c-44dd-b648-27e45e5a6ff0 service placement] 10.222.0.57 "GET /placement/resource_providers/07d74da0-239b-45f3-b89e-ac61390bdc10/allocations" status: 200 len: 443 microversion: 1.0
May 06 22:25:23.159825 n-d-840993-1 devstack@placement-api.service[104695]: [pid: 104695|app: 0|req: 309/620] 10.222.0.57 () {58 vars in 1390 bytes} [Fri May 6 22:25:23 2022] GET /placement/resource_providers/07d74da0-239b-45f3-b89e-ac61390bdc10/allocations => generated 443 bytes in 44 msecs (HTTP/1.1 200) 6 headers in 224 bytes (1 switches on core 0)
May 06 22:25:25.395242 n-d-840993-1 devstack@placement-api.service[104694]: DEBUG placement.requestlog [req-0fa356f1-55d3-4160-9133-39ccdfc97d20 req-d2253aa2-a45e-4edd-bc56-fd6cd3f8a30a None None] Starting request: 10.222.0.48 "GET /placement/resource_providers/ea75f238-c6fa-4d2b-a56c-aede119256b2/allocations" {{(pid=104694) __call__ /opt/stack/placement/placement/requestlog.py:55}}
May 06 22:25:25.418840 n-d-840993-1 devstack@placement-api.service[104694]: INFO placement.requestlog [req-0fa356f1-55d3-4160-9133-39ccdfc97d20 req-d2253aa2-a45e-4edd-bc56-fd6cd3f8a30a service placement] 10.222.0.48 "GET /placement/resource_providers/ea75f238-c6fa-4d2b-a56c-aede119256b2/allocations" status: 200 len: 544 microversion: 1.0
May 06 22:25:25.419536 n-d-840993-1 devstack@placement-api.service[104694]: [pid: 104694|app: 0|req: 312/621] 10.222.0.48 () {58 vars in 1390 bytes} [Fri May 6 22:25:25 2022] GET /placement/resource_providers/ea75f238-c6fa-4d2b-a56c-aede119256b2/allocations => generated 544 bytes in 24 msecs (HTTP/1.1 200) 6 headers in 224 bytes (1 switches on core 0)
May 06 22:25:34.443468 n-d-840993-1 devstack@placement-api.service[104695]: DEBUG placement.requestlog [req-cb033b3a-9f4b-4bee-8f1f-36d635fb5bbb req-98bc10ca-835d-4fe1-98ad-78aad6c05f1e None None] Starting request: 10.222.0.26 "GET /placement/allocation_candidates?resources=DISK_GB%3A1%2CMEMORY_MB%3A1024%2CVCPU%3A1&root_required=%21COMPUTE_STATUS_DISABLED" {{(pid=104695) __call__ /opt/stack/placement/placement/requestlog.py:55}}
May 06 22:25:34.569367 n-d-840993-1 devstack@placement-api.service[104695]: DEBUG placement.objects.research_context [req-cb033b3a-9f4b-4bee-8f1f-36d635fb5bbb req-98bc10ca-835d-4fe1-98ad-78aad6c05f1e service placement] getting providers with 1 DISK_GB {{(pid=104695) __init__ /opt/stack/placement/placement/objects/research_context.py:136}}
May 06 22:25:34.587234 n-d-840993-1 devstack@placement-api.service[104695]: DEBUG placement.objects.research_context [req-cb033b3a-9f4b-4bee-8f1f-36d635fb5bbb req-98bc10ca-835d-4fe1-98ad-78aad6c05f1e service placement] getting providers with 1024 MEMORY_MB {{(pid=104695) __init__ /opt/stack/placement/placement/objects/research_context.py:136}}
May 06 22:25:34.605760 n-d-840993-1 devstack@placement-api.service[104695]: DEBUG placement.objects.research_context [req-cb033b3a-9f4b-4bee-8f1f-36d635fb5bbb req-98bc10ca-835d-4fe1-98ad-78aad6c05f1e service placement] getting providers with 1 VCPU {{(pid=104695) __init__ /opt/stack/placement/placement/objects/research_context.py:136}}
May 06 22:25:34.612613 n-d-840993-1 devstack@placement-api.service[104695]: DEBUG placement.objects.research_context [req-cb033b3a-9f4b-4bee-8f1f-36d635fb5bbb req-98bc10ca-835d-4fe1-98ad-78aad6c05f1e service placement] found 2 providers with available 1 DISK_GB {{(pid=104695) get_provider_ids_matching /opt/stack/placement/placement/objects/research_context.py:563}}
May 06 22:25:34.612977 n-d-840993-1 devstack@placement-api.service[104695]: DEBUG placement.objects.research_context [req-cb033b3a-9f4b-4bee-8f1f-36d635fb5bbb req-98bc10ca-835d-4fe1-98ad-78aad6c05f1e service placement] found 2 providers with available 1024 MEMORY_MB {{(pid=104695) get_provider_ids_matching /opt/stack/placement/placement/objects/research_context.py:563}}
May 06 22:25:34.613324 n-d-840993-1 devstack@placement-api.service[104695]: DEBUG placement.objects.research_context [req-cb033b3a-9f4b-4bee-8f1f-36d635fb5bbb req-98bc10ca-835d-4fe1-98ad-78aad6c05f1e service placement] found 2 providers after filtering by previous result {{(pid=104695) get_provider_ids_matching /opt/stack/placement/placement/objects/research_context.py:594}}
May 06 22:25:34.613659 n-d-840993-1 devstack@placement-api.service[104695]: DEBUG placement.objects.research_context [req-cb033b3a-9f4b-4bee-8f1f-36d635fb5bbb req-98bc10ca-835d-4fe1-98ad-78aad6c05f1e service placement] found 2 providers with available 1 VCPU {{(pid=104695) get_provider_ids_matching /opt/stack/placement/placement/objects/research_context.py:563}}
May 06 22:25:34.614265 n-d-840993-1 devstack@placement-api.service[104695]: DEBUG placement.objects.research_context [req-cb033b3a-9f4b-4bee-8f1f-36d635fb5bbb req-98bc10ca-835d-4fe1-98ad-78aad6c05f1e service placement] found 2 providers after filtering by previous result {{(pid=104695) get_provider_ids_matching /opt/stack/placement/placement/objects/research_context.py:594}}
May 06 22:25:34.627417 n-d-840993-1 devstack@placement-api.service[104695]: DEBUG placement.objects.allocation_candidate [req-cb033b3a-9f4b-4bee-8f1f-36d635fb5bbb req-98bc10ca-835d-4fe1-98ad-78aad6c05f1e service placement] RequestGroup(use_same_provider=False, resources={DISK_GB:1, MEMORY_MB:1024, VCPU:1}, traits=(), aggregates=[]) (suffix '') returned 2 matches {{(pid=104695) _get_by_requests /opt/stack/placement/placement/objects/allocation_candidate.py:156}}
May 06 22:25:34.627906 n-d-840993-1 devstack@placement-api.service[104695]: DEBUG placement.objects.allocation_candidate [req-cb033b3a-9f4b-4bee-8f1f-36d635fb5bbb req-98bc10ca-835d-4fe1-98ad-78aad6c05f1e service placement] Merging candidates yields 2 allocation requests and 2 provider summaries {{(pid=104695) _merge_candidates /opt/stack/placement/placement/objects/allocation_candidate.py:809}}
May 06 22:25:34.629738 n-d-840993-1 devstack@placement-api.service[104695]: INFO placement.requestlog [req-cb033b3a-9f4b-4bee-8f1f-36d635fb5bbb req-98bc10ca-835d-4fe1-98ad-78aad6c05f1e service placement] 10.222.0.26 "GET /placement/allocation_candidates?resources=DISK_GB%3A1%2CMEMORY_MB%3A1024%2CVCPU%3A1&root_required=%21COMPUTE_STATUS_DISABLED" status: 200 len: 1309 microversion: 1.36
May 06 22:25:34.630551 n-d-840993-1 devstack@placement-api.service[104695]: [pid: 104695|app: 0|req: 310/622] 10.222.0.26 () {60 vars in 1484 bytes} [Fri May 6 22:25:34 2022] GET /placement/allocation_candidates?resources=DISK_GB%3A1%2CMEMORY_MB%3A1024%2CVCPU%3A1&root_required=%21COMPUTE_STATUS_DISABLED => generated 1309 bytes in 188 msecs (HTTP/1.1 200) 8 headers in 297 bytes (1 switches on core 0)
May 06 22:25:34.768273 n-d-840993-1 devstack@placement-api.service[104694]: DEBUG placement.requestlog [req-cb033b3a-9f4b-4bee-8f1f-36d635fb5bbb req-d19ae5fc-0ace-475d-8fe6-393c2538b315 None None] Starting request: 10.222.0.26 "GET /placement/allocations/b1c85670-2aea-4120-ae6a-a2284fe018bc" {{(pid=104694) __call__ /opt/stack/placement/placement/requestlog.py:55}}
May 06 22:25:34.784026 n-d-840993-1 devstack@placement-api.service[104694]: INFO placement.requestlog [req-cb033b3a-9f4b-4bee-8f1f-36d635fb5bbb req-d19ae5fc-0ace-475d-8fe6-393c2538b315 service placement] 10.222.0.26 "GET /placement/allocations/b1c85670-2aea-4120-ae6a-a2284fe018bc" status: 200 len: 19 microversion: 1.28
May 06 22:25:34.785252 n-d-840993-1 devstack@placement-api.service[104694]: [pid: 104694|app: 0|req: 313/623] 10.222.0.26 () {60 vars in 1380 bytes} [Fri May 6 22:25:34 2022] GET /placement/allocations/b1c85670-2aea-4120-ae6a-a2284fe018bc => generated 19 bytes in 17 msecs (HTTP/1.1 200) 8 headers in 295 bytes (2 switches on core 0)
May 06 22:25:34.795619 n-d-840993-1 devstack@placement-api.service[104695]: DEBUG placement.requestlog [req-cb033b3a-9f4b-4bee-8f1f-36d635fb5bbb req-7dcd8ee7-0454-45b7-aef0-8af844caf506 None None] Starting request: 10.222.0.26 "PUT /placement/allocations/b1c85670-2aea-4120-ae6a-a2284fe018bc" {{(pid=104695) __call__ /opt/stack/placement/placement/requestlog.py:55}}
May 06 22:25:34.920082 n-d-840993-1 devstack@placement-api.service[104695]: DEBUG placement.handlers.allocation [req-cb033b3a-9f4b-4bee-8f1f-36d635fb5bbb req-7dcd8ee7-0454-45b7-aef0-8af844caf506 service placement] Successfully wrote allocations [, , ] {{(pid=104695) _update_consumers_and_create_allocations /opt/stack/placement/placement/handlers/allocation.py:462}}
May 06 22:25:34.927342 n-d-840993-1 devstack@placement-api.service[104695]: INFO placement.requestlog [req-cb033b3a-9f4b-4bee-8f1f-36d635fb5bbb req-7dcd8ee7-0454-45b7-aef0-8af844caf506 service placement] 10.222.0.26 "PUT /placement/allocations/b1c85670-2aea-4120-ae6a-a2284fe018bc" status: 204 len: 0 microversion: 1.36
May 06 22:25:34.958414 n-d-840993-1 devstack@placement-api.service[104695]: [pid: 104695|app: 0|req: 311/624] 10.222.0.26 () {64 vars in 1433 bytes} [Fri May 6 22:25:34 2022] PUT /placement/allocations/b1c85670-2aea-4120-ae6a-a2284fe018bc => generated 0 bytes in 133 msecs (HTTP/1.1 204) 5 headers in 199 bytes (1 switches on core 0)
May 06 22:25:34.965893 n-d-840993-1 devstack@placement-api.service[104694]: DEBUG placement.requestlog [req-cb033b3a-9f4b-4bee-8f1f-36d635fb5bbb req-2b155751-8dda-46b9-b2dd-ba7ead568a85 None None] Starting request: 10.222.0.26 "GET /placement/allocations/251b742d-a413-42b1-8f65-c9a4cd2fb05f" {{(pid=104694) __call__ /opt/stack/placement/placement/requestlog.py:55}}
May 06 22:25:34.995398 n-d-840993-1 devstack@placement-api.service[104694]: INFO placement.requestlog [req-cb033b3a-9f4b-4bee-8f1f-36d635fb5bbb req-2b155751-8dda-46b9-b2dd-ba7ead568a85 service placement] 10.222.0.26 "GET /placement/allocations/251b742d-a413-42b1-8f65-c9a4cd2fb05f" status: 200 len: 19 microversion: 1.28
May 06 22:25:34.997831 n-d-840993-1 devstack@placement-api.service[104694]: [pid: 104694|app: 0|req: 314/625] 10.222.0.26 () {60 vars in 1380 bytes} [Fri May 6 22:25:34 2022] GET /placement/allocations/251b742d-a413-42b1-8f65-c9a4cd2fb05f => generated 19 bytes in 33 msecs (HTTP/1.1 200) 8 headers in 295 bytes (1 switches on core 0)
May 06 22:25:35.002634 n-d-840993-1 devstack@placement-api.service[104695]: DEBUG placement.requestlog [req-cb033b3a-9f4b-4bee-8f1f-36d635fb5bbb req-20963859-f3af-41a8-b4cc-0c12e05985bc None None] Starting request: 10.222.0.26 "PUT /placement/allocations/251b742d-a413-42b1-8f65-c9a4cd2fb05f" {{(pid=104695) __call__ /opt/stack/placement/placement/requestlog.py:55}}
May 06 22:25:35.101275 n-d-840993-1 devstack@placement-api.service[104695]: DEBUG placement.handlers.allocation [req-cb033b3a-9f4b-4bee-8f1f-36d635fb5bbb req-20963859-f3af-41a8-b4cc-0c12e05985bc service placement] Successfully wrote allocations [, , ] {{(pid=104695) _update_consumers_and_create_allocations /opt/stack/placement/placement/handlers/allocation.py:462}}
May 06 22:25:35.108406 n-d-840993-1 devstack@placement-api.service[104695]: INFO placement.requestlog [req-cb033b3a-9f4b-4bee-8f1f-36d635fb5bbb req-20963859-f3af-41a8-b4cc-0c12e05985bc service placement] 10.222.0.26 "PUT /placement/allocations/251b742d-a413-42b1-8f65-c9a4cd2fb05f" status: 204 len: 0 microversion: 1.36
May 06 22:25:35.109327 n-d-840993-1 devstack@placement-api.service[104695]: [pid: 104695|app: 0|req: 312/626] 10.222.0.26 () {64 vars in 1433 bytes} [Fri May 6 22:25:35 2022] PUT /placement/allocations/251b742d-a413-42b1-8f65-c9a4cd2fb05f => generated 0 bytes in 107 msecs (HTTP/1.1 204) 5 headers in 199 bytes (1 switches on core 0)
May 06 22:25:35.624201 n-d-840993-1 devstack@placement-api.service[104694]: DEBUG placement.requestlog [req-cb033b3a-9f4b-4bee-8f1f-36d635fb5bbb req-077c4fcd-e5b5-4ae3-9687-f5b6cf4f8f24 None None] Starting request: 10.222.0.57 "GET /placement/allocations/b1c85670-2aea-4120-ae6a-a2284fe018bc" {{(pid=104694) __call__ /opt/stack/placement/placement/requestlog.py:55}}
May 06 22:25:35.645443 n-d-840993-1 devstack@placement-api.service[104694]: INFO placement.requestlog [req-cb033b3a-9f4b-4bee-8f1f-36d635fb5bbb req-077c4fcd-e5b5-4ae3-9687-f5b6cf4f8f24 service placement] 10.222.0.57 "GET /placement/allocations/b1c85670-2aea-4120-ae6a-a2284fe018bc" status: 200 len: 259 microversion: 1.28
May 06 22:25:35.646703 n-d-840993-1 devstack@placement-api.service[104694]: [pid: 104694|app: 0|req: 315/627] 10.222.0.57 () {60 vars in 1377 bytes} [Fri May 6 22:25:35 2022] GET /placement/allocations/b1c85670-2aea-4120-ae6a-a2284fe018bc => generated 259 bytes in 23 msecs (HTTP/1.1 200) 8 headers in 296 bytes (1 switches on core 0)
May 06 22:25:35.800788 n-d-840993-1 devstack@placement-api.service[104695]: DEBUG placement.requestlog [req-cb033b3a-9f4b-4bee-8f1f-36d635fb5bbb req-c7097432-d08f-463c-87eb-01126d47518f None None] Starting request: 10.222.0.57 "GET /placement/allocations/251b742d-a413-42b1-8f65-c9a4cd2fb05f" {{(pid=104695) __call__ /opt/stack/placement/placement/requestlog.py:55}}
May 06 22:25:35.855353 n-d-840993-1 devstack@placement-api.service[104695]: INFO placement.requestlog [req-cb033b3a-9f4b-4bee-8f1f-36d635fb5bbb req-c7097432-d08f-463c-87eb-01126d47518f service placement] 10.222.0.57 "GET /placement/allocations/251b742d-a413-42b1-8f65-c9a4cd2fb05f" status: 200 len: 259 microversion: 1.28
May 06 22:25:35.858587 n-d-840993-1 devstack@placement-api.service[104695]: [pid: 104695|app: 0|req: 313/628] 10.222.0.57 () {60 vars in 1377 bytes} [Fri May 6 22:25:35 2022] GET /placement/allocations/251b742d-a413-42b1-8f65-c9a4cd2fb05f => generated 259 bytes in 58 msecs (HTTP/1.1 200) 8 headers in 296 bytes (1 switches on core 0)
May 06 22:25:49.223622 n-d-840993-1 devstack@placement-api.service[104694]: DEBUG placement.requestlog [req-ab207f6e-52dd-4236-af3c-7575f5252a99 req-36734319-57c6-4938-826c-ddcf77013e0b None None] Starting request: 10.222.0.57 "DELETE /placement/allocations/1d17755c-95d1-48d9-a768-f801a27ac3e5" {{(pid=104694) __call__ /opt/stack/placement/placement/requestlog.py:55}}
May 06 22:25:49.276386 n-d-840993-1 devstack@placement-api.service[104694]: DEBUG placement.handlers.allocation [req-ab207f6e-52dd-4236-af3c-7575f5252a99 req-36734319-57c6-4938-826c-ddcf77013e0b service placement] Successfully deleted allocations [, , ] {{(pid=104694) delete_allocations /opt/stack/placement/placement/handlers/allocation.py:627}}
May 06 22:25:49.277142 n-d-840993-1 devstack@placement-api.service[104694]: INFO placement.requestlog [req-ab207f6e-52dd-4236-af3c-7575f5252a99 req-36734319-57c6-4938-826c-ddcf77013e0b service placement] 10.222.0.57 "DELETE /placement/allocations/1d17755c-95d1-48d9-a768-f801a27ac3e5" status: 204 len: 0 microversion: 1.0
May 06 22:25:49.277793 n-d-840993-1 devstack@placement-api.service[104694]: [pid: 104694|app: 0|req: 316/629] 10.222.0.57 () {60 vars in 1355 bytes} [Fri May 6 22:25:49 2022] DELETE /placement/allocations/1d17755c-95d1-48d9-a768-f801a27ac3e5 => generated 0 bytes in 55 msecs (HTTP/1.1 204) 5 headers in 198 bytes (2 switches on core 0)
May 06 22:25:51.397251 n-d-840993-1 devstack@placement-api.service[104695]: DEBUG placement.requestlog [req-167c97ee-6fc5-49ce-9315-d3659c0e28d1 req-3515b6a1-3537-4e5d-9a0c-964cb9c77d3f None None] Starting request: 10.222.0.26 "GET /placement/allocation_candidates?limit=1000&resources=DISK_GB%3A1%2CMEMORY_MB%3A1024%2CVCPU%3A1&root_required=%21COMPUTE_STATUS_DISABLED" {{(pid=104695) __call__ /opt/stack/placement/placement/requestlog.py:55}}
May 06 22:25:51.487363 n-d-840993-1 devstack@placement-api.service[104695]: DEBUG placement.objects.research_context [req-167c97ee-6fc5-49ce-9315-d3659c0e28d1 req-3515b6a1-3537-4e5d-9a0c-964cb9c77d3f service placement] getting providers with 1 DISK_GB {{(pid=104695) __init__ /opt/stack/placement/placement/objects/research_context.py:136}}
May 06 22:25:51.496113 n-d-840993-1 devstack@placement-api.service[104695]: DEBUG placement.objects.research_context [req-167c97ee-6fc5-49ce-9315-d3659c0e28d1 req-3515b6a1-3537-4e5d-9a0c-964cb9c77d3f service placement] getting providers with 1024 MEMORY_MB {{(pid=104695) __init__ /opt/stack/placement/placement/objects/research_context.py:136}}
May 06 22:25:51.528956 n-d-840993-1 devstack@placement-api.service[104695]: DEBUG placement.objects.research_context [req-167c97ee-6fc5-49ce-9315-d3659c0e28d1 req-3515b6a1-3537-4e5d-9a0c-964cb9c77d3f service placement] getting providers with 1 VCPU {{(pid=104695) __init__ /opt/stack/placement/placement/objects/research_context.py:136}}
May 06 22:25:51.544187 n-d-840993-1 devstack@placement-api.service[104695]: DEBUG placement.objects.research_context [req-167c97ee-6fc5-49ce-9315-d3659c0e28d1 req-3515b6a1-3537-4e5d-9a0c-964cb9c77d3f service placement] found 2 providers with available 1 DISK_GB {{(pid=104695) get_provider_ids_matching /opt/stack/placement/placement/objects/research_context.py:563}}
May 06 22:25:51.544735 n-d-840993-1 devstack@placement-api.service[104695]: DEBUG placement.objects.research_context [req-167c97ee-6fc5-49ce-9315-d3659c0e28d1 req-3515b6a1-3537-4e5d-9a0c-964cb9c77d3f service placement] found 2 providers with available 1024 MEMORY_MB {{(pid=104695) get_provider_ids_matching /opt/stack/placement/placement/objects/research_context.py:563}}
May 06 22:25:51.545159 n-d-840993-1 devstack@placement-api.service[104695]: DEBUG placement.objects.research_context [req-167c97ee-6fc5-49ce-9315-d3659c0e28d1 req-3515b6a1-3537-4e5d-9a0c-964cb9c77d3f service placement] found 2 providers after filtering by previous result {{(pid=104695) get_provider_ids_matching /opt/stack/placement/placement/objects/research_context.py:594}}
May 06 22:25:51.545569 n-d-840993-1 devstack@placement-api.service[104695]: DEBUG placement.objects.research_context [req-167c97ee-6fc5-49ce-9315-d3659c0e28d1 req-3515b6a1-3537-4e5d-9a0c-964cb9c77d3f service placement] found 2 providers with available 1 VCPU {{(pid=104695) get_provider_ids_matching /opt/stack/placement/placement/objects/research_context.py:563}}
May 06 22:25:51.547591 n-d-840993-1 devstack@placement-api.service[104695]: DEBUG placement.objects.research_context [req-167c97ee-6fc5-49ce-9315-d3659c0e28d1 req-3515b6a1-3537-4e5d-9a0c-964cb9c77d3f service placement] found 2 providers after filtering by previous result {{(pid=104695) get_provider_ids_matching /opt/stack/placement/placement/objects/research_context.py:594}}
May 06 22:25:51.565752 n-d-840993-1 devstack@placement-api.service[104695]: DEBUG placement.objects.allocation_candidate [req-167c97ee-6fc5-49ce-9315-d3659c0e28d1 req-3515b6a1-3537-4e5d-9a0c-964cb9c77d3f service placement] RequestGroup(use_same_provider=False, resources={DISK_GB:1, MEMORY_MB:1024, VCPU:1}, traits=(), aggregates=[]) (suffix '') returned 2 matches {{(pid=104695) _get_by_requests /opt/stack/placement/placement/objects/allocation_candidate.py:156}}
May 06 22:25:51.566493 n-d-840993-1 devstack@placement-api.service[104695]: DEBUG placement.objects.allocation_candidate [req-167c97ee-6fc5-49ce-9315-d3659c0e28d1 req-3515b6a1-3537-4e5d-9a0c-964cb9c77d3f service placement] Merging candidates yields 2 allocation requests and 2 provider summaries {{(pid=104695) _merge_candidates /opt/stack/placement/placement/objects/allocation_candidate.py:809}}
May 06 22:25:51.568482 n-d-840993-1 devstack@placement-api.service[104695]: INFO placement.requestlog [req-167c97ee-6fc5-49ce-9315-d3659c0e28d1 req-3515b6a1-3537-4e5d-9a0c-964cb9c77d3f service placement] 10.222.0.26 "GET /placement/allocation_candidates?limit=1000&resources=DISK_GB%3A1%2CMEMORY_MB%3A1024%2CVCPU%3A1&root_required=%21COMPUTE_STATUS_DISABLED" status: 200 len: 1309 microversion: 1.36
May 06 22:25:51.569870 n-d-840993-1 devstack@placement-api.service[104695]: [pid: 104695|app: 0|req: 314/630] 10.222.0.26 () {60 vars in 1506 bytes} [Fri May 6 22:25:51 2022] GET /placement/allocation_candidates?limit=1000&resources=DISK_GB%3A1%2CMEMORY_MB%3A1024%2CVCPU%3A1&root_required=%21COMPUTE_STATUS_DISABLED => generated 1309 bytes in 174 msecs (HTTP/1.1 200) 8 headers in 297 bytes (1 switches on core 0)
May 06 22:25:51.666834 n-d-840993-1 devstack@placement-api.service[104694]: DEBUG placement.requestlog [req-167c97ee-6fc5-49ce-9315-d3659c0e28d1 req-1e173bfc-9649-4504-a035-13e282b238bb None None] Starting request: 10.222.0.26 "GET /placement/allocations/6a4bc1cd-7d0d-471f-897a-e92eeaa5f50b" {{(pid=104694) __call__ /opt/stack/placement/placement/requestlog.py:55}}
May 06 22:25:51.685683 n-d-840993-1 devstack@placement-api.service[104694]: INFO placement.requestlog [req-167c97ee-6fc5-49ce-9315-d3659c0e28d1 req-1e173bfc-9649-4504-a035-13e282b238bb service placement] 10.222.0.26 "GET /placement/allocations/6a4bc1cd-7d0d-471f-897a-e92eeaa5f50b" status: 200 len: 19 microversion: 1.28
May 06 22:25:51.686350 n-d-840993-1 devstack@placement-api.service[104694]: [pid: 104694|app: 0|req: 317/631] 10.222.0.26 () {60 vars in 1380 bytes} [Fri May 6 22:25:51 2022] GET /placement/allocations/6a4bc1cd-7d0d-471f-897a-e92eeaa5f50b => generated 19 bytes in 20 msecs (HTTP/1.1 200) 8 headers in 295 bytes (1 switches on core 0)
May 06 22:25:51.698033 n-d-840993-1 devstack@placement-api.service[104695]: DEBUG placement.requestlog [req-167c97ee-6fc5-49ce-9315-d3659c0e28d1 req-5ba87c37-9ec4-4142-b5cb-b325b85a8411 None None] Starting request: 10.222.0.26 "PUT /placement/allocations/6a4bc1cd-7d0d-471f-897a-e92eeaa5f50b" {{(pid=104695) __call__ /opt/stack/placement/placement/requestlog.py:55}}
May 06 22:25:51.814237 n-d-840993-1 devstack@placement-api.service[104695]: DEBUG placement.handlers.allocation [req-167c97ee-6fc5-49ce-9315-d3659c0e28d1 req-5ba87c37-9ec4-4142-b5cb-b325b85a8411 service placement] Successfully wrote allocations [, , ] {{(pid=104695) _update_consumers_and_create_allocations /opt/stack/placement/placement/handlers/allocation.py:462}}
May 06 22:25:51.826248 n-d-840993-1 devstack@placement-api.service[104695]: INFO placement.requestlog [req-167c97ee-6fc5-49ce-9315-d3659c0e28d1 req-5ba87c37-9ec4-4142-b5cb-b325b85a8411 service placement] 10.222.0.26 "PUT /placement/allocations/6a4bc1cd-7d0d-471f-897a-e92eeaa5f50b" status: 204 len: 0 microversion: 1.36
May 06 22:25:51.827531 n-d-840993-1 devstack@placement-api.service[104695]: [pid: 104695|app: 0|req: 315/632] 10.222.0.26 () {64 vars in 1433 bytes} [Fri May 6 22:25:51 2022] PUT /placement/allocations/6a4bc1cd-7d0d-471f-897a-e92eeaa5f50b => generated 0 bytes in 131 msecs (HTTP/1.1 204) 5 headers in 199 bytes (1 switches on core 0)
May 06 22:25:52.248191 n-d-840993-1 devstack@placement-api.service[104694]: DEBUG placement.requestlog [req-167c97ee-6fc5-49ce-9315-d3659c0e28d1 req-36966713-56de-4fe6-9f6a-6369f3bd3063 None None] Starting request: 10.222.0.48 "GET /placement/allocations/6a4bc1cd-7d0d-471f-897a-e92eeaa5f50b" {{(pid=104694) __call__ /opt/stack/placement/placement/requestlog.py:55}}
May 06 22:25:52.265910 n-d-840993-1 devstack@placement-api.service[104694]: INFO placement.requestlog [req-167c97ee-6fc5-49ce-9315-d3659c0e28d1 req-36966713-56de-4fe6-9f6a-6369f3bd3063 service placement] 10.222.0.48 "GET /placement/allocations/6a4bc1cd-7d0d-471f-897a-e92eeaa5f50b" status: 200 len: 259 microversion: 1.28
May 06 22:25:52.266856 n-d-840993-1 devstack@placement-api.service[104694]: [pid: 104694|app: 0|req: 318/633] 10.222.0.48 () {60 vars in 1377 bytes} [Fri May 6 22:25:52 2022] GET /placement/allocations/6a4bc1cd-7d0d-471f-897a-e92eeaa5f50b => generated 259 bytes in 19 msecs (HTTP/1.1 200) 8 headers in 296 bytes (1 switches on core 0)
May 06 22:25:58.493213 n-d-840993-1 devstack@placement-api.service[104695]: DEBUG placement.requestlog [req-55e559bb-d933-4d62-8631-6dc2c96ca8bb req-d89221be-c132-462e-b671-c8a87072ec9f None None] Starting request: 10.222.0.48 "DELETE /placement/allocations/c9ac3261-fdfc-4877-a57f-ae2c697e11ec" {{(pid=104695) __call__ /opt/stack/placement/placement/requestlog.py:55}}
May 06 22:25:58.555453 n-d-840993-1 devstack@placement-api.service[104695]: DEBUG placement.handlers.allocation [req-55e559bb-d933-4d62-8631-6dc2c96ca8bb req-d89221be-c132-462e-b671-c8a87072ec9f service placement] Successfully deleted allocations [, , ] {{(pid=104695) delete_allocations /opt/stack/placement/placement/handlers/allocation.py:627}}
May 06 22:25:58.556250 n-d-840993-1 devstack@placement-api.service[104695]: INFO placement.requestlog [req-55e559bb-d933-4d62-8631-6dc2c96ca8bb req-d89221be-c132-462e-b671-c8a87072ec9f service placement] 10.222.0.48 "DELETE /placement/allocations/c9ac3261-fdfc-4877-a57f-ae2c697e11ec" status: 204 len: 0 microversion: 1.0
May 06 22:25:58.557711 n-d-840993-1 devstack@placement-api.service[104695]: [pid: 104695|app: 0|req: 316/634] 10.222.0.48 () {60 vars in 1355 bytes} [Fri May 6 22:25:58 2022] DELETE /placement/allocations/c9ac3261-fdfc-4877-a57f-ae2c697e11ec => generated 0 bytes in 65 msecs (HTTP/1.1 204) 5 headers in 198 bytes (1 switches on core 0)
May 06 22:25:58.635060 n-d-840993-1 devstack@placement-api.service[104694]: DEBUG placement.requestlog [req-0c59e4d0-28f0-429e-89b4-9d26798e85a8 req-6c1fd5bf-3770-4c69-9e32-cc61adbe03ff None None] Starting request: 10.222.0.26 "GET /placement/allocation_candidates?resources=DISK_GB%3A1%2CMEMORY_MB%3A1024%2CVCPU%3A1&root_required=%21COMPUTE_STATUS_DISABLED" {{(pid=104694) __call__ /opt/stack/placement/placement/requestlog.py:55}}
May 06 22:25:58.687084 n-d-840993-1 devstack@placement-api.service[104694]: DEBUG placement.objects.research_context [req-0c59e4d0-28f0-429e-89b4-9d26798e85a8 req-6c1fd5bf-3770-4c69-9e32-cc61adbe03ff service placement] getting providers with 1 DISK_GB {{(pid=104694) __init__ /opt/stack/placement/placement/objects/research_context.py:136}}
May 06 22:25:58.697717 n-d-840993-1 devstack@placement-api.service[104694]: DEBUG placement.objects.research_context [req-0c59e4d0-28f0-429e-89b4-9d26798e85a8 req-6c1fd5bf-3770-4c69-9e32-cc61adbe03ff service placement] getting providers with 1024 MEMORY_MB {{(pid=104694) __init__ /opt/stack/placement/placement/objects/research_context.py:136}}
May 06 22:25:58.708544 n-d-840993-1 devstack@placement-api.service[104694]: DEBUG placement.objects.research_context [req-0c59e4d0-28f0-429e-89b4-9d26798e85a8 req-6c1fd5bf-3770-4c69-9e32-cc61adbe03ff service placement] getting providers with 1 VCPU {{(pid=104694) __init__ /opt/stack/placement/placement/objects/research_context.py:136}}
May 06 22:25:58.719844 n-d-840993-1 devstack@placement-api.service[104694]: DEBUG placement.objects.research_context [req-0c59e4d0-28f0-429e-89b4-9d26798e85a8 req-6c1fd5bf-3770-4c69-9e32-cc61adbe03ff service placement] found 2 providers with available 1 DISK_GB {{(pid=104694) get_provider_ids_matching /opt/stack/placement/placement/objects/research_context.py:563}}
