May 06 21:25:03.748085 n-d-840985-2 devstack@placement-api.service[104548]: INFO placement.requestlog [req-f2a3f36d-fc52-422a-89a9-064e71f57d92 req-9edd3ab0-cd60-4b5a-bced-d08997daa225 service placement] 10.222.0.23 "GET /placement/allocations/b8fe7272-3329-412a-bc04-589cdf9774a3" status: 200 len: 19 microversion: 1.28
May 06 21:25:03.748580 n-d-840985-2 devstack@placement-api.service[104548]: [pid: 104548|app: 0|req: 136/277] 10.222.0.23 () {60 vars in 1380 bytes} [Fri May 6 21:25:03 2022] GET /placement/allocations/b8fe7272-3329-412a-bc04-589cdf9774a3 => generated 19 bytes in 34 msecs (HTTP/1.1 200) 8 headers in 295 bytes (1 switches on core 0)
May 06 21:25:03.756613 n-d-840985-2 devstack@placement-api.service[104549]: DEBUG placement.requestlog [req-f2a3f36d-fc52-422a-89a9-064e71f57d92 req-e6270ba7-297b-4362-82bd-530f7ff8ee05 None None] Starting request: 10.222.0.23 "PUT /placement/allocations/b8fe7272-3329-412a-bc04-589cdf9774a3" {{(pid=104549) __call__ /opt/stack/placement/placement/requestlog.py:55}}
May 06 21:25:03.862695 n-d-840985-2 devstack@placement-api.service[104548]: DEBUG placement.requestlog [req-77955d09-84d3-4df2-8f3a-d5dbf1ad0ef8 req-5e7be669-bc8f-47e9-91b0-3a1564c01e99 None None] Starting request: 10.222.0.32 "GET /placement/allocations/b0ba9c80-f289-4191-906c-cc4184a23faf" {{(pid=104548) __call__ /opt/stack/placement/placement/requestlog.py:55}}
May 06 21:25:03.888240 n-d-840985-2 devstack@placement-api.service[104548]: INFO placement.requestlog [req-77955d09-84d3-4df2-8f3a-d5dbf1ad0ef8 req-5e7be669-bc8f-47e9-91b0-3a1564c01e99 service placement] 10.222.0.32 "GET /placement/allocations/b0ba9c80-f289-4191-906c-cc4184a23faf" status: 200 len: 259 microversion: 1.28
May 06 21:25:03.889377 n-d-840985-2 devstack@placement-api.service[104548]: [pid: 104548|app: 0|req: 137/278] 10.222.0.32 () {60 vars in 1377 bytes} [Fri May 6 21:25:03 2022] GET /placement/allocations/b0ba9c80-f289-4191-906c-cc4184a23faf => generated 259 bytes in 27 msecs (HTTP/1.1 200) 8 headers in 296 bytes (1 switches on core 0)
May 06 21:25:03.897073 n-d-840985-2 devstack@placement-api.service[104549]: DEBUG placement.handlers.allocation [req-f2a3f36d-fc52-422a-89a9-064e71f57d92 req-e6270ba7-297b-4362-82bd-530f7ff8ee05 service placement] Successfully wrote allocations [, , ] {{(pid=104549) _update_consumers_and_create_allocations /opt/stack/placement/placement/handlers/allocation.py:462}}
May 06 21:25:03.916537 n-d-840985-2 devstack@placement-api.service[104549]: INFO placement.requestlog [req-f2a3f36d-fc52-422a-89a9-064e71f57d92 req-e6270ba7-297b-4362-82bd-530f7ff8ee05 service placement] 10.222.0.23 "PUT /placement/allocations/b8fe7272-3329-412a-bc04-589cdf9774a3" status: 204 len: 0 microversion: 1.36
May 06 21:25:03.917902 n-d-840985-2 devstack@placement-api.service[104549]: [pid: 104549|app: 0|req: 142/279] 10.222.0.23 () {64 vars in 1433 bytes} [Fri May 6 21:25:03 2022] PUT /placement/allocations/b8fe7272-3329-412a-bc04-589cdf9774a3 => generated 0 bytes in 161 msecs (HTTP/1.1 204) 5 headers in 199 bytes (1 switches on core 0)
May 06 21:25:04.507288 n-d-840985-2 devstack@placement-api.service[104548]: DEBUG placement.requestlog [req-f2a3f36d-fc52-422a-89a9-064e71f57d92 req-f2a1883a-47ec-4426-ba40-2f50716cc71d None None] Starting request: 10.222.0.32 "GET /placement/allocations/b8fe7272-3329-412a-bc04-589cdf9774a3" {{(pid=104548) __call__ /opt/stack/placement/placement/requestlog.py:55}}
May 06 21:25:04.542220 n-d-840985-2 devstack@placement-api.service[104548]: INFO placement.requestlog [req-f2a3f36d-fc52-422a-89a9-064e71f57d92 req-f2a1883a-47ec-4426-ba40-2f50716cc71d service placement] 10.222.0.32 "GET /placement/allocations/b8fe7272-3329-412a-bc04-589cdf9774a3" status: 200 len: 259 microversion: 1.28
May 06 21:25:04.543390 n-d-840985-2 devstack@placement-api.service[104548]: [pid: 104548|app: 0|req: 138/280] 10.222.0.32 () {60 vars in 1377 bytes} [Fri May 6 21:25:04 2022] GET /placement/allocations/b8fe7272-3329-412a-bc04-589cdf9774a3 => generated 259 bytes in 36 msecs (HTTP/1.1 200) 8 headers in 296 bytes (1 switches on core 0)
May 06 21:25:05.650847 n-d-840985-2 devstack@placement-api.service[104549]: DEBUG placement.requestlog [req-696525f9-a3a0-4373-808d-af2eb62d0713 req-e3a4ab15-3631-48fd-8b0c-00a906814ba6 None None] Starting request: 10.222.0.25 "GET /placement/allocations/77c8b210-a3a6-4ccc-a8c4-a6d3cfc7b1e3" {{(pid=104549) __call__ /opt/stack/placement/placement/requestlog.py:55}}
May 06 21:25:05.682227 n-d-840985-2 devstack@placement-api.service[104549]: INFO placement.requestlog [req-696525f9-a3a0-4373-808d-af2eb62d0713 req-e3a4ab15-3631-48fd-8b0c-00a906814ba6 service placement] 10.222.0.25 "GET /placement/allocations/77c8b210-a3a6-4ccc-a8c4-a6d3cfc7b1e3" status: 200 len: 258 microversion: 1.28
May 06 21:25:05.682700 n-d-840985-2 devstack@placement-api.service[104549]: [pid: 104549|app: 0|req: 143/281] 10.222.0.25 () {60 vars in 1377 bytes} [Fri May 6 21:25:05 2022] GET /placement/allocations/77c8b210-a3a6-4ccc-a8c4-a6d3cfc7b1e3 => generated 258 bytes in 32 msecs (HTTP/1.1 200) 8 headers in 296 bytes (1 switches on core 0)
May 06 21:25:08.104206 n-d-840985-2 devstack@placement-api.service[104548]: DEBUG placement.requestlog [req-e85b2835-0cff-4a61-bdd8-18742663aeec req-a1b1a884-c69c-4fa5-8c61-3140e5d1b2c4 None None] Starting request: 10.222.0.25 "DELETE /placement/allocations/04d31742-fb3a-4721-8fbc-706076eee514" {{(pid=104548) __call__ /opt/stack/placement/placement/requestlog.py:55}}
May 06 21:25:08.159044 n-d-840985-2 devstack@placement-api.service[104548]: DEBUG placement.handlers.allocation [req-e85b2835-0cff-4a61-bdd8-18742663aeec req-a1b1a884-c69c-4fa5-8c61-3140e5d1b2c4 service placement] Successfully deleted allocations [, , ] {{(pid=104548) delete_allocations /opt/stack/placement/placement/handlers/allocation.py:627}}
May 06 21:25:08.159714 n-d-840985-2 devstack@placement-api.service[104548]: INFO placement.requestlog [req-e85b2835-0cff-4a61-bdd8-18742663aeec req-a1b1a884-c69c-4fa5-8c61-3140e5d1b2c4 service placement] 10.222.0.25 "DELETE /placement/allocations/04d31742-fb3a-4721-8fbc-706076eee514" status: 204 len: 0 microversion: 1.0
May 06 21:25:08.160401 n-d-840985-2 devstack@placement-api.service[104548]: [pid: 104548|app: 0|req: 139/282] 10.222.0.25 () {60 vars in 1355 bytes} [Fri May 6 21:25:08 2022] DELETE /placement/allocations/04d31742-fb3a-4721-8fbc-706076eee514 => generated 0 bytes in 56 msecs (HTTP/1.1 204) 5 headers in 198 bytes (1 switches on core 0)
May 06 21:25:10.431657 n-d-840985-2 devstack@placement-api.service[104549]: DEBUG placement.requestlog [req-781b1289-cb51-4c01-9794-24524c219e36 req-acbf5463-c65c-44a6-aaaa-608afd26abb1 None None] Starting request: 10.222.0.23 "GET /placement/allocation_candidates?limit=1000&resources=DISK_GB%3A1%2CMEMORY_MB%3A1024%2CVCPU%3A1&root_required=%21COMPUTE_STATUS_DISABLED" {{(pid=104549) __call__ /opt/stack/placement/placement/requestlog.py:55}}
May 06 21:25:10.520618 n-d-840985-2 devstack@placement-api.service[104549]: DEBUG placement.objects.research_context [req-781b1289-cb51-4c01-9794-24524c219e36 req-acbf5463-c65c-44a6-aaaa-608afd26abb1 service placement] getting providers with 1 DISK_GB {{(pid=104549) __init__ /opt/stack/placement/placement/objects/research_context.py:136}}
May 06 21:25:10.534970 n-d-840985-2 devstack@placement-api.service[104549]: DEBUG placement.objects.research_context [req-781b1289-cb51-4c01-9794-24524c219e36 req-acbf5463-c65c-44a6-aaaa-608afd26abb1 service placement] getting providers with 1024 MEMORY_MB {{(pid=104549) __init__ /opt/stack/placement/placement/objects/research_context.py:136}}
May 06 21:25:10.542916 n-d-840985-2 devstack@placement-api.service[104549]: DEBUG placement.objects.research_context [req-781b1289-cb51-4c01-9794-24524c219e36 req-acbf5463-c65c-44a6-aaaa-608afd26abb1 service placement] getting providers with 1 VCPU {{(pid=104549) __init__ /opt/stack/placement/placement/objects/research_context.py:136}}
May 06 21:25:10.551273 n-d-840985-2 devstack@placement-api.service[104549]: DEBUG placement.objects.research_context [req-781b1289-cb51-4c01-9794-24524c219e36 req-acbf5463-c65c-44a6-aaaa-608afd26abb1 service placement] found 2 providers with available 1 DISK_GB {{(pid=104549) get_provider_ids_matching /opt/stack/placement/placement/objects/research_context.py:563}}
May 06 21:25:10.551574 n-d-840985-2 devstack@placement-api.service[104549]: DEBUG placement.objects.research_context [req-781b1289-cb51-4c01-9794-24524c219e36 req-acbf5463-c65c-44a6-aaaa-608afd26abb1 service placement] found 2 providers with available 1024 MEMORY_MB {{(pid=104549) get_provider_ids_matching /opt/stack/placement/placement/objects/research_context.py:563}}
May 06 21:25:10.552044 n-d-840985-2 devstack@placement-api.service[104549]: DEBUG placement.objects.research_context [req-781b1289-cb51-4c01-9794-24524c219e36 req-acbf5463-c65c-44a6-aaaa-608afd26abb1 service placement] found 2 providers after filtering by previous result {{(pid=104549) get_provider_ids_matching /opt/stack/placement/placement/objects/research_context.py:594}}
May 06 21:25:10.552419 n-d-840985-2 devstack@placement-api.service[104549]: DEBUG placement.objects.research_context [req-781b1289-cb51-4c01-9794-24524c219e36 req-acbf5463-c65c-44a6-aaaa-608afd26abb1 service placement] found 2 providers with available 1 VCPU {{(pid=104549) get_provider_ids_matching /opt/stack/placement/placement/objects/research_context.py:563}}
May 06 21:25:10.552849 n-d-840985-2 devstack@placement-api.service[104549]: DEBUG placement.objects.research_context [req-781b1289-cb51-4c01-9794-24524c219e36 req-acbf5463-c65c-44a6-aaaa-608afd26abb1 service placement] found 2 providers after filtering by previous result {{(pid=104549) get_provider_ids_matching /opt/stack/placement/placement/objects/research_context.py:594}}
May 06 21:25:10.570506 n-d-840985-2 devstack@placement-api.service[104549]: DEBUG placement.objects.allocation_candidate [req-781b1289-cb51-4c01-9794-24524c219e36 req-acbf5463-c65c-44a6-aaaa-608afd26abb1 service placement] RequestGroup(use_same_provider=False, resources={DISK_GB:1, MEMORY_MB:1024, VCPU:1}, traits=(), aggregates=[]) (suffix '') returned 2 matches {{(pid=104549) _get_by_requests /opt/stack/placement/placement/objects/allocation_candidate.py:156}}
May 06 21:25:10.571417 n-d-840985-2 devstack@placement-api.service[104549]: DEBUG placement.objects.allocation_candidate [req-781b1289-cb51-4c01-9794-24524c219e36 req-acbf5463-c65c-44a6-aaaa-608afd26abb1 service placement] Merging candidates yields 2 allocation requests and 2 provider summaries {{(pid=104549) _merge_candidates /opt/stack/placement/placement/objects/allocation_candidate.py:809}}
May 06 21:25:10.574239 n-d-840985-2 devstack@placement-api.service[104549]: INFO placement.requestlog [req-781b1289-cb51-4c01-9794-24524c219e36 req-acbf5463-c65c-44a6-aaaa-608afd26abb1 service placement] 10.222.0.23 "GET /placement/allocation_candidates?limit=1000&resources=DISK_GB%3A1%2CMEMORY_MB%3A1024%2CVCPU%3A1&root_required=%21COMPUTE_STATUS_DISABLED" status: 200 len: 1312 microversion: 1.36
May 06 21:25:10.594218 n-d-840985-2 devstack@placement-api.service[104549]: [pid: 104549|app: 0|req: 144/283] 10.222.0.23 () {60 vars in 1506 bytes} [Fri May 6 21:25:10 2022] GET /placement/allocation_candidates?limit=1000&resources=DISK_GB%3A1%2CMEMORY_MB%3A1024%2CVCPU%3A1&root_required=%21COMPUTE_STATUS_DISABLED => generated 1312 bytes in 163 msecs (HTTP/1.1 200) 8 headers in 297 bytes (1 switches on core 0)
May 06 21:25:10.664737 n-d-840985-2 devstack@placement-api.service[104548]: DEBUG placement.requestlog [req-781b1289-cb51-4c01-9794-24524c219e36 req-77835332-e30a-4a24-ae6a-1fb4232f9bbe None None] Starting request: 10.222.0.23 "GET /placement/allocations/fb208b08-1f97-4769-8ecf-d9173ed25e7c" {{(pid=104548) __call__ /opt/stack/placement/placement/requestlog.py:55}}
May 06 21:25:10.695480 n-d-840985-2 devstack@placement-api.service[104548]: INFO placement.requestlog [req-781b1289-cb51-4c01-9794-24524c219e36 req-77835332-e30a-4a24-ae6a-1fb4232f9bbe service placement] 10.222.0.23 "GET /placement/allocations/fb208b08-1f97-4769-8ecf-d9173ed25e7c" status: 200 len: 19 microversion: 1.28
May 06 21:25:10.696322 n-d-840985-2 devstack@placement-api.service[104548]: [pid: 104548|app: 0|req: 140/284] 10.222.0.23 () {60 vars in 1380 bytes} [Fri May 6 21:25:10 2022] GET /placement/allocations/fb208b08-1f97-4769-8ecf-d9173ed25e7c => generated 19 bytes in 32 msecs (HTTP/1.1 200) 8 headers in 295 bytes (1 switches on core 0)
May 06 21:25:10.708701 n-d-840985-2 devstack@placement-api.service[104549]: DEBUG placement.requestlog [req-781b1289-cb51-4c01-9794-24524c219e36 req-360fa8c6-fd53-4d32-b6ae-e20ee8d3d091 None None] Starting request: 10.222.0.23 "PUT /placement/allocations/fb208b08-1f97-4769-8ecf-d9173ed25e7c" {{(pid=104549) __call__ /opt/stack/placement/placement/requestlog.py:55}}
May 06 21:25:10.825712 n-d-840985-2 devstack@placement-api.service[104549]: DEBUG placement.handlers.allocation [req-781b1289-cb51-4c01-9794-24524c219e36 req-360fa8c6-fd53-4d32-b6ae-e20ee8d3d091 service placement] Successfully wrote allocations [, , ] {{(pid=104549) _update_consumers_and_create_allocations /opt/stack/placement/placement/handlers/allocation.py:462}}
May 06 21:25:10.832312 n-d-840985-2 devstack@placement-api.service[104549]: INFO placement.requestlog [req-781b1289-cb51-4c01-9794-24524c219e36 req-360fa8c6-fd53-4d32-b6ae-e20ee8d3d091 service placement] 10.222.0.23 "PUT /placement/allocations/fb208b08-1f97-4769-8ecf-d9173ed25e7c" status: 204 len: 0 microversion: 1.36
May 06 21:25:10.833222 n-d-840985-2 devstack@placement-api.service[104549]: [pid: 104549|app: 0|req: 145/285] 10.222.0.23 () {64 vars in 1433 bytes} [Fri May 6 21:25:10 2022] PUT /placement/allocations/fb208b08-1f97-4769-8ecf-d9173ed25e7c => generated 0 bytes in 125 msecs (HTTP/1.1 204) 5 headers in 199 bytes (1 switches on core 0)
May 06 21:25:12.210984 n-d-840985-2 devstack@placement-api.service[104548]: DEBUG placement.requestlog [req-781b1289-cb51-4c01-9794-24524c219e36 req-57b5c875-6f3b-4e62-b9fc-a36db1944bac None None] Starting request: 10.222.0.25 "GET /placement/allocations/fb208b08-1f97-4769-8ecf-d9173ed25e7c" {{(pid=104548) __call__ /opt/stack/placement/placement/requestlog.py:55}}
May 06 21:25:12.267214 n-d-840985-2 devstack@placement-api.service[104548]: INFO placement.requestlog [req-781b1289-cb51-4c01-9794-24524c219e36 req-57b5c875-6f3b-4e62-b9fc-a36db1944bac service placement] 10.222.0.25 "GET /placement/allocations/fb208b08-1f97-4769-8ecf-d9173ed25e7c" status: 200 len: 259 microversion: 1.28
May 06 21:25:12.267896 n-d-840985-2 devstack@placement-api.service[104548]: [pid: 104548|app: 0|req: 141/286] 10.222.0.25 () {60 vars in 1377 bytes} [Fri May 6 21:25:12 2022] GET /placement/allocations/fb208b08-1f97-4769-8ecf-d9173ed25e7c => generated 259 bytes in 57 msecs (HTTP/1.1 200) 8 headers in 296 bytes (1 switches on core 0)
May 06 21:25:16.867278 n-d-840985-2 devstack@placement-api.service[104549]: DEBUG placement.requestlog [req-0a932e30-0166-4e6b-ba5e-ecb04bad0000 req-2ec68263-6e67-45ae-9afb-39d9b92b84c2 None None] Starting request: 10.222.0.25 "DELETE /placement/allocations/a0385f99-04d8-4826-a09d-558d0f75d676" {{(pid=104549) __call__ /opt/stack/placement/placement/requestlog.py:55}}
May 06 21:25:16.937824 n-d-840985-2 devstack@placement-api.service[104549]: DEBUG placement.handlers.allocation [req-0a932e30-0166-4e6b-ba5e-ecb04bad0000 req-2ec68263-6e67-45ae-9afb-39d9b92b84c2 service placement] Successfully deleted allocations [, , ] {{(pid=104549) delete_allocations /opt/stack/placement/placement/handlers/allocation.py:627}}
May 06 21:25:16.938328 n-d-840985-2 devstack@placement-api.service[104549]: INFO placement.requestlog [req-0a932e30-0166-4e6b-ba5e-ecb04bad0000 req-2ec68263-6e67-45ae-9afb-39d9b92b84c2 service placement] 10.222.0.25 "DELETE /placement/allocations/a0385f99-04d8-4826-a09d-558d0f75d676" status: 204 len: 0 microversion: 1.0
May 06 21:25:16.939026 n-d-840985-2 devstack@placement-api.service[104549]: [pid: 104549|app: 0|req: 146/287] 10.222.0.25 () {60 vars in 1355 bytes} [Fri May 6 21:25:16 2022] DELETE /placement/allocations/a0385f99-04d8-4826-a09d-558d0f75d676 => generated 0 bytes in 72 msecs (HTTP/1.1 204) 5 headers in 198 bytes (1 switches on core 0)
May 06 21:25:17.659878 n-d-840985-2 devstack@placement-api.service[104548]: DEBUG placement.requestlog [req-4d62d10f-197f-4e4a-a4b7-9de812383693 req-848f635d-fcb3-403c-a2ff-389268609061 None None] Starting request: 10.222.0.32 "GET /placement/allocations/dd5fed49-1fda-4350-987f-8b5562bea553" {{(pid=104548) __call__ /opt/stack/placement/placement/requestlog.py:55}}
May 06 21:25:17.708024 n-d-840985-2 devstack@placement-api.service[104548]: INFO placement.requestlog [req-4d62d10f-197f-4e4a-a4b7-9de812383693 req-848f635d-fcb3-403c-a2ff-389268609061 service placement] 10.222.0.32 "GET /placement/allocations/dd5fed49-1fda-4350-987f-8b5562bea553" status: 200 len: 259 microversion: 1.28
May 06 21:25:17.711182 n-d-840985-2 devstack@placement-api.service[104548]: [pid: 104548|app: 0|req: 142/288] 10.222.0.32 () {60 vars in 1377 bytes} [Fri May 6 21:25:17 2022] GET /placement/allocations/dd5fed49-1fda-4350-987f-8b5562bea553 => generated 259 bytes in 52 msecs (HTTP/1.1 200) 8 headers in 296 bytes (1 switches on core 0)
May 06 21:25:18.015785 n-d-840985-2 devstack@placement-api.service[104549]: DEBUG placement.requestlog [req-4d62d10f-197f-4e4a-a4b7-9de812383693 req-b255355b-0773-4d8e-b1ce-3f08e5dad77d None None] Starting request: 10.222.0.32 "GET /placement/allocations/dd5fed49-1fda-4350-987f-8b5562bea553" {{(pid=104549) __call__ /opt/stack/placement/placement/requestlog.py:55}}
May 06 21:25:18.021213 n-d-840985-2 devstack@placement-api.service[104548]: DEBUG placement.requestlog [req-04d60465-26ec-4e39-8972-62e82555e185 req-c528fbc0-e542-419a-a0c6-962f8c3401ce None None] Starting request: 10.222.0.32 "DELETE /placement/allocations/b7fb7c32-b56b-449d-aa9e-7d0637d6c6b6" {{(pid=104548) __call__ /opt/stack/placement/placement/requestlog.py:55}}
May 06 21:25:18.064561 n-d-840985-2 devstack@placement-api.service[104549]: INFO placement.requestlog [req-4d62d10f-197f-4e4a-a4b7-9de812383693 req-b255355b-0773-4d8e-b1ce-3f08e5dad77d service placement] 10.222.0.32 "GET /placement/allocations/dd5fed49-1fda-4350-987f-8b5562bea553" status: 200 len: 259 microversion: 1.28
May 06 21:25:18.066157 n-d-840985-2 devstack@placement-api.service[104549]: [pid: 104549|app: 0|req: 147/289] 10.222.0.32 () {60 vars in 1377 bytes} [Fri May 6 21:25:18 2022] GET /placement/allocations/dd5fed49-1fda-4350-987f-8b5562bea553 => generated 259 bytes in 55 msecs (HTTP/1.1 200) 8 headers in 296 bytes (1 switches on core 0)
May 06 21:25:18.081842 n-d-840985-2 devstack@placement-api.service[104549]: DEBUG placement.requestlog [req-4d62d10f-197f-4e4a-a4b7-9de812383693 req-f31fdd84-8a11-4570-8e8b-85881c2096cf None None] Starting request: 10.222.0.32 "GET /placement/allocations/77c8b210-a3a6-4ccc-a8c4-a6d3cfc7b1e3" {{(pid=104549) __call__ /opt/stack/placement/placement/requestlog.py:55}}
May 06 21:25:18.108434 n-d-840985-2 devstack@placement-api.service[104548]: DEBUG placement.handlers.allocation [req-04d60465-26ec-4e39-8972-62e82555e185 req-c528fbc0-e542-419a-a0c6-962f8c3401ce service placement] Successfully deleted allocations [, , ] {{(pid=104548) delete_allocations /opt/stack/placement/placement/handlers/allocation.py:627}}
May 06 21:25:18.108971 n-d-840985-2 devstack@placement-api.service[104548]: INFO placement.requestlog [req-04d60465-26ec-4e39-8972-62e82555e185 req-c528fbc0-e542-419a-a0c6-962f8c3401ce service placement] 10.222.0.32 "DELETE /placement/allocations/b7fb7c32-b56b-449d-aa9e-7d0637d6c6b6" status: 204 len: 0 microversion: 1.0
May 06 21:25:18.109620 n-d-840985-2 devstack@placement-api.service[104548]: [pid: 104548|app: 0|req: 143/290] 10.222.0.32 () {60 vars in 1355 bytes} [Fri May 6 21:25:18 2022] DELETE /placement/allocations/b7fb7c32-b56b-449d-aa9e-7d0637d6c6b6 => generated 0 bytes in 89 msecs (HTTP/1.1 204) 5 headers in 198 bytes (1 switches on core 0)
May 06 21:25:18.142642 n-d-840985-2 devstack@placement-api.service[104549]: INFO placement.requestlog [req-4d62d10f-197f-4e4a-a4b7-9de812383693 req-f31fdd84-8a11-4570-8e8b-85881c2096cf service placement] 10.222.0.32 "GET /placement/allocations/77c8b210-a3a6-4ccc-a8c4-a6d3cfc7b1e3" status: 200 len: 258 microversion: 1.28
May 06 21:25:18.146599 n-d-840985-2 devstack@placement-api.service[104549]: [pid: 104549|app: 0|req: 148/291] 10.222.0.32 () {60 vars in 1377 bytes} [Fri May 6 21:25:18 2022] GET /placement/allocations/77c8b210-a3a6-4ccc-a8c4-a6d3cfc7b1e3 => generated 258 bytes in 62 msecs (HTTP/1.1 200) 8 headers in 296 bytes (2 switches on core 0)
May 06 21:25:18.161797 n-d-840985-2 devstack@placement-api.service[104548]: DEBUG placement.requestlog [req-4d62d10f-197f-4e4a-a4b7-9de812383693 req-d6b1af22-7ad7-47db-acb4-6b03a135d332 None None] Starting request: 10.222.0.32 "POST /placement/allocations" {{(pid=104548) __call__ /opt/stack/placement/placement/requestlog.py:55}}
May 06 21:25:18.372901 n-d-840985-2 devstack@placement-api.service[104548]: DEBUG placement.handlers.allocation [req-4d62d10f-197f-4e4a-a4b7-9de812383693 req-d6b1af22-7ad7-47db-acb4-6b03a135d332 service placement] Successfully wrote allocations [, , , , , ] {{(pid=104548) _update_consumers_and_create_allocations /opt/stack/placement/placement/handlers/allocation.py:572}}
May 06 21:25:18.391557 n-d-840985-2 devstack@placement-api.service[104548]: INFO placement.requestlog [req-4d62d10f-197f-4e4a-a4b7-9de812383693 req-d6b1af22-7ad7-47db-acb4-6b03a135d332 service placement] 10.222.0.32 "POST /placement/allocations" status: 204 len: 0 microversion: 1.28
May 06 21:25:18.393864 n-d-840985-2 devstack@placement-api.service[104548]: [pid: 104548|app: 0|req: 144/292] 10.222.0.32 () {64 vars in 1320 bytes} [Fri May 6 21:25:18 2022] POST /placement/allocations => generated 0 bytes in 232 msecs (HTTP/1.1 204) 5 headers in 199 bytes (1 switches on core 0)
May 06 21:25:23.639399 n-d-840985-2 devstack@placement-api.service[104549]: DEBUG placement.requestlog [req-77c9a794-951b-462f-926f-c53ff6813c22 req-fd28c130-629f-4830-b124-d8d367704abb None None] Starting request: 10.222.0.23 "GET /placement/allocation_candidates?limit=1000&resources=MEMORY_MB%3A1024%2CVCPU%3A1&root_required=%21COMPUTE_STATUS_DISABLED" {{(pid=104549) __call__ /opt/stack/placement/placement/requestlog.py:55}}
May 06 21:25:23.684852 n-d-840985-2 devstack@placement-api.service[104549]: DEBUG placement.objects.research_context [req-77c9a794-951b-462f-926f-c53ff6813c22 req-fd28c130-629f-4830-b124-d8d367704abb service placement] getting providers with 1024 MEMORY_MB {{(pid=104549) __init__ /opt/stack/placement/placement/objects/research_context.py:136}}
May 06 21:25:23.694252 n-d-840985-2 devstack@placement-api.service[104549]: DEBUG placement.objects.research_context [req-77c9a794-951b-462f-926f-c53ff6813c22 req-fd28c130-629f-4830-b124-d8d367704abb service placement] getting providers with 1 VCPU {{(pid=104549) __init__ /opt/stack/placement/placement/objects/research_context.py:136}}
May 06 21:25:23.701050 n-d-840985-2 devstack@placement-api.service[104549]: DEBUG placement.objects.research_context [req-77c9a794-951b-462f-926f-c53ff6813c22 req-fd28c130-629f-4830-b124-d8d367704abb service placement] found 2 providers with available 1024 MEMORY_MB {{(pid=104549) get_provider_ids_matching /opt/stack/placement/placement/objects/research_context.py:563}}
May 06 21:25:23.701521 n-d-840985-2 devstack@placement-api.service[104549]: DEBUG placement.objects.research_context [req-77c9a794-951b-462f-926f-c53ff6813c22 req-fd28c130-629f-4830-b124-d8d367704abb service placement] found 2 providers with available 1 VCPU {{(pid=104549) get_provider_ids_matching /opt/stack/placement/placement/objects/research_context.py:563}}
May 06 21:25:23.701946 n-d-840985-2 devstack@placement-api.service[104549]: DEBUG placement.objects.research_context [req-77c9a794-951b-462f-926f-c53ff6813c22 req-fd28c130-629f-4830-b124-d8d367704abb service placement] found 2 providers after filtering by previous result {{(pid=104549) get_provider_ids_matching /opt/stack/placement/placement/objects/research_context.py:594}}
May 06 21:25:23.712879 n-d-840985-2 devstack@placement-api.service[104549]: DEBUG placement.objects.allocation_candidate [req-77c9a794-951b-462f-926f-c53ff6813c22 req-fd28c130-629f-4830-b124-d8d367704abb service placement] RequestGroup(use_same_provider=False, resources={MEMORY_MB:1024, VCPU:1}, traits=(), aggregates=[]) (suffix '') returned 2 matches {{(pid=104549) _get_by_requests /opt/stack/placement/placement/objects/allocation_candidate.py:156}}
May 06 21:25:23.713238 n-d-840985-2 devstack@placement-api.service[104549]: DEBUG placement.objects.allocation_candidate [req-77c9a794-951b-462f-926f-c53ff6813c22 req-fd28c130-629f-4830-b124-d8d367704abb service placement] Merging candidates yields 2 allocation requests and 2 provider summaries {{(pid=104549) _merge_candidates /opt/stack/placement/placement/objects/allocation_candidate.py:809}}
May 06 21:25:23.720886 n-d-840985-2 devstack@placement-api.service[104549]: INFO placement.requestlog [req-77c9a794-951b-462f-926f-c53ff6813c22 req-fd28c130-629f-4830-b124-d8d367704abb service placement] 10.222.0.23 "GET /placement/allocation_candidates?limit=1000&resources=MEMORY_MB%3A1024%2CVCPU%3A1&root_required=%21COMPUTE_STATUS_DISABLED" status: 200 len: 1283 microversion: 1.36
May 06 21:25:23.721928 n-d-840985-2 devstack@placement-api.service[104549]: [pid: 104549|app: 0|req: 149/293] 10.222.0.23 () {60 vars in 1478 bytes} [Fri May 6 21:25:23 2022] GET /placement/allocation_candidates?limit=1000&resources=MEMORY_MB%3A1024%2CVCPU%3A1&root_required=%21COMPUTE_STATUS_DISABLED => generated 1283 bytes in 83 msecs (HTTP/1.1 200) 8 headers in 297 bytes (1 switches on core 0)
May 06 21:25:23.811430 n-d-840985-2 devstack@placement-api.service[104548]: DEBUG placement.requestlog [req-77c9a794-951b-462f-926f-c53ff6813c22 req-644afa22-f8f9-49e5-8e9f-450ce34e2a89 None None] Starting request: 10.222.0.23 "GET /placement/allocations/8cf5800e-11a6-482e-9b4e-7168b52593b8" {{(pid=104548) __call__ /opt/stack/placement/placement/requestlog.py:55}}
May 06 21:25:23.823750 n-d-840985-2 devstack@placement-api.service[104548]: INFO placement.requestlog [req-77c9a794-951b-462f-926f-c53ff6813c22 req-644afa22-f8f9-49e5-8e9f-450ce34e2a89 service placement] 10.222.0.23 "GET /placement/allocations/8cf5800e-11a6-482e-9b4e-7168b52593b8" status: 200 len: 19 microversion: 1.28
May 06 21:25:23.824586 n-d-840985-2 devstack@placement-api.service[104548]: [pid: 104548|app: 0|req: 145/294] 10.222.0.23 () {60 vars in 1380 bytes} [Fri May 6 21:25:23 2022] GET /placement/allocations/8cf5800e-11a6-482e-9b4e-7168b52593b8 => generated 19 bytes in 13 msecs (HTTP/1.1 200) 8 headers in 295 bytes (1 switches on core 0)
May 06 21:25:23.830917 n-d-840985-2 devstack@placement-api.service[104549]: DEBUG placement.requestlog [req-77c9a794-951b-462f-926f-c53ff6813c22 req-c9e34f3f-9d29-4ec6-86a5-b693e2fad97b None None] Starting request: 10.222.0.23 "PUT /placement/allocations/8cf5800e-11a6-482e-9b4e-7168b52593b8" {{(pid=104549) __call__ /opt/stack/placement/placement/requestlog.py:55}}
May 06 21:25:23.924607 n-d-840985-2 devstack@placement-api.service[104549]: DEBUG placement.handlers.allocation [req-77c9a794-951b-462f-926f-c53ff6813c22 req-c9e34f3f-9d29-4ec6-86a5-b693e2fad97b service placement] Successfully wrote allocations [, ] {{(pid=104549) _update_consumers_and_create_allocations /opt/stack/placement/placement/handlers/allocation.py:462}}
May 06 21:25:23.931717 n-d-840985-2 devstack@placement-api.service[104549]: INFO placement.requestlog [req-77c9a794-951b-462f-926f-c53ff6813c22 req-c9e34f3f-9d29-4ec6-86a5-b693e2fad97b service placement] 10.222.0.23 "PUT /placement/allocations/8cf5800e-11a6-482e-9b4e-7168b52593b8" status: 204 len: 0 microversion: 1.36
May 06 21:25:23.931717 n-d-840985-2 devstack@placement-api.service[104549]: [pid: 104549|app: 0|req: 150/295] 10.222.0.23 () {64 vars in 1433 bytes} [Fri May 6 21:25:23 2022] PUT /placement/allocations/8cf5800e-11a6-482e-9b4e-7168b52593b8 => generated 0 bytes in 101 msecs (HTTP/1.1 204) 5 headers in 199 bytes (1 switches on core 0)
May 06 21:25:26.339960 n-d-840985-2 devstack@placement-api.service[104548]: DEBUG placement.requestlog [req-77c9a794-951b-462f-926f-c53ff6813c22 req-34005aa7-5c30-48e3-b21d-09bb265b0a95 None None] Starting request: 10.222.0.32 "GET /placement/allocations/8cf5800e-11a6-482e-9b4e-7168b52593b8" {{(pid=104548) __call__ /opt/stack/placement/placement/requestlog.py:55}}
May 06 21:25:26.355745 n-d-840985-2 devstack@placement-api.service[104548]: INFO placement.requestlog [req-77c9a794-951b-462f-926f-c53ff6813c22 req-34005aa7-5c30-48e3-b21d-09bb265b0a95 service placement] 10.222.0.32 "GET /placement/allocations/8cf5800e-11a6-482e-9b4e-7168b52593b8" status: 200 len: 245 microversion: 1.28
May 06 21:25:26.356430 n-d-840985-2 devstack@placement-api.service[104548]: [pid: 104548|app: 0|req: 146/296] 10.222.0.32 () {60 vars in 1377 bytes} [Fri May 6 21:25:26 2022] GET /placement/allocations/8cf5800e-11a6-482e-9b4e-7168b52593b8 => generated 245 bytes in 17 msecs (HTTP/1.1 200) 8 headers in 296 bytes (1 switches on core 0)
May 06 21:25:28.356604 n-d-840985-2 devstack@placement-api.service[104549]: DEBUG placement.requestlog [req-700127dc-85a3-4264-8940-1a4b2cf4f8ba req-8a33e059-ff3f-4402-92da-555ae086abd1 None None] Starting request: 10.222.0.23 "GET /placement/allocation_candidates?limit=1000&resources=DISK_GB%3A1%2CMEMORY_MB%3A1024%2CVCPU%3A1&root_required=%21COMPUTE_STATUS_DISABLED" {{(pid=104549) __call__ /opt/stack/placement/placement/requestlog.py:55}}
May 06 21:25:28.398707 n-d-840985-2 devstack@placement-api.service[104549]: DEBUG placement.objects.research_context [req-700127dc-85a3-4264-8940-1a4b2cf4f8ba req-8a33e059-ff3f-4402-92da-555ae086abd1 service placement] getting providers with 1 DISK_GB {{(pid=104549) __init__ /opt/stack/placement/placement/objects/research_context.py:136}}
May 06 21:25:28.412410 n-d-840985-2 devstack@placement-api.service[104549]: DEBUG placement.objects.research_context [req-700127dc-85a3-4264-8940-1a4b2cf4f8ba req-8a33e059-ff3f-4402-92da-555ae086abd1 service placement] getting providers with 1024 MEMORY_MB {{(pid=104549) __init__ /opt/stack/placement/placement/objects/research_context.py:136}}
May 06 21:25:28.418360 n-d-840985-2 devstack@placement-api.service[104549]: DEBUG placement.objects.research_context [req-700127dc-85a3-4264-8940-1a4b2cf4f8ba req-8a33e059-ff3f-4402-92da-555ae086abd1 service placement] getting providers with 1 VCPU {{(pid=104549) __init__ /opt/stack/placement/placement/objects/research_context.py:136}}
May 06 21:25:28.423897 n-d-840985-2 devstack@placement-api.service[104549]: DEBUG placement.objects.research_context [req-700127dc-85a3-4264-8940-1a4b2cf4f8ba req-8a33e059-ff3f-4402-92da-555ae086abd1 service placement] found 2 providers with available 1 DISK_GB {{(pid=104549) get_provider_ids_matching /opt/stack/placement/placement/objects/research_context.py:563}}
May 06 21:25:28.424400 n-d-840985-2 devstack@placement-api.service[104549]: DEBUG placement.objects.research_context [req-700127dc-85a3-4264-8940-1a4b2cf4f8ba req-8a33e059-ff3f-4402-92da-555ae086abd1 service placement] found 2 providers with available 1024 MEMORY_MB {{(pid=104549) get_provider_ids_matching /opt/stack/placement/placement/objects/research_context.py:563}}
May 06 21:25:28.424781 n-d-840985-2 devstack@placement-api.service[104549]: DEBUG placement.objects.research_context [req-700127dc-85a3-4264-8940-1a4b2cf4f8ba req-8a33e059-ff3f-4402-92da-555ae086abd1 service placement] found 2 providers after filtering by previous result {{(pid=104549) get_provider_ids_matching /opt/stack/placement/placement/objects/research_context.py:594}}
May 06 21:25:28.425135 n-d-840985-2 devstack@placement-api.service[104549]: DEBUG placement.objects.research_context [req-700127dc-85a3-4264-8940-1a4b2cf4f8ba req-8a33e059-ff3f-4402-92da-555ae086abd1 service placement] found 2 providers with available 1 VCPU {{(pid=104549) get_provider_ids_matching /opt/stack/placement/placement/objects/research_context.py:563}}
May 06 21:25:28.425465 n-d-840985-2 devstack@placement-api.service[104549]: DEBUG placement.objects.research_context [req-700127dc-85a3-4264-8940-1a4b2cf4f8ba req-8a33e059-ff3f-4402-92da-555ae086abd1 service placement] found 2 providers after filtering by previous result {{(pid=104549) get_provider_ids_matching /opt/stack/placement/placement/objects/research_context.py:594}}
May 06 21:25:28.440005 n-d-840985-2 devstack@placement-api.service[104549]: DEBUG placement.objects.allocation_candidate [req-700127dc-85a3-4264-8940-1a4b2cf4f8ba req-8a33e059-ff3f-4402-92da-555ae086abd1 service placement] RequestGroup(use_same_provider=False, resources={DISK_GB:1, MEMORY_MB:1024, VCPU:1}, traits=(), aggregates=[]) (suffix '') returned 2 matches {{(pid=104549) _get_by_requests /opt/stack/placement/placement/objects/allocation_candidate.py:156}}
May 06 21:25:28.440557 n-d-840985-2 devstack@placement-api.service[104549]: DEBUG placement.objects.allocation_candidate [req-700127dc-85a3-4264-8940-1a4b2cf4f8ba req-8a33e059-ff3f-4402-92da-555ae086abd1 service placement] Merging candidates yields 2 allocation requests and 2 provider summaries {{(pid=104549) _merge_candidates /opt/stack/placement/placement/objects/allocation_candidate.py:809}}
May 06 21:25:28.443090 n-d-840985-2 devstack@placement-api.service[104549]: INFO placement.requestlog [req-700127dc-85a3-4264-8940-1a4b2cf4f8ba req-8a33e059-ff3f-4402-92da-555ae086abd1 service placement] 10.222.0.23 "GET /placement/allocation_candidates?limit=1000&resources=DISK_GB%3A1%2CMEMORY_MB%3A1024%2CVCPU%3A1&root_required=%21COMPUTE_STATUS_DISABLED" status: 200 len: 1311 microversion: 1.36
May 06 21:25:28.444792 n-d-840985-2 devstack@placement-api.service[104549]: [pid: 104549|app: 0|req: 151/297] 10.222.0.23 () {60 vars in 1506 bytes} [Fri May 6 21:25:28 2022] GET /placement/allocation_candidates?limit=1000&resources=DISK_GB%3A1%2CMEMORY_MB%3A1024%2CVCPU%3A1&root_required=%21COMPUTE_STATUS_DISABLED => generated 1311 bytes in 89 msecs (HTTP/1.1 200) 8 headers in 297 bytes (1 switches on core 0)
May 06 21:25:28.571632 n-d-840985-2 devstack@placement-api.service[104548]: DEBUG placement.requestlog [req-700127dc-85a3-4264-8940-1a4b2cf4f8ba req-80bae893-ee03-4a0c-b3ff-c1220eb04d4a None None] Starting request: 10.222.0.23 "GET /placement/allocations/356d2b6a-0d5c-4aa8-a71a-67b38451059b" {{(pid=104548) __call__ /opt/stack/placement/placement/requestlog.py:55}}
May 06 21:25:28.588713 n-d-840985-2 devstack@placement-api.service[104548]: INFO placement.requestlog [req-700127dc-85a3-4264-8940-1a4b2cf4f8ba req-80bae893-ee03-4a0c-b3ff-c1220eb04d4a service placement] 10.222.0.23 "GET /placement/allocations/356d2b6a-0d5c-4aa8-a71a-67b38451059b" status: 200 len: 19 microversion: 1.28
May 06 21:25:28.589803 n-d-840985-2 devstack@placement-api.service[104548]: [pid: 104548|app: 0|req: 147/298] 10.222.0.23 () {60 vars in 1380 bytes} [Fri May 6 21:25:28 2022] GET /placement/allocations/356d2b6a-0d5c-4aa8-a71a-67b38451059b => generated 19 bytes in 18 msecs (HTTP/1.1 200) 8 headers in 295 bytes (1 switches on core 0)
May 06 21:25:28.596360 n-d-840985-2 devstack@placement-api.service[104549]: DEBUG placement.requestlog [req-700127dc-85a3-4264-8940-1a4b2cf4f8ba req-5d56e4ab-4ff3-486f-9deb-b7646e2a8222 None None] Starting request: 10.222.0.23 "PUT /placement/allocations/356d2b6a-0d5c-4aa8-a71a-67b38451059b" {{(pid=104549) __call__ /opt/stack/placement/placement/requestlog.py:55}}
May 06 21:25:28.690283 n-d-840985-2 devstack@placement-api.service[104549]: DEBUG placement.handlers.allocation [req-700127dc-85a3-4264-8940-1a4b2cf4f8ba req-5d56e4ab-4ff3-486f-9deb-b7646e2a8222 service placement] Successfully wrote allocations [, , ] {{(pid=104549) _update_consumers_and_create_allocations /opt/stack/placement/placement/handlers/allocation.py:462}}
May 06 21:25:28.705373 n-d-840985-2 devstack@placement-api.service[104549]: INFO placement.requestlog [req-700127dc-85a3-4264-8940-1a4b2cf4f8ba req-5d56e4ab-4ff3-486f-9deb-b7646e2a8222 service placement] 10.222.0.23 "PUT /placement/allocations/356d2b6a-0d5c-4aa8-a71a-67b38451059b" status: 204 len: 0 microversion: 1.36
May 06 21:25:28.706181 n-d-840985-2 devstack@placement-api.service[104549]: [pid: 104549|app: 0|req: 152/299] 10.222.0.23 () {64 vars in 1433 bytes} [Fri May 6 21:25:28 2022] PUT /placement/allocations/356d2b6a-0d5c-4aa8-a71a-67b38451059b => generated 0 bytes in 110 msecs (HTTP/1.1 204) 5 headers in 199 bytes (1 switches on core 0)
May 06 21:25:30.803206 n-d-840985-2 devstack@placement-api.service[104548]: DEBUG placement.requestlog [req-700127dc-85a3-4264-8940-1a4b2cf4f8ba req-ee43b3e9-439d-4903-8a3d-f699e59bc035 None None] Starting request: 10.222.0.25 "GET /placement/allocations/356d2b6a-0d5c-4aa8-a71a-67b38451059b" {{(pid=104548) __call__ /opt/stack/placement/placement/requestlog.py:55}}
May 06 21:25:30.828979 n-d-840985-2 devstack@placement-api.service[104548]: INFO placement.requestlog [req-700127dc-85a3-4264-8940-1a4b2cf4f8ba req-ee43b3e9-439d-4903-8a3d-f699e59bc035 service placement] 10.222.0.25 "GET /placement/allocations/356d2b6a-0d5c-4aa8-a71a-67b38451059b" status: 200 len: 259 microversion: 1.28
May 06 21:25:30.830894 n-d-840985-2 devstack@placement-api.service[104548]: [pid: 104548|app: 0|req: 148/300] 10.222.0.25 () {60 vars in 1377 bytes} [Fri May 6 21:25:30 2022] GET /placement/allocations/356d2b6a-0d5c-4aa8-a71a-67b38451059b => generated 259 bytes in 29 msecs (HTTP/1.1 200) 8 headers in 296 bytes (1 switches on core 0)
May 06 21:25:31.024704 n-d-840985-2 devstack@placement-api.service[104549]: DEBUG placement.requestlog [req-a64880f7-4fb6-43a4-9911-ac5cc1336e68 req-6d6e2cbc-b69d-4d04-acbc-b755acd38ed4 None None] Starting request: 10.222.0.25 "GET /placement/resource_providers/bdcfb9fd-74a4-480d-a201-e25e5a5fb1e7/allocations" {{(pid=104549) __call__ /opt/stack/placement/placement/requestlog.py:55}}
May 06 21:25:31.095359 n-d-840985-2 devstack@placement-api.service[104549]: INFO placement.requestlog [req-a64880f7-4fb6-43a4-9911-ac5cc1336e68 req-6d6e2cbc-b69d-4d04-acbc-b755acd38ed4 service placement] 10.222.0.25 "GET /placement/resource_providers/bdcfb9fd-74a4-480d-a201-e25e5a5fb1e7/allocations" status: 200 len: 1163 microversion: 1.0
May 06 21:25:31.095765 n-d-840985-2 devstack@placement-api.service[104549]: [pid: 104549|app: 0|req: 153/301] 10.222.0.25 () {58 vars in 1390 bytes} [Fri May 6 21:25:31 2022] GET /placement/resource_providers/bdcfb9fd-74a4-480d-a201-e25e5a5fb1e7/allocations => generated 1163 bytes in 71 msecs (HTTP/1.1 200) 6 headers in 225 bytes (1 switches on core 0)
May 06 21:25:32.497462 n-d-840985-2 devstack@placement-api.service[104548]: DEBUG placement.requestlog [req-216084c8-0625-4d83-975c-c054e0d8030b req-c8d7e55e-48ff-4b6d-9626-507575067bbb None None] Starting request: 10.222.0.25 "DELETE /placement/allocations/3cf1e8dd-bd7e-41cf-9383-e676db8e0449" {{(pid=104548) __call__ /opt/stack/placement/placement/requestlog.py:55}}
May 06 21:25:32.588802 n-d-840985-2 devstack@placement-api.service[104548]: DEBUG placement.handlers.allocation [req-216084c8-0625-4d83-975c-c054e0d8030b req-c8d7e55e-48ff-4b6d-9626-507575067bbb service placement] Successfully deleted allocations [, , ] {{(pid=104548) delete_allocations /opt/stack/placement/placement/handlers/allocation.py:627}}
May 06 21:25:32.589444 n-d-840985-2 devstack@placement-api.service[104548]: INFO placement.requestlog [req-216084c8-0625-4d83-975c-c054e0d8030b req-c8d7e55e-48ff-4b6d-9626-507575067bbb service placement] 10.222.0.25 "DELETE /placement/allocations/3cf1e8dd-bd7e-41cf-9383-e676db8e0449" status: 204 len: 0 microversion: 1.0
May 06 21:25:32.589844 n-d-840985-2 devstack@placement-api.service[104548]: [pid: 104548|app: 0|req: 149/302] 10.222.0.25 () {60 vars in 1355 bytes} [Fri May 6 21:25:32 2022] DELETE /placement/allocations/3cf1e8dd-bd7e-41cf-9383-e676db8e0449 => generated 0 bytes in 93 msecs (HTTP/1.1 204) 5 headers in 198 bytes (1 switches on core 0)
May 06 21:25:33.269895 n-d-840985-2 devstack@placement-api.service[104549]: DEBUG placement.requestlog [req-1f7db7f5-37b8-445e-be4d-419fe6386299 req-aa2cd163-0c2d-415f-9590-c62e7964f34b None None] Starting request: 10.222.0.25 "DELETE /placement/allocations/6682b353-8dbe-4e33-b516-fb0b70ce2a9c" {{(pid=104549) __call__ /opt/stack/placement/placement/requestlog.py:55}}
May 06 21:25:33.314847 n-d-840985-2 devstack@placement-api.service[104549]: DEBUG placement.handlers.allocation [req-1f7db7f5-37b8-445e-be4d-419fe6386299 req-aa2cd163-0c2d-415f-9590-c62e7964f34b service placement] Successfully deleted allocations [, , ] {{(pid=104549) delete_allocations /opt/stack/placement/placement/handlers/allocation.py:627}}
May 06 21:25:33.315341 n-d-840985-2 devstack@placement-api.service[104549]: INFO placement.requestlog [req-1f7db7f5-37b8-445e-be4d-419fe6386299 req-aa2cd163-0c2d-415f-9590-c62e7964f34b service placement] 10.222.0.25 "DELETE /placement/allocations/6682b353-8dbe-4e33-b516-fb0b70ce2a9c" status: 204 len: 0 microversion: 1.0
May 06 21:25:33.315753 n-d-840985-2 devstack@placement-api.service[104549]: [pid: 104549|app: 0|req: 154/303] 10.222.0.25 () {60 vars in 1355 bytes} [Fri May 6 21:25:33 2022] DELETE /placement/allocations/6682b353-8dbe-4e33-b516-fb0b70ce2a9c => generated 0 bytes in 46 msecs (HTTP/1.1 204) 5 headers in 198 bytes (1 switches on core 0)
May 06 21:25:34.155774 n-d-840985-2 devstack@placement-api.service[104548]: DEBUG placement.requestlog [None req-bc6fa3bf-37f7-4db9-95e7-5aef1a0d9560 None None] Starting request: 10.222.0.23 "GET /placement/" {{(pid=104548) __call__ /opt/stack/placement/placement/requestlog.py:55}}
May 06 21:25:34.156751 n-d-840985-2 devstack@placement-api.service[104548]: INFO placement.requestlog [None req-bc6fa3bf-37f7-4db9-95e7-5aef1a0d9560 None None] 10.222.0.23 "GET /placement/" status: 200 len: 136 microversion: 1.0
May 06 21:25:34.157070 n-d-840985-2 devstack@placement-api.service[104548]: [pid: 104548|app: 0|req: 150/304] 10.222.0.23 () {54 vars in 916 bytes} [Fri May 6 21:25:34 2022] GET /placement => generated 136 bytes in 2 msecs (HTTP/1.1 200) 6 headers in 224 bytes (1 switches on core 0)
May 06 21:25:34.166941 n-d-840985-2 devstack@placement-api.service[104549]: DEBUG placement.requestlog [req-f5a97afd-7a36-4834-b04a-726df1414fb9 req-011057c2-9f8c-45b1-82de-b919e78cd141 None None] Starting request: 10.222.0.23 "GET /placement/allocations/b8fe7272-3329-412a-bc04-589cdf9774a3" {{(pid=104549) __call__ /opt/stack/placement/placement/requestlog.py:55}}
May 06 21:25:34.318818 n-d-840985-2 devstack@placement-api.service[104549]: INFO placement.requestlog [req-f5a97afd-7a36-4834-b04a-726df1414fb9 req-011057c2-9f8c-45b1-82de-b919e78cd141 service placement] 10.222.0.23 "GET /placement/allocations/b8fe7272-3329-412a-bc04-589cdf9774a3" status: 200 len: 259 microversion: 1.28
May 06 21:25:34.323930 n-d-840985-2 devstack@placement-api.service[104549]: [pid: 104549|app: 0|req: 155/305] 10.222.0.23 () {60 vars in 1380 bytes} [Fri May 6 21:25:34 2022] GET /placement/allocations/b8fe7272-3329-412a-bc04-589cdf9774a3 => generated 259 bytes in 157 msecs (HTTP/1.1 200) 8 headers in 296 bytes (1 switches on core 0)
May 06 21:25:34.326082 n-d-840985-2 devstack@placement-api.service[104548]: DEBUG placement.requestlog [req-f5a97afd-7a36-4834-b04a-726df1414fb9 req-20d400fe-f069-47cd-84c7-955d70734e40 None None] Starting request: 10.222.0.23 "GET /placement/allocations/b8fe7272-3329-412a-bc04-589cdf9774a3" {{(pid=104548) __call__ /opt/stack/placement/placement/requestlog.py:55}}
May 06 21:25:34.354370 n-d-840985-2 devstack@placement-api.service[104548]: INFO placement.requestlog [req-f5a97afd-7a36-4834-b04a-726df1414fb9 req-20d400fe-f069-47cd-84c7-955d70734e40 service placement] 10.222.0.23 "GET /placement/allocations/b8fe7272-3329-412a-bc04-589cdf9774a3" status: 200 len: 259 microversion: 1.28
May 06 21:25:34.354754 n-d-840985-2 devstack@placement-api.service[104548]: [pid: 104548|app: 0|req: 151/306] 10.222.0.23 () {60 vars in 1380 bytes} [Fri May 6 21:25:34 2022] GET /placement/allocations/b8fe7272-3329-412a-bc04-589cdf9774a3 => generated 259 bytes in 29 msecs (HTTP/1.1 200) 8 headers in 296 bytes (1 switches on core 0)
May 06 21:25:34.360762 n-d-840985-2 devstack@placement-api.service[104549]: DEBUG placement.requestlog [req-f5a97afd-7a36-4834-b04a-726df1414fb9 req-52c33d85-5327-4527-afa2-40092290ab56 None None] Starting request: 10.222.0.23 "GET /placement/allocations/13b539fb-3cf2-41c5-aade-1023190224f9" {{(pid=104549) __call__ /opt/stack/placement/placement/requestlog.py:55}}
May 06 21:25:34.385629 n-d-840985-2 devstack@placement-api.service[104549]: INFO placement.requestlog [req-f5a97afd-7a36-4834-b04a-726df1414fb9 req-52c33d85-5327-4527-afa2-40092290ab56 service placement] 10.222.0.23 "GET /placement/allocations/13b539fb-3cf2-41c5-aade-1023190224f9" status: 200 len: 19 microversion: 1.28
May 06 21:25:34.389547 n-d-840985-2 devstack@placement-api.service[104549]: [pid: 104549|app: 0|req: 156/307] 10.222.0.23 () {60 vars in 1380 bytes} [Fri May 6 21:25:34 2022] GET /placement/allocations/13b539fb-3cf2-41c5-aade-1023190224f9 => generated 19 bytes in 29 msecs (HTTP/1.1 200) 8 headers in 295 bytes (1 switches on core 0)
May 06 21:25:34.395236 n-d-840985-2 devstack@placement-api.service[104548]: DEBUG placement.requestlog [req-f5a97afd-7a36-4834-b04a-726df1414fb9 req-d9d69f4a-5f7f-46e2-b5cb-f782c1597518 None None] Starting request: 10.222.0.23 "POST /placement/allocations" {{(pid=104548) __call__ /opt/stack/placement/placement/requestlog.py:55}}
May 06 21:25:34.536090 n-d-840985-2 devstack@placement-api.service[104548]: DEBUG placement.handlers.allocation [req-f5a97afd-7a36-4834-b04a-726df1414fb9 req-d9d69f4a-5f7f-46e2-b5cb-f782c1597518 service placement] Successfully wrote allocations [, , , , , ] {{(pid=104548) _update_consumers_and_create_allocations /opt/stack/placement/placement/handlers/allocation.py:572}}
May 06 21:25:34.564394 n-d-840985-2 devstack@placement-api.service[104548]: INFO placement.requestlog [req-f5a97afd-7a36-4834-b04a-726df1414fb9 req-d9d69f4a-5f7f-46e2-b5cb-f782c1597518 service placement] 10.222.0.23 "POST /placement/allocations" status: 204 len: 0 microversion: 1.28
May 06 21:25:34.565920 n-d-840985-2 devstack@placement-api.service[104548]: [pid: 104548|app: 0|req: 152/308] 10.222.0.23 () {64 vars in 1323 bytes} [Fri May 6 21:25:34 2022] POST /placement/allocations => generated 0 bytes in 171 msecs (HTTP/1.1 204) 5 headers in 199 bytes (1 switches on core 0)
May 06 21:25:34.613696 n-d-840985-2 devstack@placement-api.service[104549]: DEBUG placement.requestlog [req-f5a97afd-7a36-4834-b04a-726df1414fb9 req-cdc33aaf-3f8f-42e4-9b1b-113c57927f9b None None] Starting request: 10.222.0.23 "GET /placement/allocations/b8fe7272-3329-412a-bc04-589cdf9774a3" {{(pid=104549) __call__ /opt/stack/placement/placement/requestlog.py:55}}
May 06 21:25:34.630064 n-d-840985-2 devstack@placement-api.service[104549]: INFO placement.requestlog [req-f5a97afd-7a36-4834-b04a-726df1414fb9 req-cdc33aaf-3f8f-42e4-9b1b-113c57927f9b service placement] 10.222.0.23 "GET /placement/allocations/b8fe7272-3329-412a-bc04-589cdf9774a3" status: 200 len: 19 microversion: 1.28
May 06 21:25:34.632206 n-d-840985-2 devstack@placement-api.service[104549]: [pid: 104549|app: 0|req: 157/309] 10.222.0.23 () {60 vars in 1380 bytes} [Fri May 6 21:25:34 2022] GET /placement/allocations/b8fe7272-3329-412a-bc04-589cdf9774a3 => generated 19 bytes in 19 msecs (HTTP/1.1 200) 8 headers in 295 bytes (1 switches on core 0)
May 06 21:25:34.637591 n-d-840985-2 devstack@placement-api.service[104548]: DEBUG placement.requestlog [req-f5a97afd-7a36-4834-b04a-726df1414fb9 req-0ef5f55b-95f5-4a13-855f-0410a63ef15f None None] Starting request: 10.222.0.23 "PUT /placement/allocations/b8fe7272-3329-412a-bc04-589cdf9774a3" {{(pid=104548) __call__ /opt/stack/placement/placement/requestlog.py:55}}
May 06 21:25:34.745795 n-d-840985-2 devstack@placement-api.service[104548]: DEBUG placement.handlers.allocation [req-f5a97afd-7a36-4834-b04a-726df1414fb9 req-0ef5f55b-95f5-4a13-855f-0410a63ef15f service placement] Successfully wrote allocations [, , ] {{(pid=104548) _update_consumers_and_create_allocations /opt/stack/placement/placement/handlers/allocation.py:462}}
May 06 21:25:34.754537 n-d-840985-2 devstack@placement-api.service[104548]: INFO placement.requestlog [req-f5a97afd-7a36-4834-b04a-726df1414fb9 req-0ef5f55b-95f5-4a13-855f-0410a63ef15f service placement] 10.222.0.23 "PUT /placement/allocations/b8fe7272-3329-412a-bc04-589cdf9774a3" status: 204 len: 0 microversion: 1.28
May 06 21:25:34.755529 n-d-840985-2 devstack@placement-api.service[104548]: [pid: 104548|app: 0|req: 153/310] 10.222.0.23 () {64 vars in 1433 bytes} [Fri May 6 21:25:34 2022] PUT /placement/allocations/b8fe7272-3329-412a-bc04-589cdf9774a3 => generated 0 bytes in 118 msecs (HTTP/1.1 204) 5 headers in 199 bytes (1 switches on core 0)
May 06 21:25:36.135921 n-d-840985-2 devstack@placement-api.service[104549]: DEBUG placement.requestlog [req-f5a97afd-7a36-4834-b04a-726df1414fb9 req-185078b0-088c-4c98-be2d-f545339eb3bb None None] Starting request: 10.222.0.25 "GET /placement/allocations/b8fe7272-3329-412a-bc04-589cdf9774a3" {{(pid=104549) __call__ /opt/stack/placement/placement/requestlog.py:55}}
May 06 21:25:36.169258 n-d-840985-2 devstack@placement-api.service[104549]: INFO placement.requestlog [req-f5a97afd-7a36-4834-b04a-726df1414fb9 req-185078b0-088c-4c98-be2d-f545339eb3bb service placement] 10.222.0.25 "GET /placement/allocations/b8fe7272-3329-412a-bc04-589cdf9774a3" status: 200 len: 259 microversion: 1.28
