May 10 11:31:03.084861 n-d-840949-1 devstack@placement-api.service[103249]: [pid: 103249|app: 0|req: 287/574] 10.222.0.70 () {60 vars in 1377 bytes} [Tue May 10 11:31:03 2022] GET /placement/allocations/62a48d39-0e8d-4a07-8f34-5f9643ced653 => generated 259 bytes in 32 msecs (HTTP/1.1 200) 8 headers in 296 bytes (1 switches on core 0)
May 10 11:31:04.885925 n-d-840949-1 devstack@placement-api.service[103250]: DEBUG placement.requestlog [req-ed88b793-b9e0-4da9-9640-3111e04383e8 req-9a5a6291-d49a-42ce-a2ff-b3d1c1d59050 None None] Starting request: 10.222.0.70 "DELETE /placement/allocations/0c620686-73da-49fb-9b72-77eb22e509ca" {{(pid=103250) __call__ /opt/stack/placement/placement/requestlog.py:55}}
May 10 11:31:04.945616 n-d-840949-1 devstack@placement-api.service[103250]: DEBUG placement.handlers.allocation [req-ed88b793-b9e0-4da9-9640-3111e04383e8 req-9a5a6291-d49a-42ce-a2ff-b3d1c1d59050 service placement] Successfully deleted allocations [, , ] {{(pid=103250) delete_allocations /opt/stack/placement/placement/handlers/allocation.py:627}}
May 10 11:31:04.949068 n-d-840949-1 devstack@placement-api.service[103250]: INFO placement.requestlog [req-ed88b793-b9e0-4da9-9640-3111e04383e8 req-9a5a6291-d49a-42ce-a2ff-b3d1c1d59050 service placement] 10.222.0.70 "DELETE /placement/allocations/0c620686-73da-49fb-9b72-77eb22e509ca" status: 204 len: 0 microversion: 1.0
May 10 11:31:04.956515 n-d-840949-1 devstack@placement-api.service[103250]: [pid: 103250|app: 0|req: 288/575] 10.222.0.70 () {60 vars in 1355 bytes} [Tue May 10 11:31:04 2022] DELETE /placement/allocations/0c620686-73da-49fb-9b72-77eb22e509ca => generated 0 bytes in 67 msecs (HTTP/1.1 204) 5 headers in 198 bytes (1 switches on core 0)
May 10 11:31:05.819979 n-d-840949-1 devstack@placement-api.service[103249]: DEBUG placement.requestlog [req-3f7cb07b-614c-45d9-9a81-626dc2d42228 req-6a1a6e9d-61aa-4e89-8981-1b8ddf6da819 None None] Starting request: 10.222.0.49 "DELETE /placement/allocations/0db32367-e560-40da-8a0f-9ab86dcb19c9" {{(pid=103249) __call__ /opt/stack/placement/placement/requestlog.py:55}}
May 10 11:31:05.910638 n-d-840949-1 devstack@placement-api.service[103249]: DEBUG placement.handlers.allocation [req-3f7cb07b-614c-45d9-9a81-626dc2d42228 req-6a1a6e9d-61aa-4e89-8981-1b8ddf6da819 service placement] Successfully deleted allocations [, , ] {{(pid=103249) delete_allocations /opt/stack/placement/placement/handlers/allocation.py:627}}
May 10 11:31:05.911584 n-d-840949-1 devstack@placement-api.service[103249]: INFO placement.requestlog [req-3f7cb07b-614c-45d9-9a81-626dc2d42228 req-6a1a6e9d-61aa-4e89-8981-1b8ddf6da819 service placement] 10.222.0.49 "DELETE /placement/allocations/0db32367-e560-40da-8a0f-9ab86dcb19c9" status: 204 len: 0 microversion: 1.0
May 10 11:31:05.912166 n-d-840949-1 devstack@placement-api.service[103249]: [pid: 103249|app: 0|req: 288/576] 10.222.0.49 () {60 vars in 1355 bytes} [Tue May 10 11:31:05 2022] DELETE /placement/allocations/0db32367-e560-40da-8a0f-9ab86dcb19c9 => generated 0 bytes in 92 msecs (HTTP/1.1 204) 5 headers in 198 bytes (1 switches on core 0)
May 10 11:31:10.158538 n-d-840949-1 devstack@placement-api.service[103250]: DEBUG placement.requestlog [req-09744eef-4a73-4d32-960c-f50dc523ac7b req-9dbc06f7-7b81-4c88-b029-508ddd7d0705 None None] Starting request: 10.222.0.70 "DELETE /placement/allocations/4200bb6b-0a2e-4223-9ccb-715b6a288a37" {{(pid=103250) __call__ /opt/stack/placement/placement/requestlog.py:55}}
May 10 11:31:10.199016 n-d-840949-1 devstack@placement-api.service[103250]: DEBUG placement.handlers.allocation [req-09744eef-4a73-4d32-960c-f50dc523ac7b req-9dbc06f7-7b81-4c88-b029-508ddd7d0705 service placement] Successfully deleted allocations [, , ] {{(pid=103250) delete_allocations /opt/stack/placement/placement/handlers/allocation.py:627}}
May 10 11:31:10.199511 n-d-840949-1 devstack@placement-api.service[103250]: INFO placement.requestlog [req-09744eef-4a73-4d32-960c-f50dc523ac7b req-9dbc06f7-7b81-4c88-b029-508ddd7d0705 service placement] 10.222.0.70 "DELETE /placement/allocations/4200bb6b-0a2e-4223-9ccb-715b6a288a37" status: 204 len: 0 microversion: 1.0
May 10 11:31:10.199883 n-d-840949-1 devstack@placement-api.service[103250]: [pid: 103250|app: 0|req: 289/577] 10.222.0.70 () {60 vars in 1355 bytes} [Tue May 10 11:31:10 2022] DELETE /placement/allocations/4200bb6b-0a2e-4223-9ccb-715b6a288a37 => generated 0 bytes in 42 msecs (HTTP/1.1 204) 5 headers in 198 bytes (1 switches on core 0)
May 10 11:31:10.313136 n-d-840949-1 devstack@placement-api.service[103249]: DEBUG placement.requestlog [req-adf2158d-bbb4-4455-803e-0c139c5fd31d req-064a35be-0710-49b2-9887-ff3bfa133a93 None None] Starting request: 10.222.0.49 "DELETE /placement/allocations/d706a195-ec8b-483a-a1f2-f3d27de13e2c" {{(pid=103249) __call__ /opt/stack/placement/placement/requestlog.py:55}}
May 10 11:31:10.388321 n-d-840949-1 devstack@placement-api.service[103249]: DEBUG placement.handlers.allocation [req-adf2158d-bbb4-4455-803e-0c139c5fd31d req-064a35be-0710-49b2-9887-ff3bfa133a93 service placement] Successfully deleted allocations [, , ] {{(pid=103249) delete_allocations /opt/stack/placement/placement/handlers/allocation.py:627}}
May 10 11:31:10.389005 n-d-840949-1 devstack@placement-api.service[103249]: INFO placement.requestlog [req-adf2158d-bbb4-4455-803e-0c139c5fd31d req-064a35be-0710-49b2-9887-ff3bfa133a93 service placement] 10.222.0.49 "DELETE /placement/allocations/d706a195-ec8b-483a-a1f2-f3d27de13e2c" status: 204 len: 0 microversion: 1.0
May 10 11:31:10.389233 n-d-840949-1 devstack@placement-api.service[103249]: [pid: 103249|app: 0|req: 289/578] 10.222.0.49 () {60 vars in 1355 bytes} [Tue May 10 11:31:10 2022] DELETE /placement/allocations/d706a195-ec8b-483a-a1f2-f3d27de13e2c => generated 0 bytes in 76 msecs (HTTP/1.1 204) 5 headers in 198 bytes (1 switches on core 0)
May 10 11:31:13.274431 n-d-840949-1 devstack@placement-api.service[103250]: DEBUG placement.requestlog [req-503f5564-c7b5-4e83-a7cf-eec55c7b4b50 req-50cd4d94-e36f-4249-9e01-51b51ce62a44 None None] Starting request: 10.222.0.70 "DELETE /placement/allocations/4200bb6b-0a2e-4223-9ccb-715b6a288a37" {{(pid=103250) __call__ /opt/stack/placement/placement/requestlog.py:55}}
May 10 11:31:13.290226 n-d-840949-1 devstack@placement-api.service[103250]: DEBUG placement.wsgi_wrapper [req-503f5564-c7b5-4e83-a7cf-eec55c7b4b50 req-50cd4d94-e36f-4249-9e01-51b51ce62a44 service placement] Placement API returning an error response: No allocations for consumer '4200bb6b-0a2e-4223-9ccb-715b6a288a37' {{(pid=103250) call_func /opt/stack/placement/placement/wsgi_wrapper.py:31}}
May 10 11:31:13.291020 n-d-840949-1 devstack@placement-api.service[103250]: INFO placement.requestlog [req-503f5564-c7b5-4e83-a7cf-eec55c7b4b50 req-50cd4d94-e36f-4249-9e01-51b51ce62a44 service placement] 10.222.0.70 "DELETE /placement/allocations/4200bb6b-0a2e-4223-9ccb-715b6a288a37" status: 404 len: 228 microversion: 1.0
May 10 11:31:13.291209 n-d-840949-1 devstack@placement-api.service[103250]: [pid: 103250|app: 0|req: 290/579] 10.222.0.70 () {60 vars in 1355 bytes} [Tue May 10 11:31:13 2022] DELETE /placement/allocations/4200bb6b-0a2e-4223-9ccb-715b6a288a37 => generated 228 bytes in 17 msecs (HTTP/1.1 404) 6 headers in 231 bytes (1 switches on core 0)
May 10 11:31:13.412442 n-d-840949-1 devstack@placement-api.service[103249]: DEBUG placement.requestlog [None req-d951e19f-a33a-46be-b82f-dc7ac7ae6f7a None None] Starting request: 10.222.0.13 "GET /placement/" {{(pid=103249) __call__ /opt/stack/placement/placement/requestlog.py:55}}
May 10 11:31:13.413162 n-d-840949-1 devstack@placement-api.service[103249]: INFO placement.requestlog [None req-d951e19f-a33a-46be-b82f-dc7ac7ae6f7a None None] 10.222.0.13 "GET /placement/" status: 200 len: 136 microversion: 1.0
May 10 11:31:13.413680 n-d-840949-1 devstack@placement-api.service[103249]: [pid: 103249|app: 0|req: 290/580] 10.222.0.13 () {54 vars in 916 bytes} [Tue May 10 11:31:13 2022] GET /placement => generated 136 bytes in 2 msecs (HTTP/1.1 200) 6 headers in 224 bytes (1 switches on core 0)
May 10 11:31:13.432507 n-d-840949-1 devstack@placement-api.service[103250]: DEBUG placement.requestlog [req-364fc14c-b805-4184-bdf0-14a172155184 req-6c1cab7e-ea01-42c8-a3c7-960502366857 None None] Starting request: 10.222.0.13 "GET /placement/allocations/7d9d94eb-cfe9-498c-9345-112dc909d6f0" {{(pid=103250) __call__ /opt/stack/placement/placement/requestlog.py:55}}
May 10 11:31:13.770767 n-d-840949-1 devstack@placement-api.service[103250]: INFO placement.requestlog [req-364fc14c-b805-4184-bdf0-14a172155184 req-6c1cab7e-ea01-42c8-a3c7-960502366857 service placement] 10.222.0.13 "GET /placement/allocations/7d9d94eb-cfe9-498c-9345-112dc909d6f0" status: 200 len: 245 microversion: 1.28
May 10 11:31:13.771312 n-d-840949-1 devstack@placement-api.service[103250]: [pid: 103250|app: 0|req: 291/581] 10.222.0.13 () {60 vars in 1380 bytes} [Tue May 10 11:31:13 2022] GET /placement/allocations/7d9d94eb-cfe9-498c-9345-112dc909d6f0 => generated 245 bytes in 339 msecs (HTTP/1.1 200) 8 headers in 296 bytes (1 switches on core 0)
May 10 11:31:13.797939 n-d-840949-1 devstack@placement-api.service[103249]: DEBUG placement.requestlog [req-364fc14c-b805-4184-bdf0-14a172155184 req-5a55ca6c-69eb-4bca-be6f-ad0eeb1817bd None None] Starting request: 10.222.0.13 "GET /placement/allocations/7d9d94eb-cfe9-498c-9345-112dc909d6f0" {{(pid=103249) __call__ /opt/stack/placement/placement/requestlog.py:55}}
May 10 11:31:13.834721 n-d-840949-1 devstack@placement-api.service[103249]: INFO placement.requestlog [req-364fc14c-b805-4184-bdf0-14a172155184 req-5a55ca6c-69eb-4bca-be6f-ad0eeb1817bd service placement] 10.222.0.13 "GET /placement/allocations/7d9d94eb-cfe9-498c-9345-112dc909d6f0" status: 200 len: 245 microversion: 1.28
May 10 11:31:13.848746 n-d-840949-1 devstack@placement-api.service[103250]: DEBUG placement.requestlog [req-364fc14c-b805-4184-bdf0-14a172155184 req-fed2ed35-8c93-454c-81b3-dec8eea96fd9 None None] Starting request: 10.222.0.13 "GET /placement/allocations/1a36df56-b88a-4401-93cd-a547d159cc1b" {{(pid=103250) __call__ /opt/stack/placement/placement/requestlog.py:55}}
May 10 11:31:13.862405 n-d-840949-1 devstack@placement-api.service[103249]: [pid: 103249|app: 0|req: 291/582] 10.222.0.13 () {60 vars in 1380 bytes} [Tue May 10 11:31:13 2022] GET /placement/allocations/7d9d94eb-cfe9-498c-9345-112dc909d6f0 => generated 245 bytes in 67 msecs (HTTP/1.1 200) 8 headers in 296 bytes (1 switches on core 0)
May 10 11:31:13.871186 n-d-840949-1 devstack@placement-api.service[103250]: INFO placement.requestlog [req-364fc14c-b805-4184-bdf0-14a172155184 req-fed2ed35-8c93-454c-81b3-dec8eea96fd9 service placement] 10.222.0.13 "GET /placement/allocations/1a36df56-b88a-4401-93cd-a547d159cc1b" status: 200 len: 19 microversion: 1.28
May 10 11:31:13.878806 n-d-840949-1 devstack@placement-api.service[103249]: DEBUG placement.requestlog [req-364fc14c-b805-4184-bdf0-14a172155184 req-60e83a11-5936-42ad-bc27-92bfe17052b4 None None] Starting request: 10.222.0.13 "POST /placement/allocations" {{(pid=103249) __call__ /opt/stack/placement/placement/requestlog.py:55}}
May 10 11:31:13.897631 n-d-840949-1 devstack@placement-api.service[103250]: [pid: 103250|app: 0|req: 292/583] 10.222.0.13 () {60 vars in 1380 bytes} [Tue May 10 11:31:13 2022] GET /placement/allocations/1a36df56-b88a-4401-93cd-a547d159cc1b => generated 19 bytes in 49 msecs (HTTP/1.1 200) 8 headers in 295 bytes (2 switches on core 0)
May 10 11:31:14.054827 n-d-840949-1 devstack@placement-api.service[103249]: DEBUG placement.handlers.allocation [req-364fc14c-b805-4184-bdf0-14a172155184 req-60e83a11-5936-42ad-bc27-92bfe17052b4 service placement] Successfully wrote allocations [, , , ] {{(pid=103249) _update_consumers_and_create_allocations /opt/stack/placement/placement/handlers/allocation.py:572}}
May 10 11:31:14.060459 n-d-840949-1 devstack@placement-api.service[103249]: INFO placement.requestlog [req-364fc14c-b805-4184-bdf0-14a172155184 req-60e83a11-5936-42ad-bc27-92bfe17052b4 service placement] 10.222.0.13 "POST /placement/allocations" status: 204 len: 0 microversion: 1.28
May 10 11:31:14.063372 n-d-840949-1 devstack@placement-api.service[103249]: [pid: 103249|app: 0|req: 292/584] 10.222.0.13 () {64 vars in 1323 bytes} [Tue May 10 11:31:13 2022] POST /placement/allocations => generated 0 bytes in 183 msecs (HTTP/1.1 204) 5 headers in 199 bytes (1 switches on core 0)
May 10 11:31:14.100738 n-d-840949-1 devstack@placement-api.service[103250]: DEBUG placement.requestlog [req-364fc14c-b805-4184-bdf0-14a172155184 req-43643410-331e-4d5c-9cb4-0ac3f7dd9807 None None] Starting request: 10.222.0.13 "GET /placement/allocations/7d9d94eb-cfe9-498c-9345-112dc909d6f0" {{(pid=103250) __call__ /opt/stack/placement/placement/requestlog.py:55}}
May 10 11:31:14.115868 n-d-840949-1 devstack@placement-api.service[103250]: INFO placement.requestlog [req-364fc14c-b805-4184-bdf0-14a172155184 req-43643410-331e-4d5c-9cb4-0ac3f7dd9807 service placement] 10.222.0.13 "GET /placement/allocations/7d9d94eb-cfe9-498c-9345-112dc909d6f0" status: 200 len: 19 microversion: 1.28
May 10 11:31:14.119640 n-d-840949-1 devstack@placement-api.service[103250]: [pid: 103250|app: 0|req: 293/585] 10.222.0.13 () {60 vars in 1380 bytes} [Tue May 10 11:31:14 2022] GET /placement/allocations/7d9d94eb-cfe9-498c-9345-112dc909d6f0 => generated 19 bytes in 19 msecs (HTTP/1.1 200) 8 headers in 295 bytes (1 switches on core 0)
May 10 11:31:14.123737 n-d-840949-1 devstack@placement-api.service[103249]: DEBUG placement.requestlog [req-364fc14c-b805-4184-bdf0-14a172155184 req-40ca0c92-6c83-4017-a8f1-b25bfb54ef5a None None] Starting request: 10.222.0.13 "PUT /placement/allocations/7d9d94eb-cfe9-498c-9345-112dc909d6f0" {{(pid=103249) __call__ /opt/stack/placement/placement/requestlog.py:55}}
May 10 11:31:14.183189 n-d-840949-1 devstack@placement-api.service[103249]: DEBUG placement.handlers.allocation [req-364fc14c-b805-4184-bdf0-14a172155184 req-40ca0c92-6c83-4017-a8f1-b25bfb54ef5a service placement] Successfully wrote allocations [, ] {{(pid=103249) _update_consumers_and_create_allocations /opt/stack/placement/placement/handlers/allocation.py:462}}
May 10 11:31:14.194487 n-d-840949-1 devstack@placement-api.service[103249]: INFO placement.requestlog [req-364fc14c-b805-4184-bdf0-14a172155184 req-40ca0c92-6c83-4017-a8f1-b25bfb54ef5a service placement] 10.222.0.13 "PUT /placement/allocations/7d9d94eb-cfe9-498c-9345-112dc909d6f0" status: 204 len: 0 microversion: 1.28
May 10 11:31:14.195614 n-d-840949-1 devstack@placement-api.service[103249]: [pid: 103249|app: 0|req: 293/586] 10.222.0.13 () {64 vars in 1433 bytes} [Tue May 10 11:31:14 2022] PUT /placement/allocations/7d9d94eb-cfe9-498c-9345-112dc909d6f0 => generated 0 bytes in 72 msecs (HTTP/1.1 204) 5 headers in 199 bytes (2 switches on core 0)
May 10 11:31:14.558319 n-d-840949-1 devstack@placement-api.service[103250]: DEBUG placement.requestlog [req-364fc14c-b805-4184-bdf0-14a172155184 req-62f5a624-fee3-4b44-a593-b1614f7ca1d7 None None] Starting request: 10.222.0.49 "GET /placement/allocations/7d9d94eb-cfe9-498c-9345-112dc909d6f0" {{(pid=103250) __call__ /opt/stack/placement/placement/requestlog.py:55}}
May 10 11:31:14.575448 n-d-840949-1 devstack@placement-api.service[103250]: INFO placement.requestlog [req-364fc14c-b805-4184-bdf0-14a172155184 req-62f5a624-fee3-4b44-a593-b1614f7ca1d7 service placement] 10.222.0.49 "GET /placement/allocations/7d9d94eb-cfe9-498c-9345-112dc909d6f0" status: 200 len: 245 microversion: 1.28
May 10 11:31:14.576337 n-d-840949-1 devstack@placement-api.service[103250]: [pid: 103250|app: 0|req: 294/587] 10.222.0.49 () {60 vars in 1377 bytes} [Tue May 10 11:31:14 2022] GET /placement/allocations/7d9d94eb-cfe9-498c-9345-112dc909d6f0 => generated 245 bytes in 18 msecs (HTTP/1.1 200) 8 headers in 296 bytes (1 switches on core 0)
May 10 11:31:17.083698 n-d-840949-1 devstack@placement-api.service[103249]: DEBUG placement.requestlog [req-d6b4d3b4-92e8-4727-b2ce-72e07d540bf4 req-271dece1-c313-411d-a9ab-da1f4dfc994a None None] Starting request: 10.222.0.13 "GET /placement/allocation_candidates?limit=1000&resources=DISK_GB%3A1%2CMEMORY_MB%3A1024%2CVCPU%3A1&root_required=%21COMPUTE_STATUS_DISABLED" {{(pid=103249) __call__ /opt/stack/placement/placement/requestlog.py:55}}
May 10 11:31:17.632262 n-d-840949-1 devstack@placement-api.service[103249]: DEBUG placement.objects.research_context [req-d6b4d3b4-92e8-4727-b2ce-72e07d540bf4 req-271dece1-c313-411d-a9ab-da1f4dfc994a service placement] getting providers with 1 DISK_GB {{(pid=103249) __init__ /opt/stack/placement/placement/objects/research_context.py:126}}
May 10 11:31:17.647477 n-d-840949-1 devstack@placement-api.service[103249]: DEBUG placement.objects.research_context [req-d6b4d3b4-92e8-4727-b2ce-72e07d540bf4 req-271dece1-c313-411d-a9ab-da1f4dfc994a service placement] getting providers with 1024 MEMORY_MB {{(pid=103249) __init__ /opt/stack/placement/placement/objects/research_context.py:126}}
May 10 11:31:17.657721 n-d-840949-1 devstack@placement-api.service[103249]: DEBUG placement.objects.research_context [req-d6b4d3b4-92e8-4727-b2ce-72e07d540bf4 req-271dece1-c313-411d-a9ab-da1f4dfc994a service placement] getting providers with 1 VCPU {{(pid=103249) __init__ /opt/stack/placement/placement/objects/research_context.py:126}}
May 10 11:31:17.665639 n-d-840949-1 devstack@placement-api.service[103249]: DEBUG placement.objects.research_context [req-d6b4d3b4-92e8-4727-b2ce-72e07d540bf4 req-271dece1-c313-411d-a9ab-da1f4dfc994a service placement] found 2 providers with available 1 DISK_GB {{(pid=103249) get_provider_ids_matching /opt/stack/placement/placement/objects/research_context.py:549}}
May 10 11:31:17.666088 n-d-840949-1 devstack@placement-api.service[103249]: DEBUG placement.objects.research_context [req-d6b4d3b4-92e8-4727-b2ce-72e07d540bf4 req-271dece1-c313-411d-a9ab-da1f4dfc994a service placement] found 2 providers with available 1024 MEMORY_MB {{(pid=103249) get_provider_ids_matching /opt/stack/placement/placement/objects/research_context.py:549}}
May 10 11:31:17.666823 n-d-840949-1 devstack@placement-api.service[103249]: DEBUG placement.objects.research_context [req-d6b4d3b4-92e8-4727-b2ce-72e07d540bf4 req-271dece1-c313-411d-a9ab-da1f4dfc994a service placement] found 2 providers after filtering by previous result {{(pid=103249) get_provider_ids_matching /opt/stack/placement/placement/objects/research_context.py:580}}
May 10 11:31:17.668896 n-d-840949-1 devstack@placement-api.service[103249]: DEBUG placement.objects.research_context [req-d6b4d3b4-92e8-4727-b2ce-72e07d540bf4 req-271dece1-c313-411d-a9ab-da1f4dfc994a service placement] found 2 providers with available 1 VCPU {{(pid=103249) get_provider_ids_matching /opt/stack/placement/placement/objects/research_context.py:549}}
May 10 11:31:17.669035 n-d-840949-1 devstack@placement-api.service[103249]: DEBUG placement.objects.research_context [req-d6b4d3b4-92e8-4727-b2ce-72e07d540bf4 req-271dece1-c313-411d-a9ab-da1f4dfc994a service placement] found 2 providers after filtering by previous result {{(pid=103249) get_provider_ids_matching /opt/stack/placement/placement/objects/research_context.py:580}}
May 10 11:31:17.704219 n-d-840949-1 devstack@placement-api.service[103249]: DEBUG placement.objects.allocation_candidate [req-d6b4d3b4-92e8-4727-b2ce-72e07d540bf4 req-271dece1-c313-411d-a9ab-da1f4dfc994a service placement] RequestGroup(use_same_provider=False, resources={DISK_GB:1, MEMORY_MB:1024, VCPU:1}, traits=[], aggregates=[]) (suffix '') returned 2 matches {{(pid=103249) _get_by_requests /opt/stack/placement/placement/objects/allocation_candidate.py:145}}
May 10 11:31:17.704586 n-d-840949-1 devstack@placement-api.service[103249]: DEBUG placement.objects.allocation_candidate [req-d6b4d3b4-92e8-4727-b2ce-72e07d540bf4 req-271dece1-c313-411d-a9ab-da1f4dfc994a service placement] Merging candidates yields 2 allocation requests and 2 provider summaries {{(pid=103249) _merge_candidates /opt/stack/placement/placement/objects/allocation_candidate.py:783}}
May 10 11:31:17.706504 n-d-840949-1 devstack@placement-api.service[103249]: INFO placement.requestlog [req-d6b4d3b4-92e8-4727-b2ce-72e07d540bf4 req-271dece1-c313-411d-a9ab-da1f4dfc994a service placement] 10.222.0.13 "GET /placement/allocation_candidates?limit=1000&resources=DISK_GB%3A1%2CMEMORY_MB%3A1024%2CVCPU%3A1&root_required=%21COMPUTE_STATUS_DISABLED" status: 200 len: 1309 microversion: 1.36
May 10 11:31:17.711689 n-d-840949-1 devstack@placement-api.service[103249]: [pid: 103249|app: 0|req: 294/588] 10.222.0.13 () {60 vars in 1506 bytes} [Tue May 10 11:31:17 2022] GET /placement/allocation_candidates?limit=1000&resources=DISK_GB%3A1%2CMEMORY_MB%3A1024%2CVCPU%3A1&root_required=%21COMPUTE_STATUS_DISABLED => generated 1309 bytes in 628 msecs (HTTP/1.1 200) 8 headers in 297 bytes (1 switches on core 0)
May 10 11:31:17.798962 n-d-840949-1 devstack@placement-api.service[103250]: DEBUG placement.requestlog [req-d6b4d3b4-92e8-4727-b2ce-72e07d540bf4 req-3f9dd40d-55b0-4f3d-a0d5-4ce1f8af4f76 None None] Starting request: 10.222.0.13 "GET /placement/allocations/2b0f8e55-3d39-4143-8be8-85877870cb85" {{(pid=103250) __call__ /opt/stack/placement/placement/requestlog.py:55}}
May 10 11:31:17.841310 n-d-840949-1 devstack@placement-api.service[103250]: INFO placement.requestlog [req-d6b4d3b4-92e8-4727-b2ce-72e07d540bf4 req-3f9dd40d-55b0-4f3d-a0d5-4ce1f8af4f76 service placement] 10.222.0.13 "GET /placement/allocations/2b0f8e55-3d39-4143-8be8-85877870cb85" status: 200 len: 19 microversion: 1.28
May 10 11:31:17.846514 n-d-840949-1 devstack@placement-api.service[103250]: [pid: 103250|app: 0|req: 295/589] 10.222.0.13 () {60 vars in 1380 bytes} [Tue May 10 11:31:17 2022] GET /placement/allocations/2b0f8e55-3d39-4143-8be8-85877870cb85 => generated 19 bytes in 48 msecs (HTTP/1.1 200) 8 headers in 295 bytes (1 switches on core 0)
May 10 11:31:17.866836 n-d-840949-1 devstack@placement-api.service[103249]: DEBUG placement.requestlog [req-d6b4d3b4-92e8-4727-b2ce-72e07d540bf4 req-c0de1974-1e34-4983-96d0-6c7dae45162d None None] Starting request: 10.222.0.13 "PUT /placement/allocations/2b0f8e55-3d39-4143-8be8-85877870cb85" {{(pid=103249) __call__ /opt/stack/placement/placement/requestlog.py:55}}
May 10 11:31:17.944281 n-d-840949-1 devstack@placement-api.service[103249]: DEBUG placement.handlers.allocation [req-d6b4d3b4-92e8-4727-b2ce-72e07d540bf4 req-c0de1974-1e34-4983-96d0-6c7dae45162d service placement] Successfully wrote allocations [, , ] {{(pid=103249) _update_consumers_and_create_allocations /opt/stack/placement/placement/handlers/allocation.py:462}}
May 10 11:31:17.951047 n-d-840949-1 devstack@placement-api.service[103249]: INFO placement.requestlog [req-d6b4d3b4-92e8-4727-b2ce-72e07d540bf4 req-c0de1974-1e34-4983-96d0-6c7dae45162d service placement] 10.222.0.13 "PUT /placement/allocations/2b0f8e55-3d39-4143-8be8-85877870cb85" status: 204 len: 0 microversion: 1.36
May 10 11:31:17.965700 n-d-840949-1 devstack@placement-api.service[103249]: [pid: 103249|app: 0|req: 295/590] 10.222.0.13 () {64 vars in 1433 bytes} [Tue May 10 11:31:17 2022] PUT /placement/allocations/2b0f8e55-3d39-4143-8be8-85877870cb85 => generated 0 bytes in 85 msecs (HTTP/1.1 204) 5 headers in 199 bytes (2 switches on core 0)
May 10 11:31:18.476960 n-d-840949-1 devstack@placement-api.service[103250]: DEBUG placement.requestlog [req-d6b4d3b4-92e8-4727-b2ce-72e07d540bf4 req-242537cb-65d5-4c4c-b32d-438e168d8217 None None] Starting request: 10.222.0.49 "GET /placement/allocations/2b0f8e55-3d39-4143-8be8-85877870cb85" {{(pid=103250) __call__ /opt/stack/placement/placement/requestlog.py:55}}
May 10 11:31:18.507205 n-d-840949-1 devstack@placement-api.service[103250]: INFO placement.requestlog [req-d6b4d3b4-92e8-4727-b2ce-72e07d540bf4 req-242537cb-65d5-4c4c-b32d-438e168d8217 service placement] 10.222.0.49 "GET /placement/allocations/2b0f8e55-3d39-4143-8be8-85877870cb85" status: 200 len: 259 microversion: 1.28
May 10 11:31:18.508041 n-d-840949-1 devstack@placement-api.service[103250]: [pid: 103250|app: 0|req: 296/591] 10.222.0.49 () {60 vars in 1377 bytes} [Tue May 10 11:31:18 2022] GET /placement/allocations/2b0f8e55-3d39-4143-8be8-85877870cb85 => generated 259 bytes in 31 msecs (HTTP/1.1 200) 8 headers in 296 bytes (1 switches on core 0)
May 10 11:31:21.345282 n-d-840949-1 devstack@placement-api.service[103249]: DEBUG placement.requestlog [req-93b1bc7f-54e6-40d8-ab49-f80997b8c1fe req-e01c3b81-a800-4b80-bb6d-3a0eb273110d None None] Starting request: 10.222.0.13 "GET /placement/allocation_candidates?limit=1000&resources=DISK_GB%3A1%2CMEMORY_MB%3A1024%2CVCPU%3A1&root_required=%21COMPUTE_STATUS_DISABLED" {{(pid=103249) __call__ /opt/stack/placement/placement/requestlog.py:55}}
May 10 11:31:21.403441 n-d-840949-1 devstack@placement-api.service[103249]: DEBUG placement.objects.research_context [req-93b1bc7f-54e6-40d8-ab49-f80997b8c1fe req-e01c3b81-a800-4b80-bb6d-3a0eb273110d service placement] getting providers with 1 DISK_GB {{(pid=103249) __init__ /opt/stack/placement/placement/objects/research_context.py:126}}
May 10 11:31:21.421760 n-d-840949-1 devstack@placement-api.service[103249]: DEBUG placement.objects.research_context [req-93b1bc7f-54e6-40d8-ab49-f80997b8c1fe req-e01c3b81-a800-4b80-bb6d-3a0eb273110d service placement] getting providers with 1024 MEMORY_MB {{(pid=103249) __init__ /opt/stack/placement/placement/objects/research_context.py:126}}
May 10 11:31:21.436313 n-d-840949-1 devstack@placement-api.service[103249]: DEBUG placement.objects.research_context [req-93b1bc7f-54e6-40d8-ab49-f80997b8c1fe req-e01c3b81-a800-4b80-bb6d-3a0eb273110d service placement] getting providers with 1 VCPU {{(pid=103249) __init__ /opt/stack/placement/placement/objects/research_context.py:126}}
May 10 11:31:21.449182 n-d-840949-1 devstack@placement-api.service[103249]: DEBUG placement.objects.research_context [req-93b1bc7f-54e6-40d8-ab49-f80997b8c1fe req-e01c3b81-a800-4b80-bb6d-3a0eb273110d service placement] found 2 providers with available 1 DISK_GB {{(pid=103249) get_provider_ids_matching /opt/stack/placement/placement/objects/research_context.py:549}}
May 10 11:31:21.451192 n-d-840949-1 devstack@placement-api.service[103249]: DEBUG placement.objects.research_context [req-93b1bc7f-54e6-40d8-ab49-f80997b8c1fe req-e01c3b81-a800-4b80-bb6d-3a0eb273110d service placement] found 2 providers with available 1024 MEMORY_MB {{(pid=103249) get_provider_ids_matching /opt/stack/placement/placement/objects/research_context.py:549}}
May 10 11:31:21.451590 n-d-840949-1 devstack@placement-api.service[103249]: DEBUG placement.objects.research_context [req-93b1bc7f-54e6-40d8-ab49-f80997b8c1fe req-e01c3b81-a800-4b80-bb6d-3a0eb273110d service placement] found 2 providers after filtering by previous result {{(pid=103249) get_provider_ids_matching /opt/stack/placement/placement/objects/research_context.py:580}}
May 10 11:31:21.451964 n-d-840949-1 devstack@placement-api.service[103249]: DEBUG placement.objects.research_context [req-93b1bc7f-54e6-40d8-ab49-f80997b8c1fe req-e01c3b81-a800-4b80-bb6d-3a0eb273110d service placement] found 2 providers with available 1 VCPU {{(pid=103249) get_provider_ids_matching /opt/stack/placement/placement/objects/research_context.py:549}}
May 10 11:31:21.453289 n-d-840949-1 devstack@placement-api.service[103249]: DEBUG placement.objects.research_context [req-93b1bc7f-54e6-40d8-ab49-f80997b8c1fe req-e01c3b81-a800-4b80-bb6d-3a0eb273110d service placement] found 2 providers after filtering by previous result {{(pid=103249) get_provider_ids_matching /opt/stack/placement/placement/objects/research_context.py:580}}
May 10 11:31:21.477254 n-d-840949-1 devstack@placement-api.service[103249]: DEBUG placement.objects.allocation_candidate [req-93b1bc7f-54e6-40d8-ab49-f80997b8c1fe req-e01c3b81-a800-4b80-bb6d-3a0eb273110d service placement] RequestGroup(use_same_provider=False, resources={DISK_GB:1, MEMORY_MB:1024, VCPU:1}, traits=[], aggregates=[]) (suffix '') returned 2 matches {{(pid=103249) _get_by_requests /opt/stack/placement/placement/objects/allocation_candidate.py:145}}
May 10 11:31:21.479458 n-d-840949-1 devstack@placement-api.service[103249]: DEBUG placement.objects.allocation_candidate [req-93b1bc7f-54e6-40d8-ab49-f80997b8c1fe req-e01c3b81-a800-4b80-bb6d-3a0eb273110d service placement] Merging candidates yields 2 allocation requests and 2 provider summaries {{(pid=103249) _merge_candidates /opt/stack/placement/placement/objects/allocation_candidate.py:783}}
May 10 11:31:21.483579 n-d-840949-1 devstack@placement-api.service[103249]: INFO placement.requestlog [req-93b1bc7f-54e6-40d8-ab49-f80997b8c1fe req-e01c3b81-a800-4b80-bb6d-3a0eb273110d service placement] 10.222.0.13 "GET /placement/allocation_candidates?limit=1000&resources=DISK_GB%3A1%2CMEMORY_MB%3A1024%2CVCPU%3A1&root_required=%21COMPUTE_STATUS_DISABLED" status: 200 len: 1309 microversion: 1.36
May 10 11:31:21.484280 n-d-840949-1 devstack@placement-api.service[103249]: [pid: 103249|app: 0|req: 296/592] 10.222.0.13 () {60 vars in 1506 bytes} [Tue May 10 11:31:21 2022] GET /placement/allocation_candidates?limit=1000&resources=DISK_GB%3A1%2CMEMORY_MB%3A1024%2CVCPU%3A1&root_required=%21COMPUTE_STATUS_DISABLED => generated 1309 bytes in 139 msecs (HTTP/1.1 200) 8 headers in 297 bytes (1 switches on core 0)
May 10 11:31:21.570967 n-d-840949-1 devstack@placement-api.service[103250]: DEBUG placement.requestlog [req-93b1bc7f-54e6-40d8-ab49-f80997b8c1fe req-38bef076-c4e7-40c8-96aa-3550d4b0d40d None None] Starting request: 10.222.0.13 "GET /placement/allocations/dae4fa40-813f-4ed9-84c1-ae6a8c907a8b" {{(pid=103250) __call__ /opt/stack/placement/placement/requestlog.py:55}}
May 10 11:31:21.584395 n-d-840949-1 devstack@placement-api.service[103250]: INFO placement.requestlog [req-93b1bc7f-54e6-40d8-ab49-f80997b8c1fe req-38bef076-c4e7-40c8-96aa-3550d4b0d40d service placement] 10.222.0.13 "GET /placement/allocations/dae4fa40-813f-4ed9-84c1-ae6a8c907a8b" status: 200 len: 19 microversion: 1.28
May 10 11:31:21.589936 n-d-840949-1 devstack@placement-api.service[103250]: [pid: 103250|app: 0|req: 297/593] 10.222.0.13 () {60 vars in 1380 bytes} [Tue May 10 11:31:21 2022] GET /placement/allocations/dae4fa40-813f-4ed9-84c1-ae6a8c907a8b => generated 19 bytes in 20 msecs (HTTP/1.1 200) 8 headers in 295 bytes (1 switches on core 0)
May 10 11:31:21.593369 n-d-840949-1 devstack@placement-api.service[103249]: DEBUG placement.requestlog [req-93b1bc7f-54e6-40d8-ab49-f80997b8c1fe req-063f9335-f909-4488-b82e-0ccb721ba3b3 None None] Starting request: 10.222.0.13 "PUT /placement/allocations/dae4fa40-813f-4ed9-84c1-ae6a8c907a8b" {{(pid=103249) __call__ /opt/stack/placement/placement/requestlog.py:55}}
May 10 11:31:21.746586 n-d-840949-1 devstack@placement-api.service[103249]: DEBUG placement.handlers.allocation [req-93b1bc7f-54e6-40d8-ab49-f80997b8c1fe req-063f9335-f909-4488-b82e-0ccb721ba3b3 service placement] Successfully wrote allocations [, , ] {{(pid=103249) _update_consumers_and_create_allocations /opt/stack/placement/placement/handlers/allocation.py:462}}
May 10 11:31:21.762529 n-d-840949-1 devstack@placement-api.service[103249]: INFO placement.requestlog [req-93b1bc7f-54e6-40d8-ab49-f80997b8c1fe req-063f9335-f909-4488-b82e-0ccb721ba3b3 service placement] 10.222.0.13 "PUT /placement/allocations/dae4fa40-813f-4ed9-84c1-ae6a8c907a8b" status: 204 len: 0 microversion: 1.36
May 10 11:31:21.763813 n-d-840949-1 devstack@placement-api.service[103249]: [pid: 103249|app: 0|req: 297/594] 10.222.0.13 () {64 vars in 1433 bytes} [Tue May 10 11:31:21 2022] PUT /placement/allocations/dae4fa40-813f-4ed9-84c1-ae6a8c907a8b => generated 0 bytes in 170 msecs (HTTP/1.1 204) 5 headers in 199 bytes (1 switches on core 0)
May 10 11:31:22.292603 n-d-840949-1 devstack@placement-api.service[103250]: DEBUG placement.requestlog [req-93b1bc7f-54e6-40d8-ab49-f80997b8c1fe req-8b04dde5-423b-4916-bccd-051534d809f6 None None] Starting request: 10.222.0.49 "GET /placement/allocations/dae4fa40-813f-4ed9-84c1-ae6a8c907a8b" {{(pid=103250) __call__ /opt/stack/placement/placement/requestlog.py:55}}
May 10 11:31:22.358047 n-d-840949-1 devstack@placement-api.service[103250]: INFO placement.requestlog [req-93b1bc7f-54e6-40d8-ab49-f80997b8c1fe req-8b04dde5-423b-4916-bccd-051534d809f6 service placement] 10.222.0.49 "GET /placement/allocations/dae4fa40-813f-4ed9-84c1-ae6a8c907a8b" status: 200 len: 259 microversion: 1.28
May 10 11:31:22.359150 n-d-840949-1 devstack@placement-api.service[103250]: [pid: 103250|app: 0|req: 298/595] 10.222.0.49 () {60 vars in 1377 bytes} [Tue May 10 11:31:22 2022] GET /placement/allocations/dae4fa40-813f-4ed9-84c1-ae6a8c907a8b => generated 259 bytes in 67 msecs (HTTP/1.1 200) 8 headers in 296 bytes (1 switches on core 0)
May 10 11:31:23.544680 n-d-840949-1 devstack@placement-api.service[103249]: DEBUG placement.requestlog [req-d62c3a08-958d-47c4-aa4a-5a125613a94b req-c8aec41c-1b98-42d3-aec0-5b4a70237a8c None None] Starting request: 10.222.0.13 "GET /placement/allocation_candidates?limit=1000&resources=DISK_GB%3A1%2CMEMORY_MB%3A1024%2CVCPU%3A1&root_required=%21COMPUTE_STATUS_DISABLED" {{(pid=103249) __call__ /opt/stack/placement/placement/requestlog.py:55}}
May 10 11:31:23.602033 n-d-840949-1 devstack@placement-api.service[103249]: DEBUG placement.objects.research_context [req-d62c3a08-958d-47c4-aa4a-5a125613a94b req-c8aec41c-1b98-42d3-aec0-5b4a70237a8c service placement] getting providers with 1 DISK_GB {{(pid=103249) __init__ /opt/stack/placement/placement/objects/research_context.py:126}}
May 10 11:31:23.618725 n-d-840949-1 devstack@placement-api.service[103249]: DEBUG placement.objects.research_context [req-d62c3a08-958d-47c4-aa4a-5a125613a94b req-c8aec41c-1b98-42d3-aec0-5b4a70237a8c service placement] getting providers with 1024 MEMORY_MB {{(pid=103249) __init__ /opt/stack/placement/placement/objects/research_context.py:126}}
May 10 11:31:23.625233 n-d-840949-1 devstack@placement-api.service[103249]: DEBUG placement.objects.research_context [req-d62c3a08-958d-47c4-aa4a-5a125613a94b req-c8aec41c-1b98-42d3-aec0-5b4a70237a8c service placement] getting providers with 1 VCPU {{(pid=103249) __init__ /opt/stack/placement/placement/objects/research_context.py:126}}
May 10 11:31:23.635662 n-d-840949-1 devstack@placement-api.service[103249]: DEBUG placement.objects.research_context [req-d62c3a08-958d-47c4-aa4a-5a125613a94b req-c8aec41c-1b98-42d3-aec0-5b4a70237a8c service placement] found 2 providers with available 1 DISK_GB {{(pid=103249) get_provider_ids_matching /opt/stack/placement/placement/objects/research_context.py:549}}
May 10 11:31:23.636023 n-d-840949-1 devstack@placement-api.service[103249]: DEBUG placement.objects.research_context [req-d62c3a08-958d-47c4-aa4a-5a125613a94b req-c8aec41c-1b98-42d3-aec0-5b4a70237a8c service placement] found 2 providers with available 1024 MEMORY_MB {{(pid=103249) get_provider_ids_matching /opt/stack/placement/placement/objects/research_context.py:549}}
May 10 11:31:23.636233 n-d-840949-1 devstack@placement-api.service[103249]: DEBUG placement.objects.research_context [req-d62c3a08-958d-47c4-aa4a-5a125613a94b req-c8aec41c-1b98-42d3-aec0-5b4a70237a8c service placement] found 2 providers after filtering by previous result {{(pid=103249) get_provider_ids_matching /opt/stack/placement/placement/objects/research_context.py:580}}
May 10 11:31:23.636485 n-d-840949-1 devstack@placement-api.service[103249]: DEBUG placement.objects.research_context [req-d62c3a08-958d-47c4-aa4a-5a125613a94b req-c8aec41c-1b98-42d3-aec0-5b4a70237a8c service placement] found 2 providers with available 1 VCPU {{(pid=103249) get_provider_ids_matching /opt/stack/placement/placement/objects/research_context.py:549}}
May 10 11:31:23.636779 n-d-840949-1 devstack@placement-api.service[103249]: DEBUG placement.objects.research_context [req-d62c3a08-958d-47c4-aa4a-5a125613a94b req-c8aec41c-1b98-42d3-aec0-5b4a70237a8c service placement] found 2 providers after filtering by previous result {{(pid=103249) get_provider_ids_matching /opt/stack/placement/placement/objects/research_context.py:580}}
May 10 11:31:23.656967 n-d-840949-1 devstack@placement-api.service[103249]: DEBUG placement.objects.allocation_candidate [req-d62c3a08-958d-47c4-aa4a-5a125613a94b req-c8aec41c-1b98-42d3-aec0-5b4a70237a8c service placement] RequestGroup(use_same_provider=False, resources={DISK_GB:1, MEMORY_MB:1024, VCPU:1}, traits=[], aggregates=[]) (suffix '') returned 2 matches {{(pid=103249) _get_by_requests /opt/stack/placement/placement/objects/allocation_candidate.py:145}}
May 10 11:31:23.657339 n-d-840949-1 devstack@placement-api.service[103249]: DEBUG placement.objects.allocation_candidate [req-d62c3a08-958d-47c4-aa4a-5a125613a94b req-c8aec41c-1b98-42d3-aec0-5b4a70237a8c service placement] Merging candidates yields 2 allocation requests and 2 provider summaries {{(pid=103249) _merge_candidates /opt/stack/placement/placement/objects/allocation_candidate.py:783}}
May 10 11:31:23.663914 n-d-840949-1 devstack@placement-api.service[103249]: INFO placement.requestlog [req-d62c3a08-958d-47c4-aa4a-5a125613a94b req-c8aec41c-1b98-42d3-aec0-5b4a70237a8c service placement] 10.222.0.13 "GET /placement/allocation_candidates?limit=1000&resources=DISK_GB%3A1%2CMEMORY_MB%3A1024%2CVCPU%3A1&root_required=%21COMPUTE_STATUS_DISABLED" status: 200 len: 1309 microversion: 1.36
May 10 11:31:23.664194 n-d-840949-1 devstack@placement-api.service[103249]: [pid: 103249|app: 0|req: 298/596] 10.222.0.13 () {60 vars in 1506 bytes} [Tue May 10 11:31:23 2022] GET /placement/allocation_candidates?limit=1000&resources=DISK_GB%3A1%2CMEMORY_MB%3A1024%2CVCPU%3A1&root_required=%21COMPUTE_STATUS_DISABLED => generated 1309 bytes in 120 msecs (HTTP/1.1 200) 8 headers in 297 bytes (1 switches on core 0)
May 10 11:31:23.769110 n-d-840949-1 devstack@placement-api.service[103250]: DEBUG placement.requestlog [req-d62c3a08-958d-47c4-aa4a-5a125613a94b req-11f7cf5e-1fbf-4889-8927-1803479da603 None None] Starting request: 10.222.0.13 "GET /placement/allocations/163b7276-1b30-45b6-ad06-bc57472bbd3e" {{(pid=103250) __call__ /opt/stack/placement/placement/requestlog.py:55}}
May 10 11:31:23.791047 n-d-840949-1 devstack@placement-api.service[103250]: INFO placement.requestlog [req-d62c3a08-958d-47c4-aa4a-5a125613a94b req-11f7cf5e-1fbf-4889-8927-1803479da603 service placement] 10.222.0.13 "GET /placement/allocations/163b7276-1b30-45b6-ad06-bc57472bbd3e" status: 200 len: 19 microversion: 1.28
May 10 11:31:23.791365 n-d-840949-1 devstack@placement-api.service[103250]: [pid: 103250|app: 0|req: 299/597] 10.222.0.13 () {60 vars in 1380 bytes} [Tue May 10 11:31:23 2022] GET /placement/allocations/163b7276-1b30-45b6-ad06-bc57472bbd3e => generated 19 bytes in 23 msecs (HTTP/1.1 200) 8 headers in 295 bytes (1 switches on core 0)
May 10 11:31:23.800290 n-d-840949-1 devstack@placement-api.service[103249]: DEBUG placement.requestlog [req-d62c3a08-958d-47c4-aa4a-5a125613a94b req-44f3e3c8-0707-4d2f-9a60-0ac996bcbe4d None None] Starting request: 10.222.0.13 "PUT /placement/allocations/163b7276-1b30-45b6-ad06-bc57472bbd3e" {{(pid=103249) __call__ /opt/stack/placement/placement/requestlog.py:55}}
May 10 11:31:23.905234 n-d-840949-1 devstack@placement-api.service[103249]: DEBUG placement.handlers.allocation [req-d62c3a08-958d-47c4-aa4a-5a125613a94b req-44f3e3c8-0707-4d2f-9a60-0ac996bcbe4d service placement] Successfully wrote allocations [, , ] {{(pid=103249) _update_consumers_and_create_allocations /opt/stack/placement/placement/handlers/allocation.py:462}}
May 10 11:31:23.917053 n-d-840949-1 devstack@placement-api.service[103249]: INFO placement.requestlog [req-d62c3a08-958d-47c4-aa4a-5a125613a94b req-44f3e3c8-0707-4d2f-9a60-0ac996bcbe4d service placement] 10.222.0.13 "PUT /placement/allocations/163b7276-1b30-45b6-ad06-bc57472bbd3e" status: 204 len: 0 microversion: 1.36
May 10 11:31:23.917804 n-d-840949-1 devstack@placement-api.service[103249]: [pid: 103249|app: 0|req: 299/598] 10.222.0.13 () {64 vars in 1433 bytes} [Tue May 10 11:31:23 2022] PUT /placement/allocations/163b7276-1b30-45b6-ad06-bc57472bbd3e => generated 0 bytes in 118 msecs (HTTP/1.1 204) 5 headers in 199 bytes (2 switches on core 0)
May 10 11:31:24.415392 n-d-840949-1 devstack@placement-api.service[103250]: DEBUG placement.requestlog [req-d62c3a08-958d-47c4-aa4a-5a125613a94b req-fcbbd1d4-b570-415e-9564-4569e31e5bbc None None] Starting request: 10.222.0.70 "GET /placement/allocations/163b7276-1b30-45b6-ad06-bc57472bbd3e" {{(pid=103250) __call__ /opt/stack/placement/placement/requestlog.py:55}}
May 10 11:31:24.455213 n-d-840949-1 devstack@placement-api.service[103250]: INFO placement.requestlog [req-d62c3a08-958d-47c4-aa4a-5a125613a94b req-fcbbd1d4-b570-415e-9564-4569e31e5bbc service placement] 10.222.0.70 "GET /placement/allocations/163b7276-1b30-45b6-ad06-bc57472bbd3e" status: 200 len: 259 microversion: 1.28
May 10 11:31:24.455666 n-d-840949-1 devstack@placement-api.service[103250]: [pid: 103250|app: 0|req: 300/599] 10.222.0.70 () {60 vars in 1377 bytes} [Tue May 10 11:31:24 2022] GET /placement/allocations/163b7276-1b30-45b6-ad06-bc57472bbd3e => generated 259 bytes in 41 msecs (HTTP/1.1 200) 8 headers in 296 bytes (2 switches on core 0)
May 10 11:31:41.359953 n-d-840949-1 devstack@placement-api.service[103249]: DEBUG placement.requestlog [req-03f5243f-dcad-4ebc-8663-7c982fc2f302 req-dfac7cb9-0b38-4fd7-961a-135f2c26b481 None None] Starting request: 10.222.0.49 "DELETE /placement/allocations/2b0f8e55-3d39-4143-8be8-85877870cb85" {{(pid=103249) __call__ /opt/stack/placement/placement/requestlog.py:55}}
May 10 11:31:41.440707 n-d-840949-1 devstack@placement-api.service[103249]: DEBUG placement.handlers.allocation [req-03f5243f-dcad-4ebc-8663-7c982fc2f302 req-dfac7cb9-0b38-4fd7-961a-135f2c26b481 service placement] Successfully deleted allocations [, , ] {{(pid=103249) delete_allocations /opt/stack/placement/placement/handlers/allocation.py:627}}
May 10 11:31:41.442502 n-d-840949-1 devstack@placement-api.service[103249]: INFO placement.requestlog [req-03f5243f-dcad-4ebc-8663-7c982fc2f302 req-dfac7cb9-0b38-4fd7-961a-135f2c26b481 service placement] 10.222.0.49 "DELETE /placement/allocations/2b0f8e55-3d39-4143-8be8-85877870cb85" status: 204 len: 0 microversion: 1.0
May 10 11:31:41.443228 n-d-840949-1 devstack@placement-api.service[103249]: [pid: 103249|app: 0|req: 300/600] 10.222.0.49 () {60 vars in 1355 bytes} [Tue May 10 11:31:41 2022] DELETE /placement/allocations/2b0f8e55-3d39-4143-8be8-85877870cb85 => generated 0 bytes in 84 msecs (HTTP/1.1 204) 5 headers in 198 bytes (1 switches on core 0)
May 10 11:31:43.766259 n-d-840949-1 devstack@placement-api.service[103250]: DEBUG placement.requestlog [req-12964d18-57e2-40a7-9025-35a04af33dfb req-6dcf3224-81e4-40b3-8c19-6057f2f77e33 None None] Starting request: 10.222.0.13 "GET /placement/allocation_candidates?limit=1000&resources=DISK_GB%3A1%2CMEMORY_MB%3A1024%2CVCPU%3A1&root_required=%21COMPUTE_STATUS_DISABLED" {{(pid=103250) __call__ /opt/stack/placement/placement/requestlog.py:55}}
May 10 11:31:43.823002 n-d-840949-1 devstack@placement-api.service[103250]: DEBUG placement.objects.research_context [req-12964d18-57e2-40a7-9025-35a04af33dfb req-6dcf3224-81e4-40b3-8c19-6057f2f77e33 service placement] getting providers with 1 DISK_GB {{(pid=103250) __init__ /opt/stack/placement/placement/objects/research_context.py:126}}
May 10 11:31:43.838242 n-d-840949-1 devstack@placement-api.service[103250]: DEBUG placement.objects.research_context [req-12964d18-57e2-40a7-9025-35a04af33dfb req-6dcf3224-81e4-40b3-8c19-6057f2f77e33 service placement] getting providers with 1024 MEMORY_MB {{(pid=103250) __init__ /opt/stack/placement/placement/objects/research_context.py:126}}
May 10 11:31:43.857576 n-d-840949-1 devstack@placement-api.service[103250]: DEBUG placement.objects.research_context [req-12964d18-57e2-40a7-9025-35a04af33dfb req-6dcf3224-81e4-40b3-8c19-6057f2f77e33 service placement] getting providers with 1 VCPU {{(pid=103250) __init__ /opt/stack/placement/placement/objects/research_context.py:126}}
May 10 11:31:43.876258 n-d-840949-1 devstack@placement-api.service[103250]: DEBUG placement.objects.research_context [req-12964d18-57e2-40a7-9025-35a04af33dfb req-6dcf3224-81e4-40b3-8c19-6057f2f77e33 service placement] found 2 providers with available 1 DISK_GB {{(pid=103250) get_provider_ids_matching /opt/stack/placement/placement/objects/research_context.py:549}}
May 10 11:31:43.876525 n-d-840949-1 devstack@placement-api.service[103250]: DEBUG placement.objects.research_context [req-12964d18-57e2-40a7-9025-35a04af33dfb req-6dcf3224-81e4-40b3-8c19-6057f2f77e33 service placement] found 2 providers with available 1024 MEMORY_MB {{(pid=103250) get_provider_ids_matching /opt/stack/placement/placement/objects/research_context.py:549}}
May 10 11:31:43.879748 n-d-840949-1 devstack@placement-api.service[103250]: DEBUG placement.objects.research_context [req-12964d18-57e2-40a7-9025-35a04af33dfb req-6dcf3224-81e4-40b3-8c19-6057f2f77e33 service placement] found 2 providers after filtering by previous result {{(pid=103250) get_provider_ids_matching /opt/stack/placement/placement/objects/research_context.py:580}}
May 10 11:31:43.880060 n-d-840949-1 devstack@placement-api.service[103250]: DEBUG placement.objects.research_context [req-12964d18-57e2-40a7-9025-35a04af33dfb req-6dcf3224-81e4-40b3-8c19-6057f2f77e33 service placement] found 2 providers with available 1 VCPU {{(pid=103250) get_provider_ids_matching /opt/stack/placement/placement/objects/research_context.py:549}}
May 10 11:31:43.880472 n-d-840949-1 devstack@placement-api.service[103250]: DEBUG placement.objects.research_context [req-12964d18-57e2-40a7-9025-35a04af33dfb req-6dcf3224-81e4-40b3-8c19-6057f2f77e33 service placement] found 2 providers after filtering by previous result {{(pid=103250) get_provider_ids_matching /opt/stack/placement/placement/objects/research_context.py:580}}
May 10 11:31:43.910449 n-d-840949-1 devstack@placement-api.service[103250]: DEBUG placement.objects.allocation_candidate [req-12964d18-57e2-40a7-9025-35a04af33dfb req-6dcf3224-81e4-40b3-8c19-6057f2f77e33 service placement] RequestGroup(use_same_provider=False, resources={DISK_GB:1, MEMORY_MB:1024, VCPU:1}, traits=[], aggregates=[]) (suffix '') returned 2 matches {{(pid=103250) _get_by_requests /opt/stack/placement/placement/objects/allocation_candidate.py:145}}
May 10 11:31:43.912686 n-d-840949-1 devstack@placement-api.service[103250]: DEBUG placement.objects.allocation_candidate [req-12964d18-57e2-40a7-9025-35a04af33dfb req-6dcf3224-81e4-40b3-8c19-6057f2f77e33 service placement] Merging candidates yields 2 allocation requests and 2 provider summaries {{(pid=103250) _merge_candidates /opt/stack/placement/placement/objects/allocation_candidate.py:783}}
May 10 11:31:43.914548 n-d-840949-1 devstack@placement-api.service[103250]: INFO placement.requestlog [req-12964d18-57e2-40a7-9025-35a04af33dfb req-6dcf3224-81e4-40b3-8c19-6057f2f77e33 service placement] 10.222.0.13 "GET /placement/allocation_candidates?limit=1000&resources=DISK_GB%3A1%2CMEMORY_MB%3A1024%2CVCPU%3A1&root_required=%21COMPUTE_STATUS_DISABLED" status: 200 len: 1309 microversion: 1.36
May 10 11:31:43.917055 n-d-840949-1 devstack@placement-api.service[103250]: [pid: 103250|app: 0|req: 301/601] 10.222.0.13 () {60 vars in 1506 bytes} [Tue May 10 11:31:43 2022] GET /placement/allocation_candidates?limit=1000&resources=DISK_GB%3A1%2CMEMORY_MB%3A1024%2CVCPU%3A1&root_required=%21COMPUTE_STATUS_DISABLED => generated 1309 bytes in 151 msecs (HTTP/1.1 200) 8 headers in 297 bytes (1 switches on core 0)
May 10 11:31:44.025160 n-d-840949-1 devstack@placement-api.service[103249]: DEBUG placement.requestlog [req-12964d18-57e2-40a7-9025-35a04af33dfb req-27632296-7beb-43e8-88a0-22899b3e9eb2 None None] Starting request: 10.222.0.13 "GET /placement/allocations/02caa2df-a08c-4554-98f4-480651d717ab" {{(pid=103249) __call__ /opt/stack/placement/placement/requestlog.py:55}}
May 10 11:31:44.044694 n-d-840949-1 devstack@placement-api.service[103249]: INFO placement.requestlog [req-12964d18-57e2-40a7-9025-35a04af33dfb req-27632296-7beb-43e8-88a0-22899b3e9eb2 service placement] 10.222.0.13 "GET /placement/allocations/02caa2df-a08c-4554-98f4-480651d717ab" status: 200 len: 19 microversion: 1.28
May 10 11:31:44.045220 n-d-840949-1 devstack@placement-api.service[103249]: [pid: 103249|app: 0|req: 301/602] 10.222.0.13 () {60 vars in 1380 bytes} [Tue May 10 11:31:44 2022] GET /placement/allocations/02caa2df-a08c-4554-98f4-480651d717ab => generated 19 bytes in 20 msecs (HTTP/1.1 200) 8 headers in 295 bytes (1 switches on core 0)
May 10 11:31:44.057880 n-d-840949-1 devstack@placement-api.service[103250]: DEBUG placement.requestlog [req-12964d18-57e2-40a7-9025-35a04af33dfb req-aa45d6e4-3576-4982-92b5-d5f85ca18081 None None] Starting request: 10.222.0.13 "PUT /placement/allocations/02caa2df-a08c-4554-98f4-480651d717ab" {{(pid=103250) __call__ /opt/stack/placement/placement/requestlog.py:55}}
May 10 11:31:44.142434 n-d-840949-1 devstack@placement-api.service[103250]: DEBUG placement.handlers.allocation [req-12964d18-57e2-40a7-9025-35a04af33dfb req-aa45d6e4-3576-4982-92b5-d5f85ca18081 service placement] Successfully wrote allocations [, , ] {{(pid=103250) _update_consumers_and_create_allocations /opt/stack/placement/placement/handlers/allocation.py:462}}
May 10 11:31:44.150871 n-d-840949-1 devstack@placement-api.service[103250]: INFO placement.requestlog [req-12964d18-57e2-40a7-9025-35a04af33dfb req-aa45d6e4-3576-4982-92b5-d5f85ca18081 service placement] 10.222.0.13 "PUT /placement/allocations/02caa2df-a08c-4554-98f4-480651d717ab" status: 204 len: 0 microversion: 1.36
