May 06 12:17:45.202212 n-d-840847-1 neutron-server[83952]: DEBUG neutron_lib.callbacks.manager [None req-174603e0-aee6-423c-a56f-044c295389ad admin admin] Notify callbacks [] for router, before_response {{(pid=83952) _notify_loop /usr/local/lib/python3.8/dist-packages/neutron_lib/callbacks/manager.py:192}}
May 06 12:17:45.203858 n-d-840847-1 neutron-server[83952]: INFO neutron.wsgi [None req-174603e0-aee6-423c-a56f-044c295389ad admin admin] 10.222.0.44 "POST /v2.0/routers HTTP/1.1" status: 201 len: 936 time: 7.4016931
May 06 12:17:45.208343 n-d-840847-1 neutron-server[83952]: DEBUG neutron.wsgi [-] (83952) accepted ('10.222.0.44', 48146) {{(pid=83952) server /usr/local/lib/python3.8/dist-packages/eventlet/wsgi.py:992}}
May 06 12:17:45.236331 n-d-840847-1 neutron-server[83955]: INFO neutron.wsgi [None req-de80b95a-9371-4be7-be84-37afef89dd15 admin admin] 10.222.0.44 "GET /v2.0/security-groups?tenant_id=80cd520433fc4d3c92f7da97d0f851bc&name=default HTTP/1.1" status: 200 len: 2647 time: 0.7054901
May 06 12:17:45.244752 n-d-840847-1 neutron-server[83955]: DEBUG neutron.wsgi [-] (83955) accepted ('10.222.0.44', 48150) {{(pid=83955) server /usr/local/lib/python3.8/dist-packages/eventlet/wsgi.py:992}}
May 06 12:17:45.258730 n-d-840847-1 neutron-server[83958]: DEBUG neutron.plugins.ml2.rpc [None req-5cf903ef-5c38-400d-902f-c8b41b788b1c None None] Device 0693ed66-b3fc-44df-af8b-365833626f3d up at agent hyperv_n-h1-840847-1 {{(pid=83958) update_device_up /opt/stack/neutron/neutron/plugins/ml2/rpc.py:278}}
May 06 12:17:45.408247 n-d-840847-1 neutron-server[83955]: DEBUG neutron_lib.callbacks.manager [None req-fc48b24e-909f-4f73-be2c-2a7429656d3b admin admin] Notify callbacks [] for security_group, precommit_create {{(pid=83955) _notify_loop /usr/local/lib/python3.8/dist-packages/neutron_lib/callbacks/manager.py:192}}
May 06 12:17:45.413393 n-d-840847-1 neutron-server[83955]: DEBUG neutron_lib.callbacks.manager [None req-1ac455ab-83e1-4a38-967c-c55144417ca5 admin admin] Notify callbacks [] for security_group, before_delete {{(pid=83955) _notify_loop /usr/local/lib/python3.8/dist-packages/neutron_lib/callbacks/manager.py:192}}
May 06 12:17:45.465111 n-d-840847-1 neutron-server[83955]: DEBUG neutron_lib.callbacks.manager [None req-1ac455ab-83e1-4a38-967c-c55144417ca5 admin admin] Notify callbacks [] for security_group, precommit_delete {{(pid=83955) _notify_loop /usr/local/lib/python3.8/dist-packages/neutron_lib/callbacks/manager.py:192}}
May 06 12:17:45.489025 n-d-840847-1 neutron-server[83955]: DEBUG neutron_lib.callbacks.manager [None req-fc48b24e-909f-4f73-be2c-2a7429656d3b admin admin] Notify callbacks ['neutron.plugins.ml2.ovo_rpc._ObjectChangeHandler.handle_event-3793599'] for security_group, after_create {{(pid=83955) _notify_loop /usr/local/lib/python3.8/dist-packages/neutron_lib/callbacks/manager.py:192}}
May 06 12:17:45.558245 n-d-840847-1 neutron-server[83955]: DEBUG neutron.plugins.ml2.drivers.helpers [None req-fc48b24e-909f-4f73-be2c-2a7429656d3b admin admin] vlan segment allocate from pool success with {'vlan_id': 247, 'physical_network': 'physnet1'} {{(pid=83955) allocate_partially_specified_segment /opt/stack/neutron/neutron/plugins/ml2/drivers/helpers.py:153}}
May 06 12:17:45.571184 n-d-840847-1 neutron-server[83955]: DEBUG neutron_lib.callbacks.manager [None req-fc48b24e-909f-4f73-be2c-2a7429656d3b admin admin] Notify callbacks ['neutron.plugins.ml2.plugin.Ml2Plugin._handle_segment_change-1085034'] for segment, precommit_create {{(pid=83955) _notify_loop /usr/local/lib/python3.8/dist-packages/neutron_lib/callbacks/manager.py:192}}
May 06 12:17:45.571718 n-d-840847-1 neutron-server[83955]: INFO neutron.db.segments_db [None req-fc48b24e-909f-4f73-be2c-2a7429656d3b admin admin] Added segment a75f898f-b884-464e-ae8a-126245eb614c of type vlan for network 823925fd-599d-4b57-977a-e8bdf27164ba
May 06 12:17:45.611953 n-d-840847-1 neutron-server[83955]: DEBUG neutron_lib.callbacks.manager [None req-fc48b24e-909f-4f73-be2c-2a7429656d3b admin admin] Notify callbacks ['neutron.services.auto_allocate.db._ensure_external_network_default_value_callback-8727639621645'] for network, precommit_create {{(pid=83955) _notify_loop /usr/local/lib/python3.8/dist-packages/neutron_lib/callbacks/manager.py:192}}
May 06 12:17:45.637752 n-d-840847-1 neutron-server[83958]: DEBUG neutron_lib.callbacks.manager [None req-0a2e5e5a-c21f-4c28-a5d3-59636e986176 None None] Notify callbacks ['neutron.services.segments.db._update_segment_host_mapping_for_agent-8727640137063', 'neutron.plugins.ml2.plugin.Ml2Plugin._retry_binding_revived_agents-1139097'] for agent, after_update {{(pid=83958) _notify_loop /usr/local/lib/python3.8/dist-packages/neutron_lib/callbacks/manager.py:192}}
May 06 12:17:45.682736 n-d-840847-1 neutron-server[83958]: DEBUG neutron.db.provisioning_blocks [None req-0a2e5e5a-c21f-4c28-a5d3-59636e986176 None None] Provisioning complete for port 83c31f68-a834-410b-840d-00e6a79d817d triggered by entity L2. {{(pid=83958) provisioning_complete /opt/stack/neutron/neutron/db/provisioning_blocks.py:139}}
May 06 12:17:45.682951 n-d-840847-1 neutron-server[83958]: DEBUG neutron_lib.callbacks.manager [None req-0a2e5e5a-c21f-4c28-a5d3-59636e986176 None None] Notify callbacks ['neutron.plugins.ml2.plugin.Ml2Plugin._port_provisioned-1139176'] for port, provisioning_complete {{(pid=83958) _notify_loop /usr/local/lib/python3.8/dist-packages/neutron_lib/callbacks/manager.py:192}}
May 06 12:17:45.692213 n-d-840847-1 neutron-server[83955]: DEBUG neutron_lib.callbacks.manager [None req-fc48b24e-909f-4f73-be2c-2a7429656d3b admin admin] Notify callbacks ['neutron.plugins.ml2.ovo_rpc._ObjectChangeHandler.handle_event-3774036', 'neutron.api.rpc.agentnotifiers.dhcp_rpc_agent_api.DhcpAgentNotifyAPI._native_event_send_dhcp_notification-3045009'] for network, after_create {{(pid=83955) _notify_loop /usr/local/lib/python3.8/dist-packages/neutron_lib/callbacks/manager.py:192}}
May 06 12:17:45.693150 n-d-840847-1 neutron-server[83955]: DEBUG neutron.pecan_wsgi.hooks.policy_enforcement [None req-fc48b24e-909f-4f73-be2c-2a7429656d3b admin admin] Attributes excluded by policy engine: ['vlan_transparent'] {{(pid=83955) _exclude_attributes_by_policy /opt/stack/neutron/neutron/pecan_wsgi/hooks/policy_enforcement.py:255}}
May 06 12:17:45.693957 n-d-840847-1 neutron-server[83955]: DEBUG neutron_lib.callbacks.manager [None req-fc48b24e-909f-4f73-be2c-2a7429656d3b admin admin] Notify callbacks ['neutron.api.rpc.agentnotifiers.dhcp_rpc_agent_api.DhcpAgentNotifyAPI._send_dhcp_notification-3045016'] for network, before_response {{(pid=83955) _notify_loop /usr/local/lib/python3.8/dist-packages/neutron_lib/callbacks/manager.py:192}}
May 06 12:17:45.812941 n-d-840847-1 neutron-server[83958]: DEBUG neutron.db.provisioning_blocks [None req-7f5bffb1-c536-4cce-bdb3-ff0ce3008e28 None None] Provisioning for port 28cfe48a-d757-4f48-8f59-4a04f69f8698 completed by entity DHCP. {{(pid=83958) provisioning_complete /opt/stack/neutron/neutron/db/provisioning_blocks.py:133}}
May 06 12:17:45.847693 n-d-840847-1 neutron-server[83958]: DEBUG neutron.db.provisioning_blocks [None req-7f5bffb1-c536-4cce-bdb3-ff0ce3008e28 None None] Provisioning complete for port 28cfe48a-d757-4f48-8f59-4a04f69f8698 triggered by entity DHCP. {{(pid=83958) provisioning_complete /opt/stack/neutron/neutron/db/provisioning_blocks.py:139}}
May 06 12:17:45.847693 n-d-840847-1 neutron-server[83958]: DEBUG neutron_lib.callbacks.manager [None req-7f5bffb1-c536-4cce-bdb3-ff0ce3008e28 None None] Notify callbacks ['neutron.plugins.ml2.plugin.Ml2Plugin._port_provisioned-1139176'] for port, provisioning_complete {{(pid=83958) _notify_loop /usr/local/lib/python3.8/dist-packages/neutron_lib/callbacks/manager.py:192}}
May 06 12:17:45.891483 n-d-840847-1 neutron-server[83955]: DEBUG neutron.api.rpc.handlers.resources_rpc [None req-fc48b24e-909f-4f73-be2c-2a7429656d3b admin admin] Pushing event updated for resources: {'Network': ['ID=823925fd-599d-4b57-977a-e8bdf27164ba,revision_number=1']} {{(pid=83955) push /opt/stack/neutron/neutron/api/rpc/handlers/resources_rpc.py:237}}
May 06 12:17:45.909604 n-d-840847-1 neutron-server[83958]: DEBUG neutron_lib.callbacks.manager [None req-c9482de9-2503-4412-9018-d8fd168566e7 None None] Notify callbacks ['neutron.services.segments.db._update_segment_host_mapping_for_agent-8727640137063', 'neutron.plugins.ml2.plugin.Ml2Plugin._retry_binding_revived_agents-1139097'] for agent, after_update {{(pid=83958) _notify_loop /usr/local/lib/python3.8/dist-packages/neutron_lib/callbacks/manager.py:192}}
May 06 12:17:45.974675 n-d-840847-1 neutron-server[83955]: DEBUG neutron.api.rpc.handlers.resources_rpc [None req-fc48b24e-909f-4f73-be2c-2a7429656d3b admin admin] Pushing event updated for resources: {'SecurityGroup': ['ID=e9e293a0-9ec9-41ac-a0f8-2da35e5bccbd,revision_number=1']} {{(pid=83955) push /opt/stack/neutron/neutron/api/rpc/handlers/resources_rpc.py:237}}
May 06 12:17:46.005848 n-d-840847-1 neutron-server[83958]: DEBUG neutron.plugins.ml2.rpc [None req-0a2e5e5a-c21f-4c28-a5d3-59636e986176 None None] Network 823925fd-599d-4b57-977a-e8bdf27164ba details requested by agent ovs-agent-n-d-840847-1 with host n-d-840847-1 {{(pid=83958) get_network_details /opt/stack/neutron/neutron/plugins/ml2/rpc.py:232}}
May 06 12:17:46.014121 n-d-840847-1 neutron-server[83955]: INFO neutron.wsgi [None req-fc48b24e-909f-4f73-be2c-2a7429656d3b admin admin] 10.222.0.44 "POST /v2.0/networks HTTP/1.1" status: 201 len: 897 time: 1.9172757
May 06 12:17:46.014121 n-d-840847-1 neutron-server[83955]: DEBUG neutron_lib.callbacks.manager [None req-1ac455ab-83e1-4a38-967c-c55144417ca5 admin admin] Notify callbacks ['neutron.plugins.ml2.ovo_rpc._ObjectChangeHandler.handle_event-3793599'] for security_group, after_delete {{(pid=83955) _notify_loop /usr/local/lib/python3.8/dist-packages/neutron_lib/callbacks/manager.py:192}}
May 06 12:17:46.015832 n-d-840847-1 neutron-server[83955]: DEBUG neutron_lib.callbacks.manager [None req-1ac455ab-83e1-4a38-967c-c55144417ca5 admin admin] Notify callbacks [] for security_group, before_response {{(pid=83955) _notify_loop /usr/local/lib/python3.8/dist-packages/neutron_lib/callbacks/manager.py:192}}
May 06 12:17:46.016804 n-d-840847-1 neutron-server[83955]: INFO neutron.wsgi [None req-1ac455ab-83e1-4a38-967c-c55144417ca5 admin admin] 10.222.0.44 "DELETE /v2.0/security-groups/ccb5477d-f1df-4b9b-8272-359905d77769 HTTP/1.1" status: 204 len: 168 time: 0.7711291
May 06 12:17:46.024750 n-d-840847-1 neutron-server[83955]: DEBUG neutron.wsgi [-] (83955) accepted ('10.222.0.44', 48164) {{(pid=83955) server /usr/local/lib/python3.8/dist-packages/eventlet/wsgi.py:992}}
May 06 12:17:46.052007 n-d-840847-1 neutron-server[83955]: DEBUG neutron.api.v2.base [None req-0516817c-0881-4eff-8399-1dc2ef4929ef admin admin] Request body: {'subnet': {'network_id': '823925fd-599d-4b57-977a-e8bdf27164ba', 'cidr': '172.20.0.0/28', 'name': 'tempest-LiveMigrationRemoteConsolesV26Test-674922904-subnet', 'tenant_id': '34742edd6293412581d58f36b52c4146', 'enable_dhcp': False, 'ip_version': 4}} {{(pid=83955) prepare_request_body /opt/stack/neutron/neutron/api/v2/base.py:719}}
May 06 12:17:46.070350 n-d-840847-1 neutron-server[83955]: DEBUG neutron.db.quota.driver [None req-0516817c-0881-4eff-8399-1dc2ef4929ef admin admin] Resources subnetpool have unlimited quota limit. It is not required to calculate headroom {{(pid=83955) make_reservation /opt/stack/neutron/neutron/db/quota/driver.py:219}}
May 06 12:17:46.075268 n-d-840847-1 neutron-server[83955]: DEBUG neutron.quota.resource [None req-0516817c-0881-4eff-8399-1dc2ef4929ef admin admin] Usage tracker for resource:subnet and tenant:34742edd6293412581d58f36b52c4146 is out of sync, need to count used quota {{(pid=83955) count_used /opt/stack/neutron/neutron/quota/resource.py:270}}
May 06 12:17:46.078759 n-d-840847-1 neutron-server[83955]: DEBUG neutron.quota.resource [None req-0516817c-0881-4eff-8399-1dc2ef4929ef admin admin] Quota usage for subnet was recalculated. Used quota:0. {{(pid=83955) count_used /opt/stack/neutron/neutron/quota/resource.py:290}}
May 06 12:17:46.086055 n-d-840847-1 neutron-server[83955]: DEBUG neutron.db.quota.driver [None req-0516817c-0881-4eff-8399-1dc2ef4929ef admin admin] Attempting to reserve 1 items for resource subnet. Total usage: 0; quota limit: 100; headroom:100 {{(pid=83955) make_reservation /opt/stack/neutron/neutron/db/quota/driver.py:246}}
May 06 12:17:46.122658 n-d-840847-1 neutron-server[83955]: DEBUG neutron.api.rpc.handlers.resources_rpc [None req-1ac455ab-83e1-4a38-967c-c55144417ca5 admin admin] Pushing event deleted for resources: {'SecurityGroup': ['ID=ccb5477d-f1df-4b9b-8272-359905d77769,revision_number=None']} {{(pid=83955) push /opt/stack/neutron/neutron/api/rpc/handlers/resources_rpc.py:237}}
May 06 12:17:46.125442 n-d-840847-1 neutron-server[83955]: DEBUG neutron.pecan_wsgi.hooks.quota_enforcement [None req-0516817c-0881-4eff-8399-1dc2ef4929ef admin admin] Made reservation on behalf of 34742edd6293412581d58f36b52c4146 for: {'subnet': 1} {{(pid=83955) before /opt/stack/neutron/neutron/pecan_wsgi/hooks/quota_enforcement.py:53}}
May 06 12:17:46.128717 n-d-840847-1 neutron-server[83955]: DEBUG neutron_lib.callbacks.manager [None req-0516817c-0881-4eff-8399-1dc2ef4929ef admin admin] Notify callbacks [] for subnet, before_create {{(pid=83955) _notify_loop /usr/local/lib/python3.8/dist-packages/neutron_lib/callbacks/manager.py:192}}
May 06 12:17:46.161405 n-d-840847-1 neutron-server[83958]: DEBUG neutron.plugins.ml2.plugin [None req-7f5bffb1-c536-4cce-bdb3-ff0ce3008e28 None None] Port 28cfe48a-d757-4f48-8f59-4a04f69f8698 cannot update to ACTIVE because it is not bound. {{(pid=83958) _port_provisioned /opt/stack/neutron/neutron/plugins/ml2/plugin.py:311}}
May 06 12:17:46.208407 n-d-840847-1 neutron-server[83955]: DEBUG neutron.pecan_wsgi.hooks.policy_enforcement [req-5e5de843-9795-4aab-b7d6-fa8ff9cf2afc req-00a57c19-a6e6-4cd3-9af8-12bab9831e6f tempest-LiveMigrationTest-407271835 tempest-LiveMigrationTest-407271835-project] Attributes excluded by policy engine: ['binding:profile', 'binding:host_id', 'binding:vif_type', 'binding:vif_details'] {{(pid=83955) _exclude_attributes_by_policy /opt/stack/neutron/neutron/pecan_wsgi/hooks/policy_enforcement.py:255}}
May 06 12:17:46.216395 n-d-840847-1 neutron-server[83958]: DEBUG neutron.db.provisioning_blocks [None req-5cf903ef-5c38-400d-902f-c8b41b788b1c None None] Provisioning for port 0693ed66-b3fc-44df-af8b-365833626f3d completed by entity L2. {{(pid=83958) provisioning_complete /opt/stack/neutron/neutron/db/provisioning_blocks.py:133}}
May 06 12:17:46.216786 n-d-840847-1 neutron-server[83955]: INFO neutron.wsgi [req-5e5de843-9795-4aab-b7d6-fa8ff9cf2afc req-00a57c19-a6e6-4cd3-9af8-12bab9831e6f tempest-LiveMigrationTest-407271835 tempest-LiveMigrationTest-407271835-project] 10.222.0.44 "GET /v2.0/ports?device_id=270bfd2e-e49c-4d87-838c-02504ebc8598 HTTP/1.1" status: 200 len: 944 time: 0.7311273
May 06 12:17:46.238863 n-d-840847-1 neutron-server[83958]: DEBUG neutron.db.l3_dvr_db [None req-a873e109-b6a0-4875-a3ea-3394bca1b9ed None None] Set router 1be8b1a9-a052-4593-9ee1-d8f32cf35ae6 gateway port host: n-d-840847-1 {{(pid=83958) _build_routers_list /opt/stack/neutron/neutron/db/l3_dvr_db.py:871}}
May 06 12:17:46.288037 n-d-840847-1 neutron-server[83958]: DEBUG neutron.db.provisioning_blocks [None req-5cf903ef-5c38-400d-902f-c8b41b788b1c None None] Provisioning complete for port 0693ed66-b3fc-44df-af8b-365833626f3d triggered by entity L2. {{(pid=83958) provisioning_complete /opt/stack/neutron/neutron/db/provisioning_blocks.py:139}}
May 06 12:17:46.288814 n-d-840847-1 neutron-server[83958]: DEBUG neutron_lib.callbacks.manager [None req-5cf903ef-5c38-400d-902f-c8b41b788b1c None None] Notify callbacks ['neutron.plugins.ml2.plugin.Ml2Plugin._port_provisioned-1139176'] for port, provisioning_complete {{(pid=83958) _notify_loop /usr/local/lib/python3.8/dist-packages/neutron_lib/callbacks/manager.py:192}}
May 06 12:17:46.295140 n-d-840847-1 neutron-server[83952]: DEBUG neutron_lib.callbacks.manager [None req-e0b87dcd-64d8-48ad-b261-1953d23cfdeb admin admin] Notify callbacks [] for port, precommit_update {{(pid=83952) _notify_loop /usr/local/lib/python3.8/dist-packages/neutron_lib/callbacks/manager.py:192}}
May 06 12:17:46.308287 n-d-840847-1 neutron-server[83952]: DEBUG neutron_lib.callbacks.manager [None req-e0b87dcd-64d8-48ad-b261-1953d23cfdeb admin admin] Notify callbacks ['neutron.plugins.ml2.plugin.SecurityGroupServerNotifierRpcMixin.notify_sg_on_port_change-1148591', 'neutron.plugins.ml2.ovo_rpc._ObjectChangeHandler.handle_event-496805', 'neutron.api.rpc.agentnotifiers.dhcp_rpc_agent_api.DhcpAgentNotifyAPI._native_event_send_dhcp_notification-3045009', 'neutron.db.l3_db.L3RpcNotifierMixin._notify_gateway_port_ip_changed-8727640107686', 'neutron.db.l3_dvrscheduler_db._notify_l3_agent_port_update-8727639668637', 'neutron.db.l3_hascheduler_db._notify_l3_agent_ha_port_update-8727639668682'] for port, after_update {{(pid=83952) _notify_loop /usr/local/lib/python3.8/dist-packages/neutron_lib/callbacks/manager.py:192}}
May 06 12:17:46.309925 n-d-840847-1 neutron-server[83952]: DEBUG neutron_lib.callbacks.manager [None req-e0b87dcd-64d8-48ad-b261-1953d23cfdeb admin admin] Notify callbacks ['neutron.api.rpc.agentnotifiers.dhcp_rpc_agent_api.DhcpAgentNotifyAPI._after_router_interface_created-3044905', 'neutron.services.l3_router.l3_router_plugin.DVRResourceOperationHandler._update_snat_v6_addrs_after_intf_update-4074190'] for router_interface, after_create {{(pid=83952) _notify_loop /usr/local/lib/python3.8/dist-packages/neutron_lib/callbacks/manager.py:192}}
May 06 12:17:46.364985 n-d-840847-1 neutron-server[83955]: DEBUG neutron.pecan_wsgi.hooks.policy_enforcement [req-9bc56a15-5f79-4022-acf0-180d0f9b3c8f req-0cd8838b-0854-45d8-996c-017200271555 tempest-VolumesAdminNegativeTest-1843686638 tempest-VolumesAdminNegativeTest-1843686638-project] Attributes excluded by policy engine: ['binding:profile', 'binding:host_id', 'binding:vif_type', 'binding:vif_details'] {{(pid=83955) _exclude_attributes_by_policy /opt/stack/neutron/neutron/pecan_wsgi/hooks/policy_enforcement.py:255}}
May 06 12:17:46.377868 n-d-840847-1 neutron-server[83955]: INFO neutron.wsgi [req-9bc56a15-5f79-4022-acf0-180d0f9b3c8f req-0cd8838b-0854-45d8-996c-017200271555 tempest-VolumesAdminNegativeTest-1843686638 tempest-VolumesAdminNegativeTest-1843686638-project] 10.222.0.44 "GET /v2.0/ports?device_id=eea0489e-d62e-46cc-8feb-a0dfa8c1ac12 HTTP/1.1" status: 200 len: 946 time: 0.6882460
May 06 12:17:46.395323 n-d-840847-1 neutron-server[83958]: DEBUG neutron.plugins.ml2.rpc [None req-0a2e5e5a-c21f-4c28-a5d3-59636e986176 None None] Device c85d9774-e4e3-49da-831e-e50403497c9c up at agent ovs-agent-n-d-840847-1 {{(pid=83958) update_device_up /opt/stack/neutron/neutron/plugins/ml2/rpc.py:278}}
May 06 12:17:46.557351 n-d-840847-1 neutron-server[83952]: DEBUG neutron.api.rpc.handlers.resources_rpc [None req-e0b87dcd-64d8-48ad-b261-1953d23cfdeb admin admin] Pushing event updated for resources: {'Port': ['ID=28cfe48a-d757-4f48-8f59-4a04f69f8698,revision_number=2']} {{(pid=83952) push /opt/stack/neutron/neutron/api/rpc/handlers/resources_rpc.py:237}}
May 06 12:17:46.658311 n-d-840847-1 neutron-server[83955]: INFO neutron.wsgi [req-9bc56a15-5f79-4022-acf0-180d0f9b3c8f req-42aded8b-4892-49c4-8836-b6af85e4dddb tempest-VolumesAdminNegativeTest-1843686638 tempest-VolumesAdminNegativeTest-1843686638-project] 10.222.0.44 "GET /v2.0/security-groups?id=9a654a2e-48a8-4f09-9eee-eaaf663015ab&fields=id&fields=name HTTP/1.1" status: 200 len: 286 time: 0.2793243
May 06 12:17:46.710577 n-d-840847-1 neutron-server[83955]: INFO neutron.wsgi [req-5e5de843-9795-4aab-b7d6-fa8ff9cf2afc req-342b1496-dcae-4410-aa8b-58a7cdf9c40b tempest-LiveMigrationTest-407271835 tempest-LiveMigrationTest-407271835-project] 10.222.0.44 "GET /v2.0/security-groups?id=3963f3f0-daf6-416c-b580-b188c54d20ce&fields=id&fields=name HTTP/1.1" status: 200 len: 286 time: 0.3290801
May 06 12:17:46.720232 n-d-840847-1 neutron-server[83958]: DEBUG neutron_lib.callbacks.manager [None req-5cf903ef-5c38-400d-902f-c8b41b788b1c None None] Notify callbacks ['neutron.plugins.ml2.plugin.SecurityGroupDbMixin._ensure_default_security_group_handler-1154259'] for port, before_update {{(pid=83958) _notify_loop /usr/local/lib/python3.8/dist-packages/neutron_lib/callbacks/manager.py:192}}
May 06 12:17:46.907533 n-d-840847-1 neutron-server[83958]: DEBUG neutron.notifiers.nova [-] Sending events: [{'server_uuid': '270bfd2e-e49c-4d87-838c-02504ebc8598', 'name': 'network-vif-plugged', 'status': 'completed', 'tag': '0693ed66-b3fc-44df-af8b-365833626f3d'}] {{(pid=83958) send_events /opt/stack/neutron/neutron/notifiers/nova.py:262}}
May 06 12:17:46.922150 n-d-840847-1 neutron-server[83955]: DEBUG neutron.wsgi [-] (83955) accepted ('10.222.0.44', 48184) {{(pid=83955) server /usr/local/lib/python3.8/dist-packages/eventlet/wsgi.py:992}}
May 06 12:17:46.957902 n-d-840847-1 neutron-server[83958]: DEBUG neutron.db.provisioning_blocks [None req-0a2e5e5a-c21f-4c28-a5d3-59636e986176 None None] Provisioning for port c85d9774-e4e3-49da-831e-e50403497c9c completed by entity L2. {{(pid=83958) provisioning_complete /opt/stack/neutron/neutron/db/provisioning_blocks.py:133}}
May 06 12:17:46.964266 n-d-840847-1 neutron-server[83955]: DEBUG neutron_lib.callbacks.manager [None req-f6cc24dd-2b69-4516-ac34-9bdd4dbf5c26 admin admin] Notify callbacks [] for security_group, before_create {{(pid=83955) _notify_loop /usr/local/lib/python3.8/dist-packages/neutron_lib/callbacks/manager.py:192}}
May 06 12:17:47.012113 n-d-840847-1 neutron-server[83952]: DEBUG neutron.scheduler.dhcp_agent_scheduler [None req-e0b87dcd-64d8-48ad-b261-1953d23cfdeb admin admin] Network 84638f82-aebb-4ebb-9662-b3c4dd30ccdb is already hosted by enough agents. {{(pid=83952) _get_dhcp_agents_hosting_network /opt/stack/neutron/neutron/scheduler/dhcp_agent_scheduler.py:275}}
May 06 12:17:47.014592 n-d-840847-1 neutron-server[83952]: DEBUG neutron.scheduler.base_scheduler [None req-e0b87dcd-64d8-48ad-b261-1953d23cfdeb admin admin] Resources bound (agent type, host, resource id): {{(pid=83952) schedule /opt/stack/neutron/neutron/scheduler/base_scheduler.py:57}}
May 06 12:17:47.082048 n-d-840847-1 neutron-server[83958]: DEBUG neutron.plugins.ml2.db [None req-5cf903ef-5c38-400d-902f-c8b41b788b1c None None] For port 0693ed66-b3fc-44df-af8b-365833626f3d, host n-h1-840847-1, got binding levels [PortBindingLevel(driver='hyperv',host='n-h1-840847-1',level=0,port_id=0693ed66-b3fc-44df-af8b-365833626f3d,segment=NetworkSegment(93672de1-d03b-4b42-86b8-3c4e41ccbfc9),segment_id=93672de1-d03b-4b42-86b8-3c4e41ccbfc9)] {{(pid=83958) get_binding_level_objs /opt/stack/neutron/neutron/plugins/ml2/db.py:74}}
May 06 12:17:47.090187 n-d-840847-1 neutron-server[83958]: INFO neutron.notifiers.nova [-] Nova event matching ['req-a9091410-ab80-447f-b0cc-6edde11f5a45'] response: {'server_uuid': '270bfd2e-e49c-4d87-838c-02504ebc8598', 'name': 'network-vif-plugged', 'status': 'completed', 'tag': '0693ed66-b3fc-44df-af8b-365833626f3d', 'code': 200}
May 06 12:17:47.091289 n-d-840847-1 neutron-server[83958]: DEBUG neutron.db.provisioning_blocks [None req-0a2e5e5a-c21f-4c28-a5d3-59636e986176 None None] Provisioning complete for port c85d9774-e4e3-49da-831e-e50403497c9c triggered by entity L2. {{(pid=83958) provisioning_complete /opt/stack/neutron/neutron/db/provisioning_blocks.py:139}}
May 06 12:17:47.094611 n-d-840847-1 neutron-server[83958]: DEBUG neutron_lib.callbacks.manager [None req-0a2e5e5a-c21f-4c28-a5d3-59636e986176 None None] Notify callbacks ['neutron.plugins.ml2.plugin.Ml2Plugin._port_provisioned-1139176'] for port, provisioning_complete {{(pid=83958) _notify_loop /usr/local/lib/python3.8/dist-packages/neutron_lib/callbacks/manager.py:192}}
May 06 12:17:47.168493 n-d-840847-1 neutron-server[83955]: DEBUG neutron.db.quota.driver [None req-f6cc24dd-2b69-4516-ac34-9bdd4dbf5c26 admin admin] Resources subnetpool have unlimited quota limit. It is not required to calculate headroom {{(pid=83955) make_reservation /opt/stack/neutron/neutron/db/quota/driver.py:219}}
May 06 12:17:47.184661 n-d-840847-1 neutron-server[83955]: DEBUG neutron.quota.resource [None req-f6cc24dd-2b69-4516-ac34-9bdd4dbf5c26 admin admin] Usage tracker for resource:security_group_rule and tenant:0b840f9b74de4d4b971e9e99fa912216 is out of sync, need to count used quota {{(pid=83955) count_used /opt/stack/neutron/neutron/quota/resource.py:270}}
May 06 12:17:47.188126 n-d-840847-1 neutron-server[83955]: DEBUG neutron.quota.resource [None req-f6cc24dd-2b69-4516-ac34-9bdd4dbf5c26 admin admin] Quota usage for security_group_rule was recalculated. Used quota:0. {{(pid=83955) count_used /opt/stack/neutron/neutron/quota/resource.py:290}}
May 06 12:17:47.193064 n-d-840847-1 neutron-server[83958]: DEBUG neutron_lib.callbacks.manager [None req-5cf903ef-5c38-400d-902f-c8b41b788b1c None None] Notify callbacks ['neutron.plugins.ml2.plugin.SecurityGroupServerNotifierRpcMixin.notify_sg_on_port_change-1148591', 'neutron.plugins.ml2.ovo_rpc._ObjectChangeHandler.handle_event-496805', 'neutron.api.rpc.agentnotifiers.dhcp_rpc_agent_api.DhcpAgentNotifyAPI._native_event_send_dhcp_notification-3045009', 'neutron.db.l3_db.L3RpcNotifierMixin._notify_gateway_port_ip_changed-8727640107686', 'neutron.db.l3_dvrscheduler_db._notify_l3_agent_port_update-8727639668637', 'neutron.db.l3_hascheduler_db._notify_l3_agent_ha_port_update-8727639668682'] for port, after_update {{(pid=83958) _notify_loop /usr/local/lib/python3.8/dist-packages/neutron_lib/callbacks/manager.py:192}}
May 06 12:17:47.196324 n-d-840847-1 neutron-server[83955]: DEBUG neutron.db.quota.driver [None req-f6cc24dd-2b69-4516-ac34-9bdd4dbf5c26 admin admin] Attempting to reserve 4 items for resource security_group_rule. Total usage: 0; quota limit: 100; headroom:100 {{(pid=83955) make_reservation /opt/stack/neutron/neutron/db/quota/driver.py:246}}
May 06 12:17:47.405196 n-d-840847-1 neutron-server[83955]: DEBUG neutron_lib.callbacks.manager [None req-f6cc24dd-2b69-4516-ac34-9bdd4dbf5c26 admin admin] Notify callbacks [] for security_group, precommit_create {{(pid=83955) _notify_loop /usr/local/lib/python3.8/dist-packages/neutron_lib/callbacks/manager.py:192}}
May 06 12:17:47.478588 n-d-840847-1 neutron-server[83955]: DEBUG neutron_lib.callbacks.manager [None req-0516817c-0881-4eff-8399-1dc2ef4929ef admin admin] Notify callbacks ['neutron.plugins.ml2.ovo_rpc._ObjectChangeHandler.handle_event-3773955', 'neutron.api.rpc.agentnotifiers.dhcp_rpc_agent_api.DhcpAgentNotifyAPI._native_event_send_dhcp_notification-3045009'] for subnet, after_create {{(pid=83955) _notify_loop /usr/local/lib/python3.8/dist-packages/neutron_lib/callbacks/manager.py:192}}
May 06 12:17:47.541268 n-d-840847-1 neutron-server[83955]: DEBUG neutron_lib.callbacks.manager [None req-f6cc24dd-2b69-4516-ac34-9bdd4dbf5c26 admin admin] Notify callbacks ['neutron.plugins.ml2.ovo_rpc._ObjectChangeHandler.handle_event-3793599'] for security_group, after_create {{(pid=83955) _notify_loop /usr/local/lib/python3.8/dist-packages/neutron_lib/callbacks/manager.py:192}}
May 06 12:17:47.553936 n-d-840847-1 neutron-server[83958]: DEBUG neutron_lib.callbacks.manager [None req-725bc854-f671-4be6-b0b6-e33e6d48784b None None] Notify callbacks ['neutron.services.segments.db._update_segment_host_mapping_for_agent-8727640137063', 'neutron.plugins.ml2.plugin.Ml2Plugin._retry_binding_revived_agents-1139097'] for agent, after_update {{(pid=83958) _notify_loop /usr/local/lib/python3.8/dist-packages/neutron_lib/callbacks/manager.py:192}}
May 06 12:17:47.577102 n-d-840847-1 neutron-server[83958]: DEBUG neutron.api.rpc.handlers.resources_rpc [None req-5cf903ef-5c38-400d-902f-c8b41b788b1c None None] Pushing event updated for resources: {'Port': ['ID=0693ed66-b3fc-44df-af8b-365833626f3d,revision_number=5']} {{(pid=83958) push /opt/stack/neutron/neutron/api/rpc/handlers/resources_rpc.py:237}}
May 06 12:17:47.598640 n-d-840847-1 neutron-server[83958]: DEBUG neutron.db.provisioning_blocks [None req-0aa6fe77-9ee5-4b76-b820-1d241f7e1096 None None] Provisioning complete for port 28cfe48a-d757-4f48-8f59-4a04f69f8698 triggered by entity DHCP. {{(pid=83958) provisioning_complete /opt/stack/neutron/neutron/db/provisioning_blocks.py:139}}
May 06 12:17:47.599425 n-d-840847-1 neutron-server[83958]: DEBUG neutron_lib.callbacks.manager [None req-0aa6fe77-9ee5-4b76-b820-1d241f7e1096 None None] Notify callbacks ['neutron.plugins.ml2.plugin.Ml2Plugin._port_provisioned-1139176'] for port, provisioning_complete {{(pid=83958) _notify_loop /usr/local/lib/python3.8/dist-packages/neutron_lib/callbacks/manager.py:192}}
May 06 12:17:47.623174 n-d-840847-1 neutron-server[83955]: INFO neutron.wsgi [None req-f6cc24dd-2b69-4516-ac34-9bdd4dbf5c26 admin admin] 10.222.0.44 "GET /v2.0/security-groups?tenant_id=0b840f9b74de4d4b971e9e99fa912216&name=default HTTP/1.1" status: 200 len: 2647 time: 0.6982794
May 06 12:17:47.629442 n-d-840847-1 neutron-server[83955]: DEBUG neutron.wsgi [-] (83955) accepted ('10.222.0.44', 48200) {{(pid=83955) server /usr/local/lib/python3.8/dist-packages/eventlet/wsgi.py:992}}
May 06 12:17:47.636308 n-d-840847-1 neutron-server[83955]: DEBUG neutron.api.rpc.handlers.resources_rpc [None req-f6cc24dd-2b69-4516-ac34-9bdd4dbf5c26 admin admin] Pushing event updated for resources: {'SecurityGroup': ['ID=1bddb0eb-e4bc-4897-803f-66aaff1689bb,revision_number=1']} {{(pid=83955) push /opt/stack/neutron/neutron/api/rpc/handlers/resources_rpc.py:237}}
May 06 12:17:47.754901 n-d-840847-1 neutron-server[83955]: DEBUG neutron.api.rpc.handlers.resources_rpc [None req-0516817c-0881-4eff-8399-1dc2ef4929ef admin admin] Pushing event updated for resources: {'Subnet': ['ID=7b44044f-caad-41c2-913b-9a9209bd59a1,revision_number=0']} {{(pid=83955) push /opt/stack/neutron/neutron/api/rpc/handlers/resources_rpc.py:237}}
May 06 12:17:47.785355 n-d-840847-1 neutron-server[83955]: DEBUG neutron.plugins.ml2.drivers.mech_agent [None req-0516817c-0881-4eff-8399-1dc2ef4929ef admin admin] Checking segment: {'id': 'a75f898f-b884-464e-ae8a-126245eb614c', 'network_type': 'vlan', 'physical_network': 'physnet1', 'segmentation_id': 247, 'network_id': '823925fd-599d-4b57-977a-e8bdf27164ba'} for mappings: {'physnet1': 'br-data'} with network types: ['local', 'flat', 'vlan'] {{(pid=83955) check_segment_for_agent /opt/stack/neutron/neutron/plugins/ml2/drivers/mech_agent.py:342}}
May 06 12:17:47.785709 n-d-840847-1 neutron-server[83955]: DEBUG neutron.scheduler.dhcp_agent_scheduler [None req-0516817c-0881-4eff-8399-1dc2ef4929ef admin admin] Network hostable DHCP agents. Network: 823925fd-599d-4b57-977a-e8bdf27164ba, hostable agents: ['3e8186fd-4d0f-4925-81a3-86bcd632ad69'], hosted agents: [] {{(pid=83955) _get_network_hostable_dhcp_agents /opt/stack/neutron/neutron/scheduler/dhcp_agent_scheduler.py:329}}
May 06 12:17:47.802913 n-d-840847-1 neutron-server[83955]: DEBUG neutron.pecan_wsgi.hooks.policy_enforcement [req-0b86b726-4bb1-42ed-891d-999da2ff7070 req-ccd29c3b-cf38-4a01-9e8b-3d8260f96b6f tempest-ServerDiagnosticsNegativeTest-2043168098 tempest-ServerDiagnosticsNegativeTest-2043168098-project] Attributes excluded by policy engine: ['binding:profile', 'binding:host_id', 'binding:vif_type', 'binding:vif_details'] {{(pid=83955) _exclude_attributes_by_policy /opt/stack/neutron/neutron/pecan_wsgi/hooks/policy_enforcement.py:255}}
May 06 12:17:47.809765 n-d-840847-1 neutron-server[83955]: INFO neutron.wsgi [req-0b86b726-4bb1-42ed-891d-999da2ff7070 req-ccd29c3b-cf38-4a01-9e8b-3d8260f96b6f tempest-ServerDiagnosticsNegativeTest-2043168098 tempest-ServerDiagnosticsNegativeTest-2043168098-project] 10.222.0.44 "GET /v2.0/ports?device_id=01d8cbf0-5cb2-48c5-a7c5-e6140d75e6b5 HTTP/1.1" status: 200 len: 950 time: 0.8233671
May 06 12:17:47.840364 n-d-840847-1 neutron-server[83955]: DEBUG neutron_lib.callbacks.manager [None req-4fcd2ec6-bd5e-4cb5-a27e-2815b42faa95 admin admin] Notify callbacks [] for security_group, before_delete {{(pid=83955) _notify_loop /usr/local/lib/python3.8/dist-packages/neutron_lib/callbacks/manager.py:192}}
May 06 12:17:47.889569 n-d-840847-1 neutron-server[83958]: DEBUG neutron.db.l3_hamode_db [None req-a873e109-b6a0-4875-a3ea-3394bca1b9ed None None] neutron.services.l3_router.l3_router_plugin.L3RouterPlugin method _process_sync_ha_data called with arguments (, [{'id': '1be8b1a9-a052-4593-9ee1-d8f32cf35ae6', 'name': 'tempest-ServersWithSpecificFlavorTestJSON-1470632067-router', 'tenant_id': 'dedc618e817f4fbf86199b1187cf0eca', 'admin_state_up': True, 'status': 'ACTIVE', 'external_gateway_info': {'network_id': '135e79cd-88d1-497a-9ea2-a7328c462607', 'external_fixed_ips': [{'subnet_id': 'e879b8b6-dd89-43c2-a738-b54760f88668', 'ip_address': '172.25.7.167'}], 'enable_snat': True}, 'gw_port_id': '647dedf0-cc36-44db-b87e-eed9d8d712c4', 'description': '', 'availability_zones': ['nova'], 'distributed': False, 'ha': False, 'ha_vr_id': 0, 'availability_zone_hints': [], 'routes': [], 'flavor_id': None, 'tags': [], 'created_at': '2022-05-06T12:17:37Z', 'updated_at': '2022-05-06T12:17:41Z', 'revision_number': 3, 'project_id': 'dedc618e817f4fbf86199b1187cf0eca', 'gw_port': {'id': '647dedf0-cc36-44db-b87e-eed9d8d712c4', 'name': '', 'network_id': '135e79cd-88d1-497a-9ea2-a7328c462607', 'tenant_id': '', 'mac_address': 'fa:16:3e:fe:31:66', 'admin_state_up': True, 'status': 'DOWN', 'device_id': '1be8b1a9-a052-4593-9ee1-d8f32cf35ae6', 'device_owner': 'network:router_gateway', 'fixed_ips': [{'subnet_id': 'e879b8b6-dd89-43c2-a738-b54760f88668', 'ip_address': '172.25.7.167', 'prefixlen': 24}], 'allowed_address_pairs': [], 'extra_dhcp_opts': [], 'security_groups': [], 'description': '', 'binding:vnic_type': 'normal', 'binding:profile': {}, 'binding:host_id': '', 'binding:vif_type': 'unbound', 'binding:vif_details': {}, 'port_security_enabled': False, 'tags': [], 'created_at': '2022-05-06T12:17:40Z', 'updated_at': '2022-05-06T12:17:40Z', 'revision_number': 1, 'project_id': '', 'subnets': [{'id': 'e879b8b6-dd89-43c2-a738-b54760f88668', 'cidr': '172.25.7.0/24', 'gateway_ip': '172.25.7.1', 'dns_nameservers': [], 'ipv6_ra_mode': None, 'subnetpool_id': None}], 'extra_subnets': [], 'address_scopes': {4: None, 6: None}, 'mtu': 1500}, 'enable_snat': True, 'gw_port_host': 'n-d-840847-1'}], 'n-d-840847-1', False) {} {{(pid=83958) wrapper /usr/local/lib/python3.8/dist-packages/oslo_log/helpers.py:65}}
May 06 12:17:47.900259 n-d-840847-1 neutron-server[83955]: INFO neutron.wsgi [req-4fe610f1-c625-4338-88b2-ad6b3eacdd64 req-5ebdcee9-a4b4-4a7c-997b-82b3a155add7 service neutron] 10.222.0.48 "GET /v2.0/ports?device_id=270bfd2e-e49c-4d87-838c-02504ebc8598 HTTP/1.1" status: 200 len: 1096 time: 0.4919322
May 06 12:17:47.921032 n-d-840847-1 neutron-server[83955]: INFO neutron.wsgi [req-0b86b726-4bb1-42ed-891d-999da2ff7070 req-09ea54ea-a71a-4506-a05b-2dbc846c4de6 tempest-ServerDiagnosticsNegativeTest-2043168098 tempest-ServerDiagnosticsNegativeTest-2043168098-project] 10.222.0.44 "GET /v2.0/security-groups?id=1ad9cb8f-d609-4dce-bfad-173d772281cf&fields=id&fields=name HTTP/1.1" status: 200 len: 286 time: 0.1102920
May 06 12:17:47.924303 n-d-840847-1 neutron-server[83958]: DEBUG neutron.api.rpc.handlers.l3_rpc [None req-a873e109-b6a0-4875-a3ea-3394bca1b9ed None None] Checking router: 1be8b1a9-a052-4593-9ee1-d8f32cf35ae6 for host: n-d-840847-1 {{(pid=83958) _ensure_host_set_on_ports /opt/stack/neutron/neutron/api/rpc/handlers/l3_rpc.py:149}}
May 06 12:17:47.929598 n-d-840847-1 neutron-server[83958]: DEBUG neutron.api.rpc.handlers.l3_rpc [None req-a873e109-b6a0-4875-a3ea-3394bca1b9ed None None] Updating router 1be8b1a9-a052-4593-9ee1-d8f32cf35ae6 port 647dedf0-cc36-44db-b87e-eed9d8d712c4 binding host n-d-840847-1 {{(pid=83958) _ensure_host_set_on_port /opt/stack/neutron/neutron/api/rpc/handlers/l3_rpc.py:199}}
May 06 12:17:47.933687 n-d-840847-1 neutron-server[83955]: DEBUG neutron_lib.callbacks.manager [None req-4fcd2ec6-bd5e-4cb5-a27e-2815b42faa95 admin admin] Notify callbacks [] for security_group, precommit_delete {{(pid=83955) _notify_loop /usr/local/lib/python3.8/dist-packages/neutron_lib/callbacks/manager.py:192}}
May 06 12:17:48.013934 n-d-840847-1 neutron-server[83952]: DEBUG neutron.scheduler.l3_agent_scheduler [None req-e0b87dcd-64d8-48ad-b261-1953d23cfdeb admin admin] Router 256bd47b-a46c-4569-a950-339c56f0fd66 has already been hosted by L3 agent 2eb9b225-5acf-4248-9007-e29714815908 {{(pid=83952) _get_candidates /opt/stack/neutron/neutron/scheduler/l3_agent_scheduler.py:126}}
May 06 12:17:48.032341 n-d-840847-1 neutron-server[83958]: DEBUG neutron.plugins.ml2.plugin [None req-0aa6fe77-9ee5-4b76-b820-1d241f7e1096 None None] Port 28cfe48a-d757-4f48-8f59-4a04f69f8698 cannot update to ACTIVE because it is not bound. {{(pid=83958) _port_provisioned /opt/stack/neutron/neutron/plugins/ml2/plugin.py:311}}
May 06 12:17:48.053450 n-d-840847-1 neutron-server[83958]: DEBUG neutron_lib.callbacks.manager [None req-0a2e5e5a-c21f-4c28-a5d3-59636e986176 None None] Notify callbacks ['neutron.plugins.ml2.plugin.SecurityGroupDbMixin._ensure_default_security_group_handler-1154259'] for port, before_update {{(pid=83958) _notify_loop /usr/local/lib/python3.8/dist-packages/neutron_lib/callbacks/manager.py:192}}
May 06 12:17:48.102027 n-d-840847-1 neutron-server[83958]: DEBUG neutron_lib.callbacks.manager [None req-a873e109-b6a0-4875-a3ea-3394bca1b9ed None None] Notify callbacks ['neutron.plugins.ml2.plugin.SecurityGroupDbMixin._ensure_default_security_group_handler-1154259'] for port, before_update {{(pid=83958) _notify_loop /usr/local/lib/python3.8/dist-packages/neutron_lib/callbacks/manager.py:192}}
May 06 12:17:48.115068 n-d-840847-1 neutron-server[83955]: DEBUG neutron.scheduler.dhcp_agent_scheduler [None req-0516817c-0881-4eff-8399-1dc2ef4929ef admin admin] Network 823925fd-599d-4b57-977a-e8bdf27164ba is scheduled to be hosted by DHCP agent 3e8186fd-4d0f-4925-81a3-86bcd632ad69 with binding_index 1 {{(pid=83955) bind /opt/stack/neutron/neutron/scheduler/dhcp_agent_scheduler.py:227}}
May 06 12:17:48.206743 n-d-840847-1 neutron-server[83955]: INFO neutron.wsgi [req-4fe610f1-c625-4338-88b2-ad6b3eacdd64 req-c1f8c16e-afaf-498b-b4d5-76e7ee31a516 service neutron] 10.222.0.48 "GET /v2.0/security-groups?id=3963f3f0-daf6-416c-b580-b188c54d20ce&fields=id&fields=name HTTP/1.1" status: 200 len: 286 time: 0.2844698
May 06 12:17:48.233970 n-d-840847-1 neutron-server[83955]: DEBUG neutron.scheduler.base_scheduler [None req-0516817c-0881-4eff-8399-1dc2ef4929ef admin admin] Resources bound (agent type, host, resource id): (DHCP agent, n-d-840847-1, 823925fd-599d-4b57-977a-e8bdf27164ba) {{(pid=83955) schedule /opt/stack/neutron/neutron/scheduler/base_scheduler.py:57}}
May 06 12:17:48.256253 n-d-840847-1 neutron-server[83955]: DEBUG neutron.pecan_wsgi.hooks.policy_enforcement [None req-0516817c-0881-4eff-8399-1dc2ef4929ef admin admin] Attributes excluded by policy engine: ['shared', 'network'] {{(pid=83955) _exclude_attributes_by_policy /opt/stack/neutron/neutron/pecan_wsgi/hooks/policy_enforcement.py:255}}
May 06 12:17:48.256253 n-d-840847-1 neutron-server[83955]: DEBUG neutron_lib.callbacks.manager [None req-0516817c-0881-4eff-8399-1dc2ef4929ef admin admin] Notify callbacks ['neutron.api.rpc.agentnotifiers.dhcp_rpc_agent_api.DhcpAgentNotifyAPI._send_dhcp_notification-3045016'] for subnet, before_response {{(pid=83955) _notify_loop /usr/local/lib/python3.8/dist-packages/neutron_lib/callbacks/manager.py:192}}
May 06 12:17:48.333794 n-d-840847-1 neutron-server[83955]: DEBUG neutron_lib.callbacks.manager [None req-4fcd2ec6-bd5e-4cb5-a27e-2815b42faa95 admin admin] Notify callbacks ['neutron.plugins.ml2.ovo_rpc._ObjectChangeHandler.handle_event-3793599'] for security_group, after_delete {{(pid=83955) _notify_loop /usr/local/lib/python3.8/dist-packages/neutron_lib/callbacks/manager.py:192}}
May 06 12:17:48.435504 n-d-840847-1 neutron-server[83955]: INFO neutron.wsgi [None req-0516817c-0881-4eff-8399-1dc2ef4929ef admin admin] 10.222.0.44 "POST /v2.0/subnets HTTP/1.1" status: 201 len: 861 time: 2.4005094
May 06 12:17:48.446938 n-d-840847-1 neutron-server[83955]: DEBUG neutron_lib.callbacks.manager [None req-4fcd2ec6-bd5e-4cb5-a27e-2815b42faa95 admin admin] Notify callbacks [] for security_group, before_response {{(pid=83955) _notify_loop /usr/local/lib/python3.8/dist-packages/neutron_lib/callbacks/manager.py:192}}
May 06 12:17:48.451563 n-d-840847-1 neutron-server[83955]: INFO neutron.wsgi [None req-4fcd2ec6-bd5e-4cb5-a27e-2815b42faa95 admin admin] 10.222.0.44 "DELETE /v2.0/security-groups/1bddb0eb-e4bc-4897-803f-66aaff1689bb HTTP/1.1" status: 204 len: 168 time: 0.8080063
May 06 12:17:48.451563 n-d-840847-1 neutron-server[83955]: DEBUG neutron.api.rpc.handlers.resources_rpc [None req-4fcd2ec6-bd5e-4cb5-a27e-2815b42faa95 admin admin] Pushing event deleted for resources: {'SecurityGroup': ['ID=1bddb0eb-e4bc-4897-803f-66aaff1689bb,revision_number=None']} {{(pid=83955) push /opt/stack/neutron/neutron/api/rpc/handlers/resources_rpc.py:237}}
May 06 12:17:48.494412 n-d-840847-1 neutron-server[83955]: DEBUG neutron.pecan_wsgi.hooks.policy_enforcement [req-5cf65dac-9268-4caa-a558-11919e755a73 req-3ebf523c-b07f-4bb9-b14c-2e7dbb2b9fdc tempest-LiveMigrationTest-407271835 tempest-LiveMigrationTest-407271835-project] Attributes excluded by policy engine: ['binding:profile', 'binding:host_id', 'binding:vif_type', 'binding:vif_details'] {{(pid=83955) _exclude_attributes_by_policy /opt/stack/neutron/neutron/pecan_wsgi/hooks/policy_enforcement.py:255}}
May 06 12:17:48.520762 n-d-840847-1 neutron-server[83955]: INFO neutron.wsgi [req-5cf65dac-9268-4caa-a558-11919e755a73 req-3ebf523c-b07f-4bb9-b14c-2e7dbb2b9fdc tempest-LiveMigrationTest-407271835 tempest-LiveMigrationTest-407271835-project] 10.222.0.44 "GET /v2.0/ports?device_id=270bfd2e-e49c-4d87-838c-02504ebc8598 HTTP/1.1" status: 200 len: 945 time: 0.4222176
May 06 12:17:48.653235 n-d-840847-1 neutron-server[83955]: INFO neutron.wsgi [req-5cf65dac-9268-4caa-a558-11919e755a73 req-7591e2f4-c7f8-4859-85bc-4e53eb965bcc tempest-LiveMigrationTest-407271835 tempest-LiveMigrationTest-407271835-project] 10.222.0.44 "GET /v2.0/security-groups?id=3963f3f0-daf6-416c-b580-b188c54d20ce&fields=id&fields=name HTTP/1.1" status: 200 len: 286 time: 0.1297624
May 06 12:17:48.824751 n-d-840847-1 neutron-server[83952]: DEBUG neutron_lib.callbacks.manager [None req-66e67fca-60ed-4e56-8300-b2ad85bc70d9 admin admin] Notify callbacks ['neutron.plugins.ml2.plugin.SecurityGroupDbMixin._ensure_default_security_group_handler-1154259'] for port, before_create {{(pid=83952) _notify_loop /usr/local/lib/python3.8/dist-packages/neutron_lib/callbacks/manager.py:192}}
May 06 12:17:48.891911 n-d-840847-1 neutron-server[83958]: DEBUG neutron_lib.callbacks.manager [None req-a873e109-b6a0-4875-a3ea-3394bca1b9ed None None] Notify callbacks [] for port, precommit_update {{(pid=83958) _notify_loop /usr/local/lib/python3.8/dist-packages/neutron_lib/callbacks/manager.py:192}}
May 06 12:17:48.906419 n-d-840847-1 neutron-server[83958]: DEBUG neutron.db.provisioning_blocks [None req-a873e109-b6a0-4875-a3ea-3394bca1b9ed None None] Transition to ACTIVE for port object 647dedf0-cc36-44db-b87e-eed9d8d712c4 will not be triggered until provisioned by entity L2. {{(pid=83958) add_provisioning_component /opt/stack/neutron/neutron/db/provisioning_blocks.py:73}}
May 06 12:17:48.916024 n-d-840847-1 neutron-server[83958]: DEBUG neutron.api.rpc.handlers.dhcp_rpc [None req-5f2484f8-344f-4137-bcd9-f4aefa6c4cc4 None None] Network 823925fd-599d-4b57-977a-e8bdf27164ba requested from n-d-840847-1 {{(pid=83958) get_network_info /opt/stack/neutron/neutron/api/rpc/handlers/dhcp_rpc.py:198}}
May 06 12:17:49.055062 n-d-840847-1 neutron-server[83958]: DEBUG neutron_lib.callbacks.manager [None req-a873e109-b6a0-4875-a3ea-3394bca1b9ed None None] Notify callbacks ['neutron.plugins.ml2.plugin.SecurityGroupServerNotifierRpcMixin.notify_sg_on_port_change-1148591', 'neutron.plugins.ml2.ovo_rpc._ObjectChangeHandler.handle_event-496805', 'neutron.api.rpc.agentnotifiers.dhcp_rpc_agent_api.DhcpAgentNotifyAPI._native_event_send_dhcp_notification-3045009', 'neutron.db.l3_db.L3RpcNotifierMixin._notify_gateway_port_ip_changed-8727640107686', 'neutron.db.l3_dvrscheduler_db._notify_l3_agent_port_update-8727639668637', 'neutron.db.l3_hascheduler_db._notify_l3_agent_ha_port_update-8727639668682'] for port, after_update {{(pid=83958) _notify_loop /usr/local/lib/python3.8/dist-packages/neutron_lib/callbacks/manager.py:192}}
May 06 12:17:49.168143 n-d-840847-1 neutron-server[83958]: DEBUG neutron.plugins.ml2.db [None req-0a2e5e5a-c21f-4c28-a5d3-59636e986176 None None] For port c85d9774-e4e3-49da-831e-e50403497c9c, host n-d-840847-1, got binding levels [PortBindingLevel(driver='openvswitch',host='n-d-840847-1',level=0,port_id=c85d9774-e4e3-49da-831e-e50403497c9c,segment=NetworkSegment(b1ae6c89-3c3b-4480-b2b8-21c76cf69fca),segment_id=b1ae6c89-3c3b-4480-b2b8-21c76cf69fca)] {{(pid=83958) get_binding_level_objs /opt/stack/neutron/neutron/plugins/ml2/db.py:74}}
May 06 12:17:49.172092 n-d-840847-1 neutron-server[83955]: DEBUG neutron.pecan_wsgi.hooks.policy_enforcement [req-44bf2b88-f631-4749-a592-d6728c1df627 req-4a549275-c038-4154-80fc-ae8a8f25732f tempest-ServerDiagnosticsNegativeTest-2043168098 tempest-ServerDiagnosticsNegativeTest-2043168098-project] Attributes excluded by policy engine: ['binding:profile', 'binding:host_id', 'binding:vif_type', 'binding:vif_details'] {{(pid=83955) _exclude_attributes_by_policy /opt/stack/neutron/neutron/pecan_wsgi/hooks/policy_enforcement.py:255}}
May 06 12:17:49.176851 n-d-840847-1 neutron-server[83955]: INFO neutron.wsgi [req-44bf2b88-f631-4749-a592-d6728c1df627 req-4a549275-c038-4154-80fc-ae8a8f25732f tempest-ServerDiagnosticsNegativeTest-2043168098 tempest-ServerDiagnosticsNegativeTest-2043168098-project] 10.222.0.44 "GET /v2.0/ports?device_id=01d8cbf0-5cb2-48c5-a7c5-e6140d75e6b5 HTTP/1.1" status: 200 len: 950 time: 0.3465743
May 06 12:17:49.241445 n-d-840847-1 neutron-server[83958]: DEBUG neutron_lib.callbacks.manager [None req-0a2e5e5a-c21f-4c28-a5d3-59636e986176 None None] Notify callbacks ['neutron.plugins.ml2.plugin.SecurityGroupServerNotifierRpcMixin.notify_sg_on_port_change-1148591', 'neutron.plugins.ml2.ovo_rpc._ObjectChangeHandler.handle_event-496805', 'neutron.api.rpc.agentnotifiers.dhcp_rpc_agent_api.DhcpAgentNotifyAPI._native_event_send_dhcp_notification-3045009', 'neutron.db.l3_db.L3RpcNotifierMixin._notify_gateway_port_ip_changed-8727640107686', 'neutron.db.l3_dvrscheduler_db._notify_l3_agent_port_update-8727639668637', 'neutron.db.l3_hascheduler_db._notify_l3_agent_ha_port_update-8727639668682'] for port, after_update {{(pid=83958) _notify_loop /usr/local/lib/python3.8/dist-packages/neutron_lib/callbacks/manager.py:192}}
May 06 12:17:49.275867 n-d-840847-1 neutron-server[83955]: INFO neutron.wsgi [req-44bf2b88-f631-4749-a592-d6728c1df627 req-ccaaa061-7969-4d96-b86d-6759dab3d2cd tempest-ServerDiagnosticsNegativeTest-2043168098 tempest-ServerDiagnosticsNegativeTest-2043168098-project] 10.222.0.44 "GET /v2.0/security-groups?id=1ad9cb8f-d609-4dce-bfad-173d772281cf&fields=id&fields=name HTTP/1.1" status: 200 len: 286 time: 0.0909970
May 06 12:17:49.301718 n-d-840847-1 neutron-server[83958]: DEBUG neutron.api.rpc.handlers.resources_rpc [None req-a1424ab9-b503-472b-a5d8-49ab336a2558 None None] Pushing event updated for resources: {'Port': ['ID=647dedf0-cc36-44db-b87e-eed9d8d712c4,revision_number=2']} {{(pid=83958) push /opt/stack/neutron/neutron/api/rpc/handlers/resources_rpc.py:237}}
May 06 12:17:49.381968 n-d-840847-1 neutron-server[83958]: DEBUG neutron.plugins.ml2.managers [None req-a873e109-b6a0-4875-a3ea-3394bca1b9ed None None] Attempting to bind port 647dedf0-cc36-44db-b87e-eed9d8d712c4 on host n-d-840847-1 for vnic_type normal with profile {{(pid=83958) bind_port /opt/stack/neutron/neutron/plugins/ml2/managers.py:790}}
May 06 12:17:49.382803 n-d-840847-1 neutron-server[83958]: DEBUG neutron.plugins.ml2.managers [None req-a873e109-b6a0-4875-a3ea-3394bca1b9ed None None] Attempting to bind port 647dedf0-cc36-44db-b87e-eed9d8d712c4 by drivers openvswitch,hyperv on host n-d-840847-1 at level 0 using segments [{'id': '74c674bf-00ec-4891-a2cf-66e9234128f5', 'network_type': 'flat', 'physical_network': 'physnet1', 'segmentation_id': None, 'network_id': '135e79cd-88d1-497a-9ea2-a7328c462607'}] {{(pid=83958) _bind_port_level /opt/stack/neutron/neutron/plugins/ml2/managers.py:815}}
May 06 12:17:49.383574 n-d-840847-1 neutron-server[83958]: DEBUG neutron.plugins.ml2.drivers.mech_agent [None req-a873e109-b6a0-4875-a3ea-3394bca1b9ed None None] Attempting to bind port 647dedf0-cc36-44db-b87e-eed9d8d712c4 on network 135e79cd-88d1-497a-9ea2-a7328c462607 {{(pid=83958) bind_port /opt/stack/neutron/neutron/plugins/ml2/drivers/mech_agent.py:85}}
