May 06 12:16:41.916070 n-d-840847-1 devstack@placement-api.service[84471]: DEBUG placement.objects.allocation_candidate [req-748d19f1-7f1e-4328-aaa9-cdca61973d2b req-5710e719-d8f7-4bc6-aaea-1ffa3ce31d95 service placement] RequestGroup(use_same_provider=False, resources={DISK_GB:1, MEMORY_MB:1024, VCPU:1}, traits=[], aggregates=[]) (suffix '') returned 2 matches {{(pid=84471) _get_by_requests /opt/stack/placement/placement/objects/allocation_candidate.py:145}}
May 06 12:16:41.916583 n-d-840847-1 devstack@placement-api.service[84471]: DEBUG placement.objects.allocation_candidate [req-748d19f1-7f1e-4328-aaa9-cdca61973d2b req-5710e719-d8f7-4bc6-aaea-1ffa3ce31d95 service placement] Merging candidates yields 2 allocation requests and 2 provider summaries {{(pid=84471) _merge_candidates /opt/stack/placement/placement/objects/allocation_candidate.py:783}}
May 06 12:16:41.921034 n-d-840847-1 devstack@placement-api.service[84471]: INFO placement.requestlog [req-748d19f1-7f1e-4328-aaa9-cdca61973d2b req-5710e719-d8f7-4bc6-aaea-1ffa3ce31d95 service placement] 10.222.0.44 "GET /placement/allocation_candidates?limit=1000&resources=DISK_GB%3A1%2CMEMORY_MB%3A1024%2CVCPU%3A1&root_required=%21COMPUTE_STATUS_DISABLED" status: 200 len: 1232 microversion: 1.35
May 06 12:16:41.921962 n-d-840847-1 devstack@placement-api.service[84471]: [pid: 84471|app: 0|req: 16/32] 10.222.0.44 () {60 vars in 1506 bytes} [Fri May 6 12:16:41 2022] GET /placement/allocation_candidates?limit=1000&resources=DISK_GB%3A1%2CMEMORY_MB%3A1024%2CVCPU%3A1&root_required=%21COMPUTE_STATUS_DISABLED => generated 1232 bytes in 140 msecs (HTTP/1.1 200) 8 headers in 297 bytes (1 switches on core 0)
May 06 12:16:42.152495 n-d-840847-1 devstack@placement-api.service[84472]: DEBUG placement.requestlog [req-748d19f1-7f1e-4328-aaa9-cdca61973d2b req-0956933b-3519-495a-8323-4499dcb74784 None None] Starting request: 10.222.0.44 "GET /placement/allocations/495856e9-caa8-4098-b604-6943b211dac7" {{(pid=84472) __call__ /opt/stack/placement/placement/requestlog.py:55}}
May 06 12:16:42.166530 n-d-840847-1 devstack@placement-api.service[84472]: INFO placement.requestlog [req-748d19f1-7f1e-4328-aaa9-cdca61973d2b req-0956933b-3519-495a-8323-4499dcb74784 service placement] 10.222.0.44 "GET /placement/allocations/495856e9-caa8-4098-b604-6943b211dac7" status: 200 len: 19 microversion: 1.28
May 06 12:16:42.166782 n-d-840847-1 devstack@placement-api.service[84472]: [pid: 84472|app: 0|req: 17/33] 10.222.0.44 () {60 vars in 1380 bytes} [Fri May 6 12:16:42 2022] GET /placement/allocations/495856e9-caa8-4098-b604-6943b211dac7 => generated 19 bytes in 15 msecs (HTTP/1.1 200) 8 headers in 295 bytes (1 switches on core 0)
May 06 12:16:42.178718 n-d-840847-1 devstack@placement-api.service[84471]: DEBUG placement.requestlog [req-748d19f1-7f1e-4328-aaa9-cdca61973d2b req-6ad11deb-e9ba-44fd-a371-dd911912d11b None None] Starting request: 10.222.0.44 "PUT /placement/allocations/495856e9-caa8-4098-b604-6943b211dac7" {{(pid=84471) __call__ /opt/stack/placement/placement/requestlog.py:55}}
May 06 12:16:42.288693 n-d-840847-1 devstack@placement-api.service[84471]: DEBUG placement.handlers.allocation [req-748d19f1-7f1e-4328-aaa9-cdca61973d2b req-6ad11deb-e9ba-44fd-a371-dd911912d11b service placement] Successfully wrote allocations [, , ] {{(pid=84471) _create_allocations /opt/stack/placement/placement/handlers/allocation.py:435}}
May 06 12:16:42.292951 n-d-840847-1 devstack@placement-api.service[84471]: INFO placement.requestlog [req-748d19f1-7f1e-4328-aaa9-cdca61973d2b req-6ad11deb-e9ba-44fd-a371-dd911912d11b service placement] 10.222.0.44 "PUT /placement/allocations/495856e9-caa8-4098-b604-6943b211dac7" status: 204 len: 0 microversion: 1.35
May 06 12:16:42.294076 n-d-840847-1 devstack@placement-api.service[84471]: [pid: 84471|app: 0|req: 17/34] 10.222.0.44 () {64 vars in 1433 bytes} [Fri May 6 12:16:42 2022] PUT /placement/allocations/495856e9-caa8-4098-b604-6943b211dac7 => generated 0 bytes in 116 msecs (HTTP/1.1 204) 5 headers in 199 bytes (2 switches on core 0)
May 06 12:16:43.230362 n-d-840847-1 devstack@placement-api.service[84472]: DEBUG placement.requestlog [req-748d19f1-7f1e-4328-aaa9-cdca61973d2b req-fe154ddf-baad-419f-9282-5ebb3b25f43c None None] Starting request: 10.222.0.36 "GET /placement/allocations/495856e9-caa8-4098-b604-6943b211dac7" {{(pid=84472) __call__ /opt/stack/placement/placement/requestlog.py:55}}
May 06 12:16:43.290012 n-d-840847-1 devstack@placement-api.service[84472]: INFO placement.requestlog [req-748d19f1-7f1e-4328-aaa9-cdca61973d2b req-fe154ddf-baad-419f-9282-5ebb3b25f43c service placement] 10.222.0.36 "GET /placement/allocations/495856e9-caa8-4098-b604-6943b211dac7" status: 200 len: 258 microversion: 1.28
May 06 12:16:43.294150 n-d-840847-1 devstack@placement-api.service[84472]: [pid: 84472|app: 0|req: 18/35] 10.222.0.36 () {60 vars in 1377 bytes} [Fri May 6 12:16:43 2022] GET /placement/allocations/495856e9-caa8-4098-b604-6943b211dac7 => generated 258 bytes in 64 msecs (HTTP/1.1 200) 8 headers in 296 bytes (1 switches on core 0)
May 06 12:17:08.503887 n-d-840847-1 devstack@placement-api.service[84471]: DEBUG placement.requestlog [req-3392143f-930d-4fb7-b018-fafd7d98b785 req-fe2336c0-3a6f-40be-8ba1-a0c2a0b0f56c None None] Starting request: 10.222.0.44 "GET /placement/allocation_candidates?limit=1000&resources=DISK_GB%3A1%2CMEMORY_MB%3A1024%2CVCPU%3A1&root_required=%21COMPUTE_STATUS_DISABLED" {{(pid=84471) __call__ /opt/stack/placement/placement/requestlog.py:55}}
May 06 12:17:08.557268 n-d-840847-1 devstack@placement-api.service[84471]: DEBUG placement.objects.research_context [req-3392143f-930d-4fb7-b018-fafd7d98b785 req-fe2336c0-3a6f-40be-8ba1-a0c2a0b0f56c service placement] getting providers with 1 DISK_GB {{(pid=84471) __init__ /opt/stack/placement/placement/objects/research_context.py:126}}
May 06 12:17:08.564615 n-d-840847-1 devstack@placement-api.service[84471]: DEBUG placement.objects.research_context [req-3392143f-930d-4fb7-b018-fafd7d98b785 req-fe2336c0-3a6f-40be-8ba1-a0c2a0b0f56c service placement] getting providers with 1024 MEMORY_MB {{(pid=84471) __init__ /opt/stack/placement/placement/objects/research_context.py:126}}
May 06 12:17:08.573730 n-d-840847-1 devstack@placement-api.service[84471]: DEBUG placement.objects.research_context [req-3392143f-930d-4fb7-b018-fafd7d98b785 req-fe2336c0-3a6f-40be-8ba1-a0c2a0b0f56c service placement] getting providers with 1 VCPU {{(pid=84471) __init__ /opt/stack/placement/placement/objects/research_context.py:126}}
May 06 12:17:08.583755 n-d-840847-1 devstack@placement-api.service[84471]: DEBUG placement.objects.research_context [req-3392143f-930d-4fb7-b018-fafd7d98b785 req-fe2336c0-3a6f-40be-8ba1-a0c2a0b0f56c service placement] found 2 providers with available 1 DISK_GB {{(pid=84471) get_provider_ids_matching /opt/stack/placement/placement/objects/research_context.py:549}}
May 06 12:17:08.584225 n-d-840847-1 devstack@placement-api.service[84471]: DEBUG placement.objects.research_context [req-3392143f-930d-4fb7-b018-fafd7d98b785 req-fe2336c0-3a6f-40be-8ba1-a0c2a0b0f56c service placement] found 2 providers with available 1024 MEMORY_MB {{(pid=84471) get_provider_ids_matching /opt/stack/placement/placement/objects/research_context.py:549}}
May 06 12:17:08.585209 n-d-840847-1 devstack@placement-api.service[84471]: DEBUG placement.objects.research_context [req-3392143f-930d-4fb7-b018-fafd7d98b785 req-fe2336c0-3a6f-40be-8ba1-a0c2a0b0f56c service placement] found 2 providers after filtering by previous result {{(pid=84471) get_provider_ids_matching /opt/stack/placement/placement/objects/research_context.py:580}}
May 06 12:17:08.585872 n-d-840847-1 devstack@placement-api.service[84471]: DEBUG placement.objects.research_context [req-3392143f-930d-4fb7-b018-fafd7d98b785 req-fe2336c0-3a6f-40be-8ba1-a0c2a0b0f56c service placement] found 2 providers with available 1 VCPU {{(pid=84471) get_provider_ids_matching /opt/stack/placement/placement/objects/research_context.py:549}}
May 06 12:17:08.588712 n-d-840847-1 devstack@placement-api.service[84471]: DEBUG placement.objects.research_context [req-3392143f-930d-4fb7-b018-fafd7d98b785 req-fe2336c0-3a6f-40be-8ba1-a0c2a0b0f56c service placement] found 2 providers after filtering by previous result {{(pid=84471) get_provider_ids_matching /opt/stack/placement/placement/objects/research_context.py:580}}
May 06 12:17:08.624355 n-d-840847-1 devstack@placement-api.service[84471]: DEBUG placement.objects.allocation_candidate [req-3392143f-930d-4fb7-b018-fafd7d98b785 req-fe2336c0-3a6f-40be-8ba1-a0c2a0b0f56c service placement] RequestGroup(use_same_provider=False, resources={DISK_GB:1, MEMORY_MB:1024, VCPU:1}, traits=[], aggregates=[]) (suffix '') returned 2 matches {{(pid=84471) _get_by_requests /opt/stack/placement/placement/objects/allocation_candidate.py:145}}
May 06 12:17:08.626794 n-d-840847-1 devstack@placement-api.service[84471]: DEBUG placement.objects.allocation_candidate [req-3392143f-930d-4fb7-b018-fafd7d98b785 req-fe2336c0-3a6f-40be-8ba1-a0c2a0b0f56c service placement] Merging candidates yields 2 allocation requests and 2 provider summaries {{(pid=84471) _merge_candidates /opt/stack/placement/placement/objects/allocation_candidate.py:783}}
May 06 12:17:08.630282 n-d-840847-1 devstack@placement-api.service[84471]: INFO placement.requestlog [req-3392143f-930d-4fb7-b018-fafd7d98b785 req-fe2336c0-3a6f-40be-8ba1-a0c2a0b0f56c service placement] 10.222.0.44 "GET /placement/allocation_candidates?limit=1000&resources=DISK_GB%3A1%2CMEMORY_MB%3A1024%2CVCPU%3A1&root_required=%21COMPUTE_STATUS_DISABLED" status: 200 len: 1232 microversion: 1.35
May 06 12:17:08.632278 n-d-840847-1 devstack@placement-api.service[84471]: [pid: 84471|app: 0|req: 18/36] 10.222.0.44 () {60 vars in 1506 bytes} [Fri May 6 12:17:08 2022] GET /placement/allocation_candidates?limit=1000&resources=DISK_GB%3A1%2CMEMORY_MB%3A1024%2CVCPU%3A1&root_required=%21COMPUTE_STATUS_DISABLED => generated 1232 bytes in 128 msecs (HTTP/1.1 200) 8 headers in 297 bytes (1 switches on core 0)
May 06 12:17:08.728601 n-d-840847-1 devstack@placement-api.service[84472]: DEBUG placement.requestlog [req-3392143f-930d-4fb7-b018-fafd7d98b785 req-1cf3676d-6ae4-4345-9125-f3e7de62a261 None None] Starting request: 10.222.0.44 "GET /placement/allocations/eea0489e-d62e-46cc-8feb-a0dfa8c1ac12" {{(pid=84472) __call__ /opt/stack/placement/placement/requestlog.py:55}}
May 06 12:17:08.743839 n-d-840847-1 devstack@placement-api.service[84472]: INFO placement.requestlog [req-3392143f-930d-4fb7-b018-fafd7d98b785 req-1cf3676d-6ae4-4345-9125-f3e7de62a261 service placement] 10.222.0.44 "GET /placement/allocations/eea0489e-d62e-46cc-8feb-a0dfa8c1ac12" status: 200 len: 19 microversion: 1.28
May 06 12:17:08.744241 n-d-840847-1 devstack@placement-api.service[84472]: [pid: 84472|app: 0|req: 19/37] 10.222.0.44 () {60 vars in 1380 bytes} [Fri May 6 12:17:08 2022] GET /placement/allocations/eea0489e-d62e-46cc-8feb-a0dfa8c1ac12 => generated 19 bytes in 16 msecs (HTTP/1.1 200) 8 headers in 295 bytes (2 switches on core 0)
May 06 12:17:08.755489 n-d-840847-1 devstack@placement-api.service[84471]: DEBUG placement.requestlog [req-3392143f-930d-4fb7-b018-fafd7d98b785 req-df3602dd-164a-4ac7-938e-10c37069f0b9 None None] Starting request: 10.222.0.44 "PUT /placement/allocations/eea0489e-d62e-46cc-8feb-a0dfa8c1ac12" {{(pid=84471) __call__ /opt/stack/placement/placement/requestlog.py:55}}
May 06 12:17:08.884929 n-d-840847-1 devstack@placement-api.service[84471]: DEBUG placement.handlers.allocation [req-3392143f-930d-4fb7-b018-fafd7d98b785 req-df3602dd-164a-4ac7-938e-10c37069f0b9 service placement] Successfully wrote allocations [, , ] {{(pid=84471) _create_allocations /opt/stack/placement/placement/handlers/allocation.py:435}}
May 06 12:17:08.887435 n-d-840847-1 devstack@placement-api.service[84471]: INFO placement.requestlog [req-3392143f-930d-4fb7-b018-fafd7d98b785 req-df3602dd-164a-4ac7-938e-10c37069f0b9 service placement] 10.222.0.44 "PUT /placement/allocations/eea0489e-d62e-46cc-8feb-a0dfa8c1ac12" status: 204 len: 0 microversion: 1.35
May 06 12:17:08.887435 n-d-840847-1 devstack@placement-api.service[84471]: [pid: 84471|app: 0|req: 19/38] 10.222.0.44 () {64 vars in 1433 bytes} [Fri May 6 12:17:08 2022] PUT /placement/allocations/eea0489e-d62e-46cc-8feb-a0dfa8c1ac12 => generated 0 bytes in 132 msecs (HTTP/1.1 204) 5 headers in 199 bytes (1 switches on core 0)
May 06 12:17:09.590935 n-d-840847-1 devstack@placement-api.service[84472]: DEBUG placement.requestlog [req-3392143f-930d-4fb7-b018-fafd7d98b785 req-229192cc-1360-4404-906f-b25cc298b85e None None] Starting request: 10.222.0.48 "GET /placement/allocations/eea0489e-d62e-46cc-8feb-a0dfa8c1ac12" {{(pid=84472) __call__ /opt/stack/placement/placement/requestlog.py:55}}
May 06 12:17:09.616423 n-d-840847-1 devstack@placement-api.service[84472]: INFO placement.requestlog [req-3392143f-930d-4fb7-b018-fafd7d98b785 req-229192cc-1360-4404-906f-b25cc298b85e service placement] 10.222.0.48 "GET /placement/allocations/eea0489e-d62e-46cc-8feb-a0dfa8c1ac12" status: 200 len: 258 microversion: 1.28
May 06 12:17:09.616962 n-d-840847-1 devstack@placement-api.service[84472]: [pid: 84472|app: 0|req: 20/39] 10.222.0.48 () {60 vars in 1377 bytes} [Fri May 6 12:17:09 2022] GET /placement/allocations/eea0489e-d62e-46cc-8feb-a0dfa8c1ac12 => generated 258 bytes in 26 msecs (HTTP/1.1 200) 8 headers in 296 bytes (2 switches on core 0)
May 06 12:17:12.323864 n-d-840847-1 devstack@placement-api.service[84471]: DEBUG placement.requestlog [req-677b7b43-6213-4eff-8475-08219ef9602e req-6a4c29da-6c67-4fde-ba3d-c0aeb00e3b0b None None] Starting request: 10.222.0.36 "GET /placement/allocations/a820b770-c54d-4393-a035-30df7924e271" {{(pid=84471) __call__ /opt/stack/placement/placement/requestlog.py:55}}
May 06 12:17:12.368356 n-d-840847-1 devstack@placement-api.service[84471]: INFO placement.requestlog [req-677b7b43-6213-4eff-8475-08219ef9602e req-6a4c29da-6c67-4fde-ba3d-c0aeb00e3b0b service placement] 10.222.0.36 "GET /placement/allocations/a820b770-c54d-4393-a035-30df7924e271" status: 200 len: 258 microversion: 1.28
May 06 12:17:12.371169 n-d-840847-1 devstack@placement-api.service[84471]: [pid: 84471|app: 0|req: 20/40] 10.222.0.36 () {60 vars in 1377 bytes} [Fri May 6 12:17:12 2022] GET /placement/allocations/a820b770-c54d-4393-a035-30df7924e271 => generated 258 bytes in 48 msecs (HTTP/1.1 200) 8 headers in 296 bytes (1 switches on core 0)
May 06 12:17:12.383976 n-d-840847-1 devstack@placement-api.service[84472]: DEBUG placement.requestlog [req-677b7b43-6213-4eff-8475-08219ef9602e req-a5a6dbb5-d0e6-48a6-80f8-abbeb6898a3c None None] Starting request: 10.222.0.36 "PUT /placement/allocations/a820b770-c54d-4393-a035-30df7924e271" {{(pid=84472) __call__ /opt/stack/placement/placement/requestlog.py:55}}
May 06 12:17:12.497796 n-d-840847-1 devstack@placement-api.service[84472]: DEBUG placement.handlers.allocation [req-677b7b43-6213-4eff-8475-08219ef9602e req-a5a6dbb5-d0e6-48a6-80f8-abbeb6898a3c service placement] Successfully wrote allocations [, , ] {{(pid=84472) _create_allocations /opt/stack/placement/placement/handlers/allocation.py:435}}
May 06 12:17:12.498453 n-d-840847-1 devstack@placement-api.service[84472]: INFO placement.requestlog [req-677b7b43-6213-4eff-8475-08219ef9602e req-a5a6dbb5-d0e6-48a6-80f8-abbeb6898a3c service placement] 10.222.0.36 "PUT /placement/allocations/a820b770-c54d-4393-a035-30df7924e271" status: 204 len: 0 microversion: 1.28
May 06 12:17:12.499130 n-d-840847-1 devstack@placement-api.service[84472]: [pid: 84472|app: 0|req: 21/41] 10.222.0.36 () {64 vars in 1430 bytes} [Fri May 6 12:17:12 2022] PUT /placement/allocations/a820b770-c54d-4393-a035-30df7924e271 => generated 0 bytes in 116 msecs (HTTP/1.1 204) 5 headers in 199 bytes (1 switches on core 0)
May 06 12:17:12.698971 n-d-840847-1 devstack@placement-api.service[84471]: DEBUG placement.requestlog [req-bd033763-ebed-4895-9e16-6e589aed1b3c req-605cb78d-ad41-4050-b370-2f90ce6c588d None None] Starting request: 10.222.0.36 "GET /placement/allocations/495856e9-caa8-4098-b604-6943b211dac7" {{(pid=84471) __call__ /opt/stack/placement/placement/requestlog.py:55}}
May 06 12:17:12.725879 n-d-840847-1 devstack@placement-api.service[84471]: INFO placement.requestlog [req-bd033763-ebed-4895-9e16-6e589aed1b3c req-605cb78d-ad41-4050-b370-2f90ce6c588d service placement] 10.222.0.36 "GET /placement/allocations/495856e9-caa8-4098-b604-6943b211dac7" status: 200 len: 258 microversion: 1.28
May 06 12:17:12.729065 n-d-840847-1 devstack@placement-api.service[84471]: [pid: 84471|app: 0|req: 21/42] 10.222.0.36 () {60 vars in 1377 bytes} [Fri May 6 12:17:12 2022] GET /placement/allocations/495856e9-caa8-4098-b604-6943b211dac7 => generated 258 bytes in 35 msecs (HTTP/1.1 200) 8 headers in 296 bytes (1 switches on core 0)
May 06 12:17:12.736732 n-d-840847-1 devstack@placement-api.service[84472]: DEBUG placement.requestlog [req-bd033763-ebed-4895-9e16-6e589aed1b3c req-dfe8f124-9ec9-4012-b00f-d354385e3e88 None None] Starting request: 10.222.0.36 "PUT /placement/allocations/495856e9-caa8-4098-b604-6943b211dac7" {{(pid=84472) __call__ /opt/stack/placement/placement/requestlog.py:55}}
May 06 12:17:12.827604 n-d-840847-1 devstack@placement-api.service[84472]: DEBUG placement.handlers.allocation [req-bd033763-ebed-4895-9e16-6e589aed1b3c req-dfe8f124-9ec9-4012-b00f-d354385e3e88 service placement] Successfully wrote allocations [, , ] {{(pid=84472) _create_allocations /opt/stack/placement/placement/handlers/allocation.py:435}}
May 06 12:17:12.828437 n-d-840847-1 devstack@placement-api.service[84472]: INFO placement.requestlog [req-bd033763-ebed-4895-9e16-6e589aed1b3c req-dfe8f124-9ec9-4012-b00f-d354385e3e88 service placement] 10.222.0.36 "PUT /placement/allocations/495856e9-caa8-4098-b604-6943b211dac7" status: 204 len: 0 microversion: 1.28
May 06 12:17:12.829155 n-d-840847-1 devstack@placement-api.service[84472]: [pid: 84472|app: 0|req: 22/43] 10.222.0.36 () {64 vars in 1430 bytes} [Fri May 6 12:17:12 2022] PUT /placement/allocations/495856e9-caa8-4098-b604-6943b211dac7 => generated 0 bytes in 93 msecs (HTTP/1.1 204) 5 headers in 199 bytes (1 switches on core 0)
May 06 12:17:13.900576 n-d-840847-1 devstack@placement-api.service[84471]: DEBUG placement.requestlog [req-5acbe5c1-247f-4e11-a852-de97d52d3e11 req-deaa31bb-e3ec-4b31-b1a4-a96565f87fd6 None None] Starting request: 10.222.0.36 "GET /placement/resource_providers/d1dea0eb-1f4f-424a-aa19-2ed1e14e0615/allocations" {{(pid=84471) __call__ /opt/stack/placement/placement/requestlog.py:55}}
May 06 12:17:13.945895 n-d-840847-1 devstack@placement-api.service[84471]: INFO placement.requestlog [req-5acbe5c1-247f-4e11-a852-de97d52d3e11 req-deaa31bb-e3ec-4b31-b1a4-a96565f87fd6 service placement] 10.222.0.36 "GET /placement/resource_providers/d1dea0eb-1f4f-424a-aa19-2ed1e14e0615/allocations" status: 200 len: 54 microversion: 1.0
May 06 12:17:13.946406 n-d-840847-1 devstack@placement-api.service[84471]: [pid: 84471|app: 0|req: 22/44] 10.222.0.36 () {58 vars in 1390 bytes} [Fri May 6 12:17:13 2022] GET /placement/resource_providers/d1dea0eb-1f4f-424a-aa19-2ed1e14e0615/allocations => generated 54 bytes in 46 msecs (HTTP/1.1 200) 6 headers in 223 bytes (1 switches on core 0)
May 06 12:17:14.232850 n-d-840847-1 devstack@placement-api.service[84472]: DEBUG placement.requestlog [None req-096f28ac-a579-4fd6-b4e4-cabdeb95f8ef None None] Starting request: 10.222.0.44 "GET /placement/" {{(pid=84472) __call__ /opt/stack/placement/placement/requestlog.py:55}}
May 06 12:17:14.236808 n-d-840847-1 devstack@placement-api.service[84472]: INFO placement.requestlog [None req-096f28ac-a579-4fd6-b4e4-cabdeb95f8ef None None] 10.222.0.44 "GET /placement/" status: 200 len: 136 microversion: 1.0
May 06 12:17:14.237240 n-d-840847-1 devstack@placement-api.service[84472]: [pid: 84472|app: 0|req: 23/45] 10.222.0.44 () {54 vars in 907 bytes} [Fri May 6 12:17:14 2022] GET /placement => generated 136 bytes in 5 msecs (HTTP/1.1 200) 6 headers in 224 bytes (1 switches on core 0)
May 06 12:17:14.244012 n-d-840847-1 devstack@placement-api.service[84471]: DEBUG placement.requestlog [req-23c8aa93-9a7f-4a1b-a858-4815bcbaaffb req-5e8e6998-8d2d-4a84-a59e-d51180d53f3f None None] Starting request: 10.222.0.44 "GET /placement/resource_providers?name=n-h2-840847-1" {{(pid=84471) __call__ /opt/stack/placement/placement/requestlog.py:55}}
May 06 12:17:14.632340 n-d-840847-1 devstack@placement-api.service[84472]: DEBUG placement.requestlog [req-eca36fa9-ec7c-4aae-9b40-85622a985081 req-8b6896e5-b2c8-4dc2-8d18-b1eb1ab1e6c3 None None] Starting request: 10.222.0.44 "GET /placement/allocation_candidates?limit=1000&resources=DISK_GB%3A1%2CMEMORY_MB%3A1024%2CVCPU%3A1&root_required=%21COMPUTE_STATUS_DISABLED" {{(pid=84472) __call__ /opt/stack/placement/placement/requestlog.py:55}}
May 06 12:17:14.719649 n-d-840847-1 devstack@placement-api.service[84472]: DEBUG placement.objects.research_context [req-eca36fa9-ec7c-4aae-9b40-85622a985081 req-8b6896e5-b2c8-4dc2-8d18-b1eb1ab1e6c3 service placement] getting providers with 1 DISK_GB {{(pid=84472) __init__ /opt/stack/placement/placement/objects/research_context.py:126}}
May 06 12:17:14.744698 n-d-840847-1 devstack@placement-api.service[84472]: DEBUG placement.objects.research_context [req-eca36fa9-ec7c-4aae-9b40-85622a985081 req-8b6896e5-b2c8-4dc2-8d18-b1eb1ab1e6c3 service placement] getting providers with 1024 MEMORY_MB {{(pid=84472) __init__ /opt/stack/placement/placement/objects/research_context.py:126}}
May 06 12:17:14.753261 n-d-840847-1 devstack@placement-api.service[84472]: DEBUG placement.objects.research_context [req-eca36fa9-ec7c-4aae-9b40-85622a985081 req-8b6896e5-b2c8-4dc2-8d18-b1eb1ab1e6c3 service placement] getting providers with 1 VCPU {{(pid=84472) __init__ /opt/stack/placement/placement/objects/research_context.py:126}}
May 06 12:17:14.774663 n-d-840847-1 devstack@placement-api.service[84472]: DEBUG placement.objects.research_context [req-eca36fa9-ec7c-4aae-9b40-85622a985081 req-8b6896e5-b2c8-4dc2-8d18-b1eb1ab1e6c3 service placement] found 2 providers with available 1 DISK_GB {{(pid=84472) get_provider_ids_matching /opt/stack/placement/placement/objects/research_context.py:549}}
May 06 12:17:14.775026 n-d-840847-1 devstack@placement-api.service[84472]: DEBUG placement.objects.research_context [req-eca36fa9-ec7c-4aae-9b40-85622a985081 req-8b6896e5-b2c8-4dc2-8d18-b1eb1ab1e6c3 service placement] found 2 providers with available 1024 MEMORY_MB {{(pid=84472) get_provider_ids_matching /opt/stack/placement/placement/objects/research_context.py:549}}
May 06 12:17:14.775549 n-d-840847-1 devstack@placement-api.service[84472]: DEBUG placement.objects.research_context [req-eca36fa9-ec7c-4aae-9b40-85622a985081 req-8b6896e5-b2c8-4dc2-8d18-b1eb1ab1e6c3 service placement] found 2 providers after filtering by previous result {{(pid=84472) get_provider_ids_matching /opt/stack/placement/placement/objects/research_context.py:580}}
May 06 12:17:14.778693 n-d-840847-1 devstack@placement-api.service[84472]: DEBUG placement.objects.research_context [req-eca36fa9-ec7c-4aae-9b40-85622a985081 req-8b6896e5-b2c8-4dc2-8d18-b1eb1ab1e6c3 service placement] found 2 providers with available 1 VCPU {{(pid=84472) get_provider_ids_matching /opt/stack/placement/placement/objects/research_context.py:549}}
May 06 12:17:14.779043 n-d-840847-1 devstack@placement-api.service[84472]: DEBUG placement.objects.research_context [req-eca36fa9-ec7c-4aae-9b40-85622a985081 req-8b6896e5-b2c8-4dc2-8d18-b1eb1ab1e6c3 service placement] found 2 providers after filtering by previous result {{(pid=84472) get_provider_ids_matching /opt/stack/placement/placement/objects/research_context.py:580}}
May 06 12:17:14.808810 n-d-840847-1 devstack@placement-api.service[84472]: DEBUG placement.objects.allocation_candidate [req-eca36fa9-ec7c-4aae-9b40-85622a985081 req-8b6896e5-b2c8-4dc2-8d18-b1eb1ab1e6c3 service placement] RequestGroup(use_same_provider=False, resources={DISK_GB:1, MEMORY_MB:1024, VCPU:1}, traits=[], aggregates=[]) (suffix '') returned 2 matches {{(pid=84472) _get_by_requests /opt/stack/placement/placement/objects/allocation_candidate.py:145}}
May 06 12:17:14.809365 n-d-840847-1 devstack@placement-api.service[84472]: DEBUG placement.objects.allocation_candidate [req-eca36fa9-ec7c-4aae-9b40-85622a985081 req-8b6896e5-b2c8-4dc2-8d18-b1eb1ab1e6c3 service placement] Merging candidates yields 2 allocation requests and 2 provider summaries {{(pid=84472) _merge_candidates /opt/stack/placement/placement/objects/allocation_candidate.py:783}}
May 06 12:17:14.813634 n-d-840847-1 devstack@placement-api.service[84472]: INFO placement.requestlog [req-eca36fa9-ec7c-4aae-9b40-85622a985081 req-8b6896e5-b2c8-4dc2-8d18-b1eb1ab1e6c3 service placement] 10.222.0.44 "GET /placement/allocation_candidates?limit=1000&resources=DISK_GB%3A1%2CMEMORY_MB%3A1024%2CVCPU%3A1&root_required=%21COMPUTE_STATUS_DISABLED" status: 200 len: 1232 microversion: 1.35
May 06 12:17:14.818412 n-d-840847-1 devstack@placement-api.service[84472]: [pid: 84472|app: 0|req: 24/46] 10.222.0.44 () {60 vars in 1506 bytes} [Fri May 6 12:17:14 2022] GET /placement/allocation_candidates?limit=1000&resources=DISK_GB%3A1%2CMEMORY_MB%3A1024%2CVCPU%3A1&root_required=%21COMPUTE_STATUS_DISABLED => generated 1232 bytes in 186 msecs (HTTP/1.1 200) 8 headers in 297 bytes (1 switches on core 0)
May 06 12:17:14.883459 n-d-840847-1 devstack@placement-api.service[84472]: DEBUG placement.requestlog [req-eca36fa9-ec7c-4aae-9b40-85622a985081 req-f4a1425d-11de-4547-9f65-95060ae9e61e None None] Starting request: 10.222.0.44 "GET /placement/allocations/04dc445f-1904-4c95-8304-1e01c4918da8" {{(pid=84472) __call__ /opt/stack/placement/placement/requestlog.py:55}}
May 06 12:17:14.900082 n-d-840847-1 devstack@placement-api.service[84472]: INFO placement.requestlog [req-eca36fa9-ec7c-4aae-9b40-85622a985081 req-f4a1425d-11de-4547-9f65-95060ae9e61e service placement] 10.222.0.44 "GET /placement/allocations/04dc445f-1904-4c95-8304-1e01c4918da8" status: 200 len: 19 microversion: 1.28
May 06 12:17:14.907720 n-d-840847-1 devstack@placement-api.service[84472]: [pid: 84472|app: 0|req: 25/47] 10.222.0.44 () {60 vars in 1380 bytes} [Fri May 6 12:17:14 2022] GET /placement/allocations/04dc445f-1904-4c95-8304-1e01c4918da8 => generated 19 bytes in 24 msecs (HTTP/1.1 200) 8 headers in 295 bytes (2 switches on core 0)
May 06 12:17:14.908626 n-d-840847-1 devstack@placement-api.service[84472]: DEBUG placement.requestlog [req-eca36fa9-ec7c-4aae-9b40-85622a985081 req-66a0399e-0755-4bc0-af98-5cc2ff6a4bdc None None] Starting request: 10.222.0.44 "PUT /placement/allocations/04dc445f-1904-4c95-8304-1e01c4918da8" {{(pid=84472) __call__ /opt/stack/placement/placement/requestlog.py:55}}
May 06 12:17:14.984453 n-d-840847-1 devstack@placement-api.service[84472]: DEBUG placement.handlers.allocation [req-eca36fa9-ec7c-4aae-9b40-85622a985081 req-66a0399e-0755-4bc0-af98-5cc2ff6a4bdc service placement] Successfully wrote allocations [, , ] {{(pid=84472) _create_allocations /opt/stack/placement/placement/handlers/allocation.py:435}}
May 06 12:17:14.986208 n-d-840847-1 devstack@placement-api.service[84472]: INFO placement.requestlog [req-eca36fa9-ec7c-4aae-9b40-85622a985081 req-66a0399e-0755-4bc0-af98-5cc2ff6a4bdc service placement] 10.222.0.44 "PUT /placement/allocations/04dc445f-1904-4c95-8304-1e01c4918da8" status: 204 len: 0 microversion: 1.35
May 06 12:17:14.992916 n-d-840847-1 devstack@placement-api.service[84471]: INFO placement.requestlog [req-23c8aa93-9a7f-4a1b-a858-4815bcbaaffb req-5e8e6998-8d2d-4a84-a59e-d51180d53f3f service placement] 10.222.0.44 "GET /placement/resource_providers?name=n-h2-840847-1" status: 200 len: 440 microversion: 1.0
May 06 12:17:15.005101 n-d-840847-1 devstack@placement-api.service[84472]: [pid: 84472|app: 0|req: 26/48] 10.222.0.44 () {64 vars in 1433 bytes} [Fri May 6 12:17:14 2022] PUT /placement/allocations/04dc445f-1904-4c95-8304-1e01c4918da8 => generated 0 bytes in 82 msecs (HTTP/1.1 204) 5 headers in 199 bytes (1 switches on core 0)
May 06 12:17:15.011433 n-d-840847-1 devstack@placement-api.service[84471]: [pid: 84471|app: 0|req: 23/49] 10.222.0.44 () {58 vars in 1274 bytes} [Fri May 6 12:17:14 2022] GET /placement/resource_providers?name=n-h2-840847-1 => generated 440 bytes in 767 msecs (HTTP/1.1 200) 6 headers in 224 bytes (1 switches on core 0)
May 06 12:17:15.016745 n-d-840847-1 devstack@placement-api.service[84472]: DEBUG placement.requestlog [req-23c8aa93-9a7f-4a1b-a858-4815bcbaaffb req-29ec1f1c-c8b2-4362-b525-055836aeeb9e None None] Starting request: 10.222.0.44 "GET /placement/resource_providers/d1dea0eb-1f4f-424a-aa19-2ed1e14e0615/aggregates" {{(pid=84472) __call__ /opt/stack/placement/placement/requestlog.py:55}}
May 06 12:17:15.036669 n-d-840847-1 devstack@placement-api.service[84472]: INFO placement.requestlog [req-23c8aa93-9a7f-4a1b-a858-4815bcbaaffb req-29ec1f1c-c8b2-4362-b525-055836aeeb9e service placement] 10.222.0.44 "GET /placement/resource_providers/d1dea0eb-1f4f-424a-aa19-2ed1e14e0615/aggregates" status: 200 len: 91 microversion: 1.19
May 06 12:17:15.044763 n-d-840847-1 devstack@placement-api.service[84471]: DEBUG placement.requestlog [req-23c8aa93-9a7f-4a1b-a858-4815bcbaaffb req-63c7913e-dada-454a-9d91-3c307709b2fa None None] Starting request: 10.222.0.44 "PUT /placement/resource_providers/d1dea0eb-1f4f-424a-aa19-2ed1e14e0615/aggregates" {{(pid=84471) __call__ /opt/stack/placement/placement/requestlog.py:55}}
May 06 12:17:15.049694 n-d-840847-1 devstack@placement-api.service[84472]: [pid: 84472|app: 0|req: 27/50] 10.222.0.44 () {60 vars in 1425 bytes} [Fri May 6 12:17:15 2022] GET /placement/resource_providers/d1dea0eb-1f4f-424a-aa19-2ed1e14e0615/aggregates => generated 91 bytes in 27 msecs (HTTP/1.1 200) 8 headers in 295 bytes (1 switches on core 0)
May 06 12:17:15.096170 n-d-840847-1 devstack@placement-api.service[84471]: DEBUG placement.objects.resource_provider [req-23c8aa93-9a7f-4a1b-a858-4815bcbaaffb req-63c7913e-dada-454a-9d91-3c307709b2fa service placement] Setting aggregates for provider d1dea0eb-1f4f-424a-aa19-2ed1e14e0615. Successfully disassociated aggregate c9f66a7f-df33-45f7-9116-cff714039baf. {{(pid=84471) _set_aggregates /opt/stack/placement/placement/objects/resource_provider.py:402}}
May 06 12:17:15.104443 n-d-840847-1 devstack@placement-api.service[84471]: INFO placement.requestlog [req-23c8aa93-9a7f-4a1b-a858-4815bcbaaffb req-63c7913e-dada-454a-9d91-3c307709b2fa service placement] 10.222.0.44 "PUT /placement/resource_providers/d1dea0eb-1f4f-424a-aa19-2ed1e14e0615/aggregates" status: 200 len: 53 microversion: 1.19
May 06 12:17:15.105075 n-d-840847-1 devstack@placement-api.service[84471]: [pid: 84471|app: 0|req: 24/51] 10.222.0.44 () {64 vars in 1477 bytes} [Fri May 6 12:17:15 2022] PUT /placement/resource_providers/d1dea0eb-1f4f-424a-aa19-2ed1e14e0615/aggregates => generated 53 bytes in 61 msecs (HTTP/1.1 200) 8 headers in 295 bytes (2 switches on core 0)
May 06 12:17:15.479607 n-d-840847-1 devstack@placement-api.service[84472]: DEBUG placement.requestlog [req-54067324-56ef-439f-bb2f-9bdff92a57b0 req-f773502e-7de5-443f-9267-467b77d4c523 None None] Starting request: 10.222.0.44 "GET /placement/resource_providers?name=n-h2-840847-1" {{(pid=84472) __call__ /opt/stack/placement/placement/requestlog.py:55}}
May 06 12:17:15.499719 n-d-840847-1 devstack@placement-api.service[84472]: INFO placement.requestlog [req-54067324-56ef-439f-bb2f-9bdff92a57b0 req-f773502e-7de5-443f-9267-467b77d4c523 service placement] 10.222.0.44 "GET /placement/resource_providers?name=n-h2-840847-1" status: 200 len: 440 microversion: 1.0
May 06 12:17:15.507051 n-d-840847-1 devstack@placement-api.service[84472]: [pid: 84472|app: 0|req: 28/52] 10.222.0.44 () {58 vars in 1274 bytes} [Fri May 6 12:17:15 2022] GET /placement/resource_providers?name=n-h2-840847-1 => generated 440 bytes in 27 msecs (HTTP/1.1 200) 6 headers in 224 bytes (1 switches on core 0)
May 06 12:17:15.511390 n-d-840847-1 devstack@placement-api.service[84471]: DEBUG placement.requestlog [req-54067324-56ef-439f-bb2f-9bdff92a57b0 req-3261d8ef-34f1-44e9-af9d-81eba65de5c5 None None] Starting request: 10.222.0.44 "GET /placement/resource_providers/d1dea0eb-1f4f-424a-aa19-2ed1e14e0615/aggregates" {{(pid=84471) __call__ /opt/stack/placement/placement/requestlog.py:55}}
May 06 12:17:15.515340 n-d-840847-1 devstack@placement-api.service[84472]: DEBUG placement.requestlog [req-eca36fa9-ec7c-4aae-9b40-85622a985081 req-948d2113-2cf9-4da7-90f4-ebca96834fce None None] Starting request: 10.222.0.36 "GET /placement/allocations/04dc445f-1904-4c95-8304-1e01c4918da8" {{(pid=84472) __call__ /opt/stack/placement/placement/requestlog.py:55}}
May 06 12:17:15.539116 n-d-840847-1 devstack@placement-api.service[84471]: INFO placement.requestlog [req-54067324-56ef-439f-bb2f-9bdff92a57b0 req-3261d8ef-34f1-44e9-af9d-81eba65de5c5 service placement] 10.222.0.44 "GET /placement/resource_providers/d1dea0eb-1f4f-424a-aa19-2ed1e14e0615/aggregates" status: 200 len: 53 microversion: 1.19
May 06 12:17:15.541703 n-d-840847-1 devstack@placement-api.service[84471]: [pid: 84471|app: 0|req: 25/53] 10.222.0.44 () {60 vars in 1425 bytes} [Fri May 6 12:17:15 2022] GET /placement/resource_providers/d1dea0eb-1f4f-424a-aa19-2ed1e14e0615/aggregates => generated 53 bytes in 31 msecs (HTTP/1.1 200) 8 headers in 295 bytes (1 switches on core 0)
May 06 12:17:15.558075 n-d-840847-1 devstack@placement-api.service[84471]: DEBUG placement.requestlog [req-54067324-56ef-439f-bb2f-9bdff92a57b0 req-72cb57b5-7977-4d9b-8309-187c4380af63 None None] Starting request: 10.222.0.44 "PUT /placement/resource_providers/d1dea0eb-1f4f-424a-aa19-2ed1e14e0615/aggregates" {{(pid=84471) __call__ /opt/stack/placement/placement/requestlog.py:55}}
May 06 12:17:15.573143 n-d-840847-1 devstack@placement-api.service[84472]: INFO placement.requestlog [req-eca36fa9-ec7c-4aae-9b40-85622a985081 req-948d2113-2cf9-4da7-90f4-ebca96834fce service placement] 10.222.0.36 "GET /placement/allocations/04dc445f-1904-4c95-8304-1e01c4918da8" status: 200 len: 258 microversion: 1.28
May 06 12:17:15.574226 n-d-840847-1 devstack@placement-api.service[84472]: [pid: 84472|app: 0|req: 29/54] 10.222.0.36 () {60 vars in 1377 bytes} [Fri May 6 12:17:15 2022] GET /placement/allocations/04dc445f-1904-4c95-8304-1e01c4918da8 => generated 258 bytes in 60 msecs (HTTP/1.1 200) 8 headers in 296 bytes (2 switches on core 0)
May 06 12:17:15.596253 n-d-840847-1 devstack@placement-api.service[84471]: DEBUG placement.objects.resource_provider [req-54067324-56ef-439f-bb2f-9bdff92a57b0 req-72cb57b5-7977-4d9b-8309-187c4380af63 service placement] _ensure_aggregate() did not find aggregate ab428840-d697-4406-aecb-34791c525e96. Attempting to create it. {{(pid=84471) _ensure_aggregate /opt/stack/placement/placement/objects/resource_provider.py:319}}
May 06 12:17:15.600888 n-d-840847-1 devstack@placement-api.service[84471]: DEBUG placement.objects.resource_provider [req-54067324-56ef-439f-bb2f-9bdff92a57b0 req-72cb57b5-7977-4d9b-8309-187c4380af63 service placement] _ensure_aggregate() created new aggregate ab428840-d697-4406-aecb-34791c525e96 (id=2). {{(pid=84471) _ensure_aggregate /opt/stack/placement/placement/objects/resource_provider.py:325}}
May 06 12:17:15.602545 n-d-840847-1 devstack@placement-api.service[84471]: DEBUG placement.objects.resource_provider [req-54067324-56ef-439f-bb2f-9bdff92a57b0 req-72cb57b5-7977-4d9b-8309-187c4380af63 service placement] Setting aggregates for provider d1dea0eb-1f4f-424a-aa19-2ed1e14e0615. Successfully associated aggregate ab428840-d697-4406-aecb-34791c525e96. {{(pid=84471) _set_aggregates /opt/stack/placement/placement/objects/resource_provider.py:387}}
May 06 12:17:15.609408 n-d-840847-1 devstack@placement-api.service[84471]: INFO placement.requestlog [req-54067324-56ef-439f-bb2f-9bdff92a57b0 req-72cb57b5-7977-4d9b-8309-187c4380af63 service placement] 10.222.0.44 "PUT /placement/resource_providers/d1dea0eb-1f4f-424a-aa19-2ed1e14e0615/aggregates" status: 200 len: 92 microversion: 1.19
May 06 12:17:15.610317 n-d-840847-1 devstack@placement-api.service[84471]: [pid: 84471|app: 0|req: 26/55] 10.222.0.44 () {64 vars in 1477 bytes} [Fri May 6 12:17:15 2022] PUT /placement/resource_providers/d1dea0eb-1f4f-424a-aa19-2ed1e14e0615/aggregates => generated 92 bytes in 53 msecs (HTTP/1.1 200) 8 headers in 295 bytes (2 switches on core 0)
May 06 12:17:15.810428 n-d-840847-1 devstack@placement-api.service[84472]: DEBUG placement.requestlog [req-f7a0af4f-16d6-4680-9d1c-9b47ed2fa80d req-7abd7c35-20ed-4f71-a77f-8c85c411a604 None None] Starting request: 10.222.0.44 "GET /placement/resource_providers?name=n-h2-840847-1" {{(pid=84472) __call__ /opt/stack/placement/placement/requestlog.py:55}}
May 06 12:17:15.825434 n-d-840847-1 devstack@placement-api.service[84472]: INFO placement.requestlog [req-f7a0af4f-16d6-4680-9d1c-9b47ed2fa80d req-7abd7c35-20ed-4f71-a77f-8c85c411a604 service placement] 10.222.0.44 "GET /placement/resource_providers?name=n-h2-840847-1" status: 200 len: 441 microversion: 1.0
May 06 12:17:15.826208 n-d-840847-1 devstack@placement-api.service[84472]: [pid: 84472|app: 0|req: 30/56] 10.222.0.44 () {58 vars in 1274 bytes} [Fri May 6 12:17:15 2022] GET /placement/resource_providers?name=n-h2-840847-1 => generated 441 bytes in 16 msecs (HTTP/1.1 200) 6 headers in 224 bytes (2 switches on core 0)
May 06 12:17:15.834085 n-d-840847-1 devstack@placement-api.service[84471]: DEBUG placement.requestlog [req-f7a0af4f-16d6-4680-9d1c-9b47ed2fa80d req-486376c2-7b94-4f43-89fa-1a7138ade9dc None None] Starting request: 10.222.0.44 "GET /placement/resource_providers/d1dea0eb-1f4f-424a-aa19-2ed1e14e0615/aggregates" {{(pid=84471) __call__ /opt/stack/placement/placement/requestlog.py:55}}
May 06 12:17:15.850447 n-d-840847-1 devstack@placement-api.service[84471]: INFO placement.requestlog [req-f7a0af4f-16d6-4680-9d1c-9b47ed2fa80d req-486376c2-7b94-4f43-89fa-1a7138ade9dc service placement] 10.222.0.44 "GET /placement/resource_providers/d1dea0eb-1f4f-424a-aa19-2ed1e14e0615/aggregates" status: 200 len: 92 microversion: 1.19
May 06 12:17:15.858230 n-d-840847-1 devstack@placement-api.service[84472]: DEBUG placement.requestlog [req-f7a0af4f-16d6-4680-9d1c-9b47ed2fa80d req-85bbc351-2ff0-48f9-8a54-95df2f3cee82 None None] Starting request: 10.222.0.44 "PUT /placement/resource_providers/d1dea0eb-1f4f-424a-aa19-2ed1e14e0615/aggregates" {{(pid=84472) __call__ /opt/stack/placement/placement/requestlog.py:55}}
May 06 12:17:15.868125 n-d-840847-1 devstack@placement-api.service[84471]: [pid: 84471|app: 0|req: 27/57] 10.222.0.44 () {60 vars in 1425 bytes} [Fri May 6 12:17:15 2022] GET /placement/resource_providers/d1dea0eb-1f4f-424a-aa19-2ed1e14e0615/aggregates => generated 92 bytes in 33 msecs (HTTP/1.1 200) 8 headers in 295 bytes (1 switches on core 0)
May 06 12:17:15.880354 n-d-840847-1 devstack@placement-api.service[84472]: DEBUG placement.objects.resource_provider [req-f7a0af4f-16d6-4680-9d1c-9b47ed2fa80d req-85bbc351-2ff0-48f9-8a54-95df2f3cee82 service placement] Setting aggregates for provider d1dea0eb-1f4f-424a-aa19-2ed1e14e0615. Successfully disassociated aggregate ab428840-d697-4406-aecb-34791c525e96. {{(pid=84472) _set_aggregates /opt/stack/placement/placement/objects/resource_provider.py:402}}
May 06 12:17:15.888573 n-d-840847-1 devstack@placement-api.service[84472]: INFO placement.requestlog [req-f7a0af4f-16d6-4680-9d1c-9b47ed2fa80d req-85bbc351-2ff0-48f9-8a54-95df2f3cee82 service placement] 10.222.0.44 "PUT /placement/resource_providers/d1dea0eb-1f4f-424a-aa19-2ed1e14e0615/aggregates" status: 200 len: 54 microversion: 1.19
May 06 12:17:15.888834 n-d-840847-1 devstack@placement-api.service[84472]: [pid: 84472|app: 0|req: 31/58] 10.222.0.44 () {64 vars in 1477 bytes} [Fri May 6 12:17:15 2022] PUT /placement/resource_providers/d1dea0eb-1f4f-424a-aa19-2ed1e14e0615/aggregates => generated 54 bytes in 31 msecs (HTTP/1.1 200) 8 headers in 295 bytes (2 switches on core 0)
May 06 12:17:16.228111 n-d-840847-1 devstack@placement-api.service[84471]: DEBUG placement.requestlog [req-d9bfe5b3-d42b-465e-88d9-24198dfb8b4d req-f1ca605d-1886-4942-8d0b-c6ad599f2945 None None] Starting request: 10.222.0.44 "GET /placement/resource_providers?name=n-h2-840847-1" {{(pid=84471) __call__ /opt/stack/placement/placement/requestlog.py:55}}
May 06 12:17:16.256768 n-d-840847-1 devstack@placement-api.service[84471]: INFO placement.requestlog [req-d9bfe5b3-d42b-465e-88d9-24198dfb8b4d req-f1ca605d-1886-4942-8d0b-c6ad599f2945 service placement] 10.222.0.44 "GET /placement/resource_providers?name=n-h2-840847-1" status: 200 len: 441 microversion: 1.0
May 06 12:17:16.257075 n-d-840847-1 devstack@placement-api.service[84471]: [pid: 84471|app: 0|req: 28/59] 10.222.0.44 () {58 vars in 1274 bytes} [Fri May 6 12:17:16 2022] GET /placement/resource_providers?name=n-h2-840847-1 => generated 441 bytes in 29 msecs (HTTP/1.1 200) 6 headers in 224 bytes (1 switches on core 0)
May 06 12:17:16.279470 n-d-840847-1 devstack@placement-api.service[84472]: DEBUG placement.requestlog [req-d9bfe5b3-d42b-465e-88d9-24198dfb8b4d req-b40a3077-b9dd-446e-a7c6-d6e8cbcaf7b5 None None] Starting request: 10.222.0.44 "GET /placement/resource_providers/d1dea0eb-1f4f-424a-aa19-2ed1e14e0615/aggregates" {{(pid=84472) __call__ /opt/stack/placement/placement/requestlog.py:55}}
May 06 12:17:16.304394 n-d-840847-1 devstack@placement-api.service[84472]: INFO placement.requestlog [req-d9bfe5b3-d42b-465e-88d9-24198dfb8b4d req-b40a3077-b9dd-446e-a7c6-d6e8cbcaf7b5 service placement] 10.222.0.44 "GET /placement/resource_providers/d1dea0eb-1f4f-424a-aa19-2ed1e14e0615/aggregates" status: 200 len: 54 microversion: 1.19
May 06 12:17:16.304951 n-d-840847-1 devstack@placement-api.service[84472]: [pid: 84472|app: 0|req: 32/60] 10.222.0.44 () {60 vars in 1425 bytes} [Fri May 6 12:17:16 2022] GET /placement/resource_providers/d1dea0eb-1f4f-424a-aa19-2ed1e14e0615/aggregates => generated 54 bytes in 26 msecs (HTTP/1.1 200) 8 headers in 295 bytes (1 switches on core 0)
May 06 12:17:16.312947 n-d-840847-1 devstack@placement-api.service[84471]: DEBUG placement.requestlog [req-d9bfe5b3-d42b-465e-88d9-24198dfb8b4d req-bf5314d7-890d-49fa-986e-f2b5f7bfe163 None None] Starting request: 10.222.0.44 "PUT /placement/resource_providers/d1dea0eb-1f4f-424a-aa19-2ed1e14e0615/aggregates" {{(pid=84471) __call__ /opt/stack/placement/placement/requestlog.py:55}}
May 06 12:17:16.355568 n-d-840847-1 devstack@placement-api.service[84471]: DEBUG placement.objects.resource_provider [req-d9bfe5b3-d42b-465e-88d9-24198dfb8b4d req-bf5314d7-890d-49fa-986e-f2b5f7bfe163 service placement] _ensure_aggregate() did not find aggregate c160d20f-976a-40f0-ae0e-ab0aa267d784. Attempting to create it. {{(pid=84471) _ensure_aggregate /opt/stack/placement/placement/objects/resource_provider.py:319}}
May 06 12:17:16.363080 n-d-840847-1 devstack@placement-api.service[84471]: DEBUG placement.objects.resource_provider [req-d9bfe5b3-d42b-465e-88d9-24198dfb8b4d req-bf5314d7-890d-49fa-986e-f2b5f7bfe163 service placement] _ensure_aggregate() created new aggregate c160d20f-976a-40f0-ae0e-ab0aa267d784 (id=3). {{(pid=84471) _ensure_aggregate /opt/stack/placement/placement/objects/resource_provider.py:325}}
May 06 12:17:16.365764 n-d-840847-1 devstack@placement-api.service[84471]: DEBUG placement.objects.resource_provider [req-d9bfe5b3-d42b-465e-88d9-24198dfb8b4d req-bf5314d7-890d-49fa-986e-f2b5f7bfe163 service placement] Setting aggregates for provider d1dea0eb-1f4f-424a-aa19-2ed1e14e0615. Successfully associated aggregate c160d20f-976a-40f0-ae0e-ab0aa267d784. {{(pid=84471) _set_aggregates /opt/stack/placement/placement/objects/resource_provider.py:387}}
May 06 12:17:16.377056 n-d-840847-1 devstack@placement-api.service[84471]: INFO placement.requestlog [req-d9bfe5b3-d42b-465e-88d9-24198dfb8b4d req-bf5314d7-890d-49fa-986e-f2b5f7bfe163 service placement] 10.222.0.44 "PUT /placement/resource_providers/d1dea0eb-1f4f-424a-aa19-2ed1e14e0615/aggregates" status: 200 len: 92 microversion: 1.19
May 06 12:17:16.377538 n-d-840847-1 devstack@placement-api.service[84471]: [pid: 84471|app: 0|req: 29/61] 10.222.0.44 () {64 vars in 1477 bytes} [Fri May 6 12:17:16 2022] PUT /placement/resource_providers/d1dea0eb-1f4f-424a-aa19-2ed1e14e0615/aggregates => generated 92 bytes in 65 msecs (HTTP/1.1 200) 8 headers in 295 bytes (1 switches on core 0)
May 06 12:17:16.571475 n-d-840847-1 devstack@placement-api.service[84472]: DEBUG placement.requestlog [req-9f0e989f-b971-4347-ad35-d48544d0ad05 req-6fc15970-8d6f-4b89-b102-cc6ff4f1a36b None None] Starting request: 10.222.0.44 "GET /placement/resource_providers?name=n-h2-840847-1" {{(pid=84472) __call__ /opt/stack/placement/placement/requestlog.py:55}}
May 06 12:17:16.588496 n-d-840847-1 devstack@placement-api.service[84472]: INFO placement.requestlog [req-9f0e989f-b971-4347-ad35-d48544d0ad05 req-6fc15970-8d6f-4b89-b102-cc6ff4f1a36b service placement] 10.222.0.44 "GET /placement/resource_providers?name=n-h2-840847-1" status: 200 len: 441 microversion: 1.0
May 06 12:17:16.589300 n-d-840847-1 devstack@placement-api.service[84472]: [pid: 84472|app: 0|req: 33/62] 10.222.0.44 () {58 vars in 1274 bytes} [Fri May 6 12:17:16 2022] GET /placement/resource_providers?name=n-h2-840847-1 => generated 441 bytes in 18 msecs (HTTP/1.1 200) 6 headers in 224 bytes (2 switches on core 0)
May 06 12:17:16.596188 n-d-840847-1 devstack@placement-api.service[84471]: DEBUG placement.requestlog [req-9f0e989f-b971-4347-ad35-d48544d0ad05 req-8088e40e-fc27-422a-b007-d89e275cba9b None None] Starting request: 10.222.0.44 "GET /placement/resource_providers/d1dea0eb-1f4f-424a-aa19-2ed1e14e0615/aggregates" {{(pid=84471) __call__ /opt/stack/placement/placement/requestlog.py:55}}
May 06 12:17:16.610933 n-d-840847-1 devstack@placement-api.service[84471]: INFO placement.requestlog [req-9f0e989f-b971-4347-ad35-d48544d0ad05 req-8088e40e-fc27-422a-b007-d89e275cba9b service placement] 10.222.0.44 "GET /placement/resource_providers/d1dea0eb-1f4f-424a-aa19-2ed1e14e0615/aggregates" status: 200 len: 92 microversion: 1.19
May 06 12:17:16.611266 n-d-840847-1 devstack@placement-api.service[84471]: [pid: 84471|app: 0|req: 30/63] 10.222.0.44 () {60 vars in 1425 bytes} [Fri May 6 12:17:16 2022] GET /placement/resource_providers/d1dea0eb-1f4f-424a-aa19-2ed1e14e0615/aggregates => generated 92 bytes in 15 msecs (HTTP/1.1 200) 8 headers in 295 bytes (1 switches on core 0)
May 06 12:17:16.618436 n-d-840847-1 devstack@placement-api.service[84472]: DEBUG placement.requestlog [req-9f0e989f-b971-4347-ad35-d48544d0ad05 req-bd9bc7ac-9896-41d7-90ee-3d09e1413ad1 None None] Starting request: 10.222.0.44 "PUT /placement/resource_providers/d1dea0eb-1f4f-424a-aa19-2ed1e14e0615/aggregates" {{(pid=84472) __call__ /opt/stack/placement/placement/requestlog.py:55}}
May 06 12:17:16.639607 n-d-840847-1 devstack@placement-api.service[84472]: DEBUG placement.objects.resource_provider [req-9f0e989f-b971-4347-ad35-d48544d0ad05 req-bd9bc7ac-9896-41d7-90ee-3d09e1413ad1 service placement] Setting aggregates for provider d1dea0eb-1f4f-424a-aa19-2ed1e14e0615. Successfully disassociated aggregate c160d20f-976a-40f0-ae0e-ab0aa267d784. {{(pid=84472) _set_aggregates /opt/stack/placement/placement/objects/resource_provider.py:402}}
May 06 12:17:16.647541 n-d-840847-1 devstack@placement-api.service[84472]: INFO placement.requestlog [req-9f0e989f-b971-4347-ad35-d48544d0ad05 req-bd9bc7ac-9896-41d7-90ee-3d09e1413ad1 service placement] 10.222.0.44 "PUT /placement/resource_providers/d1dea0eb-1f4f-424a-aa19-2ed1e14e0615/aggregates" status: 200 len: 54 microversion: 1.19
May 06 12:17:16.648377 n-d-840847-1 devstack@placement-api.service[84472]: [pid: 84472|app: 0|req: 34/64] 10.222.0.44 () {64 vars in 1477 bytes} [Fri May 6 12:17:16 2022] PUT /placement/resource_providers/d1dea0eb-1f4f-424a-aa19-2ed1e14e0615/aggregates => generated 54 bytes in 30 msecs (HTTP/1.1 200) 8 headers in 295 bytes (1 switches on core 0)
May 06 12:17:16.993802 n-d-840847-1 devstack@placement-api.service[84471]: DEBUG placement.requestlog [req-65358a6d-8a46-4ac4-a2c5-10a4038f1714 req-57ab773d-6576-4319-be5e-4991fdee989a None None] Starting request: 10.222.0.44 "GET /placement/resource_providers?name=n-h2-840847-1" {{(pid=84471) __call__ /opt/stack/placement/placement/requestlog.py:55}}
May 06 12:17:17.011153 n-d-840847-1 devstack@placement-api.service[84471]: INFO placement.requestlog [req-65358a6d-8a46-4ac4-a2c5-10a4038f1714 req-57ab773d-6576-4319-be5e-4991fdee989a service placement] 10.222.0.44 "GET /placement/resource_providers?name=n-h2-840847-1" status: 200 len: 441 microversion: 1.0
May 06 12:17:17.014884 n-d-840847-1 devstack@placement-api.service[84471]: [pid: 84471|app: 0|req: 31/65] 10.222.0.44 () {58 vars in 1274 bytes} [Fri May 6 12:17:16 2022] GET /placement/resource_providers?name=n-h2-840847-1 => generated 441 bytes in 21 msecs (HTTP/1.1 200) 6 headers in 224 bytes (1 switches on core 0)
May 06 12:17:17.020085 n-d-840847-1 devstack@placement-api.service[84472]: DEBUG placement.requestlog [req-65358a6d-8a46-4ac4-a2c5-10a4038f1714 req-c8ee1aef-d343-4bdf-b2a0-fb7b351218a3 None None] Starting request: 10.222.0.44 "GET /placement/resource_providers/d1dea0eb-1f4f-424a-aa19-2ed1e14e0615/aggregates" {{(pid=84472) __call__ /opt/stack/placement/placement/requestlog.py:55}}
May 06 12:17:17.037166 n-d-840847-1 devstack@placement-api.service[84472]: INFO placement.requestlog [req-65358a6d-8a46-4ac4-a2c5-10a4038f1714 req-c8ee1aef-d343-4bdf-b2a0-fb7b351218a3 service placement] 10.222.0.44 "GET /placement/resource_providers/d1dea0eb-1f4f-424a-aa19-2ed1e14e0615/aggregates" status: 200 len: 54 microversion: 1.19
