May 06 12:24:20.584267 n-d-840845-1 devstack@placement-api.service[85282]: DEBUG placement.objects.research_context [req-c6747154-5f9b-4c69-ab35-9c043408169c req-dae91154-2051-4b3f-ad40-23d3149aa561 service placement] getting providers with 1024 MEMORY_MB {{(pid=85282) __init__ /opt/stack/placement/placement/objects/research_context.py:126}}
May 06 12:24:20.595716 n-d-840845-1 devstack@placement-api.service[85282]: DEBUG placement.objects.research_context [req-c6747154-5f9b-4c69-ab35-9c043408169c req-dae91154-2051-4b3f-ad40-23d3149aa561 service placement] getting providers with 1 VCPU {{(pid=85282) __init__ /opt/stack/placement/placement/objects/research_context.py:126}}
May 06 12:24:20.603562 n-d-840845-1 devstack@placement-api.service[85282]: DEBUG placement.objects.research_context [req-c6747154-5f9b-4c69-ab35-9c043408169c req-dae91154-2051-4b3f-ad40-23d3149aa561 service placement] found 2 providers with available 1 DISK_GB {{(pid=85282) get_provider_ids_matching /opt/stack/placement/placement/objects/research_context.py:549}}
May 06 12:24:20.604330 n-d-840845-1 devstack@placement-api.service[85282]: DEBUG placement.objects.research_context [req-c6747154-5f9b-4c69-ab35-9c043408169c req-dae91154-2051-4b3f-ad40-23d3149aa561 service placement] found 2 providers with available 1024 MEMORY_MB {{(pid=85282) get_provider_ids_matching /opt/stack/placement/placement/objects/research_context.py:549}}
May 06 12:24:20.604729 n-d-840845-1 devstack@placement-api.service[85282]: DEBUG placement.objects.research_context [req-c6747154-5f9b-4c69-ab35-9c043408169c req-dae91154-2051-4b3f-ad40-23d3149aa561 service placement] found 2 providers after filtering by previous result {{(pid=85282) get_provider_ids_matching /opt/stack/placement/placement/objects/research_context.py:580}}
May 06 12:24:20.606004 n-d-840845-1 devstack@placement-api.service[85282]: DEBUG placement.objects.research_context [req-c6747154-5f9b-4c69-ab35-9c043408169c req-dae91154-2051-4b3f-ad40-23d3149aa561 service placement] found 2 providers with available 1 VCPU {{(pid=85282) get_provider_ids_matching /opt/stack/placement/placement/objects/research_context.py:549}}
May 06 12:24:20.606287 n-d-840845-1 devstack@placement-api.service[85282]: DEBUG placement.objects.research_context [req-c6747154-5f9b-4c69-ab35-9c043408169c req-dae91154-2051-4b3f-ad40-23d3149aa561 service placement] found 2 providers after filtering by previous result {{(pid=85282) get_provider_ids_matching /opt/stack/placement/placement/objects/research_context.py:580}}
May 06 12:24:20.636229 n-d-840845-1 devstack@placement-api.service[85282]: DEBUG placement.objects.allocation_candidate [req-c6747154-5f9b-4c69-ab35-9c043408169c req-dae91154-2051-4b3f-ad40-23d3149aa561 service placement] RequestGroup(use_same_provider=False, resources={DISK_GB:1, MEMORY_MB:1024, VCPU:1}, traits=[], aggregates=[]) (suffix '') returned 2 matches {{(pid=85282) _get_by_requests /opt/stack/placement/placement/objects/allocation_candidate.py:145}}
May 06 12:24:20.636598 n-d-840845-1 devstack@placement-api.service[85282]: DEBUG placement.objects.allocation_candidate [req-c6747154-5f9b-4c69-ab35-9c043408169c req-dae91154-2051-4b3f-ad40-23d3149aa561 service placement] Merging candidates yields 2 allocation requests and 2 provider summaries {{(pid=85282) _merge_candidates /opt/stack/placement/placement/objects/allocation_candidate.py:783}}
May 06 12:24:20.638654 n-d-840845-1 devstack@placement-api.service[85282]: INFO placement.requestlog [req-c6747154-5f9b-4c69-ab35-9c043408169c req-dae91154-2051-4b3f-ad40-23d3149aa561 service placement] 10.222.0.83 "GET /placement/allocation_candidates?limit=1000&resources=DISK_GB%3A1%2CMEMORY_MB%3A1024%2CVCPU%3A1&root_required=%21COMPUTE_STATUS_DISABLED" status: 200 len: 1239 microversion: 1.35
May 06 12:24:20.639931 n-d-840845-1 devstack@placement-api.service[85282]: [pid: 85282|app: 0|req: 175/355] 10.222.0.83 () {60 vars in 1506 bytes} [Fri May 6 12:24:20 2022] GET /placement/allocation_candidates?limit=1000&resources=DISK_GB%3A1%2CMEMORY_MB%3A1024%2CVCPU%3A1&root_required=%21COMPUTE_STATUS_DISABLED => generated 1239 bytes in 105 msecs (HTTP/1.1 200) 8 headers in 297 bytes (1 switches on core 0)
May 06 12:24:20.726902 n-d-840845-1 devstack@placement-api.service[85281]: DEBUG placement.requestlog [req-c6747154-5f9b-4c69-ab35-9c043408169c req-6290156a-e209-4a58-81dc-dcffa701501e None None] Starting request: 10.222.0.83 "GET /placement/allocations/cdfcacc3-a348-4e32-9def-0c2c3386af06" {{(pid=85281) __call__ /opt/stack/placement/placement/requestlog.py:55}}
May 06 12:24:20.742364 n-d-840845-1 devstack@placement-api.service[85281]: INFO placement.requestlog [req-c6747154-5f9b-4c69-ab35-9c043408169c req-6290156a-e209-4a58-81dc-dcffa701501e service placement] 10.222.0.83 "GET /placement/allocations/cdfcacc3-a348-4e32-9def-0c2c3386af06" status: 200 len: 19 microversion: 1.28
May 06 12:24:20.748407 n-d-840845-1 devstack@placement-api.service[85282]: DEBUG placement.requestlog [req-c6747154-5f9b-4c69-ab35-9c043408169c req-3943c8dd-223c-48b6-85aa-b211a5f1fbd2 None None] Starting request: 10.222.0.83 "PUT /placement/allocations/cdfcacc3-a348-4e32-9def-0c2c3386af06" {{(pid=85282) __call__ /opt/stack/placement/placement/requestlog.py:55}}
May 06 12:24:20.755874 n-d-840845-1 devstack@placement-api.service[85281]: [pid: 85281|app: 0|req: 181/356] 10.222.0.83 () {60 vars in 1380 bytes} [Fri May 6 12:24:20 2022] GET /placement/allocations/cdfcacc3-a348-4e32-9def-0c2c3386af06 => generated 19 bytes in 21 msecs (HTTP/1.1 200) 8 headers in 295 bytes (1 switches on core 0)
May 06 12:24:21.348323 n-d-840845-1 devstack@placement-api.service[85282]: DEBUG placement.handlers.allocation [req-c6747154-5f9b-4c69-ab35-9c043408169c req-3943c8dd-223c-48b6-85aa-b211a5f1fbd2 service placement] Successfully wrote allocations [, , ] {{(pid=85282) _create_allocations /opt/stack/placement/placement/handlers/allocation.py:435}}
May 06 12:24:21.349204 n-d-840845-1 devstack@placement-api.service[85282]: INFO placement.requestlog [req-c6747154-5f9b-4c69-ab35-9c043408169c req-3943c8dd-223c-48b6-85aa-b211a5f1fbd2 service placement] 10.222.0.83 "PUT /placement/allocations/cdfcacc3-a348-4e32-9def-0c2c3386af06" status: 204 len: 0 microversion: 1.35
May 06 12:24:21.354567 n-d-840845-1 devstack@placement-api.service[85282]: [pid: 85282|app: 0|req: 176/357] 10.222.0.83 () {64 vars in 1433 bytes} [Fri May 6 12:24:20 2022] PUT /placement/allocations/cdfcacc3-a348-4e32-9def-0c2c3386af06 => generated 0 bytes in 602 msecs (HTTP/1.1 204) 5 headers in 199 bytes (1 switches on core 0)
May 06 12:24:23.200274 n-d-840845-1 devstack@placement-api.service[85281]: DEBUG placement.requestlog [req-c6747154-5f9b-4c69-ab35-9c043408169c req-b73a7bc4-ec49-48ad-be21-46814635d2d9 None None] Starting request: 10.222.0.86 "GET /placement/allocations/cdfcacc3-a348-4e32-9def-0c2c3386af06" {{(pid=85281) __call__ /opt/stack/placement/placement/requestlog.py:55}}
May 06 12:24:23.227236 n-d-840845-1 devstack@placement-api.service[85281]: INFO placement.requestlog [req-c6747154-5f9b-4c69-ab35-9c043408169c req-b73a7bc4-ec49-48ad-be21-46814635d2d9 service placement] 10.222.0.86 "GET /placement/allocations/cdfcacc3-a348-4e32-9def-0c2c3386af06" status: 200 len: 259 microversion: 1.28
May 06 12:24:23.227236 n-d-840845-1 devstack@placement-api.service[85281]: [pid: 85281|app: 0|req: 182/358] 10.222.0.86 () {60 vars in 1377 bytes} [Fri May 6 12:24:23 2022] GET /placement/allocations/cdfcacc3-a348-4e32-9def-0c2c3386af06 => generated 259 bytes in 19 msecs (HTTP/1.1 200) 8 headers in 296 bytes (1 switches on core 0)
May 06 12:24:23.227633 n-d-840845-1 devstack@placement-api.service[85282]: DEBUG placement.requestlog [req-d828c040-e028-45d2-ba93-46158c34c30a req-7c5d701d-a4b0-43d9-a05d-e2eb4ac9daae None None] Starting request: 10.222.0.83 "GET /placement/allocation_candidates?limit=1000&resources=MEMORY_MB%3A1024%2CVCPU%3A1&root_required=%21COMPUTE_STATUS_DISABLED" {{(pid=85282) __call__ /opt/stack/placement/placement/requestlog.py:55}}
May 06 12:24:23.297346 n-d-840845-1 devstack@placement-api.service[85282]: DEBUG placement.objects.research_context [req-d828c040-e028-45d2-ba93-46158c34c30a req-7c5d701d-a4b0-43d9-a05d-e2eb4ac9daae service placement] getting providers with 1024 MEMORY_MB {{(pid=85282) __init__ /opt/stack/placement/placement/objects/research_context.py:126}}
May 06 12:24:23.305908 n-d-840845-1 devstack@placement-api.service[85282]: DEBUG placement.objects.research_context [req-d828c040-e028-45d2-ba93-46158c34c30a req-7c5d701d-a4b0-43d9-a05d-e2eb4ac9daae service placement] getting providers with 1 VCPU {{(pid=85282) __init__ /opt/stack/placement/placement/objects/research_context.py:126}}
May 06 12:24:23.313938 n-d-840845-1 devstack@placement-api.service[85282]: DEBUG placement.objects.research_context [req-d828c040-e028-45d2-ba93-46158c34c30a req-7c5d701d-a4b0-43d9-a05d-e2eb4ac9daae service placement] found 2 providers with available 1024 MEMORY_MB {{(pid=85282) get_provider_ids_matching /opt/stack/placement/placement/objects/research_context.py:549}}
May 06 12:24:23.314653 n-d-840845-1 devstack@placement-api.service[85282]: DEBUG placement.objects.research_context [req-d828c040-e028-45d2-ba93-46158c34c30a req-7c5d701d-a4b0-43d9-a05d-e2eb4ac9daae service placement] found 2 providers with available 1 VCPU {{(pid=85282) get_provider_ids_matching /opt/stack/placement/placement/objects/research_context.py:549}}
May 06 12:24:23.315197 n-d-840845-1 devstack@placement-api.service[85282]: DEBUG placement.objects.research_context [req-d828c040-e028-45d2-ba93-46158c34c30a req-7c5d701d-a4b0-43d9-a05d-e2eb4ac9daae service placement] found 2 providers after filtering by previous result {{(pid=85282) get_provider_ids_matching /opt/stack/placement/placement/objects/research_context.py:580}}
May 06 12:24:23.327386 n-d-840845-1 devstack@placement-api.service[85282]: DEBUG placement.objects.allocation_candidate [req-d828c040-e028-45d2-ba93-46158c34c30a req-7c5d701d-a4b0-43d9-a05d-e2eb4ac9daae service placement] RequestGroup(use_same_provider=False, resources={MEMORY_MB:1024, VCPU:1}, traits=[], aggregates=[]) (suffix '') returned 2 matches {{(pid=85282) _get_by_requests /opt/stack/placement/placement/objects/allocation_candidate.py:145}}
May 06 12:24:23.332253 n-d-840845-1 devstack@placement-api.service[85282]: DEBUG placement.objects.allocation_candidate [req-d828c040-e028-45d2-ba93-46158c34c30a req-7c5d701d-a4b0-43d9-a05d-e2eb4ac9daae service placement] Merging candidates yields 2 allocation requests and 2 provider summaries {{(pid=85282) _merge_candidates /opt/stack/placement/placement/objects/allocation_candidate.py:783}}
May 06 12:24:23.333712 n-d-840845-1 devstack@placement-api.service[85282]: INFO placement.requestlog [req-d828c040-e028-45d2-ba93-46158c34c30a req-7c5d701d-a4b0-43d9-a05d-e2eb4ac9daae service placement] 10.222.0.83 "GET /placement/allocation_candidates?limit=1000&resources=MEMORY_MB%3A1024%2CVCPU%3A1&root_required=%21COMPUTE_STATUS_DISABLED" status: 200 len: 1213 microversion: 1.35
May 06 12:24:23.334300 n-d-840845-1 devstack@placement-api.service[85282]: [pid: 85282|app: 0|req: 177/359] 10.222.0.83 () {60 vars in 1478 bytes} [Fri May 6 12:24:23 2022] GET /placement/allocation_candidates?limit=1000&resources=MEMORY_MB%3A1024%2CVCPU%3A1&root_required=%21COMPUTE_STATUS_DISABLED => generated 1213 bytes in 107 msecs (HTTP/1.1 200) 8 headers in 297 bytes (1 switches on core 0)
May 06 12:24:23.386733 n-d-840845-1 devstack@placement-api.service[85281]: DEBUG placement.requestlog [req-d828c040-e028-45d2-ba93-46158c34c30a req-460d9332-1490-4558-906d-0acec5836f3b None None] Starting request: 10.222.0.83 "GET /placement/allocations/c935bf9a-d56f-4d65-942c-109f97949fc9" {{(pid=85281) __call__ /opt/stack/placement/placement/requestlog.py:55}}
May 06 12:24:23.398057 n-d-840845-1 devstack@placement-api.service[85281]: INFO placement.requestlog [req-d828c040-e028-45d2-ba93-46158c34c30a req-460d9332-1490-4558-906d-0acec5836f3b service placement] 10.222.0.83 "GET /placement/allocations/c935bf9a-d56f-4d65-942c-109f97949fc9" status: 200 len: 19 microversion: 1.28
May 06 12:24:23.398883 n-d-840845-1 devstack@placement-api.service[85281]: [pid: 85281|app: 0|req: 183/360] 10.222.0.83 () {60 vars in 1380 bytes} [Fri May 6 12:24:23 2022] GET /placement/allocations/c935bf9a-d56f-4d65-942c-109f97949fc9 => generated 19 bytes in 13 msecs (HTTP/1.1 200) 8 headers in 295 bytes (1 switches on core 0)
May 06 12:24:23.409486 n-d-840845-1 devstack@placement-api.service[85282]: DEBUG placement.requestlog [req-d828c040-e028-45d2-ba93-46158c34c30a req-6b9a76a1-8776-4d1e-83e1-c784132b2693 None None] Starting request: 10.222.0.83 "PUT /placement/allocations/c935bf9a-d56f-4d65-942c-109f97949fc9" {{(pid=85282) __call__ /opt/stack/placement/placement/requestlog.py:55}}
May 06 12:24:23.710079 n-d-840845-1 devstack@placement-api.service[85282]: DEBUG placement.handlers.allocation [req-d828c040-e028-45d2-ba93-46158c34c30a req-6b9a76a1-8776-4d1e-83e1-c784132b2693 service placement] Successfully wrote allocations [, ] {{(pid=85282) _create_allocations /opt/stack/placement/placement/handlers/allocation.py:435}}
May 06 12:24:23.710594 n-d-840845-1 devstack@placement-api.service[85282]: INFO placement.requestlog [req-d828c040-e028-45d2-ba93-46158c34c30a req-6b9a76a1-8776-4d1e-83e1-c784132b2693 service placement] 10.222.0.83 "PUT /placement/allocations/c935bf9a-d56f-4d65-942c-109f97949fc9" status: 204 len: 0 microversion: 1.35
May 06 12:24:23.710847 n-d-840845-1 devstack@placement-api.service[85282]: [pid: 85282|app: 0|req: 178/361] 10.222.0.83 () {64 vars in 1433 bytes} [Fri May 6 12:24:23 2022] PUT /placement/allocations/c935bf9a-d56f-4d65-942c-109f97949fc9 => generated 0 bytes in 303 msecs (HTTP/1.1 204) 5 headers in 199 bytes (2 switches on core 0)
May 06 12:24:25.278314 n-d-840845-1 devstack@placement-api.service[85281]: DEBUG placement.requestlog [req-d828c040-e028-45d2-ba93-46158c34c30a req-b76024a7-841d-4ff9-906a-cf4c5f08e07c None None] Starting request: 10.222.0.86 "GET /placement/allocations/c935bf9a-d56f-4d65-942c-109f97949fc9" {{(pid=85281) __call__ /opt/stack/placement/placement/requestlog.py:55}}
May 06 12:24:25.305126 n-d-840845-1 devstack@placement-api.service[85281]: INFO placement.requestlog [req-d828c040-e028-45d2-ba93-46158c34c30a req-b76024a7-841d-4ff9-906a-cf4c5f08e07c service placement] 10.222.0.86 "GET /placement/allocations/c935bf9a-d56f-4d65-942c-109f97949fc9" status: 200 len: 245 microversion: 1.28
May 06 12:24:25.307230 n-d-840845-1 devstack@placement-api.service[85281]: [pid: 85281|app: 0|req: 184/362] 10.222.0.86 () {60 vars in 1377 bytes} [Fri May 6 12:24:25 2022] GET /placement/allocations/c935bf9a-d56f-4d65-942c-109f97949fc9 => generated 245 bytes in 29 msecs (HTTP/1.1 200) 8 headers in 296 bytes (1 switches on core 0)
May 06 12:24:26.337187 n-d-840845-1 devstack@placement-api.service[85282]: DEBUG placement.requestlog [req-de079c1f-521a-4b5f-87d8-e95e08a403ed req-724da48f-05c1-4db8-8926-ff53436e70ee None None] Starting request: 10.222.0.83 "GET /placement/allocation_candidates?limit=1000&resources=DISK_GB%3A1%2CMEMORY_MB%3A1024%2CVCPU%3A1&root_required=%21COMPUTE_STATUS_DISABLED" {{(pid=85282) __call__ /opt/stack/placement/placement/requestlog.py:55}}
May 06 12:24:26.443202 n-d-840845-1 devstack@placement-api.service[85282]: DEBUG placement.objects.research_context [req-de079c1f-521a-4b5f-87d8-e95e08a403ed req-724da48f-05c1-4db8-8926-ff53436e70ee service placement] getting providers with 1 DISK_GB {{(pid=85282) __init__ /opt/stack/placement/placement/objects/research_context.py:126}}
May 06 12:24:26.462160 n-d-840845-1 devstack@placement-api.service[85282]: DEBUG placement.objects.research_context [req-de079c1f-521a-4b5f-87d8-e95e08a403ed req-724da48f-05c1-4db8-8926-ff53436e70ee service placement] getting providers with 1024 MEMORY_MB {{(pid=85282) __init__ /opt/stack/placement/placement/objects/research_context.py:126}}
May 06 12:24:26.471603 n-d-840845-1 devstack@placement-api.service[85282]: DEBUG placement.objects.research_context [req-de079c1f-521a-4b5f-87d8-e95e08a403ed req-724da48f-05c1-4db8-8926-ff53436e70ee service placement] getting providers with 1 VCPU {{(pid=85282) __init__ /opt/stack/placement/placement/objects/research_context.py:126}}
May 06 12:24:26.478820 n-d-840845-1 devstack@placement-api.service[85282]: DEBUG placement.objects.research_context [req-de079c1f-521a-4b5f-87d8-e95e08a403ed req-724da48f-05c1-4db8-8926-ff53436e70ee service placement] found 2 providers with available 1 DISK_GB {{(pid=85282) get_provider_ids_matching /opt/stack/placement/placement/objects/research_context.py:549}}
May 06 12:24:26.479319 n-d-840845-1 devstack@placement-api.service[85282]: DEBUG placement.objects.research_context [req-de079c1f-521a-4b5f-87d8-e95e08a403ed req-724da48f-05c1-4db8-8926-ff53436e70ee service placement] found 2 providers with available 1024 MEMORY_MB {{(pid=85282) get_provider_ids_matching /opt/stack/placement/placement/objects/research_context.py:549}}
May 06 12:24:26.480015 n-d-840845-1 devstack@placement-api.service[85282]: DEBUG placement.objects.research_context [req-de079c1f-521a-4b5f-87d8-e95e08a403ed req-724da48f-05c1-4db8-8926-ff53436e70ee service placement] found 2 providers after filtering by previous result {{(pid=85282) get_provider_ids_matching /opt/stack/placement/placement/objects/research_context.py:580}}
May 06 12:24:26.480455 n-d-840845-1 devstack@placement-api.service[85282]: DEBUG placement.objects.research_context [req-de079c1f-521a-4b5f-87d8-e95e08a403ed req-724da48f-05c1-4db8-8926-ff53436e70ee service placement] found 2 providers with available 1 VCPU {{(pid=85282) get_provider_ids_matching /opt/stack/placement/placement/objects/research_context.py:549}}
May 06 12:24:26.481290 n-d-840845-1 devstack@placement-api.service[85282]: DEBUG placement.objects.research_context [req-de079c1f-521a-4b5f-87d8-e95e08a403ed req-724da48f-05c1-4db8-8926-ff53436e70ee service placement] found 2 providers after filtering by previous result {{(pid=85282) get_provider_ids_matching /opt/stack/placement/placement/objects/research_context.py:580}}
May 06 12:24:26.499249 n-d-840845-1 devstack@placement-api.service[85282]: DEBUG placement.objects.allocation_candidate [req-de079c1f-521a-4b5f-87d8-e95e08a403ed req-724da48f-05c1-4db8-8926-ff53436e70ee service placement] RequestGroup(use_same_provider=False, resources={DISK_GB:1, MEMORY_MB:1024, VCPU:1}, traits=[], aggregates=[]) (suffix '') returned 2 matches {{(pid=85282) _get_by_requests /opt/stack/placement/placement/objects/allocation_candidate.py:145}}
May 06 12:24:26.500195 n-d-840845-1 devstack@placement-api.service[85282]: DEBUG placement.objects.allocation_candidate [req-de079c1f-521a-4b5f-87d8-e95e08a403ed req-724da48f-05c1-4db8-8926-ff53436e70ee service placement] Merging candidates yields 2 allocation requests and 2 provider summaries {{(pid=85282) _merge_candidates /opt/stack/placement/placement/objects/allocation_candidate.py:783}}
May 06 12:24:26.502357 n-d-840845-1 devstack@placement-api.service[85282]: INFO placement.requestlog [req-de079c1f-521a-4b5f-87d8-e95e08a403ed req-724da48f-05c1-4db8-8926-ff53436e70ee service placement] 10.222.0.83 "GET /placement/allocation_candidates?limit=1000&resources=DISK_GB%3A1%2CMEMORY_MB%3A1024%2CVCPU%3A1&root_required=%21COMPUTE_STATUS_DISABLED" status: 200 len: 1241 microversion: 1.35
May 06 12:24:26.503189 n-d-840845-1 devstack@placement-api.service[85282]: [pid: 85282|app: 0|req: 179/363] 10.222.0.83 () {60 vars in 1506 bytes} [Fri May 6 12:24:26 2022] GET /placement/allocation_candidates?limit=1000&resources=DISK_GB%3A1%2CMEMORY_MB%3A1024%2CVCPU%3A1&root_required=%21COMPUTE_STATUS_DISABLED => generated 1241 bytes in 166 msecs (HTTP/1.1 200) 8 headers in 297 bytes (1 switches on core 0)
May 06 12:24:26.584444 n-d-840845-1 devstack@placement-api.service[85281]: DEBUG placement.requestlog [req-de079c1f-521a-4b5f-87d8-e95e08a403ed req-1159a45d-1137-4b02-bf06-39fd6661324b None None] Starting request: 10.222.0.83 "GET /placement/allocations/18b83c9b-9512-496f-82ef-092166fe7cf0" {{(pid=85281) __call__ /opt/stack/placement/placement/requestlog.py:55}}
May 06 12:24:26.598536 n-d-840845-1 devstack@placement-api.service[85281]: INFO placement.requestlog [req-de079c1f-521a-4b5f-87d8-e95e08a403ed req-1159a45d-1137-4b02-bf06-39fd6661324b service placement] 10.222.0.83 "GET /placement/allocations/18b83c9b-9512-496f-82ef-092166fe7cf0" status: 200 len: 19 microversion: 1.28
May 06 12:24:26.603948 n-d-840845-1 devstack@placement-api.service[85281]: [pid: 85281|app: 0|req: 185/364] 10.222.0.83 () {60 vars in 1380 bytes} [Fri May 6 12:24:26 2022] GET /placement/allocations/18b83c9b-9512-496f-82ef-092166fe7cf0 => generated 19 bytes in 20 msecs (HTTP/1.1 200) 8 headers in 295 bytes (1 switches on core 0)
May 06 12:24:26.607033 n-d-840845-1 devstack@placement-api.service[85282]: DEBUG placement.requestlog [req-de079c1f-521a-4b5f-87d8-e95e08a403ed req-6416d586-71bb-4d06-8221-363f5dc14da4 None None] Starting request: 10.222.0.83 "PUT /placement/allocations/18b83c9b-9512-496f-82ef-092166fe7cf0" {{(pid=85282) __call__ /opt/stack/placement/placement/requestlog.py:55}}
May 06 12:24:27.505001 n-d-840845-1 devstack@placement-api.service[85282]: DEBUG placement.handlers.allocation [req-de079c1f-521a-4b5f-87d8-e95e08a403ed req-6416d586-71bb-4d06-8221-363f5dc14da4 service placement] Successfully wrote allocations [, , ] {{(pid=85282) _create_allocations /opt/stack/placement/placement/handlers/allocation.py:435}}
May 06 12:24:27.516404 n-d-840845-1 devstack@placement-api.service[85282]: INFO placement.requestlog [req-de079c1f-521a-4b5f-87d8-e95e08a403ed req-6416d586-71bb-4d06-8221-363f5dc14da4 service placement] 10.222.0.83 "PUT /placement/allocations/18b83c9b-9512-496f-82ef-092166fe7cf0" status: 204 len: 0 microversion: 1.35
May 06 12:24:27.516404 n-d-840845-1 devstack@placement-api.service[85282]: [pid: 85282|app: 0|req: 180/365] 10.222.0.83 () {64 vars in 1433 bytes} [Fri May 6 12:24:26 2022] PUT /placement/allocations/18b83c9b-9512-496f-82ef-092166fe7cf0 => generated 0 bytes in 899 msecs (HTTP/1.1 204) 5 headers in 199 bytes (1 switches on core 0)
May 06 12:24:29.063800 n-d-840845-1 devstack@placement-api.service[85281]: DEBUG placement.requestlog [req-de079c1f-521a-4b5f-87d8-e95e08a403ed req-7de5d7c3-98da-4f4d-baf6-64a2b34c8cb7 None None] Starting request: 10.222.0.86 "GET /placement/allocations/18b83c9b-9512-496f-82ef-092166fe7cf0" {{(pid=85281) __call__ /opt/stack/placement/placement/requestlog.py:55}}
May 06 12:24:29.092253 n-d-840845-1 devstack@placement-api.service[85281]: INFO placement.requestlog [req-de079c1f-521a-4b5f-87d8-e95e08a403ed req-7de5d7c3-98da-4f4d-baf6-64a2b34c8cb7 service placement] 10.222.0.86 "GET /placement/allocations/18b83c9b-9512-496f-82ef-092166fe7cf0" status: 200 len: 259 microversion: 1.28
May 06 12:24:29.096044 n-d-840845-1 devstack@placement-api.service[85281]: [pid: 85281|app: 0|req: 186/366] 10.222.0.86 () {60 vars in 1377 bytes} [Fri May 6 12:24:29 2022] GET /placement/allocations/18b83c9b-9512-496f-82ef-092166fe7cf0 => generated 259 bytes in 34 msecs (HTTP/1.1 200) 8 headers in 296 bytes (2 switches on core 0)
May 06 12:24:29.825692 n-d-840845-1 devstack@placement-api.service[85282]: DEBUG placement.requestlog [req-482fe4ed-9fc6-4367-b669-c265aab07ec1 req-d2981118-0e5e-4da6-8ccb-40b8b62528f2 None None] Starting request: 10.222.0.83 "GET /placement/allocation_candidates?limit=1000&resources=DISK_GB%3A1%2CMEMORY_MB%3A1024%2CVCPU%3A1&root_required=%21COMPUTE_STATUS_DISABLED" {{(pid=85282) __call__ /opt/stack/placement/placement/requestlog.py:55}}
May 06 12:24:29.884144 n-d-840845-1 devstack@placement-api.service[85282]: DEBUG placement.objects.research_context [req-482fe4ed-9fc6-4367-b669-c265aab07ec1 req-d2981118-0e5e-4da6-8ccb-40b8b62528f2 service placement] getting providers with 1 DISK_GB {{(pid=85282) __init__ /opt/stack/placement/placement/objects/research_context.py:126}}
May 06 12:24:29.896600 n-d-840845-1 devstack@placement-api.service[85282]: DEBUG placement.objects.research_context [req-482fe4ed-9fc6-4367-b669-c265aab07ec1 req-d2981118-0e5e-4da6-8ccb-40b8b62528f2 service placement] getting providers with 1024 MEMORY_MB {{(pid=85282) __init__ /opt/stack/placement/placement/objects/research_context.py:126}}
May 06 12:24:29.907303 n-d-840845-1 devstack@placement-api.service[85282]: DEBUG placement.objects.research_context [req-482fe4ed-9fc6-4367-b669-c265aab07ec1 req-d2981118-0e5e-4da6-8ccb-40b8b62528f2 service placement] getting providers with 1 VCPU {{(pid=85282) __init__ /opt/stack/placement/placement/objects/research_context.py:126}}
May 06 12:24:29.914141 n-d-840845-1 devstack@placement-api.service[85282]: DEBUG placement.objects.research_context [req-482fe4ed-9fc6-4367-b669-c265aab07ec1 req-d2981118-0e5e-4da6-8ccb-40b8b62528f2 service placement] found 2 providers with available 1 DISK_GB {{(pid=85282) get_provider_ids_matching /opt/stack/placement/placement/objects/research_context.py:549}}
May 06 12:24:29.914621 n-d-840845-1 devstack@placement-api.service[85282]: DEBUG placement.objects.research_context [req-482fe4ed-9fc6-4367-b669-c265aab07ec1 req-d2981118-0e5e-4da6-8ccb-40b8b62528f2 service placement] found 2 providers with available 1024 MEMORY_MB {{(pid=85282) get_provider_ids_matching /opt/stack/placement/placement/objects/research_context.py:549}}
May 06 12:24:29.915075 n-d-840845-1 devstack@placement-api.service[85282]: DEBUG placement.objects.research_context [req-482fe4ed-9fc6-4367-b669-c265aab07ec1 req-d2981118-0e5e-4da6-8ccb-40b8b62528f2 service placement] found 2 providers after filtering by previous result {{(pid=85282) get_provider_ids_matching /opt/stack/placement/placement/objects/research_context.py:580}}
May 06 12:24:29.915738 n-d-840845-1 devstack@placement-api.service[85282]: DEBUG placement.objects.research_context [req-482fe4ed-9fc6-4367-b669-c265aab07ec1 req-d2981118-0e5e-4da6-8ccb-40b8b62528f2 service placement] found 2 providers with available 1 VCPU {{(pid=85282) get_provider_ids_matching /opt/stack/placement/placement/objects/research_context.py:549}}
May 06 12:24:29.916202 n-d-840845-1 devstack@placement-api.service[85282]: DEBUG placement.objects.research_context [req-482fe4ed-9fc6-4367-b669-c265aab07ec1 req-d2981118-0e5e-4da6-8ccb-40b8b62528f2 service placement] found 2 providers after filtering by previous result {{(pid=85282) get_provider_ids_matching /opt/stack/placement/placement/objects/research_context.py:580}}
May 06 12:24:29.945110 n-d-840845-1 devstack@placement-api.service[85282]: DEBUG placement.objects.allocation_candidate [req-482fe4ed-9fc6-4367-b669-c265aab07ec1 req-d2981118-0e5e-4da6-8ccb-40b8b62528f2 service placement] RequestGroup(use_same_provider=False, resources={DISK_GB:1, MEMORY_MB:1024, VCPU:1}, traits=[], aggregates=[]) (suffix '') returned 2 matches {{(pid=85282) _get_by_requests /opt/stack/placement/placement/objects/allocation_candidate.py:145}}
May 06 12:24:29.945780 n-d-840845-1 devstack@placement-api.service[85282]: DEBUG placement.objects.allocation_candidate [req-482fe4ed-9fc6-4367-b669-c265aab07ec1 req-d2981118-0e5e-4da6-8ccb-40b8b62528f2 service placement] Merging candidates yields 2 allocation requests and 2 provider summaries {{(pid=85282) _merge_candidates /opt/stack/placement/placement/objects/allocation_candidate.py:783}}
May 06 12:24:29.947958 n-d-840845-1 devstack@placement-api.service[85282]: INFO placement.requestlog [req-482fe4ed-9fc6-4367-b669-c265aab07ec1 req-d2981118-0e5e-4da6-8ccb-40b8b62528f2 service placement] 10.222.0.83 "GET /placement/allocation_candidates?limit=1000&resources=DISK_GB%3A1%2CMEMORY_MB%3A1024%2CVCPU%3A1&root_required=%21COMPUTE_STATUS_DISABLED" status: 200 len: 1241 microversion: 1.35
May 06 12:24:29.949084 n-d-840845-1 devstack@placement-api.service[85282]: [pid: 85282|app: 0|req: 181/367] 10.222.0.83 () {60 vars in 1506 bytes} [Fri May 6 12:24:29 2022] GET /placement/allocation_candidates?limit=1000&resources=DISK_GB%3A1%2CMEMORY_MB%3A1024%2CVCPU%3A1&root_required=%21COMPUTE_STATUS_DISABLED => generated 1241 bytes in 123 msecs (HTTP/1.1 200) 8 headers in 297 bytes (1 switches on core 0)
May 06 12:24:30.053347 n-d-840845-1 devstack@placement-api.service[85281]: DEBUG placement.requestlog [req-482fe4ed-9fc6-4367-b669-c265aab07ec1 req-00086e27-d327-4b97-9714-c26188ed87ac None None] Starting request: 10.222.0.83 "GET /placement/allocations/8b64bf5f-5c4e-4942-8b5c-002614d6aa96" {{(pid=85281) __call__ /opt/stack/placement/placement/requestlog.py:55}}
May 06 12:24:30.091178 n-d-840845-1 devstack@placement-api.service[85281]: INFO placement.requestlog [req-482fe4ed-9fc6-4367-b669-c265aab07ec1 req-00086e27-d327-4b97-9714-c26188ed87ac service placement] 10.222.0.83 "GET /placement/allocations/8b64bf5f-5c4e-4942-8b5c-002614d6aa96" status: 200 len: 19 microversion: 1.28
May 06 12:24:30.096438 n-d-840845-1 devstack@placement-api.service[85281]: [pid: 85281|app: 0|req: 187/368] 10.222.0.83 () {60 vars in 1380 bytes} [Fri May 6 12:24:30 2022] GET /placement/allocations/8b64bf5f-5c4e-4942-8b5c-002614d6aa96 => generated 19 bytes in 44 msecs (HTTP/1.1 200) 8 headers in 295 bytes (1 switches on core 0)
May 06 12:24:30.097060 n-d-840845-1 devstack@placement-api.service[85282]: DEBUG placement.requestlog [req-482fe4ed-9fc6-4367-b669-c265aab07ec1 req-66406d9f-4ddd-4e09-8ec4-f1f977906f92 None None] Starting request: 10.222.0.83 "PUT /placement/allocations/8b64bf5f-5c4e-4942-8b5c-002614d6aa96" {{(pid=85282) __call__ /opt/stack/placement/placement/requestlog.py:55}}
May 06 12:24:30.436152 n-d-840845-1 devstack@placement-api.service[85282]: DEBUG placement.handlers.allocation [req-482fe4ed-9fc6-4367-b669-c265aab07ec1 req-66406d9f-4ddd-4e09-8ec4-f1f977906f92 service placement] Successfully wrote allocations [, , ] {{(pid=85282) _create_allocations /opt/stack/placement/placement/handlers/allocation.py:435}}
May 06 12:24:30.436679 n-d-840845-1 devstack@placement-api.service[85282]: INFO placement.requestlog [req-482fe4ed-9fc6-4367-b669-c265aab07ec1 req-66406d9f-4ddd-4e09-8ec4-f1f977906f92 service placement] 10.222.0.83 "PUT /placement/allocations/8b64bf5f-5c4e-4942-8b5c-002614d6aa96" status: 204 len: 0 microversion: 1.35
May 06 12:24:30.437412 n-d-840845-1 devstack@placement-api.service[85282]: [pid: 85282|app: 0|req: 182/369] 10.222.0.83 () {64 vars in 1433 bytes} [Fri May 6 12:24:30 2022] PUT /placement/allocations/8b64bf5f-5c4e-4942-8b5c-002614d6aa96 => generated 0 bytes in 340 msecs (HTTP/1.1 204) 5 headers in 199 bytes (1 switches on core 0)
May 06 12:24:31.086742 n-d-840845-1 devstack@placement-api.service[85281]: DEBUG placement.requestlog [req-a56538fd-e051-441c-a99b-c39f41bafade req-0fa333e7-6d9a-454b-a787-29514990f3b1 None None] Starting request: 10.222.0.86 "GET /placement/resource_providers/d41450c4-d1a9-4f7c-a9cc-70ba999fb5ee/allocations" {{(pid=85281) __call__ /opt/stack/placement/placement/requestlog.py:55}}
May 06 12:24:31.120395 n-d-840845-1 devstack@placement-api.service[85281]: INFO placement.requestlog [req-a56538fd-e051-441c-a99b-c39f41bafade req-0fa333e7-6d9a-454b-a787-29514990f3b1 service placement] 10.222.0.86 "GET /placement/resource_providers/d41450c4-d1a9-4f7c-a9cc-70ba999fb5ee/allocations" status: 200 len: 1337 microversion: 1.0
May 06 12:24:31.121458 n-d-840845-1 devstack@placement-api.service[85281]: [pid: 85281|app: 0|req: 188/370] 10.222.0.86 () {58 vars in 1390 bytes} [Fri May 6 12:24:31 2022] GET /placement/resource_providers/d41450c4-d1a9-4f7c-a9cc-70ba999fb5ee/allocations => generated 1337 bytes in 35 msecs (HTTP/1.1 200) 6 headers in 225 bytes (1 switches on core 0)
May 06 12:24:31.737665 n-d-840845-1 devstack@placement-api.service[85282]: DEBUG placement.requestlog [req-482fe4ed-9fc6-4367-b669-c265aab07ec1 req-8264b7a4-f8b2-4a8f-b78a-f0d6effd48a7 None None] Starting request: 10.222.0.13 "GET /placement/allocations/8b64bf5f-5c4e-4942-8b5c-002614d6aa96" {{(pid=85282) __call__ /opt/stack/placement/placement/requestlog.py:55}}
May 06 12:24:31.771687 n-d-840845-1 devstack@placement-api.service[85282]: INFO placement.requestlog [req-482fe4ed-9fc6-4367-b669-c265aab07ec1 req-8264b7a4-f8b2-4a8f-b78a-f0d6effd48a7 service placement] 10.222.0.13 "GET /placement/allocations/8b64bf5f-5c4e-4942-8b5c-002614d6aa96" status: 200 len: 259 microversion: 1.28
May 06 12:24:31.774607 n-d-840845-1 devstack@placement-api.service[85282]: [pid: 85282|app: 0|req: 183/371] 10.222.0.13 () {60 vars in 1377 bytes} [Fri May 6 12:24:31 2022] GET /placement/allocations/8b64bf5f-5c4e-4942-8b5c-002614d6aa96 => generated 259 bytes in 37 msecs (HTTP/1.1 200) 8 headers in 296 bytes (1 switches on core 0)
May 06 12:24:34.675799 n-d-840845-1 devstack@placement-api.service[85281]: DEBUG placement.requestlog [req-ef11fda4-4547-470d-9610-e915a8902b2f req-7ea9958c-61cf-48a9-bf62-15dc6d993c37 None None] Starting request: 10.222.0.83 "GET /placement/allocation_candidates?limit=1000&resources=DISK_GB%3A1%2CMEMORY_MB%3A1024%2CVCPU%3A1&root_required=%21COMPUTE_STATUS_DISABLED" {{(pid=85281) __call__ /opt/stack/placement/placement/requestlog.py:55}}
May 06 12:24:34.736553 n-d-840845-1 devstack@placement-api.service[85281]: DEBUG placement.objects.research_context [req-ef11fda4-4547-470d-9610-e915a8902b2f req-7ea9958c-61cf-48a9-bf62-15dc6d993c37 service placement] getting providers with 1 DISK_GB {{(pid=85281) __init__ /opt/stack/placement/placement/objects/research_context.py:126}}
May 06 12:24:34.749682 n-d-840845-1 devstack@placement-api.service[85281]: DEBUG placement.objects.research_context [req-ef11fda4-4547-470d-9610-e915a8902b2f req-7ea9958c-61cf-48a9-bf62-15dc6d993c37 service placement] getting providers with 1024 MEMORY_MB {{(pid=85281) __init__ /opt/stack/placement/placement/objects/research_context.py:126}}
May 06 12:24:34.756619 n-d-840845-1 devstack@placement-api.service[85281]: DEBUG placement.objects.research_context [req-ef11fda4-4547-470d-9610-e915a8902b2f req-7ea9958c-61cf-48a9-bf62-15dc6d993c37 service placement] getting providers with 1 VCPU {{(pid=85281) __init__ /opt/stack/placement/placement/objects/research_context.py:126}}
May 06 12:24:34.763975 n-d-840845-1 devstack@placement-api.service[85281]: DEBUG placement.objects.research_context [req-ef11fda4-4547-470d-9610-e915a8902b2f req-7ea9958c-61cf-48a9-bf62-15dc6d993c37 service placement] found 2 providers with available 1 DISK_GB {{(pid=85281) get_provider_ids_matching /opt/stack/placement/placement/objects/research_context.py:549}}
May 06 12:24:34.764257 n-d-840845-1 devstack@placement-api.service[85281]: DEBUG placement.objects.research_context [req-ef11fda4-4547-470d-9610-e915a8902b2f req-7ea9958c-61cf-48a9-bf62-15dc6d993c37 service placement] found 2 providers with available 1024 MEMORY_MB {{(pid=85281) get_provider_ids_matching /opt/stack/placement/placement/objects/research_context.py:549}}
May 06 12:24:34.764537 n-d-840845-1 devstack@placement-api.service[85281]: DEBUG placement.objects.research_context [req-ef11fda4-4547-470d-9610-e915a8902b2f req-7ea9958c-61cf-48a9-bf62-15dc6d993c37 service placement] found 2 providers after filtering by previous result {{(pid=85281) get_provider_ids_matching /opt/stack/placement/placement/objects/research_context.py:580}}
May 06 12:24:34.765306 n-d-840845-1 devstack@placement-api.service[85281]: DEBUG placement.objects.research_context [req-ef11fda4-4547-470d-9610-e915a8902b2f req-7ea9958c-61cf-48a9-bf62-15dc6d993c37 service placement] found 2 providers with available 1 VCPU {{(pid=85281) get_provider_ids_matching /opt/stack/placement/placement/objects/research_context.py:549}}
May 06 12:24:34.766463 n-d-840845-1 devstack@placement-api.service[85281]: DEBUG placement.objects.research_context [req-ef11fda4-4547-470d-9610-e915a8902b2f req-7ea9958c-61cf-48a9-bf62-15dc6d993c37 service placement] found 2 providers after filtering by previous result {{(pid=85281) get_provider_ids_matching /opt/stack/placement/placement/objects/research_context.py:580}}
May 06 12:24:34.782275 n-d-840845-1 devstack@placement-api.service[85281]: DEBUG placement.objects.allocation_candidate [req-ef11fda4-4547-470d-9610-e915a8902b2f req-7ea9958c-61cf-48a9-bf62-15dc6d993c37 service placement] RequestGroup(use_same_provider=False, resources={DISK_GB:1, MEMORY_MB:1024, VCPU:1}, traits=[], aggregates=[]) (suffix '') returned 2 matches {{(pid=85281) _get_by_requests /opt/stack/placement/placement/objects/allocation_candidate.py:145}}
May 06 12:24:34.782665 n-d-840845-1 devstack@placement-api.service[85281]: DEBUG placement.objects.allocation_candidate [req-ef11fda4-4547-470d-9610-e915a8902b2f req-7ea9958c-61cf-48a9-bf62-15dc6d993c37 service placement] Merging candidates yields 2 allocation requests and 2 provider summaries {{(pid=85281) _merge_candidates /opt/stack/placement/placement/objects/allocation_candidate.py:783}}
May 06 12:24:34.784217 n-d-840845-1 devstack@placement-api.service[85281]: INFO placement.requestlog [req-ef11fda4-4547-470d-9610-e915a8902b2f req-7ea9958c-61cf-48a9-bf62-15dc6d993c37 service placement] 10.222.0.83 "GET /placement/allocation_candidates?limit=1000&resources=DISK_GB%3A1%2CMEMORY_MB%3A1024%2CVCPU%3A1&root_required=%21COMPUTE_STATUS_DISABLED" status: 200 len: 1241 microversion: 1.35
May 06 12:24:34.795568 n-d-840845-1 devstack@placement-api.service[85281]: [pid: 85281|app: 0|req: 189/372] 10.222.0.83 () {60 vars in 1506 bytes} [Fri May 6 12:24:34 2022] GET /placement/allocation_candidates?limit=1000&resources=DISK_GB%3A1%2CMEMORY_MB%3A1024%2CVCPU%3A1&root_required=%21COMPUTE_STATUS_DISABLED => generated 1241 bytes in 119 msecs (HTTP/1.1 200) 8 headers in 297 bytes (1 switches on core 0)
May 06 12:24:34.840167 n-d-840845-1 devstack@placement-api.service[85282]: DEBUG placement.requestlog [req-ef11fda4-4547-470d-9610-e915a8902b2f req-882ea5a5-efcc-497c-93b8-c2947383dd4e None None] Starting request: 10.222.0.83 "GET /placement/allocations/3c6af681-0222-46d6-b75c-6bf3abfce2c3" {{(pid=85282) __call__ /opt/stack/placement/placement/requestlog.py:55}}
May 06 12:24:34.853217 n-d-840845-1 devstack@placement-api.service[85282]: INFO placement.requestlog [req-ef11fda4-4547-470d-9610-e915a8902b2f req-882ea5a5-efcc-497c-93b8-c2947383dd4e service placement] 10.222.0.83 "GET /placement/allocations/3c6af681-0222-46d6-b75c-6bf3abfce2c3" status: 200 len: 19 microversion: 1.28
May 06 12:24:34.859700 n-d-840845-1 devstack@placement-api.service[85282]: [pid: 85282|app: 0|req: 184/373] 10.222.0.83 () {60 vars in 1380 bytes} [Fri May 6 12:24:34 2022] GET /placement/allocations/3c6af681-0222-46d6-b75c-6bf3abfce2c3 => generated 19 bytes in 20 msecs (HTTP/1.1 200) 8 headers in 295 bytes (1 switches on core 0)
May 06 12:24:34.863444 n-d-840845-1 devstack@placement-api.service[85281]: DEBUG placement.requestlog [req-ef11fda4-4547-470d-9610-e915a8902b2f req-96a75325-88c4-4507-a2d0-8234755e4e78 None None] Starting request: 10.222.0.83 "PUT /placement/allocations/3c6af681-0222-46d6-b75c-6bf3abfce2c3" {{(pid=85281) __call__ /opt/stack/placement/placement/requestlog.py:55}}
May 06 12:24:35.111091 n-d-840845-1 devstack@placement-api.service[85281]: DEBUG placement.handlers.allocation [req-ef11fda4-4547-470d-9610-e915a8902b2f req-96a75325-88c4-4507-a2d0-8234755e4e78 service placement] Successfully wrote allocations [, , ] {{(pid=85281) _create_allocations /opt/stack/placement/placement/handlers/allocation.py:435}}
May 06 12:24:35.111792 n-d-840845-1 devstack@placement-api.service[85281]: INFO placement.requestlog [req-ef11fda4-4547-470d-9610-e915a8902b2f req-96a75325-88c4-4507-a2d0-8234755e4e78 service placement] 10.222.0.83 "PUT /placement/allocations/3c6af681-0222-46d6-b75c-6bf3abfce2c3" status: 204 len: 0 microversion: 1.35
May 06 12:24:35.112077 n-d-840845-1 devstack@placement-api.service[85281]: [pid: 85281|app: 0|req: 190/374] 10.222.0.83 () {64 vars in 1433 bytes} [Fri May 6 12:24:34 2022] PUT /placement/allocations/3c6af681-0222-46d6-b75c-6bf3abfce2c3 => generated 0 bytes in 249 msecs (HTTP/1.1 204) 5 headers in 199 bytes (1 switches on core 0)
May 06 12:24:35.167097 n-d-840845-1 devstack@placement-api.service[85282]: DEBUG placement.requestlog [req-ea6c07fa-21a6-43de-a3a2-fc556ebbbd46 req-89d64340-2e0a-4d8f-82f5-76e09b3e1eb7 None None] Starting request: 10.222.0.13 "GET /placement/resource_providers/129c6da8-36fe-4db6-a4cb-5945f9b64d70/allocations" {{(pid=85282) __call__ /opt/stack/placement/placement/requestlog.py:55}}
May 06 12:24:35.204081 n-d-840845-1 devstack@placement-api.service[85282]: INFO placement.requestlog [req-ea6c07fa-21a6-43de-a3a2-fc556ebbbd46 req-89d64340-2e0a-4d8f-82f5-76e09b3e1eb7 service placement] 10.222.0.13 "GET /placement/resource_providers/129c6da8-36fe-4db6-a4cb-5945f9b64d70/allocations" status: 200 len: 1453 microversion: 1.0
May 06 12:24:35.204459 n-d-840845-1 devstack@placement-api.service[85282]: [pid: 85282|app: 0|req: 185/375] 10.222.0.13 () {58 vars in 1390 bytes} [Fri May 6 12:24:35 2022] GET /placement/resource_providers/129c6da8-36fe-4db6-a4cb-5945f9b64d70/allocations => generated 1453 bytes in 38 msecs (HTTP/1.1 200) 6 headers in 225 bytes (1 switches on core 0)
May 06 12:24:36.369447 n-d-840845-1 devstack@placement-api.service[85281]: DEBUG placement.requestlog [req-ef11fda4-4547-470d-9610-e915a8902b2f req-eff2db83-f67d-48a1-8c30-7509706b7c3e None None] Starting request: 10.222.0.86 "GET /placement/allocations/3c6af681-0222-46d6-b75c-6bf3abfce2c3" {{(pid=85281) __call__ /opt/stack/placement/placement/requestlog.py:55}}
May 06 12:24:36.386886 n-d-840845-1 devstack@placement-api.service[85281]: INFO placement.requestlog [req-ef11fda4-4547-470d-9610-e915a8902b2f req-eff2db83-f67d-48a1-8c30-7509706b7c3e service placement] 10.222.0.86 "GET /placement/allocations/3c6af681-0222-46d6-b75c-6bf3abfce2c3" status: 200 len: 259 microversion: 1.28
May 06 12:24:36.387994 n-d-840845-1 devstack@placement-api.service[85281]: [pid: 85281|app: 0|req: 191/376] 10.222.0.86 () {60 vars in 1377 bytes} [Fri May 6 12:24:36 2022] GET /placement/allocations/3c6af681-0222-46d6-b75c-6bf3abfce2c3 => generated 259 bytes in 18 msecs (HTTP/1.1 200) 8 headers in 296 bytes (1 switches on core 0)
May 06 12:24:37.677180 n-d-840845-1 devstack@placement-api.service[85282]: DEBUG placement.requestlog [req-2a642978-7823-4f0b-9f18-647d4f76c8d7 req-c17ca24a-cec0-4399-a55e-111ef1f3dca8 None None] Starting request: 10.222.0.86 "GET /placement/allocations/240484d6-0684-47cd-9763-801f2afd4178" {{(pid=85282) __call__ /opt/stack/placement/placement/requestlog.py:55}}
May 06 12:24:37.706679 n-d-840845-1 devstack@placement-api.service[85282]: INFO placement.requestlog [req-2a642978-7823-4f0b-9f18-647d4f76c8d7 req-c17ca24a-cec0-4399-a55e-111ef1f3dca8 service placement] 10.222.0.86 "GET /placement/allocations/240484d6-0684-47cd-9763-801f2afd4178" status: 200 len: 259 microversion: 1.28
May 06 12:24:37.710808 n-d-840845-1 devstack@placement-api.service[85282]: [pid: 85282|app: 0|req: 186/377] 10.222.0.86 () {60 vars in 1377 bytes} [Fri May 6 12:24:37 2022] GET /placement/allocations/240484d6-0684-47cd-9763-801f2afd4178 => generated 259 bytes in 37 msecs (HTTP/1.1 200) 8 headers in 296 bytes (1 switches on core 0)
May 06 12:24:37.722957 n-d-840845-1 devstack@placement-api.service[85281]: DEBUG placement.requestlog [req-2a642978-7823-4f0b-9f18-647d4f76c8d7 req-b54a676f-ab56-424c-ab14-0261deac7cec None None] Starting request: 10.222.0.86 "PUT /placement/allocations/240484d6-0684-47cd-9763-801f2afd4178" {{(pid=85281) __call__ /opt/stack/placement/placement/requestlog.py:55}}
May 06 12:24:37.928303 n-d-840845-1 devstack@placement-api.service[85281]: DEBUG placement.handlers.allocation [req-2a642978-7823-4f0b-9f18-647d4f76c8d7 req-b54a676f-ab56-424c-ab14-0261deac7cec service placement] Successfully wrote allocations [, , ] {{(pid=85281) _create_allocations /opt/stack/placement/placement/handlers/allocation.py:435}}
May 06 12:24:37.928303 n-d-840845-1 devstack@placement-api.service[85281]: INFO placement.requestlog [req-2a642978-7823-4f0b-9f18-647d4f76c8d7 req-b54a676f-ab56-424c-ab14-0261deac7cec service placement] 10.222.0.86 "PUT /placement/allocations/240484d6-0684-47cd-9763-801f2afd4178" status: 204 len: 0 microversion: 1.28
May 06 12:24:37.928303 n-d-840845-1 devstack@placement-api.service[85281]: [pid: 85281|app: 0|req: 192/378] 10.222.0.86 () {64 vars in 1430 bytes} [Fri May 6 12:24:37 2022] PUT /placement/allocations/240484d6-0684-47cd-9763-801f2afd4178 => generated 0 bytes in 205 msecs (HTTP/1.1 204) 5 headers in 199 bytes (2 switches on core 0)
May 06 12:24:39.436288 n-d-840845-1 devstack@placement-api.service[85282]: DEBUG placement.requestlog [None req-ea51fa0c-f456-47c3-ad7c-1486f80d5451 None None] Starting request: 10.222.0.83 "GET /placement/" {{(pid=85282) __call__ /opt/stack/placement/placement/requestlog.py:55}}
May 06 12:24:39.437324 n-d-840845-1 devstack@placement-api.service[85282]: INFO placement.requestlog [None req-ea51fa0c-f456-47c3-ad7c-1486f80d5451 None None] 10.222.0.83 "GET /placement/" status: 200 len: 136 microversion: 1.0
May 06 12:24:39.437890 n-d-840845-1 devstack@placement-api.service[85282]: [pid: 85282|app: 0|req: 187/379] 10.222.0.83 () {54 vars in 916 bytes} [Fri May 6 12:24:39 2022] GET /placement => generated 136 bytes in 1 msecs (HTTP/1.1 200) 6 headers in 224 bytes (2 switches on core 0)
May 06 12:24:39.445946 n-d-840845-1 devstack@placement-api.service[85281]: DEBUG placement.requestlog [req-80acff11-5e32-4686-af74-dde30e9c3730 req-e8ff414b-a6ca-42f5-a785-d28736c139fb None None] Starting request: 10.222.0.83 "GET /placement/allocations/3e5ee6c8-307e-4fac-b06b-06db575d975f" {{(pid=85281) __call__ /opt/stack/placement/placement/requestlog.py:55}}
May 06 12:24:39.545584 n-d-840845-1 devstack@placement-api.service[85281]: INFO placement.requestlog [req-80acff11-5e32-4686-af74-dde30e9c3730 req-e8ff414b-a6ca-42f5-a785-d28736c139fb service placement] 10.222.0.83 "GET /placement/allocations/3e5ee6c8-307e-4fac-b06b-06db575d975f" status: 200 len: 259 microversion: 1.28
May 06 12:24:39.551358 n-d-840845-1 devstack@placement-api.service[85281]: [pid: 85281|app: 0|req: 193/380] 10.222.0.83 () {60 vars in 1380 bytes} [Fri May 6 12:24:39 2022] GET /placement/allocations/3e5ee6c8-307e-4fac-b06b-06db575d975f => generated 259 bytes in 108 msecs (HTTP/1.1 200) 8 headers in 296 bytes (1 switches on core 0)
May 06 12:24:39.552072 n-d-840845-1 devstack@placement-api.service[85282]: DEBUG placement.requestlog [req-80acff11-5e32-4686-af74-dde30e9c3730 req-7f4c271d-0b00-482d-9e4f-0f8d3b2b03c4 None None] Starting request: 10.222.0.83 "GET /placement/allocations/3e5ee6c8-307e-4fac-b06b-06db575d975f" {{(pid=85282) __call__ /opt/stack/placement/placement/requestlog.py:55}}
May 06 12:24:39.574657 n-d-840845-1 devstack@placement-api.service[85282]: INFO placement.requestlog [req-80acff11-5e32-4686-af74-dde30e9c3730 req-7f4c271d-0b00-482d-9e4f-0f8d3b2b03c4 service placement] 10.222.0.83 "GET /placement/allocations/3e5ee6c8-307e-4fac-b06b-06db575d975f" status: 200 len: 259 microversion: 1.28
May 06 12:24:39.578053 n-d-840845-1 devstack@placement-api.service[85282]: [pid: 85282|app: 0|req: 188/381] 10.222.0.83 () {60 vars in 1380 bytes} [Fri May 6 12:24:39 2022] GET /placement/allocations/3e5ee6c8-307e-4fac-b06b-06db575d975f => generated 259 bytes in 25 msecs (HTTP/1.1 200) 8 headers in 296 bytes (1 switches on core 0)
May 06 12:24:39.578883 n-d-840845-1 devstack@placement-api.service[85281]: DEBUG placement.requestlog [req-80acff11-5e32-4686-af74-dde30e9c3730 req-832e76d1-f46b-4176-9152-98f9ceae32f0 None None] Starting request: 10.222.0.83 "GET /placement/allocations/28469517-85fd-4cfd-834d-c2c8b83d2ed5" {{(pid=85281) __call__ /opt/stack/placement/placement/requestlog.py:55}}
May 06 12:24:39.591288 n-d-840845-1 devstack@placement-api.service[85281]: INFO placement.requestlog [req-80acff11-5e32-4686-af74-dde30e9c3730 req-832e76d1-f46b-4176-9152-98f9ceae32f0 service placement] 10.222.0.83 "GET /placement/allocations/28469517-85fd-4cfd-834d-c2c8b83d2ed5" status: 200 len: 19 microversion: 1.28
May 06 12:24:39.591861 n-d-840845-1 devstack@placement-api.service[85281]: [pid: 85281|app: 0|req: 194/382] 10.222.0.83 () {60 vars in 1380 bytes} [Fri May 6 12:24:39 2022] GET /placement/allocations/28469517-85fd-4cfd-834d-c2c8b83d2ed5 => generated 19 bytes in 15 msecs (HTTP/1.1 200) 8 headers in 295 bytes (2 switches on core 0)
May 06 12:24:39.613528 n-d-840845-1 devstack@placement-api.service[85282]: DEBUG placement.requestlog [req-80acff11-5e32-4686-af74-dde30e9c3730 req-1b54a34e-d3dd-4f9a-a633-d84f25845cbb None None] Starting request: 10.222.0.83 "POST /placement/allocations" {{(pid=85282) __call__ /opt/stack/placement/placement/requestlog.py:55}}
May 06 12:24:40.042444 n-d-840845-1 devstack@placement-api.service[85282]: DEBUG placement.handlers.allocation [req-80acff11-5e32-4686-af74-dde30e9c3730 req-1b54a34e-d3dd-4f9a-a633-d84f25845cbb service placement] Successfully wrote allocations [, , , , , ] {{(pid=85282) _create_allocations /opt/stack/placement/placement/handlers/allocation.py:524}}
May 06 12:24:40.043092 n-d-840845-1 devstack@placement-api.service[85282]: INFO placement.requestlog [req-80acff11-5e32-4686-af74-dde30e9c3730 req-1b54a34e-d3dd-4f9a-a633-d84f25845cbb service placement] 10.222.0.83 "POST /placement/allocations" status: 204 len: 0 microversion: 1.28
May 06 12:24:40.043733 n-d-840845-1 devstack@placement-api.service[85282]: [pid: 85282|app: 0|req: 189/383] 10.222.0.83 () {64 vars in 1323 bytes} [Fri May 6 12:24:39 2022] POST /placement/allocations => generated 0 bytes in 435 msecs (HTTP/1.1 204) 5 headers in 199 bytes (1 switches on core 0)
