May 06 11:50:31.385047 n-d-840843-1 devstack@n-api.service[102927]: DEBUG oslo_concurrency.lockutils [None req-79ecddb3-67b1-4fd0-aaba-6cdb9537f48b tempest-AggregatesAdminTestJSON-635911166 tempest-AggregatesAdminTestJSON-635911166-project-admin] Lock "4e634588-ba35-4cc2-900c-666947d803f5" acquired by "nova.context.set_target_cell..get_or_set_cached_cell_and_set_connections" :: waited 0.000s {{(pid=102927) inner /usr/local/lib/python3.8/dist-packages/oslo_concurrency/lockutils.py:355}}
May 06 11:50:31.386112 n-d-840843-1 devstack@n-api.service[102927]: DEBUG oslo_concurrency.lockutils [None req-79ecddb3-67b1-4fd0-aaba-6cdb9537f48b tempest-AggregatesAdminTestJSON-635911166 tempest-AggregatesAdminTestJSON-635911166-project-admin] Lock "4e634588-ba35-4cc2-900c-666947d803f5" released by "nova.context.set_target_cell..get_or_set_cached_cell_and_set_connections" :: held 0.001s {{(pid=102927) inner /usr/local/lib/python3.8/dist-packages/oslo_concurrency/lockutils.py:367}}
May 06 11:50:31.398899 n-d-840843-1 devstack@n-api.service[102927]: INFO nova.api.openstack.requestlog [None req-79ecddb3-67b1-4fd0-aaba-6cdb9537f48b tempest-AggregatesAdminTestJSON-635911166 tempest-AggregatesAdminTestJSON-635911166-project-admin] 10.222.0.42 "GET /compute/v2.1/os-hypervisors/detail" status: 200 len: 1503 microversion: 2.1 time: 0.284860
May 06 11:50:31.400808 n-d-840843-1 devstack@n-api.service[102927]: [pid: 102927|app: 0|req: 3/6] 10.222.0.42 () {58 vars in 1166 bytes} [Fri May 6 11:50:31 2022] GET /compute/v2.1/os-hypervisors/detail => generated 1503 bytes in 288 msecs (HTTP/1.1 200) 9 headers in 358 bytes (1 switches on core 0)
May 06 11:50:31.420979 n-d-840843-1 devstack@n-api.service[102927]: DEBUG nova.api.openstack.wsgi [None req-e764adbe-7e16-456a-bf0d-464583db7617 tempest-FlavorMetadataValidation-1243914165 tempest-FlavorMetadataValidation-1243914165-project-admin] Action: 'create', calling method: >, body: {"extra_specs": {"hw:cpu_policy": "shared", "foo:bar": "baz"}} {{(pid=102927) _process_stack /opt/stack/nova/nova/api/openstack/wsgi.py:511}}
May 06 11:50:31.423509 n-d-840843-1 devstack@n-api.service[102927]: /usr/local/lib/python3.8/dist-packages/oslo_policy/policy.py:1065: UserWarning: Policy os_compute_api:os-flavor-extra-specs:create failed scope check. The token used to make the request was project scoped but the policy requires ['system'] scope. This behavior may change in the future where using the intended scope is required
May 06 11:50:31.423509 n-d-840843-1 devstack@n-api.service[102927]: warnings.warn(msg)
May 06 11:50:31.450349 n-d-840843-1 devstack@n-api.service[102928]: DEBUG nova.network.neutron [None req-318484f9-3f37-4d55-a655-8756e2357826 tempest-DeleteServersAdminTestJSON-471978420 tempest-DeleteServersAdminTestJSON-471978420-project] validate_networks() for None {{(pid=102928) validate_networks /opt/stack/nova/nova/network/neutron.py:2367}}
May 06 11:50:31.747808 n-d-840843-1 devstack@n-api.service[102927]: INFO nova.api.openstack.requestlog [None req-e764adbe-7e16-456a-bf0d-464583db7617 tempest-FlavorMetadataValidation-1243914165 tempest-FlavorMetadataValidation-1243914165-project-admin] 10.222.0.42 "POST /compute/v2.1/flavors/1087591199/os-extra_specs" status: 200 len: 62 microversion: 2.86 time: 0.344754
May 06 11:50:31.756242 n-d-840843-1 devstack@n-api.service[102927]: [pid: 102927|app: 0|req: 4/7] 10.222.0.42 () {62 vars in 1264 bytes} [Fri May 6 11:50:31 2022] POST /compute/v2.1/flavors/1087591199/os-extra_specs => generated 62 bytes in 347 msecs (HTTP/1.1 200) 9 headers in 358 bytes (1 switches on core 0)
May 06 11:50:31.894190 n-d-840843-1 devstack@n-api.service[102928]: DEBUG nova.virt.hardware [None req-318484f9-3f37-4d55-a655-8756e2357826 tempest-DeleteServersAdminTestJSON-471978420 tempest-DeleteServersAdminTestJSON-471978420-project] Flavor limits 0:0:0 {{(pid=102928) get_cpu_topology_constraints /opt/stack/nova/nova/virt/hardware.py:343}}
May 06 11:50:31.894968 n-d-840843-1 devstack@n-api.service[102928]: DEBUG nova.virt.hardware [None req-318484f9-3f37-4d55-a655-8756e2357826 tempest-DeleteServersAdminTestJSON-471978420 tempest-DeleteServersAdminTestJSON-471978420-project] Image limits 0:0:0 {{(pid=102928) get_cpu_topology_constraints /opt/stack/nova/nova/virt/hardware.py:347}}
May 06 11:50:31.895926 n-d-840843-1 devstack@n-api.service[102928]: DEBUG nova.virt.hardware [None req-318484f9-3f37-4d55-a655-8756e2357826 tempest-DeleteServersAdminTestJSON-471978420 tempest-DeleteServersAdminTestJSON-471978420-project] Flavor pref 0:0:0 {{(pid=102928) get_cpu_topology_constraints /opt/stack/nova/nova/virt/hardware.py:383}}
May 06 11:50:31.896558 n-d-840843-1 devstack@n-api.service[102928]: DEBUG nova.virt.hardware [None req-318484f9-3f37-4d55-a655-8756e2357826 tempest-DeleteServersAdminTestJSON-471978420 tempest-DeleteServersAdminTestJSON-471978420-project] Image pref 0:0:0 {{(pid=102928) get_cpu_topology_constraints /opt/stack/nova/nova/virt/hardware.py:387}}
May 06 11:50:31.897238 n-d-840843-1 devstack@n-api.service[102928]: DEBUG nova.virt.hardware [None req-318484f9-3f37-4d55-a655-8756e2357826 tempest-DeleteServersAdminTestJSON-471978420 tempest-DeleteServersAdminTestJSON-471978420-project] Chose sockets=0, cores=0, threads=0; limits were sockets=65536, cores=65536, threads=65536 {{(pid=102928) get_cpu_topology_constraints /opt/stack/nova/nova/virt/hardware.py:425}}
May 06 11:50:31.913811 n-d-840843-1 devstack@n-api.service[102928]: DEBUG oslo_concurrency.lockutils [None req-318484f9-3f37-4d55-a655-8756e2357826 tempest-DeleteServersAdminTestJSON-471978420 tempest-DeleteServersAdminTestJSON-471978420-project] Lock "00000000-0000-0000-0000-000000000000" acquired by "nova.context.set_target_cell..get_or_set_cached_cell_and_set_connections" :: waited 0.000s {{(pid=102928) inner /usr/local/lib/python3.8/dist-packages/oslo_concurrency/lockutils.py:355}}
May 06 11:50:31.914484 n-d-840843-1 devstack@n-api.service[102928]: DEBUG oslo_concurrency.lockutils [None req-318484f9-3f37-4d55-a655-8756e2357826 tempest-DeleteServersAdminTestJSON-471978420 tempest-DeleteServersAdminTestJSON-471978420-project] Lock "00000000-0000-0000-0000-000000000000" released by "nova.context.set_target_cell..get_or_set_cached_cell_and_set_connections" :: held 0.001s {{(pid=102928) inner /usr/local/lib/python3.8/dist-packages/oslo_concurrency/lockutils.py:367}}
May 06 11:50:31.915800 n-d-840843-1 devstack@n-api.service[102928]: DEBUG oslo_concurrency.lockutils [None req-318484f9-3f37-4d55-a655-8756e2357826 tempest-DeleteServersAdminTestJSON-471978420 tempest-DeleteServersAdminTestJSON-471978420-project] Lock "4e634588-ba35-4cc2-900c-666947d803f5" acquired by "nova.context.set_target_cell..get_or_set_cached_cell_and_set_connections" :: waited 0.000s {{(pid=102928) inner /usr/local/lib/python3.8/dist-packages/oslo_concurrency/lockutils.py:355}}
May 06 11:50:31.916469 n-d-840843-1 devstack@n-api.service[102928]: DEBUG oslo_concurrency.lockutils [None req-318484f9-3f37-4d55-a655-8756e2357826 tempest-DeleteServersAdminTestJSON-471978420 tempest-DeleteServersAdminTestJSON-471978420-project] Lock "4e634588-ba35-4cc2-900c-666947d803f5" released by "nova.context.set_target_cell..get_or_set_cached_cell_and_set_connections" :: held 0.001s {{(pid=102928) inner /usr/local/lib/python3.8/dist-packages/oslo_concurrency/lockutils.py:367}}
May 06 11:50:31.953873 n-d-840843-1 devstack@n-api.service[102928]: DEBUG nova.quota [None req-318484f9-3f37-4d55-a655-8756e2357826 tempest-DeleteServersAdminTestJSON-471978420 tempest-DeleteServersAdminTestJSON-471978420-project] Getting quotas for project 6d1c3f09cf9448c4a391cbd6140006b8. Resources: {'ram', 'cores', 'instances'} {{(pid=102928) _get_quotas /opt/stack/nova/nova/quota.py:387}}
May 06 11:50:31.962623 n-d-840843-1 devstack@n-api.service[102928]: DEBUG nova.quota [None req-318484f9-3f37-4d55-a655-8756e2357826 tempest-DeleteServersAdminTestJSON-471978420 tempest-DeleteServersAdminTestJSON-471978420-project] Getting quotas for user 61dc124714e748edaf5b167608a62bac and project 6d1c3f09cf9448c4a391cbd6140006b8. Resources: {'ram', 'cores', 'instances'} {{(pid=102928) _get_quotas /opt/stack/nova/nova/quota.py:377}}
May 06 11:50:31.987184 n-d-840843-1 devstack@n-api.service[102928]: DEBUG nova.compute.api [None req-318484f9-3f37-4d55-a655-8756e2357826 tempest-DeleteServersAdminTestJSON-471978420 tempest-DeleteServersAdminTestJSON-471978420-project] Going to run 1 instances... {{(pid=102928) _provision_instances /opt/stack/nova/nova/compute/api.py:1283}}
May 06 11:50:31.992124 n-d-840843-1 devstack@n-api.service[102928]: DEBUG nova.compute.api [None req-318484f9-3f37-4d55-a655-8756e2357826 tempest-DeleteServersAdminTestJSON-471978420 tempest-DeleteServersAdminTestJSON-471978420-project] [instance: b66bc354-05f0-4571-81d8-946d7594a895] block_device_mapping [BlockDeviceMapping(attachment_id=,boot_index=0,connection_info=None,created_at=,delete_on_termination=True,deleted=,deleted_at=,destination_type='local',device_name=None,device_type='disk',disk_bus=None,guest_format=None,id=,image_id='62a5e597-ed30-4cdd-b85f-00abf92d73c9',instance=,instance_uuid=,no_device=False,snapshot_id=None,source_type='image',tag=None,updated_at=,uuid=,volume_id=None,volume_size=None,volume_type=None)] {{(pid=102928) _bdm_validate_set_size_and_instance /opt/stack/nova/nova/compute/api.py:1684}}
May 06 11:50:32.100602 n-d-840843-1 devstack@n-api.service[102928]: INFO nova.api.openstack.requestlog [None req-318484f9-3f37-4d55-a655-8756e2357826 tempest-DeleteServersAdminTestJSON-471978420 tempest-DeleteServersAdminTestJSON-471978420-project] 10.222.0.42 "POST /compute/v2.1/servers" status: 202 len: 380 microversion: 2.1 time: 1.614825
May 06 11:50:32.101870 n-d-840843-1 devstack@n-api.service[102928]: [pid: 102928|app: 0|req: 4/8] 10.222.0.42 () {60 vars in 1146 bytes} [Fri May 6 11:50:30 2022] POST /compute/v2.1/servers => generated 380 bytes in 1617 msecs (HTTP/1.1 202) 10 headers in 451 bytes (1 switches on core 0)
May 06 11:50:32.105754 n-d-840843-1 devstack@n-api.service[102927]: DEBUG nova.api.openstack.wsgi [None req-c8abbcd2-8e74-464f-a595-f157c4ba27f4 tempest-AZAdminV2TestJSON-1237347367 tempest-AZAdminV2TestJSON-1237347367-project-admin] Calling method '>' {{(pid=102927) _process_stack /opt/stack/nova/nova/api/openstack/wsgi.py:513}}
May 06 11:50:32.115403 n-d-840843-1 devstack@n-api.service[102927]: DEBUG oslo_concurrency.lockutils [None req-c8abbcd2-8e74-464f-a595-f157c4ba27f4 tempest-AZAdminV2TestJSON-1237347367 tempest-AZAdminV2TestJSON-1237347367-project-admin] Lock "00000000-0000-0000-0000-000000000000" acquired by "nova.context.set_target_cell..get_or_set_cached_cell_and_set_connections" :: waited 0.000s {{(pid=102927) inner /usr/local/lib/python3.8/dist-packages/oslo_concurrency/lockutils.py:355}}
May 06 11:50:32.118330 n-d-840843-1 devstack@n-api.service[102928]: DEBUG nova.api.openstack.wsgi [None req-fe9d44f3-ea08-4565-8485-fdeaefe124cf tempest-AggregatesAdminTestV241-1863082731 tempest-AggregatesAdminTestV241-1863082731-project-admin] Action: 'create', calling method: >, body: {"aggregate": {"name": "tempest-test_aggregate-1701899156"}} {{(pid=102928) _process_stack /opt/stack/nova/nova/api/openstack/wsgi.py:511}}
May 06 11:50:32.119023 n-d-840843-1 devstack@n-api.service[102927]: DEBUG oslo_concurrency.lockutils [None req-c8abbcd2-8e74-464f-a595-f157c4ba27f4 tempest-AZAdminV2TestJSON-1237347367 tempest-AZAdminV2TestJSON-1237347367-project-admin] Lock "00000000-0000-0000-0000-000000000000" released by "nova.context.set_target_cell..get_or_set_cached_cell_and_set_connections" :: held 0.003s {{(pid=102927) inner /usr/local/lib/python3.8/dist-packages/oslo_concurrency/lockutils.py:367}}
May 06 11:50:32.123080 n-d-840843-1 devstack@n-api.service[102927]: DEBUG oslo_concurrency.lockutils [None req-c8abbcd2-8e74-464f-a595-f157c4ba27f4 tempest-AZAdminV2TestJSON-1237347367 tempest-AZAdminV2TestJSON-1237347367-project-admin] Lock "4e634588-ba35-4cc2-900c-666947d803f5" acquired by "nova.context.set_target_cell..get_or_set_cached_cell_and_set_connections" :: waited 0.000s {{(pid=102927) inner /usr/local/lib/python3.8/dist-packages/oslo_concurrency/lockutils.py:355}}
May 06 11:50:32.124386 n-d-840843-1 devstack@n-api.service[102927]: DEBUG oslo_concurrency.lockutils [None req-c8abbcd2-8e74-464f-a595-f157c4ba27f4 tempest-AZAdminV2TestJSON-1237347367 tempest-AZAdminV2TestJSON-1237347367-project-admin] Lock "4e634588-ba35-4cc2-900c-666947d803f5" released by "nova.context.set_target_cell..get_or_set_cached_cell_and_set_connections" :: held 0.004s {{(pid=102927) inner /usr/local/lib/python3.8/dist-packages/oslo_concurrency/lockutils.py:367}}
May 06 11:50:32.127950 n-d-840843-1 devstack@n-api.service[102928]: /usr/local/lib/python3.8/dist-packages/oslo_policy/policy.py:1065: UserWarning: Policy os_compute_api:os-aggregates:create failed scope check. The token used to make the request was project scoped but the policy requires ['system'] scope. This behavior may change in the future where using the intended scope is required
May 06 11:50:32.127950 n-d-840843-1 devstack@n-api.service[102928]: warnings.warn(msg)
May 06 11:50:32.133273 n-d-840843-1 devstack@n-api.service[102928]: DEBUG nova.objects.aggregate [None req-fe9d44f3-ea08-4565-8485-fdeaefe124cf tempest-AggregatesAdminTestV241-1863082731 tempest-AggregatesAdminTestV241-1863082731-project-admin] Generated uuid 9f752cb7-4a04-4f2a-a3f8-6adae916f74f for aggregate {{(pid=102928) create /opt/stack/nova/nova/objects/aggregate.py:299}}
May 06 11:50:32.207995 n-d-840843-1 devstack@n-api.service[102928]: INFO nova.api.openstack.requestlog [None req-fe9d44f3-ea08-4565-8485-fdeaefe124cf tempest-AggregatesAdminTestV241-1863082731 tempest-AggregatesAdminTestV241-1863082731-project-admin] 10.222.0.42 "POST /compute/v2.1/os-aggregates" status: 200 len: 246 microversion: 2.41 time: 0.103937
May 06 11:50:32.209373 n-d-840843-1 devstack@n-api.service[102928]: [pid: 102928|app: 0|req: 5/9] 10.222.0.42 () {62 vars in 1204 bytes} [Fri May 6 11:50:32 2022] POST /compute/v2.1/os-aggregates => generated 246 bytes in 107 msecs (HTTP/1.1 200) 9 headers in 359 bytes (1 switches on core 0)
May 06 11:50:32.232092 n-d-840843-1 devstack@n-api.service[102928]: DEBUG nova.api.openstack.wsgi [None req-079b7ac3-98c2-42da-b15f-4b6e69d6cd81 tempest-HostsAdminTestJSON-384803322 tempest-HostsAdminTestJSON-384803322-project-admin] Calling method '.version_select at 0x7ff8e55e6f70>' {{(pid=102928) _process_stack /opt/stack/nova/nova/api/openstack/wsgi.py:513}}
May 06 11:50:32.237438 n-d-840843-1 devstack@n-api.service[102928]: /usr/local/lib/python3.8/dist-packages/oslo_policy/policy.py:1065: UserWarning: Policy os_compute_api:os-hosts:list failed scope check. The token used to make the request was project scoped but the policy requires ['system'] scope. This behavior may change in the future where using the intended scope is required
May 06 11:50:32.237438 n-d-840843-1 devstack@n-api.service[102928]: warnings.warn(msg)
May 06 11:50:32.239718 n-d-840843-1 devstack@n-api.service[102928]: DEBUG oslo_concurrency.lockutils [None req-079b7ac3-98c2-42da-b15f-4b6e69d6cd81 tempest-HostsAdminTestJSON-384803322 tempest-HostsAdminTestJSON-384803322-project-admin] Lock "00000000-0000-0000-0000-000000000000" acquired by "nova.context.set_target_cell..get_or_set_cached_cell_and_set_connections" :: waited 0.000s {{(pid=102928) inner /usr/local/lib/python3.8/dist-packages/oslo_concurrency/lockutils.py:355}}
May 06 11:50:32.240341 n-d-840843-1 devstack@n-api.service[102928]: DEBUG oslo_concurrency.lockutils [None req-079b7ac3-98c2-42da-b15f-4b6e69d6cd81 tempest-HostsAdminTestJSON-384803322 tempest-HostsAdminTestJSON-384803322-project-admin] Lock "00000000-0000-0000-0000-000000000000" released by "nova.context.set_target_cell..get_or_set_cached_cell_and_set_connections" :: held 0.001s {{(pid=102928) inner /usr/local/lib/python3.8/dist-packages/oslo_concurrency/lockutils.py:367}}
May 06 11:50:32.241476 n-d-840843-1 devstack@n-api.service[102928]: DEBUG oslo_concurrency.lockutils [None req-079b7ac3-98c2-42da-b15f-4b6e69d6cd81 tempest-HostsAdminTestJSON-384803322 tempest-HostsAdminTestJSON-384803322-project-admin] Lock "4e634588-ba35-4cc2-900c-666947d803f5" acquired by "nova.context.set_target_cell..get_or_set_cached_cell_and_set_connections" :: waited 0.000s {{(pid=102928) inner /usr/local/lib/python3.8/dist-packages/oslo_concurrency/lockutils.py:355}}
May 06 11:50:32.242015 n-d-840843-1 devstack@n-api.service[102928]: DEBUG oslo_concurrency.lockutils [None req-079b7ac3-98c2-42da-b15f-4b6e69d6cd81 tempest-HostsAdminTestJSON-384803322 tempest-HostsAdminTestJSON-384803322-project-admin] Lock "4e634588-ba35-4cc2-900c-666947d803f5" released by "nova.context.set_target_cell..get_or_set_cached_cell_and_set_connections" :: held 0.000s {{(pid=102928) inner /usr/local/lib/python3.8/dist-packages/oslo_concurrency/lockutils.py:367}}
May 06 11:50:32.269773 n-d-840843-1 devstack@n-api.service[102927]: INFO nova.api.openstack.requestlog [None req-c8abbcd2-8e74-464f-a595-f157c4ba27f4 tempest-AZAdminV2TestJSON-1237347367 tempest-AZAdminV2TestJSON-1237347367-project-admin] 10.222.0.42 "GET /compute/v2.1/os-availability-zone" status: 200 len: 97 microversion: 2.1 time: 0.517612
May 06 11:50:32.272338 n-d-840843-1 devstack@n-api.service[102927]: [pid: 102927|app: 0|req: 5/10] 10.222.0.42 () {58 vars in 1163 bytes} [Fri May 6 11:50:31 2022] GET /compute/v2.1/os-availability-zone => generated 97 bytes in 522 msecs (HTTP/1.1 200) 9 headers in 356 bytes (1 switches on core 0)
May 06 11:50:32.291057 n-d-840843-1 devstack@n-api.service[102927]: DEBUG nova.api.openstack.wsgi [None req-936646d5-4166-4c29-997b-3f94cba26592 tempest-FlavorMetadataValidation-1243914165 tempest-FlavorMetadataValidation-1243914165-project-admin] Calling method '>' {{(pid=102927) _process_stack /opt/stack/nova/nova/api/openstack/wsgi.py:513}}
May 06 11:50:32.294944 n-d-840843-1 devstack@n-api.service[102927]: /usr/local/lib/python3.8/dist-packages/oslo_policy/policy.py:1065: UserWarning: Policy os_compute_api:os-flavor-manage:delete failed scope check. The token used to make the request was project scoped but the policy requires ['system'] scope. This behavior may change in the future where using the intended scope is required
May 06 11:50:32.294944 n-d-840843-1 devstack@n-api.service[102927]: warnings.warn(msg)
May 06 11:50:32.320438 n-d-840843-1 devstack@n-api.service[102928]: INFO nova.api.openstack.requestlog [None req-079b7ac3-98c2-42da-b15f-4b6e69d6cd81 tempest-HostsAdminTestJSON-384803322 tempest-HostsAdminTestJSON-384803322-project-admin] 10.222.0.42 "GET /compute/v2.1/os-hosts?zone=xxx" status: 200 len: 13 microversion: 2.1 time: 0.106029
May 06 11:50:32.322755 n-d-840843-1 devstack@n-api.service[102928]: [pid: 102928|app: 0|req: 6/11] 10.222.0.42 () {58 vars in 1144 bytes} [Fri May 6 11:50:32 2022] GET /compute/v2.1/os-hosts?zone=xxx => generated 13 bytes in 113 msecs (HTTP/1.1 200) 9 headers in 356 bytes (1 switches on core 0)
May 06 11:50:32.333090 n-d-840843-1 devstack@n-api.service[102928]: DEBUG nova.api.openstack.wsgi [None req-ef66a71a-503d-407a-b212-f18185fa1c64 tempest-DeleteServersAdminTestJSON-471978420 tempest-DeleteServersAdminTestJSON-471978420-project] Calling method '>' {{(pid=102928) _process_stack /opt/stack/nova/nova/api/openstack/wsgi.py:513}}
May 06 11:50:32.334588 n-d-840843-1 devstack@n-api.service[102928]: DEBUG nova.compute.api [None req-ef66a71a-503d-407a-b212-f18185fa1c64 tempest-DeleteServersAdminTestJSON-471978420 tempest-DeleteServersAdminTestJSON-471978420-project] [instance: b66bc354-05f0-4571-81d8-946d7594a895] Fetching instance by UUID {{(pid=102928) get /opt/stack/nova/nova/compute/api.py:2813}}
May 06 11:50:32.358406 n-d-840843-1 devstack@n-api.service[102927]: INFO nova.api.openstack.requestlog [None req-936646d5-4166-4c29-997b-3f94cba26592 tempest-FlavorMetadataValidation-1243914165 tempest-FlavorMetadataValidation-1243914165-project-admin] 10.222.0.42 "DELETE /compute/v2.1/flavors/1087591199" status: 202 len: 0 microversion: 2.86 time: 0.084187
May 06 11:50:32.359244 n-d-840843-1 devstack@n-api.service[102927]: [pid: 102927|app: 0|req: 6/12] 10.222.0.42 () {60 vars in 1201 bytes} [Fri May 6 11:50:32 2022] DELETE /compute/v2.1/flavors/1087591199 => generated 0 bytes in 86 msecs (HTTP/1.1 202) 9 headers in 363 bytes (1 switches on core 0)
May 06 11:50:32.369919 n-d-840843-1 devstack@n-api.service[102927]: DEBUG nova.api.openstack.wsgi [None req-9777b23a-5c81-4885-97b5-5110c1559fbe tempest-AggregatesAdminTestV241-1863082731 tempest-AggregatesAdminTestV241-1863082731-project-admin] Action: 'update', calling method: >, body: {"aggregate": {"name": "tempest-test_aggregate-1925483880"}} {{(pid=102927) _process_stack /opt/stack/nova/nova/api/openstack/wsgi.py:511}}
May 06 11:50:32.500632 n-d-840843-1 devstack@n-api.service[102927]: /usr/local/lib/python3.8/dist-packages/oslo_policy/policy.py:1065: UserWarning: Policy os_compute_api:os-aggregates:update failed scope check. The token used to make the request was project scoped but the policy requires ['system'] scope. This behavior may change in the future where using the intended scope is required
May 06 11:50:32.500632 n-d-840843-1 devstack@n-api.service[102927]: warnings.warn(msg)
May 06 11:50:32.505366 n-d-840843-1 devstack@n-api.service[102928]: DEBUG nova.policy [None req-ef66a71a-503d-407a-b212-f18185fa1c64 tempest-DeleteServersAdminTestJSON-471978420 tempest-DeleteServersAdminTestJSON-471978420-project] Policy check for os_compute_api:os-extended-server-attributes failed with credentials {'is_admin': False, 'user_id': '61dc124714e748edaf5b167608a62bac', 'user_domain_id': 'default', 'system_scope': None, 'domain_id': None, 'project_id': '6d1c3f09cf9448c4a391cbd6140006b8', 'project_domain_id': 'default', 'roles': ['member', 'reader'], 'is_admin_project': True, 'service_user_id': None, 'service_user_domain_id': None, 'service_project_id': None, 'service_project_domain_id': None, 'service_roles': []} {{(pid=102928) authorize /opt/stack/nova/nova/policy.py:199}}
May 06 11:50:32.535327 n-d-840843-1 devstack@n-api.service[102928]: INFO nova.api.openstack.requestlog [None req-ef66a71a-503d-407a-b212-f18185fa1c64 tempest-DeleteServersAdminTestJSON-471978420 tempest-DeleteServersAdminTestJSON-471978420-project] 10.222.0.42 "GET /compute/v2.1/servers/b66bc354-05f0-4571-81d8-946d7594a895" status: 200 len: 1219 microversion: 2.1 time: 0.210332
May 06 11:50:32.538721 n-d-840843-1 devstack@n-api.service[102928]: [pid: 102928|app: 0|req: 7/13] 10.222.0.42 () {58 vars in 1235 bytes} [Fri May 6 11:50:32 2022] GET /compute/v2.1/servers/b66bc354-05f0-4571-81d8-946d7594a895 => generated 1219 bytes in 215 msecs (HTTP/1.1 200) 9 headers in 358 bytes (1 switches on core 0)
May 06 11:50:32.561543 n-d-840843-1 devstack@n-api.service[102928]: DEBUG nova.api.openstack.wsgi [None req-f1e1c55b-4a50-4318-8eb1-1f6ef6594d1f tempest-AZAdminV2TestJSON-1237347367 tempest-AZAdminV2TestJSON-1237347367-project-admin] Calling method '>' {{(pid=102928) _process_stack /opt/stack/nova/nova/api/openstack/wsgi.py:513}}
May 06 11:50:32.563766 n-d-840843-1 devstack@n-api.service[102928]: /usr/local/lib/python3.8/dist-packages/oslo_policy/policy.py:1065: UserWarning: Policy os_compute_api:os-availability-zone:detail failed scope check. The token used to make the request was project scoped but the policy requires ['system'] scope. This behavior may change in the future where using the intended scope is required
May 06 11:50:32.563766 n-d-840843-1 devstack@n-api.service[102928]: warnings.warn(msg)
May 06 11:50:32.568468 n-d-840843-1 devstack@n-api.service[102928]: DEBUG oslo_concurrency.lockutils [None req-f1e1c55b-4a50-4318-8eb1-1f6ef6594d1f tempest-AZAdminV2TestJSON-1237347367 tempest-AZAdminV2TestJSON-1237347367-project-admin] Lock "00000000-0000-0000-0000-000000000000" acquired by "nova.context.set_target_cell..get_or_set_cached_cell_and_set_connections" :: waited 0.000s {{(pid=102928) inner /usr/local/lib/python3.8/dist-packages/oslo_concurrency/lockutils.py:355}}
May 06 11:50:32.570478 n-d-840843-1 devstack@n-api.service[102928]: DEBUG oslo_concurrency.lockutils [None req-f1e1c55b-4a50-4318-8eb1-1f6ef6594d1f tempest-AZAdminV2TestJSON-1237347367 tempest-AZAdminV2TestJSON-1237347367-project-admin] Lock "00000000-0000-0000-0000-000000000000" released by "nova.context.set_target_cell..get_or_set_cached_cell_and_set_connections" :: held 0.001s {{(pid=102928) inner /usr/local/lib/python3.8/dist-packages/oslo_concurrency/lockutils.py:367}}
May 06 11:50:32.576134 n-d-840843-1 devstack@n-api.service[102928]: DEBUG oslo_concurrency.lockutils [None req-f1e1c55b-4a50-4318-8eb1-1f6ef6594d1f tempest-AZAdminV2TestJSON-1237347367 tempest-AZAdminV2TestJSON-1237347367-project-admin] Lock "4e634588-ba35-4cc2-900c-666947d803f5" acquired by "nova.context.set_target_cell..get_or_set_cached_cell_and_set_connections" :: waited 0.000s {{(pid=102928) inner /usr/local/lib/python3.8/dist-packages/oslo_concurrency/lockutils.py:355}}
May 06 11:50:32.577367 n-d-840843-1 devstack@n-api.service[102928]: DEBUG oslo_concurrency.lockutils [None req-f1e1c55b-4a50-4318-8eb1-1f6ef6594d1f tempest-AZAdminV2TestJSON-1237347367 tempest-AZAdminV2TestJSON-1237347367-project-admin] Lock "4e634588-ba35-4cc2-900c-666947d803f5" released by "nova.context.set_target_cell..get_or_set_cached_cell_and_set_connections" :: held 0.002s {{(pid=102928) inner /usr/local/lib/python3.8/dist-packages/oslo_concurrency/lockutils.py:367}}
May 06 11:50:32.655683 n-d-840843-1 devstack@n-api.service[102927]: INFO nova.api.openstack.requestlog [None req-9777b23a-5c81-4885-97b5-5110c1559fbe tempest-AggregatesAdminTestV241-1863082731 tempest-AggregatesAdminTestV241-1863082731-project-admin] 10.222.0.42 "PUT /compute/v2.1/os-aggregates/1" status: 200 len: 299 microversion: 2.41 time: 0.294914
May 06 11:50:32.661834 n-d-840843-1 devstack@n-api.service[102927]: [pid: 102927|app: 0|req: 7/14] 10.222.0.42 () {62 vars in 1209 bytes} [Fri May 6 11:50:32 2022] PUT /compute/v2.1/os-aggregates/1 => generated 299 bytes in 298 msecs (HTTP/1.1 200) 9 headers in 359 bytes (1 switches on core 0)
May 06 11:50:32.675241 n-d-840843-1 devstack@n-api.service[102927]: DEBUG nova.api.openstack.wsgi [None req-16ad658a-c85c-40ba-aac4-00c6a578303e tempest-FlavorMetadataValidation-1243914165 tempest-FlavorMetadataValidation-1243914165-project-admin] Calling method '>' {{(pid=102927) _process_stack /opt/stack/nova/nova/api/openstack/wsgi.py:513}}
May 06 11:50:32.690844 n-d-840843-1 devstack@n-api.service[102928]: INFO nova.api.openstack.requestlog [None req-f1e1c55b-4a50-4318-8eb1-1f6ef6594d1f tempest-AZAdminV2TestJSON-1237347367 tempest-AZAdminV2TestJSON-1237347367-project-admin] 10.222.0.42 "GET /compute/v2.1/os-availability-zone/detail" status: 200 len: 612 microversion: 2.1 time: 0.149397
May 06 11:50:32.705227 n-d-840843-1 devstack@n-api.service[102928]: [pid: 102928|app: 0|req: 8/15] 10.222.0.42 () {58 vars in 1184 bytes} [Fri May 6 11:50:32 2022] GET /compute/v2.1/os-availability-zone/detail => generated 612 bytes in 165 msecs (HTTP/1.1 200) 9 headers in 357 bytes (1 switches on core 0)
May 06 11:50:32.717245 n-d-840843-1 devstack@n-api.service[102928]: DEBUG nova.api.openstack.wsgi [None req-4042b7ce-1b41-47af-9b30-476c78170957 tempest-AggregatesAdminTestV241-1863082731 tempest-AggregatesAdminTestV241-1863082731-project-admin] Calling method '>' {{(pid=102928) _process_stack /opt/stack/nova/nova/api/openstack/wsgi.py:513}}
May 06 11:50:32.718987 n-d-840843-1 devstack@n-api.service[102928]: /usr/local/lib/python3.8/dist-packages/oslo_policy/policy.py:1065: UserWarning: Policy os_compute_api:os-aggregates:show failed scope check. The token used to make the request was project scoped but the policy requires ['system'] scope. This behavior may change in the future where using the intended scope is required
May 06 11:50:32.718987 n-d-840843-1 devstack@n-api.service[102928]: warnings.warn(msg)
May 06 11:50:32.741550 n-d-840843-1 devstack@n-api.service[102927]: INFO nova.api.openstack.requestlog [None req-16ad658a-c85c-40ba-aac4-00c6a578303e tempest-FlavorMetadataValidation-1243914165 tempest-FlavorMetadataValidation-1243914165-project-admin] 10.222.0.42 "GET /compute/v2.1/flavors/detail" status: 200 len: 5777 microversion: 2.86 time: 0.082341
May 06 11:50:32.746721 n-d-840843-1 devstack@n-api.service[102928]: INFO nova.api.openstack.requestlog [None req-4042b7ce-1b41-47af-9b30-476c78170957 tempest-AggregatesAdminTestV241-1863082731 tempest-AggregatesAdminTestV241-1863082731-project-admin] 10.222.0.42 "GET /compute/v2.1/os-aggregates/1" status: 200 len: 299 microversion: 2.41 time: 0.039867
May 06 11:50:32.752771 n-d-840843-1 devstack@n-api.service[102927]: [pid: 102927|app: 0|req: 8/16] 10.222.0.42 () {60 vars in 1186 bytes} [Fri May 6 11:50:32 2022] GET /compute/v2.1/flavors/detail => generated 5777 bytes in 90 msecs (HTTP/1.1 200) 9 headers in 360 bytes (1 switches on core 0)
May 06 11:50:32.760852 n-d-840843-1 devstack@n-api.service[102927]: DEBUG nova.api.openstack.wsgi [None req-88f33150-8042-42fe-a65f-dbc7f727ec9f tempest-AggregatesAdminTestV241-1863082731 tempest-AggregatesAdminTestV241-1863082731-project-admin] Action: 'action', calling method: >, body: {"add_host": {"host": "n-h1-840843-1"}} {{(pid=102927) _process_stack /opt/stack/nova/nova/api/openstack/wsgi.py:511}}
May 06 11:50:32.762381 n-d-840843-1 devstack@n-api.service[102928]: [pid: 102928|app: 0|req: 9/17] 10.222.0.42 () {60 vars in 1189 bytes} [Fri May 6 11:50:32 2022] GET /compute/v2.1/os-aggregates/1 => generated 299 bytes in 56 msecs (HTTP/1.1 200) 9 headers in 359 bytes (1 switches on core 0)
May 06 11:50:32.768980 n-d-840843-1 devstack@n-api.service[102927]: /usr/local/lib/python3.8/dist-packages/oslo_policy/policy.py:1065: UserWarning: Policy os_compute_api:os-aggregates:add_host failed scope check. The token used to make the request was project scoped but the policy requires ['system'] scope. This behavior may change in the future where using the intended scope is required
May 06 11:50:32.768980 n-d-840843-1 devstack@n-api.service[102927]: warnings.warn(msg)
May 06 11:50:32.781177 n-d-840843-1 devstack@n-api.service[102927]: DEBUG oslo_concurrency.lockutils [None req-88f33150-8042-42fe-a65f-dbc7f727ec9f tempest-AggregatesAdminTestV241-1863082731 tempest-AggregatesAdminTestV241-1863082731-project-admin] Lock "4e634588-ba35-4cc2-900c-666947d803f5" acquired by "nova.context.set_target_cell..get_or_set_cached_cell_and_set_connections" :: waited 0.000s {{(pid=102927) inner /usr/local/lib/python3.8/dist-packages/oslo_concurrency/lockutils.py:355}}
May 06 11:50:32.787322 n-d-840843-1 devstack@n-api.service[102927]: DEBUG oslo_concurrency.lockutils [None req-88f33150-8042-42fe-a65f-dbc7f727ec9f tempest-AggregatesAdminTestV241-1863082731 tempest-AggregatesAdminTestV241-1863082731-project-admin] Lock "4e634588-ba35-4cc2-900c-666947d803f5" released by "nova.context.set_target_cell..get_or_set_cached_cell_and_set_connections" :: held 0.001s {{(pid=102927) inner /usr/local/lib/python3.8/dist-packages/oslo_concurrency/lockutils.py:367}}
May 06 11:50:33.581309 n-d-840843-1 devstack@n-api.service[102928]: DEBUG nova.api.openstack.wsgi [None req-a38d5762-f9d2-4ca6-b135-c20ea82eb5b5 tempest-FlavorsExtraSpecsNegativeTestJSON-1917202910 tempest-FlavorsExtraSpecsNegativeTestJSON-1917202910-project-admin] Action: 'create', calling method: >, body: {"flavor": {"name": "tempest-test_flavor-1755176580", "ram": 512, "vcpus": 1, "disk": 10, "id": 378992191, "swap": 1024, "rxtx_factor": 1, "OS-FLV-EXT-DATA:ephemeral": 10}} {{(pid=102928) _process_stack /opt/stack/nova/nova/api/openstack/wsgi.py:511}}
May 06 11:50:33.584301 n-d-840843-1 devstack@n-api.service[102928]: /usr/local/lib/python3.8/dist-packages/oslo_policy/policy.py:1065: UserWarning: Policy os_compute_api:os-flavor-manage:create failed scope check. The token used to make the request was project scoped but the policy requires ['system'] scope. This behavior may change in the future where using the intended scope is required
May 06 11:50:33.584301 n-d-840843-1 devstack@n-api.service[102928]: warnings.warn(msg)
May 06 11:50:33.642460 n-d-840843-1 devstack@n-api.service[102928]: INFO nova.api.openstack.requestlog [None req-a38d5762-f9d2-4ca6-b135-c20ea82eb5b5 tempest-FlavorsExtraSpecsNegativeTestJSON-1917202910 tempest-FlavorsExtraSpecsNegativeTestJSON-1917202910-project-admin] 10.222.0.42 "POST /compute/v2.1/flavors" status: 200 len: 413 microversion: 2.1 time: 0.611382
May 06 11:50:33.650266 n-d-840843-1 devstack@n-api.service[102928]: [pid: 102928|app: 0|req: 10/18] 10.222.0.42 () {60 vars in 1146 bytes} [Fri May 6 11:50:33 2022] POST /compute/v2.1/flavors => generated 413 bytes in 614 msecs (HTTP/1.1 200) 9 headers in 357 bytes (1 switches on core 0)
May 06 11:50:33.656558 n-d-840843-1 devstack@n-api.service[102928]: DEBUG nova.api.openstack.wsgi [None req-b940b4d6-8835-4a32-bf43-e828c8faa3a7 tempest-DeleteServersAdminTestJSON-471978420 tempest-DeleteServersAdminTestJSON-471978420-project] Calling method '>' {{(pid=102928) _process_stack /opt/stack/nova/nova/api/openstack/wsgi.py:513}}
May 06 11:50:33.657624 n-d-840843-1 devstack@n-api.service[102928]: DEBUG nova.compute.api [None req-b940b4d6-8835-4a32-bf43-e828c8faa3a7 tempest-DeleteServersAdminTestJSON-471978420 tempest-DeleteServersAdminTestJSON-471978420-project] [instance: b66bc354-05f0-4571-81d8-946d7594a895] Fetching instance by UUID {{(pid=102928) get /opt/stack/nova/nova/compute/api.py:2813}}
May 06 11:50:33.756047 n-d-840843-1 devstack@n-api.service[102928]: DEBUG nova.policy [None req-b940b4d6-8835-4a32-bf43-e828c8faa3a7 tempest-DeleteServersAdminTestJSON-471978420 tempest-DeleteServersAdminTestJSON-471978420-project] Policy check for os_compute_api:os-extended-server-attributes failed with credentials {'is_admin': False, 'user_id': '61dc124714e748edaf5b167608a62bac', 'user_domain_id': 'default', 'system_scope': None, 'domain_id': None, 'project_id': '6d1c3f09cf9448c4a391cbd6140006b8', 'project_domain_id': 'default', 'roles': ['member', 'reader'], 'is_admin_project': True, 'service_user_id': None, 'service_user_domain_id': None, 'service_project_id': None, 'service_project_domain_id': None, 'service_roles': []} {{(pid=102928) authorize /opt/stack/nova/nova/policy.py:199}}
May 06 11:50:33.776137 n-d-840843-1 devstack@n-api.service[102928]: INFO nova.api.openstack.requestlog [None req-b940b4d6-8835-4a32-bf43-e828c8faa3a7 tempest-DeleteServersAdminTestJSON-471978420 tempest-DeleteServersAdminTestJSON-471978420-project] 10.222.0.42 "GET /compute/v2.1/servers/b66bc354-05f0-4571-81d8-946d7594a895" status: 200 len: 1219 microversion: 2.1 time: 0.129856
May 06 11:50:33.788848 n-d-840843-1 devstack@n-api.service[102928]: [pid: 102928|app: 0|req: 11/19] 10.222.0.42 () {58 vars in 1235 bytes} [Fri May 6 11:50:33 2022] GET /compute/v2.1/servers/b66bc354-05f0-4571-81d8-946d7594a895 => generated 1219 bytes in 136 msecs (HTTP/1.1 200) 9 headers in 358 bytes (1 switches on core 0)
May 06 11:50:33.851245 n-d-840843-1 devstack@n-api.service[102927]: INFO nova.api.openstack.requestlog [None req-88f33150-8042-42fe-a65f-dbc7f727ec9f tempest-AggregatesAdminTestV241-1863082731 tempest-AggregatesAdminTestV241-1863082731-project-admin] 10.222.0.42 "POST /compute/v2.1/os-aggregates/1/action" status: 200 len: 314 microversion: 2.41 time: 1.096048
May 06 11:50:33.860982 n-d-840843-1 devstack@n-api.service[102927]: [pid: 102927|app: 0|req: 9/20] 10.222.0.42 () {62 vars in 1231 bytes} [Fri May 6 11:50:32 2022] POST /compute/v2.1/os-aggregates/1/action => generated 314 bytes in 1107 msecs (HTTP/1.1 200) 9 headers in 359 bytes (2 switches on core 0)
May 06 11:50:33.867879 n-d-840843-1 devstack@n-api.service[102927]: DEBUG nova.api.openstack.wsgi [None req-e7c6f8c0-796c-435e-aa6a-96d528bf2d7c tempest-AggregatesAdminTestV241-1863082731 tempest-AggregatesAdminTestV241-1863082731-project-admin] Action: 'action', calling method: >, body: {"remove_host": {"host": "n-h1-840843-1"}} {{(pid=102927) _process_stack /opt/stack/nova/nova/api/openstack/wsgi.py:511}}
May 06 11:50:33.869520 n-d-840843-1 devstack@n-api.service[102927]: /usr/local/lib/python3.8/dist-packages/oslo_policy/policy.py:1065: UserWarning: Policy os_compute_api:os-aggregates:remove_host failed scope check. The token used to make the request was project scoped but the policy requires ['system'] scope. This behavior may change in the future where using the intended scope is required
May 06 11:50:33.869520 n-d-840843-1 devstack@n-api.service[102927]: warnings.warn(msg)
May 06 11:50:33.891600 n-d-840843-1 devstack@n-api.service[102927]: DEBUG oslo_concurrency.lockutils [None req-e7c6f8c0-796c-435e-aa6a-96d528bf2d7c tempest-AggregatesAdminTestV241-1863082731 tempest-AggregatesAdminTestV241-1863082731-project-admin] Lock "4e634588-ba35-4cc2-900c-666947d803f5" acquired by "nova.context.set_target_cell..get_or_set_cached_cell_and_set_connections" :: waited 0.000s {{(pid=102927) inner /usr/local/lib/python3.8/dist-packages/oslo_concurrency/lockutils.py:355}}
May 06 11:50:33.893002 n-d-840843-1 devstack@n-api.service[102927]: DEBUG oslo_concurrency.lockutils [None req-e7c6f8c0-796c-435e-aa6a-96d528bf2d7c tempest-AggregatesAdminTestV241-1863082731 tempest-AggregatesAdminTestV241-1863082731-project-admin] Lock "4e634588-ba35-4cc2-900c-666947d803f5" released by "nova.context.set_target_cell..get_or_set_cached_cell_and_set_connections" :: held 0.002s {{(pid=102927) inner /usr/local/lib/python3.8/dist-packages/oslo_concurrency/lockutils.py:367}}
May 06 11:50:34.057342 n-d-840843-1 devstack@n-api.service[102928]: DEBUG nova.api.openstack.wsgi [None req-f2e645be-b045-4bbd-b7be-9b5c5cfdb852 tempest-FlavorsExtraSpecsNegativeTestJSON-1452081790 tempest-FlavorsExtraSpecsNegativeTestJSON-1452081790-project] Calling method '>' {{(pid=102928) _process_stack /opt/stack/nova/nova/api/openstack/wsgi.py:513}}
May 06 11:50:34.104945 n-d-840843-1 devstack@n-api.service[102928]: INFO nova.api.openstack.wsgi [None req-f2e645be-b045-4bbd-b7be-9b5c5cfdb852 tempest-FlavorsExtraSpecsNegativeTestJSON-1452081790 tempest-FlavorsExtraSpecsNegativeTestJSON-1452081790-project] HTTP exception thrown: Flavor 378992191 has no extra specs with key hw:cpu_thread_policy.
May 06 11:50:34.110456 n-d-840843-1 devstack@n-api.service[102928]: DEBUG nova.api.openstack.wsgi [None req-f2e645be-b045-4bbd-b7be-9b5c5cfdb852 tempest-FlavorsExtraSpecsNegativeTestJSON-1452081790 tempest-FlavorsExtraSpecsNegativeTestJSON-1452081790-project] Returning 404 to user: Flavor 378992191 has no extra specs with key hw:cpu_thread_policy. {{(pid=102928) __call__ /opt/stack/nova/nova/api/openstack/wsgi.py:927}}
May 06 11:50:34.118611 n-d-840843-1 devstack@n-api.service[102928]: INFO nova.api.openstack.requestlog [None req-f2e645be-b045-4bbd-b7be-9b5c5cfdb852 tempest-FlavorsExtraSpecsNegativeTestJSON-1452081790 tempest-FlavorsExtraSpecsNegativeTestJSON-1452081790-project] 10.222.0.42 "GET /compute/v2.1/flavors/378992191/os-extra_specs/hw:cpu_thread_policy" status: 404 len: 112 microversion: 2.1 time: 0.332520
May 06 11:50:34.122810 n-d-840843-1 devstack@n-api.service[102928]: [pid: 102928|app: 0|req: 12/21] 10.222.0.42 () {58 vars in 1262 bytes} [Fri May 6 11:50:33 2022] GET /compute/v2.1/flavors/378992191/os-extra_specs/hw:cpu_thread_policy => generated 112 bytes in 341 msecs (HTTP/1.1 404) 9 headers in 379 bytes (1 switches on core 0)
May 06 11:50:34.160429 n-d-840843-1 devstack@n-api.service[102928]: DEBUG nova.api.openstack.wsgi [None req-baa22061-1a39-4e68-9167-3476ad854e87 tempest-FlavorsExtraSpecsNegativeTestJSON-1452081790 tempest-FlavorsExtraSpecsNegativeTestJSON-1452081790-project] Action: 'create', calling method: >, body: {"extra_specs": {"hw:numa_nodes": "1", "hw:cpu_policy": "shared"}} {{(pid=102928) _process_stack /opt/stack/nova/nova/api/openstack/wsgi.py:511}}
May 06 11:50:34.173650 n-d-840843-1 devstack@n-api.service[102928]: /usr/local/lib/python3.8/dist-packages/oslo_policy/policy.py:1065: UserWarning: Policy os_compute_api:os-flavor-extra-specs:create failed scope check. The token used to make the request was project scoped but the policy requires ['system'] scope. This behavior may change in the future where using the intended scope is required
May 06 11:50:34.173650 n-d-840843-1 devstack@n-api.service[102928]: warnings.warn(msg)
May 06 11:50:34.182669 n-d-840843-1 devstack@n-api.service[102928]: DEBUG nova.policy [None req-baa22061-1a39-4e68-9167-3476ad854e87 tempest-FlavorsExtraSpecsNegativeTestJSON-1452081790 tempest-FlavorsExtraSpecsNegativeTestJSON-1452081790-project] Policy check for os_compute_api:os-flavor-extra-specs:create failed with credentials {'is_admin': False, 'user_id': '61ff633fd82b4132a5fdf174aa003427', 'user_domain_id': 'default', 'system_scope': None, 'domain_id': None, 'project_id': 'a9768aba0ff24e7a8ffc2c076e587e1d', 'project_domain_id': 'default', 'roles': ['member', 'reader'], 'is_admin_project': True, 'service_user_id': None, 'service_user_domain_id': None, 'service_project_id': None, 'service_project_domain_id': None, 'service_roles': []} {{(pid=102928) authorize /opt/stack/nova/nova/policy.py:199}}
May 06 11:50:34.184280 n-d-840843-1 devstack@n-api.service[102928]: DEBUG nova.api.openstack.wsgi [None req-baa22061-1a39-4e68-9167-3476ad854e87 tempest-FlavorsExtraSpecsNegativeTestJSON-1452081790 tempest-FlavorsExtraSpecsNegativeTestJSON-1452081790-project] Returning 403 to user: Policy doesn't allow os_compute_api:os-flavor-extra-specs:create to be performed. {{(pid=102928) __call__ /opt/stack/nova/nova/api/openstack/wsgi.py:927}}
May 06 11:50:34.205827 n-d-840843-1 devstack@n-api.service[102928]: INFO nova.api.openstack.requestlog [None req-baa22061-1a39-4e68-9167-3476ad854e87 tempest-FlavorsExtraSpecsNegativeTestJSON-1452081790 tempest-FlavorsExtraSpecsNegativeTestJSON-1452081790-project] 10.222.0.42 "POST /compute/v2.1/flavors/378992191/os-extra_specs" status: 403 len: 124 microversion: 2.1 time: 0.052196
May 06 11:50:34.206901 n-d-840843-1 devstack@n-api.service[102928]: [pid: 102928|app: 0|req: 13/22] 10.222.0.42 () {60 vars in 1220 bytes} [Fri May 6 11:50:34 2022] POST /compute/v2.1/flavors/378992191/os-extra_specs => generated 124 bytes in 75 msecs (HTTP/1.1 403) 9 headers in 379 bytes (2 switches on core 0)
May 06 11:50:34.219809 n-d-840843-1 devstack@n-api.service[102927]: INFO nova.api.openstack.requestlog [None req-e7c6f8c0-796c-435e-aa6a-96d528bf2d7c tempest-AggregatesAdminTestV241-1863082731 tempest-AggregatesAdminTestV241-1863082731-project-admin] 10.222.0.42 "POST /compute/v2.1/os-aggregates/1/action" status: 200 len: 299 microversion: 2.41 time: 0.353043
May 06 11:50:34.224336 n-d-840843-1 devstack@n-api.service[102927]: [pid: 102927|app: 0|req: 10/23] 10.222.0.42 () {62 vars in 1231 bytes} [Fri May 6 11:50:33 2022] POST /compute/v2.1/os-aggregates/1/action => generated 299 bytes in 363 msecs (HTTP/1.1 200) 9 headers in 359 bytes (1 switches on core 0)
May 06 11:50:34.230560 n-d-840843-1 devstack@n-api.service[102928]: DEBUG nova.api.openstack.wsgi [None req-5cdc65f2-70bf-46f2-9b5b-24e3ee9329a3 tempest-FlavorsExtraSpecsNegativeTestJSON-1917202910 tempest-FlavorsExtraSpecsNegativeTestJSON-1917202910-project-admin] Action: 'create', calling method: >, body: {"extra_specs": {"hw:numa_nodes": "1", "hw:cpu_policy": "shared"}} {{(pid=102928) _process_stack /opt/stack/nova/nova/api/openstack/wsgi.py:511}}
May 06 11:50:34.247547 n-d-840843-1 devstack@n-api.service[102927]: DEBUG nova.api.openstack.wsgi [None req-f65785f6-b471-40c5-b58a-3d1f66cb1b71 tempest-AggregatesAdminTestV241-1863082731 tempest-AggregatesAdminTestV241-1863082731-project-admin] Calling method '>' {{(pid=102927) _process_stack /opt/stack/nova/nova/api/openstack/wsgi.py:513}}
May 06 11:50:34.249459 n-d-840843-1 devstack@n-api.service[102927]: /usr/local/lib/python3.8/dist-packages/oslo_policy/policy.py:1065: UserWarning: Policy os_compute_api:os-aggregates:delete failed scope check. The token used to make the request was project scoped but the policy requires ['system'] scope. This behavior may change in the future where using the intended scope is required
May 06 11:50:34.249459 n-d-840843-1 devstack@n-api.service[102927]: warnings.warn(msg)
May 06 11:50:34.346914 n-d-840843-1 devstack@n-api.service[102928]: INFO nova.api.openstack.requestlog [None req-5cdc65f2-70bf-46f2-9b5b-24e3ee9329a3 tempest-FlavorsExtraSpecsNegativeTestJSON-1917202910 tempest-FlavorsExtraSpecsNegativeTestJSON-1917202910-project-admin] 10.222.0.42 "POST /compute/v2.1/flavors/378992191/os-extra_specs" status: 200 len: 66 microversion: 2.1 time: 0.123605
May 06 11:50:34.348039 n-d-840843-1 devstack@n-api.service[102928]: [pid: 102928|app: 0|req: 14/24] 10.222.0.42 () {60 vars in 1220 bytes} [Fri May 6 11:50:34 2022] POST /compute/v2.1/flavors/378992191/os-extra_specs => generated 66 bytes in 126 msecs (HTTP/1.1 200) 9 headers in 356 bytes (2 switches on core 0)
May 06 11:50:34.371897 n-d-840843-1 devstack@n-api.service[102928]: DEBUG nova.api.openstack.wsgi [None req-2c80426e-0daf-49eb-92ec-421b4f12a330 tempest-FlavorsExtraSpecsNegativeTestJSON-1452081790 tempest-FlavorsExtraSpecsNegativeTestJSON-1452081790-project] Calling method '>' {{(pid=102928) _process_stack /opt/stack/nova/nova/api/openstack/wsgi.py:513}}
May 06 11:50:34.373924 n-d-840843-1 devstack@n-api.service[102928]: /usr/local/lib/python3.8/dist-packages/oslo_policy/policy.py:1065: UserWarning: Policy os_compute_api:os-flavor-extra-specs:delete failed scope check. The token used to make the request was project scoped but the policy requires ['system'] scope. This behavior may change in the future where using the intended scope is required
May 06 11:50:34.373924 n-d-840843-1 devstack@n-api.service[102928]: warnings.warn(msg)
May 06 11:50:34.376450 n-d-840843-1 devstack@n-api.service[102928]: DEBUG nova.policy [None req-2c80426e-0daf-49eb-92ec-421b4f12a330 tempest-FlavorsExtraSpecsNegativeTestJSON-1452081790 tempest-FlavorsExtraSpecsNegativeTestJSON-1452081790-project] Policy check for os_compute_api:os-flavor-extra-specs:delete failed with credentials {'is_admin': False, 'user_id': '61ff633fd82b4132a5fdf174aa003427', 'user_domain_id': 'default', 'system_scope': None, 'domain_id': None, 'project_id': 'a9768aba0ff24e7a8ffc2c076e587e1d', 'project_domain_id': 'default', 'roles': ['member', 'reader'], 'is_admin_project': True, 'service_user_id': None, 'service_user_domain_id': None, 'service_project_id': None, 'service_project_domain_id': None, 'service_roles': []} {{(pid=102928) authorize /opt/stack/nova/nova/policy.py:199}}
May 06 11:50:34.379191 n-d-840843-1 devstack@n-api.service[102928]: DEBUG nova.api.openstack.wsgi [None req-2c80426e-0daf-49eb-92ec-421b4f12a330 tempest-FlavorsExtraSpecsNegativeTestJSON-1452081790 tempest-FlavorsExtraSpecsNegativeTestJSON-1452081790-project] Returning 403 to user: Policy doesn't allow os_compute_api:os-flavor-extra-specs:delete to be performed. {{(pid=102928) __call__ /opt/stack/nova/nova/api/openstack/wsgi.py:927}}
May 06 11:50:34.381418 n-d-840843-1 devstack@n-api.service[102928]: INFO nova.api.openstack.requestlog [None req-2c80426e-0daf-49eb-92ec-421b4f12a330 tempest-FlavorsExtraSpecsNegativeTestJSON-1452081790 tempest-FlavorsExtraSpecsNegativeTestJSON-1452081790-project] 10.222.0.42 "DELETE /compute/v2.1/flavors/378992191/os-extra_specs/hw:numa_nodes" status: 403 len: 124 microversion: 2.1 time: 0.021153
May 06 11:50:34.393710 n-d-840843-1 devstack@n-api.service[102928]: [pid: 102928|app: 0|req: 15/25] 10.222.0.42 () {58 vars in 1244 bytes} [Fri May 6 11:50:34 2022] DELETE /compute/v2.1/flavors/378992191/os-extra_specs/hw:numa_nodes => generated 124 bytes in 35 msecs (HTTP/1.1 403) 9 headers in 379 bytes (1 switches on core 0)
May 06 11:50:34.395360 n-d-840843-1 devstack@n-api.service[102927]: INFO nova.api.openstack.requestlog [None req-f65785f6-b471-40c5-b58a-3d1f66cb1b71 tempest-AggregatesAdminTestV241-1863082731 tempest-AggregatesAdminTestV241-1863082731-project-admin] 10.222.0.42 "DELETE /compute/v2.1/os-aggregates/1" status: 200 len: 0 microversion: 2.41 time: 0.163616
May 06 11:50:34.401003 n-d-840843-1 devstack@n-api.service[102927]: [pid: 102927|app: 0|req: 11/26] 10.222.0.42 () {60 vars in 1192 bytes} [Fri May 6 11:50:34 2022] DELETE /compute/v2.1/os-aggregates/1 => generated 0 bytes in 170 msecs (HTTP/1.1 200) 9 headers in 357 bytes (1 switches on core 0)
May 06 11:50:34.406321 n-d-840843-1 devstack@n-api.service[102928]: DEBUG nova.api.openstack.wsgi [None req-7dc8f7f0-86e2-4646-a91d-adb6daf1c82a tempest-FlavorsExtraSpecsNegativeTestJSON-1917202910 tempest-FlavorsExtraSpecsNegativeTestJSON-1917202910-project-admin] Action: 'create', calling method: >, body: {"extra_specs": {"hw:numa_nodes": "1", "hw:cpu_policy": "shared"}} {{(pid=102928) _process_stack /opt/stack/nova/nova/api/openstack/wsgi.py:511}}
May 06 11:50:34.487820 n-d-840843-1 devstack@n-api.service[102927]: DEBUG nova.api.openstack.wsgi [None req-42f7fe3c-b77f-4183-bf03-fc7d1a31d5eb tempest-AggregatesAdminTestJSON-635911166 tempest-AggregatesAdminTestJSON-635911166-project-admin] Action: 'create', calling method: >, body: {"aggregate": {"availability_zone": "tempest-test_az-1463961204", "name": "tempest-test_aggregate-1077276260"}} {{(pid=102927) _process_stack /opt/stack/nova/nova/api/openstack/wsgi.py:511}}
May 06 11:50:34.547692 n-d-840843-1 devstack@n-api.service[102928]: INFO nova.api.openstack.requestlog [None req-7dc8f7f0-86e2-4646-a91d-adb6daf1c82a tempest-FlavorsExtraSpecsNegativeTestJSON-1917202910 tempest-FlavorsExtraSpecsNegativeTestJSON-1917202910-project-admin] 10.222.0.42 "POST /compute/v2.1/flavors/378992191/os-extra_specs" status: 200 len: 66 microversion: 2.1 time: 0.141769
