May 05 19:47:49.948611 n-d-840717-1 devstack@n-api.service[103053]: DEBUG nova.api.openstack.wsgi [None req-1e06f040-3edc-47f9-acb3-7aa03af452cd tempest-FlavorsExtraSpecsTestJSON-228208083 tempest-FlavorsExtraSpecsTestJSON-228208083-project-admin] Action: 'create', calling method: >, body: {"flavor": {"name": "tempest-test_flavor-18831425", "ram": 512, "vcpus": 1, "disk": 10, "id": 1410475138, "swap": 1024, "rxtx_factor": 1, "OS-FLV-EXT-DATA:ephemeral": 10}} {{(pid=103053) _process_stack /opt/stack/nova/nova/api/openstack/wsgi.py:511}}
May 05 19:47:49.950506 n-d-840717-1 devstack@n-api.service[103053]: /usr/local/lib/python3.8/dist-packages/oslo_policy/policy.py:1065: UserWarning: Policy os_compute_api:os-flavor-manage:create failed scope check. The token used to make the request was project scoped but the policy requires ['system'] scope. This behavior may change in the future where using the intended scope is required
May 05 19:47:49.950506 n-d-840717-1 devstack@n-api.service[103053]: warnings.warn(msg)
May 05 19:47:49.953158 n-d-840717-1 devstack@n-api.service[103054]: DEBUG nova.api.openstack.wsgi [None req-440e8ff6-3a4f-4c39-864e-80238a9f92d7 tempest-AggregatesAdminTestV241-1872914758 tempest-AggregatesAdminTestV241-1872914758-project-admin] Calling method '.version_select at 0x7f6eb1655a60>' {{(pid=103054) _process_stack /opt/stack/nova/nova/api/openstack/wsgi.py:513}}
May 05 19:47:49.954803 n-d-840717-1 devstack@n-api.service[103054]: /usr/local/lib/python3.8/dist-packages/oslo_policy/policy.py:1065: UserWarning: Policy os_compute_api:os-hypervisors:list-detail failed scope check. The token used to make the request was project scoped but the policy requires ['system'] scope. This behavior may change in the future where using the intended scope is required
May 05 19:47:49.954803 n-d-840717-1 devstack@n-api.service[103054]: warnings.warn(msg)
May 05 19:47:49.956354 n-d-840717-1 devstack@n-api.service[103054]: DEBUG oslo_concurrency.lockutils [None req-440e8ff6-3a4f-4c39-864e-80238a9f92d7 tempest-AggregatesAdminTestV241-1872914758 tempest-AggregatesAdminTestV241-1872914758-project-admin] Lock "c74d984c-b0f0-433d-b121-2f6f6af580b1" acquired by "nova.context.set_target_cell..get_or_set_cached_cell_and_set_connections" :: waited 0.000s {{(pid=103054) inner /usr/local/lib/python3.8/dist-packages/oslo_concurrency/lockutils.py:355}}
May 05 19:47:49.956801 n-d-840717-1 devstack@n-api.service[103054]: DEBUG oslo_concurrency.lockutils [None req-440e8ff6-3a4f-4c39-864e-80238a9f92d7 tempest-AggregatesAdminTestV241-1872914758 tempest-AggregatesAdminTestV241-1872914758-project-admin] Lock "c74d984c-b0f0-433d-b121-2f6f6af580b1" released by "nova.context.set_target_cell..get_or_set_cached_cell_and_set_connections" :: held 0.000s {{(pid=103054) inner /usr/local/lib/python3.8/dist-packages/oslo_concurrency/lockutils.py:367}}
May 05 19:47:49.996751 n-d-840717-1 devstack@n-api.service[103054]: DEBUG oslo_concurrency.lockutils [None req-440e8ff6-3a4f-4c39-864e-80238a9f92d7 tempest-AggregatesAdminTestV241-1872914758 tempest-AggregatesAdminTestV241-1872914758-project-admin] Lock "c74d984c-b0f0-433d-b121-2f6f6af580b1" acquired by "nova.context.set_target_cell..get_or_set_cached_cell_and_set_connections" :: waited 0.000s {{(pid=103054) inner /usr/local/lib/python3.8/dist-packages/oslo_concurrency/lockutils.py:355}}
May 05 19:47:49.997356 n-d-840717-1 devstack@n-api.service[103054]: DEBUG oslo_concurrency.lockutils [None req-440e8ff6-3a4f-4c39-864e-80238a9f92d7 tempest-AggregatesAdminTestV241-1872914758 tempest-AggregatesAdminTestV241-1872914758-project-admin] Lock "c74d984c-b0f0-433d-b121-2f6f6af580b1" released by "nova.context.set_target_cell..get_or_set_cached_cell_and_set_connections" :: held 0.001s {{(pid=103054) inner /usr/local/lib/python3.8/dist-packages/oslo_concurrency/lockutils.py:367}}
May 05 19:47:50.000128 n-d-840717-1 devstack@n-api.service[103053]: INFO nova.api.openstack.requestlog [None req-1e06f040-3edc-47f9-acb3-7aa03af452cd tempest-FlavorsExtraSpecsTestJSON-228208083 tempest-FlavorsExtraSpecsTestJSON-228208083-project-admin] 10.222.0.36 "POST /compute/v2.1/flavors" status: 200 len: 414 microversion: 2.1 time: 0.116022
May 05 19:47:50.001758 n-d-840717-1 devstack@n-api.service[103053]: [pid: 103053|app: 0|req: 5/7] 10.222.0.36 () {60 vars in 1146 bytes} [Thu May 5 19:47:49 2022] POST /compute/v2.1/flavors => generated 414 bytes in 118 msecs (HTTP/1.1 200) 9 headers in 357 bytes (1 switches on core 0)
May 05 19:47:50.003050 n-d-840717-1 devstack@n-api.service[103053]: DEBUG nova.api.openstack.wsgi [None req-1e06f040-3edc-47f9-acb3-7aa03af452cd tempest-FlavorsExtraSpecsTestJSON-228208083 tempest-FlavorsExtraSpecsTestJSON-228208083-project-admin] Calling method '>' {{(pid=103053) _process_stack /opt/stack/nova/nova/api/openstack/wsgi.py:513}}
May 05 19:47:50.004184 n-d-840717-1 devstack@n-api.service[103053]: INFO nova.api.openstack.requestlog [None req-1e06f040-3edc-47f9-acb3-7aa03af452cd tempest-FlavorsExtraSpecsTestJSON-228208083 tempest-FlavorsExtraSpecsTestJSON-228208083-project-admin] 10.222.0.36 "GET /compute//" status: 200 len: 377 microversion: - time: 0.001365
May 05 19:47:50.005239 n-d-840717-1 devstack@n-api.service[103053]: [pid: 103053|app: 0|req: 6/8] 10.222.0.36 () {56 vars in 885 bytes} [Thu May 5 19:47:50 2022] GET /compute/ => generated 377 bytes in 3 msecs (HTTP/1.1 200) 3 headers in 91 bytes (1 switches on core 0)
May 05 19:47:50.020639 n-d-840717-1 devstack@n-api.service[103053]: DEBUG nova.api.openstack.wsgi [None req-a9cd4eee-26ed-41b9-903d-a5d1df0f1351 tempest-AggregatesAdminNegativeTestJSON-80123040 tempest-AggregatesAdminNegativeTestJSON-80123040-project-admin] Action: 'action', calling method: >, body: {"add_host": {"host": "n-h1-840717-1"}} {{(pid=103053) _process_stack /opt/stack/nova/nova/api/openstack/wsgi.py:511}}
May 05 19:47:50.022806 n-d-840717-1 devstack@n-api.service[103054]: DEBUG oslo_concurrency.lockutils [None req-440e8ff6-3a4f-4c39-864e-80238a9f92d7 tempest-AggregatesAdminTestV241-1872914758 tempest-AggregatesAdminTestV241-1872914758-project-admin] Lock "c74d984c-b0f0-433d-b121-2f6f6af580b1" acquired by "nova.context.set_target_cell..get_or_set_cached_cell_and_set_connections" :: waited 0.000s {{(pid=103054) inner /usr/local/lib/python3.8/dist-packages/oslo_concurrency/lockutils.py:355}}
May 05 19:47:50.023379 n-d-840717-1 devstack@n-api.service[103054]: DEBUG oslo_concurrency.lockutils [None req-440e8ff6-3a4f-4c39-864e-80238a9f92d7 tempest-AggregatesAdminTestV241-1872914758 tempest-AggregatesAdminTestV241-1872914758-project-admin] Lock "c74d984c-b0f0-433d-b121-2f6f6af580b1" released by "nova.context.set_target_cell..get_or_set_cached_cell_and_set_connections" :: held 0.001s {{(pid=103054) inner /usr/local/lib/python3.8/dist-packages/oslo_concurrency/lockutils.py:367}}
May 05 19:47:50.026304 n-d-840717-1 devstack@n-api.service[103053]: /usr/local/lib/python3.8/dist-packages/oslo_policy/policy.py:1065: UserWarning: Policy os_compute_api:os-aggregates:add_host failed scope check. The token used to make the request was project scoped but the policy requires ['system'] scope. This behavior may change in the future where using the intended scope is required
May 05 19:47:50.026304 n-d-840717-1 devstack@n-api.service[103053]: warnings.warn(msg)
May 05 19:47:50.039085 n-d-840717-1 devstack@n-api.service[103053]: DEBUG oslo_concurrency.lockutils [None req-a9cd4eee-26ed-41b9-903d-a5d1df0f1351 tempest-AggregatesAdminNegativeTestJSON-80123040 tempest-AggregatesAdminNegativeTestJSON-80123040-project-admin] Lock "c74d984c-b0f0-433d-b121-2f6f6af580b1" acquired by "nova.context.set_target_cell..get_or_set_cached_cell_and_set_connections" :: waited 0.000s {{(pid=103053) inner /usr/local/lib/python3.8/dist-packages/oslo_concurrency/lockutils.py:355}}
May 05 19:47:50.040976 n-d-840717-1 devstack@n-api.service[103053]: DEBUG oslo_concurrency.lockutils [None req-a9cd4eee-26ed-41b9-903d-a5d1df0f1351 tempest-AggregatesAdminNegativeTestJSON-80123040 tempest-AggregatesAdminNegativeTestJSON-80123040-project-admin] Lock "c74d984c-b0f0-433d-b121-2f6f6af580b1" released by "nova.context.set_target_cell..get_or_set_cached_cell_and_set_connections" :: held 0.001s {{(pid=103053) inner /usr/local/lib/python3.8/dist-packages/oslo_concurrency/lockutils.py:367}}
May 05 19:47:50.049163 n-d-840717-1 devstack@n-api.service[103054]: INFO nova.api.openstack.requestlog [None req-440e8ff6-3a4f-4c39-864e-80238a9f92d7 tempest-AggregatesAdminTestV241-1872914758 tempest-AggregatesAdminTestV241-1872914758-project-admin] 10.222.0.36 "GET /compute/v2.1/os-hypervisors/detail" status: 200 len: 1423 microversion: 2.41 time: 0.159463
May 05 19:47:50.049999 n-d-840717-1 devstack@n-api.service[103054]: [pid: 103054|app: 0|req: 3/9] 10.222.0.36 () {60 vars in 1207 bytes} [Thu May 5 19:47:49 2022] GET /compute/v2.1/os-hypervisors/detail => generated 1423 bytes in 161 msecs (HTTP/1.1 200) 9 headers in 360 bytes (1 switches on core 0)
May 05 19:47:50.058784 n-d-840717-1 devstack@n-api.service[103054]: DEBUG nova.api.openstack.wsgi [None req-3802501f-f43e-4531-b781-6609a2209313 tempest-AZAdminV2TestJSON-927909185 tempest-AZAdminV2TestJSON-927909185-project-admin] Calling method '>' {{(pid=103054) _process_stack /opt/stack/nova/nova/api/openstack/wsgi.py:513}}
May 05 19:47:50.063112 n-d-840717-1 devstack@n-api.service[103054]: /usr/local/lib/python3.8/dist-packages/oslo_policy/policy.py:1065: UserWarning: Policy os_compute_api:os-availability-zone:detail failed scope check. The token used to make the request was project scoped but the policy requires ['system'] scope. This behavior may change in the future where using the intended scope is required
May 05 19:47:50.063112 n-d-840717-1 devstack@n-api.service[103054]: warnings.warn(msg)
May 05 19:47:50.065840 n-d-840717-1 devstack@n-api.service[103054]: DEBUG oslo_concurrency.lockutils [None req-3802501f-f43e-4531-b781-6609a2209313 tempest-AZAdminV2TestJSON-927909185 tempest-AZAdminV2TestJSON-927909185-project-admin] Lock "00000000-0000-0000-0000-000000000000" acquired by "nova.context.set_target_cell..get_or_set_cached_cell_and_set_connections" :: waited 0.000s {{(pid=103054) inner /usr/local/lib/python3.8/dist-packages/oslo_concurrency/lockutils.py:355}}
May 05 19:47:50.067610 n-d-840717-1 devstack@n-api.service[103054]: DEBUG oslo_concurrency.lockutils [None req-3802501f-f43e-4531-b781-6609a2209313 tempest-AZAdminV2TestJSON-927909185 tempest-AZAdminV2TestJSON-927909185-project-admin] Lock "00000000-0000-0000-0000-000000000000" released by "nova.context.set_target_cell..get_or_set_cached_cell_and_set_connections" :: held 0.001s {{(pid=103054) inner /usr/local/lib/python3.8/dist-packages/oslo_concurrency/lockutils.py:367}}
May 05 19:47:50.069128 n-d-840717-1 devstack@n-api.service[103054]: DEBUG oslo_concurrency.lockutils [None req-3802501f-f43e-4531-b781-6609a2209313 tempest-AZAdminV2TestJSON-927909185 tempest-AZAdminV2TestJSON-927909185-project-admin] Lock "c74d984c-b0f0-433d-b121-2f6f6af580b1" acquired by "nova.context.set_target_cell..get_or_set_cached_cell_and_set_connections" :: waited 0.000s {{(pid=103054) inner /usr/local/lib/python3.8/dist-packages/oslo_concurrency/lockutils.py:355}}
May 05 19:47:50.070402 n-d-840717-1 devstack@n-api.service[103054]: DEBUG oslo_concurrency.lockutils [None req-3802501f-f43e-4531-b781-6609a2209313 tempest-AZAdminV2TestJSON-927909185 tempest-AZAdminV2TestJSON-927909185-project-admin] Lock "c74d984c-b0f0-433d-b121-2f6f6af580b1" released by "nova.context.set_target_cell..get_or_set_cached_cell_and_set_connections" :: held 0.001s {{(pid=103054) inner /usr/local/lib/python3.8/dist-packages/oslo_concurrency/lockutils.py:367}}
May 05 19:47:50.104622 n-d-840717-1 devstack@n-api.service[103053]: INFO nova.api.openstack.wsgi [None req-a9cd4eee-26ed-41b9-903d-a5d1df0f1351 tempest-AggregatesAdminNegativeTestJSON-80123040 tempest-AggregatesAdminNegativeTestJSON-80123040-project-admin] HTTP exception thrown: Aggregate 1 already has host n-h1-840717-1.
May 05 19:47:50.105606 n-d-840717-1 devstack@n-api.service[103053]: DEBUG nova.api.openstack.wsgi [None req-a9cd4eee-26ed-41b9-903d-a5d1df0f1351 tempest-AggregatesAdminNegativeTestJSON-80123040 tempest-AggregatesAdminNegativeTestJSON-80123040-project-admin] Returning 409 to user: Aggregate 1 already has host n-h1-840717-1. {{(pid=103053) __call__ /opt/stack/nova/nova/api/openstack/wsgi.py:927}}
May 05 19:47:50.107076 n-d-840717-1 devstack@n-api.service[103053]: INFO nova.api.openstack.requestlog [None req-a9cd4eee-26ed-41b9-903d-a5d1df0f1351 tempest-AggregatesAdminNegativeTestJSON-80123040 tempest-AggregatesAdminNegativeTestJSON-80123040-project-admin] 10.222.0.36 "POST /compute/v2.1/os-aggregates/1/action" status: 409 len: 95 microversion: 2.1 time: 0.100752
May 05 19:47:50.107867 n-d-840717-1 devstack@n-api.service[103053]: [pid: 103053|app: 0|req: 7/10] 10.222.0.36 () {60 vars in 1190 bytes} [Thu May 5 19:47:50 2022] POST /compute/v2.1/os-aggregates/1/action => generated 95 bytes in 102 msecs (HTTP/1.1 409) 9 headers in 377 bytes (1 switches on core 0)
May 05 19:47:50.114694 n-d-840717-1 devstack@n-api.service[103054]: INFO nova.api.openstack.requestlog [None req-3802501f-f43e-4531-b781-6609a2209313 tempest-AZAdminV2TestJSON-927909185 tempest-AZAdminV2TestJSON-927909185-project-admin] 10.222.0.36 "GET /compute/v2.1/os-availability-zone/detail" status: 200 len: 612 microversion: 2.1 time: 0.062467
May 05 19:47:50.115920 n-d-840717-1 devstack@n-api.service[103053]: DEBUG nova.api.openstack.wsgi [None req-00c94ef5-b33a-4286-91be-d9482e64cfd6 tempest-HostsAdminTestJSON-124429028 tempest-HostsAdminTestJSON-124429028-project-admin] Calling method '.version_select at 0x7f6eb05a31f0>' {{(pid=103053) _process_stack /opt/stack/nova/nova/api/openstack/wsgi.py:513}}
May 05 19:47:50.123393 n-d-840717-1 devstack@n-api.service[103054]: [pid: 103054|app: 0|req: 4/11] 10.222.0.36 () {58 vars in 1184 bytes} [Thu May 5 19:47:50 2022] GET /compute/v2.1/os-availability-zone/detail => generated 612 bytes in 66 msecs (HTTP/1.1 200) 9 headers in 357 bytes (1 switches on core 0)
May 05 19:47:50.126523 n-d-840717-1 devstack@n-api.service[103053]: /usr/local/lib/python3.8/dist-packages/oslo_policy/policy.py:1065: UserWarning: Policy os_compute_api:os-hosts:list failed scope check. The token used to make the request was project scoped but the policy requires ['system'] scope. This behavior may change in the future where using the intended scope is required
May 05 19:47:50.126523 n-d-840717-1 devstack@n-api.service[103053]: warnings.warn(msg)
May 05 19:47:50.128632 n-d-840717-1 devstack@n-api.service[103053]: DEBUG oslo_concurrency.lockutils [None req-00c94ef5-b33a-4286-91be-d9482e64cfd6 tempest-HostsAdminTestJSON-124429028 tempest-HostsAdminTestJSON-124429028-project-admin] Lock "00000000-0000-0000-0000-000000000000" acquired by "nova.context.set_target_cell..get_or_set_cached_cell_and_set_connections" :: waited 0.000s {{(pid=103053) inner /usr/local/lib/python3.8/dist-packages/oslo_concurrency/lockutils.py:355}}
May 05 19:47:50.128802 n-d-840717-1 devstack@n-api.service[103054]: DEBUG nova.api.openstack.wsgi [None req-7554ad2d-bfaa-4090-8844-16d753763343 tempest-FlavorsExtraSpecsTestJSON-228208083 tempest-FlavorsExtraSpecsTestJSON-228208083-project-admin] Action: 'create', calling method: >, body: {"extra_specs": {"hw:numa_nodes": "1", "hw:cpu_policy": "shared"}} {{(pid=103054) _process_stack /opt/stack/nova/nova/api/openstack/wsgi.py:511}}
May 05 19:47:50.129368 n-d-840717-1 devstack@n-api.service[103053]: DEBUG oslo_concurrency.lockutils [None req-00c94ef5-b33a-4286-91be-d9482e64cfd6 tempest-HostsAdminTestJSON-124429028 tempest-HostsAdminTestJSON-124429028-project-admin] Lock "00000000-0000-0000-0000-000000000000" released by "nova.context.set_target_cell..get_or_set_cached_cell_and_set_connections" :: held 0.001s {{(pid=103053) inner /usr/local/lib/python3.8/dist-packages/oslo_concurrency/lockutils.py:367}}
May 05 19:47:50.130381 n-d-840717-1 devstack@n-api.service[103053]: DEBUG oslo_concurrency.lockutils [None req-00c94ef5-b33a-4286-91be-d9482e64cfd6 tempest-HostsAdminTestJSON-124429028 tempest-HostsAdminTestJSON-124429028-project-admin] Lock "c74d984c-b0f0-433d-b121-2f6f6af580b1" acquired by "nova.context.set_target_cell..get_or_set_cached_cell_and_set_connections" :: waited 0.000s {{(pid=103053) inner /usr/local/lib/python3.8/dist-packages/oslo_concurrency/lockutils.py:355}}
May 05 19:47:50.130510 n-d-840717-1 devstack@n-api.service[103054]: /usr/local/lib/python3.8/dist-packages/oslo_policy/policy.py:1065: UserWarning: Policy os_compute_api:os-flavor-extra-specs:create failed scope check. The token used to make the request was project scoped but the policy requires ['system'] scope. This behavior may change in the future where using the intended scope is required
May 05 19:47:50.130510 n-d-840717-1 devstack@n-api.service[103054]: warnings.warn(msg)
May 05 19:47:50.131251 n-d-840717-1 devstack@n-api.service[103053]: DEBUG oslo_concurrency.lockutils [None req-00c94ef5-b33a-4286-91be-d9482e64cfd6 tempest-HostsAdminTestJSON-124429028 tempest-HostsAdminTestJSON-124429028-project-admin] Lock "c74d984c-b0f0-433d-b121-2f6f6af580b1" released by "nova.context.set_target_cell..get_or_set_cached_cell_and_set_connections" :: held 0.001s {{(pid=103053) inner /usr/local/lib/python3.8/dist-packages/oslo_concurrency/lockutils.py:367}}
May 05 19:47:50.163630 n-d-840717-1 devstack@n-api.service[103053]: INFO nova.api.openstack.requestlog [None req-00c94ef5-b33a-4286-91be-d9482e64cfd6 tempest-HostsAdminTestJSON-124429028 tempest-HostsAdminTestJSON-124429028-project-admin] 10.222.0.36 "GET /compute/v2.1/os-hosts?zone=" status: 200 len: 376 microversion: 2.1 time: 0.054154
May 05 19:47:50.172479 n-d-840717-1 devstack@n-api.service[103053]: [pid: 103053|app: 0|req: 8/12] 10.222.0.36 () {58 vars in 1138 bytes} [Thu May 5 19:47:50 2022] GET /compute/v2.1/os-hosts?zone= => generated 376 bytes in 64 msecs (HTTP/1.1 200) 9 headers in 357 bytes (1 switches on core 0)
May 05 19:47:50.178643 n-d-840717-1 devstack@n-api.service[103053]: DEBUG nova.api.openstack.wsgi [None req-2d785f20-3f07-464a-b932-d821cfdb850c tempest-AggregatesAdminNegativeTestJSON-80123040 tempest-AggregatesAdminNegativeTestJSON-80123040-project-admin] Action: 'action', calling method: >, body: {"remove_host": {"host": "n-h1-840717-1"}} {{(pid=103053) _process_stack /opt/stack/nova/nova/api/openstack/wsgi.py:511}}
May 05 19:47:50.180655 n-d-840717-1 devstack@n-api.service[103053]: /usr/local/lib/python3.8/dist-packages/oslo_policy/policy.py:1065: UserWarning: Policy os_compute_api:os-aggregates:remove_host failed scope check. The token used to make the request was project scoped but the policy requires ['system'] scope. This behavior may change in the future where using the intended scope is required
May 05 19:47:50.180655 n-d-840717-1 devstack@n-api.service[103053]: warnings.warn(msg)
May 05 19:47:50.201612 n-d-840717-1 devstack@n-api.service[103053]: DEBUG oslo_concurrency.lockutils [None req-2d785f20-3f07-464a-b932-d821cfdb850c tempest-AggregatesAdminNegativeTestJSON-80123040 tempest-AggregatesAdminNegativeTestJSON-80123040-project-admin] Lock "c74d984c-b0f0-433d-b121-2f6f6af580b1" acquired by "nova.context.set_target_cell..get_or_set_cached_cell_and_set_connections" :: waited 0.000s {{(pid=103053) inner /usr/local/lib/python3.8/dist-packages/oslo_concurrency/lockutils.py:355}}
May 05 19:47:50.203637 n-d-840717-1 devstack@n-api.service[103053]: DEBUG oslo_concurrency.lockutils [None req-2d785f20-3f07-464a-b932-d821cfdb850c tempest-AggregatesAdminNegativeTestJSON-80123040 tempest-AggregatesAdminNegativeTestJSON-80123040-project-admin] Lock "c74d984c-b0f0-433d-b121-2f6f6af580b1" released by "nova.context.set_target_cell..get_or_set_cached_cell_and_set_connections" :: held 0.002s {{(pid=103053) inner /usr/local/lib/python3.8/dist-packages/oslo_concurrency/lockutils.py:367}}
May 05 19:47:50.243139 n-d-840717-1 devstack@n-api.service[103054]: INFO nova.api.openstack.requestlog [None req-7554ad2d-bfaa-4090-8844-16d753763343 tempest-FlavorsExtraSpecsTestJSON-228208083 tempest-FlavorsExtraSpecsTestJSON-228208083-project-admin] 10.222.0.36 "POST /compute/v2.1/flavors/1410475138/os-extra_specs" status: 200 len: 66 microversion: 2.1 time: 0.124012
May 05 19:47:50.253124 n-d-840717-1 devstack@n-api.service[103054]: [pid: 103054|app: 0|req: 5/13] 10.222.0.36 () {60 vars in 1223 bytes} [Thu May 5 19:47:50 2022] POST /compute/v2.1/flavors/1410475138/os-extra_specs => generated 66 bytes in 136 msecs (HTTP/1.1 200) 9 headers in 356 bytes (1 switches on core 0)
May 05 19:47:50.261709 n-d-840717-1 devstack@n-api.service[103054]: DEBUG nova.api.openstack.wsgi [None req-086024f7-46e8-4f9c-9fca-ada623fd17d4 tempest-HostsAdminTestJSON-124429028 tempest-HostsAdminTestJSON-124429028-project-admin] Calling method '.version_select at 0x7f6eb174b940>' {{(pid=103054) _process_stack /opt/stack/nova/nova/api/openstack/wsgi.py:513}}
May 05 19:47:50.268132 n-d-840717-1 devstack@n-api.service[103054]: /usr/local/lib/python3.8/dist-packages/oslo_policy/policy.py:1065: UserWarning: Policy os_compute_api:os-hosts:list failed scope check. The token used to make the request was project scoped but the policy requires ['system'] scope. This behavior may change in the future where using the intended scope is required
May 05 19:47:50.268132 n-d-840717-1 devstack@n-api.service[103054]: warnings.warn(msg)
May 05 19:47:50.273014 n-d-840717-1 devstack@n-api.service[103054]: DEBUG oslo_concurrency.lockutils [None req-086024f7-46e8-4f9c-9fca-ada623fd17d4 tempest-HostsAdminTestJSON-124429028 tempest-HostsAdminTestJSON-124429028-project-admin] Lock "00000000-0000-0000-0000-000000000000" acquired by "nova.context.set_target_cell..get_or_set_cached_cell_and_set_connections" :: waited 0.000s {{(pid=103054) inner /usr/local/lib/python3.8/dist-packages/oslo_concurrency/lockutils.py:355}}
May 05 19:47:50.274859 n-d-840717-1 devstack@n-api.service[103054]: DEBUG oslo_concurrency.lockutils [None req-086024f7-46e8-4f9c-9fca-ada623fd17d4 tempest-HostsAdminTestJSON-124429028 tempest-HostsAdminTestJSON-124429028-project-admin] Lock "00000000-0000-0000-0000-000000000000" released by "nova.context.set_target_cell..get_or_set_cached_cell_and_set_connections" :: held 0.002s {{(pid=103054) inner /usr/local/lib/python3.8/dist-packages/oslo_concurrency/lockutils.py:367}}
May 05 19:47:50.277155 n-d-840717-1 devstack@n-api.service[103054]: DEBUG oslo_concurrency.lockutils [None req-086024f7-46e8-4f9c-9fca-ada623fd17d4 tempest-HostsAdminTestJSON-124429028 tempest-HostsAdminTestJSON-124429028-project-admin] Lock "c74d984c-b0f0-433d-b121-2f6f6af580b1" acquired by "nova.context.set_target_cell..get_or_set_cached_cell_and_set_connections" :: waited 0.000s {{(pid=103054) inner /usr/local/lib/python3.8/dist-packages/oslo_concurrency/lockutils.py:355}}
May 05 19:47:50.279546 n-d-840717-1 devstack@n-api.service[103054]: DEBUG oslo_concurrency.lockutils [None req-086024f7-46e8-4f9c-9fca-ada623fd17d4 tempest-HostsAdminTestJSON-124429028 tempest-HostsAdminTestJSON-124429028-project-admin] Lock "c74d984c-b0f0-433d-b121-2f6f6af580b1" released by "nova.context.set_target_cell..get_or_set_cached_cell_and_set_connections" :: held 0.002s {{(pid=103054) inner /usr/local/lib/python3.8/dist-packages/oslo_concurrency/lockutils.py:367}}
May 05 19:47:50.347262 n-d-840717-1 devstack@n-api.service[103054]: INFO nova.api.openstack.requestlog [None req-086024f7-46e8-4f9c-9fca-ada623fd17d4 tempest-HostsAdminTestJSON-124429028 tempest-HostsAdminTestJSON-124429028-project-admin] 10.222.0.36 "GET /compute/v2.1/os-hosts?zone=xxx" status: 200 len: 13 microversion: 2.1 time: 0.092551
May 05 19:47:50.348000 n-d-840717-1 devstack@n-api.service[103054]: [pid: 103054|app: 0|req: 6/14] 10.222.0.36 () {58 vars in 1144 bytes} [Thu May 5 19:47:50 2022] GET /compute/v2.1/os-hosts?zone=xxx => generated 13 bytes in 94 msecs (HTTP/1.1 200) 9 headers in 356 bytes (1 switches on core 0)
May 05 19:47:50.432114 n-d-840717-1 devstack@n-api.service[103053]: INFO nova.api.openstack.requestlog [None req-2d785f20-3f07-464a-b932-d821cfdb850c tempest-AggregatesAdminNegativeTestJSON-80123040 tempest-AggregatesAdminNegativeTestJSON-80123040-project-admin] 10.222.0.36 "POST /compute/v2.1/os-aggregates/1/action" status: 200 len: 227 microversion: 2.1 time: 0.258109
May 05 19:47:50.434465 n-d-840717-1 devstack@n-api.service[103053]: [pid: 103053|app: 0|req: 9/15] 10.222.0.36 () {60 vars in 1190 bytes} [Thu May 5 19:47:50 2022] POST /compute/v2.1/os-aggregates/1/action => generated 227 bytes in 261 msecs (HTTP/1.1 200) 9 headers in 357 bytes (1 switches on core 0)
May 05 19:47:50.448000 n-d-840717-1 devstack@n-api.service[103053]: DEBUG nova.api.openstack.wsgi [None req-aa23ad36-b4af-4bad-9ac6-25dbecf3b759 tempest-AggregatesAdminNegativeTestJSON-80123040 tempest-AggregatesAdminNegativeTestJSON-80123040-project-admin] Calling method '>' {{(pid=103053) _process_stack /opt/stack/nova/nova/api/openstack/wsgi.py:513}}
May 05 19:47:50.449994 n-d-840717-1 devstack@n-api.service[103053]: /usr/local/lib/python3.8/dist-packages/oslo_policy/policy.py:1065: UserWarning: Policy os_compute_api:os-aggregates:delete failed scope check. The token used to make the request was project scoped but the policy requires ['system'] scope. This behavior may change in the future where using the intended scope is required
May 05 19:47:50.449994 n-d-840717-1 devstack@n-api.service[103053]: warnings.warn(msg)
May 05 19:47:50.505097 n-d-840717-1 devstack@n-api.service[103053]: INFO nova.api.openstack.requestlog [None req-aa23ad36-b4af-4bad-9ac6-25dbecf3b759 tempest-AggregatesAdminNegativeTestJSON-80123040 tempest-AggregatesAdminNegativeTestJSON-80123040-project-admin] 10.222.0.36 "DELETE /compute/v2.1/os-aggregates/1" status: 200 len: 0 microversion: 2.1 time: 0.062993
May 05 19:47:50.506106 n-d-840717-1 devstack@n-api.service[103053]: [pid: 103053|app: 0|req: 10/16] 10.222.0.36 () {58 vars in 1151 bytes} [Thu May 5 19:47:50 2022] DELETE /compute/v2.1/os-aggregates/1 => generated 0 bytes in 65 msecs (HTTP/1.1 200) 9 headers in 355 bytes (1 switches on core 0)
May 05 19:47:50.515878 n-d-840717-1 devstack@n-api.service[103053]: DEBUG nova.api.openstack.wsgi [None req-6a7d94aa-eb23-4a2b-a459-537cef6155e2 tempest-AggregatesAdminNegativeTestJSON-80123040 tempest-AggregatesAdminNegativeTestJSON-80123040-project-admin] Action: 'create', calling method: >, body: {"aggregate": {"name": "tempest-test_aggregate-100371621"}} {{(pid=103053) _process_stack /opt/stack/nova/nova/api/openstack/wsgi.py:511}}
May 05 19:47:50.517184 n-d-840717-1 devstack@n-api.service[103053]: /usr/local/lib/python3.8/dist-packages/oslo_policy/policy.py:1065: UserWarning: Policy os_compute_api:os-aggregates:create failed scope check. The token used to make the request was project scoped but the policy requires ['system'] scope. This behavior may change in the future where using the intended scope is required
May 05 19:47:50.517184 n-d-840717-1 devstack@n-api.service[103053]: warnings.warn(msg)
May 05 19:47:50.518385 n-d-840717-1 devstack@n-api.service[103053]: DEBUG nova.objects.aggregate [None req-6a7d94aa-eb23-4a2b-a459-537cef6155e2 tempest-AggregatesAdminNegativeTestJSON-80123040 tempest-AggregatesAdminNegativeTestJSON-80123040-project-admin] Generated uuid 082a9038-b228-4bbd-8a12-d11766e526b4 for aggregate {{(pid=103053) create /opt/stack/nova/nova/objects/aggregate.py:299}}
May 05 19:47:50.569052 n-d-840717-1 devstack@n-api.service[103053]: INFO nova.api.openstack.requestlog [None req-6a7d94aa-eb23-4a2b-a459-537cef6155e2 tempest-AggregatesAdminNegativeTestJSON-80123040 tempest-AggregatesAdminNegativeTestJSON-80123040-project-admin] 10.222.0.36 "POST /compute/v2.1/os-aggregates" status: 200 len: 197 microversion: 2.1 time: 0.057489
May 05 19:47:50.574166 n-d-840717-1 devstack@n-api.service[103053]: [pid: 103053|app: 0|req: 11/17] 10.222.0.36 () {60 vars in 1163 bytes} [Thu May 5 19:47:50 2022] POST /compute/v2.1/os-aggregates => generated 197 bytes in 62 msecs (HTTP/1.1 200) 9 headers in 357 bytes (1 switches on core 0)
May 05 19:47:50.589315 n-d-840717-1 devstack@n-api.service[103053]: DEBUG nova.api.openstack.wsgi [None req-76a8a7ff-c286-4b8d-917d-13d188b07586 tempest-AggregatesAdminTestV241-1872914758 tempest-AggregatesAdminTestV241-1872914758-project-admin] Action: 'create', calling method: >, body: {"aggregate": {"name": "tempest-test_aggregate-1866105204"}} {{(pid=103053) _process_stack /opt/stack/nova/nova/api/openstack/wsgi.py:511}}
May 05 19:47:50.596776 n-d-840717-1 devstack@n-api.service[103053]: /usr/local/lib/python3.8/dist-packages/oslo_policy/policy.py:1065: UserWarning: Policy os_compute_api:os-aggregates:create failed scope check. The token used to make the request was project scoped but the policy requires ['system'] scope. This behavior may change in the future where using the intended scope is required
May 05 19:47:50.596776 n-d-840717-1 devstack@n-api.service[103053]: warnings.warn(msg)
May 05 19:47:50.598351 n-d-840717-1 devstack@n-api.service[103053]: DEBUG nova.objects.aggregate [None req-76a8a7ff-c286-4b8d-917d-13d188b07586 tempest-AggregatesAdminTestV241-1872914758 tempest-AggregatesAdminTestV241-1872914758-project-admin] Generated uuid ee52e9a8-7e4d-4777-a896-b3a92dae5e0f for aggregate {{(pid=103053) create /opt/stack/nova/nova/objects/aggregate.py:299}}
May 05 19:47:50.650870 n-d-840717-1 devstack@n-api.service[103053]: INFO nova.api.openstack.requestlog [None req-76a8a7ff-c286-4b8d-917d-13d188b07586 tempest-AggregatesAdminTestV241-1872914758 tempest-AggregatesAdminTestV241-1872914758-project-admin] 10.222.0.36 "POST /compute/v2.1/os-aggregates" status: 200 len: 246 microversion: 2.41 time: 0.076354
May 05 19:47:50.658941 n-d-840717-1 devstack@n-api.service[103053]: [pid: 103053|app: 0|req: 12/18] 10.222.0.36 () {62 vars in 1204 bytes} [Thu May 5 19:47:50 2022] POST /compute/v2.1/os-aggregates => generated 246 bytes in 85 msecs (HTTP/1.1 200) 9 headers in 359 bytes (1 switches on core 0)
May 05 19:47:50.936812 n-d-840717-1 devstack@n-api.service[103054]: DEBUG nova.api.openstack.wsgi [None req-6a07afd9-8a7a-461b-85d7-958296b8ea4f tempest-FlavorsExtraSpecsTestJSON-1401529468 tempest-FlavorsExtraSpecsTestJSON-1401529468-project] Calling method '>' {{(pid=103054) _process_stack /opt/stack/nova/nova/api/openstack/wsgi.py:513}}
May 05 19:47:50.971314 n-d-840717-1 devstack@n-api.service[103054]: INFO nova.api.openstack.requestlog [None req-6a07afd9-8a7a-461b-85d7-958296b8ea4f tempest-FlavorsExtraSpecsTestJSON-1401529468 tempest-FlavorsExtraSpecsTestJSON-1401529468-project] 10.222.0.36 "GET /compute/v2.1/flavors/1410475138/os-extra_specs" status: 200 len: 66 microversion: 2.1 time: 0.616890
May 05 19:47:50.971929 n-d-840717-1 devstack@n-api.service[103054]: [pid: 103054|app: 0|req: 7/19] 10.222.0.36 () {58 vars in 1202 bytes} [Thu May 5 19:47:50 2022] GET /compute/v2.1/flavors/1410475138/os-extra_specs => generated 66 bytes in 623 msecs (HTTP/1.1 200) 9 headers in 356 bytes (1 switches on core 0)
May 05 19:47:50.990539 n-d-840717-1 devstack@n-api.service[103054]: DEBUG nova.api.openstack.wsgi [None req-56c30efc-8969-4de8-964c-fc229a9fd6ec tempest-AggregatesAdminTestV241-1872914758 tempest-AggregatesAdminTestV241-1872914758-project-admin] Action: 'update', calling method: >, body: {"aggregate": {"name": "tempest-test_aggregate-966419623"}} {{(pid=103054) _process_stack /opt/stack/nova/nova/api/openstack/wsgi.py:511}}
May 05 19:47:51.049075 n-d-840717-1 devstack@n-api.service[103053]: DEBUG nova.api.openstack.wsgi [None req-88d5f88d-ee94-4e09-a303-4ad1ff8d6c34 tempest-AggregatesAdminNegativeTestJSON-836898089 tempest-AggregatesAdminNegativeTestJSON-836898089-project] Action: 'action', calling method: >, body: {"add_host": {"host": "n-h1-840717-1"}} {{(pid=103053) _process_stack /opt/stack/nova/nova/api/openstack/wsgi.py:511}}
May 05 19:47:51.050432 n-d-840717-1 devstack@n-api.service[103053]: /usr/local/lib/python3.8/dist-packages/oslo_policy/policy.py:1065: UserWarning: Policy os_compute_api:os-aggregates:add_host failed scope check. The token used to make the request was project scoped but the policy requires ['system'] scope. This behavior may change in the future where using the intended scope is required
May 05 19:47:51.050432 n-d-840717-1 devstack@n-api.service[103053]: warnings.warn(msg)
May 05 19:47:51.052158 n-d-840717-1 devstack@n-api.service[103053]: DEBUG nova.policy [None req-88d5f88d-ee94-4e09-a303-4ad1ff8d6c34 tempest-AggregatesAdminNegativeTestJSON-836898089 tempest-AggregatesAdminNegativeTestJSON-836898089-project] Policy check for os_compute_api:os-aggregates:add_host failed with credentials {'is_admin': False, 'user_id': 'e80e988c63ac4f64ac1a3757e06291ac', 'user_domain_id': 'default', 'system_scope': None, 'domain_id': None, 'project_id': '9fb8838667144afea576593058e0727b', 'project_domain_id': 'default', 'roles': ['reader', 'member'], 'is_admin_project': True, 'service_user_id': None, 'service_user_domain_id': None, 'service_project_id': None, 'service_project_domain_id': None, 'service_roles': []} {{(pid=103053) authorize /opt/stack/nova/nova/policy.py:199}}
May 05 19:47:51.052444 n-d-840717-1 devstack@n-api.service[103053]: DEBUG nova.api.openstack.wsgi [None req-88d5f88d-ee94-4e09-a303-4ad1ff8d6c34 tempest-AggregatesAdminNegativeTestJSON-836898089 tempest-AggregatesAdminNegativeTestJSON-836898089-project] Returning 403 to user: Policy doesn't allow os_compute_api:os-aggregates:add_host to be performed. {{(pid=103053) __call__ /opt/stack/nova/nova/api/openstack/wsgi.py:927}}
May 05 19:47:51.053423 n-d-840717-1 devstack@n-api.service[103053]: INFO nova.api.openstack.requestlog [None req-88d5f88d-ee94-4e09-a303-4ad1ff8d6c34 tempest-AggregatesAdminNegativeTestJSON-836898089 tempest-AggregatesAdminNegativeTestJSON-836898089-project] 10.222.0.36 "POST /compute/v2.1/os-aggregates/2/action" status: 403 len: 118 microversion: 2.1 time: 0.393038
May 05 19:47:51.057592 n-d-840717-1 devstack@n-api.service[103053]: [pid: 103053|app: 0|req: 13/20] 10.222.0.36 () {60 vars in 1190 bytes} [Thu May 5 19:47:50 2022] POST /compute/v2.1/os-aggregates/2/action => generated 118 bytes in 398 msecs (HTTP/1.1 403) 9 headers in 379 bytes (1 switches on core 0)
May 05 19:47:51.076851 n-d-840717-1 devstack@n-api.service[103053]: DEBUG nova.api.openstack.wsgi [None req-2c37844e-a2fd-4063-824f-53d3c2f798ac tempest-FlavorsExtraSpecsTestJSON-228208083 tempest-FlavorsExtraSpecsTestJSON-228208083-project-admin] Action: 'create', calling method: >, body: {"extra_specs": {"hw:numa_nodes": "1", "hw:cpu_policy": "shared"}} {{(pid=103053) _process_stack /opt/stack/nova/nova/api/openstack/wsgi.py:511}}
May 05 19:47:51.079295 n-d-840717-1 devstack@n-api.service[103053]: /usr/local/lib/python3.8/dist-packages/oslo_policy/policy.py:1065: UserWarning: Policy os_compute_api:os-flavor-extra-specs:create failed scope check. The token used to make the request was project scoped but the policy requires ['system'] scope. This behavior may change in the future where using the intended scope is required
May 05 19:47:51.079295 n-d-840717-1 devstack@n-api.service[103053]: warnings.warn(msg)
May 05 19:47:51.125184 n-d-840717-1 devstack@n-api.service[103054]: /usr/local/lib/python3.8/dist-packages/oslo_policy/policy.py:1065: UserWarning: Policy os_compute_api:os-aggregates:update failed scope check. The token used to make the request was project scoped but the policy requires ['system'] scope. This behavior may change in the future where using the intended scope is required
May 05 19:47:51.125184 n-d-840717-1 devstack@n-api.service[103054]: warnings.warn(msg)
May 05 19:47:51.144590 n-d-840717-1 devstack@n-api.service[103053]: INFO nova.api.openstack.requestlog [None req-2c37844e-a2fd-4063-824f-53d3c2f798ac tempest-FlavorsExtraSpecsTestJSON-228208083 tempest-FlavorsExtraSpecsTestJSON-228208083-project-admin] 10.222.0.36 "POST /compute/v2.1/flavors/1410475138/os-extra_specs" status: 200 len: 66 microversion: 2.1 time: 0.085249
May 05 19:47:51.150595 n-d-840717-1 devstack@n-api.service[103053]: [pid: 103053|app: 0|req: 14/21] 10.222.0.36 () {60 vars in 1223 bytes} [Thu May 5 19:47:51 2022] POST /compute/v2.1/flavors/1410475138/os-extra_specs => generated 66 bytes in 92 msecs (HTTP/1.1 200) 9 headers in 356 bytes (1 switches on core 0)
May 05 19:47:51.161647 n-d-840717-1 devstack@n-api.service[103053]: DEBUG nova.api.openstack.wsgi [None req-642b0c61-9d7e-46d9-beba-cdd1622aa7b7 tempest-AggregatesAdminNegativeTestJSON-80123040 tempest-AggregatesAdminNegativeTestJSON-80123040-project-admin] Calling method '>' {{(pid=103053) _process_stack /opt/stack/nova/nova/api/openstack/wsgi.py:513}}
May 05 19:47:51.162730 n-d-840717-1 devstack@n-api.service[103053]: /usr/local/lib/python3.8/dist-packages/oslo_policy/policy.py:1065: UserWarning: Policy os_compute_api:os-aggregates:delete failed scope check. The token used to make the request was project scoped but the policy requires ['system'] scope. This behavior may change in the future where using the intended scope is required
May 05 19:47:51.162730 n-d-840717-1 devstack@n-api.service[103053]: warnings.warn(msg)
May 05 19:47:51.236500 n-d-840717-1 devstack@n-api.service[103054]: INFO nova.api.openstack.requestlog [None req-56c30efc-8969-4de8-964c-fc229a9fd6ec tempest-AggregatesAdminTestV241-1872914758 tempest-AggregatesAdminTestV241-1872914758-project-admin] 10.222.0.36 "PUT /compute/v2.1/os-aggregates/3" status: 200 len: 298 microversion: 2.41 time: 0.253084
May 05 19:47:51.238364 n-d-840717-1 devstack@n-api.service[103054]: [pid: 103054|app: 0|req: 8/22] 10.222.0.36 () {62 vars in 1209 bytes} [Thu May 5 19:47:50 2022] PUT /compute/v2.1/os-aggregates/3 => generated 298 bytes in 266 msecs (HTTP/1.1 200) 9 headers in 359 bytes (1 switches on core 0)
May 05 19:47:51.241121 n-d-840717-1 devstack@n-api.service[103053]: INFO nova.api.openstack.requestlog [None req-642b0c61-9d7e-46d9-beba-cdd1622aa7b7 tempest-AggregatesAdminNegativeTestJSON-80123040 tempest-AggregatesAdminNegativeTestJSON-80123040-project-admin] 10.222.0.36 "DELETE /compute/v2.1/os-aggregates/2" status: 200 len: 0 microversion: 2.1 time: 0.088434
May 05 19:47:51.241675 n-d-840717-1 devstack@n-api.service[103053]: [pid: 103053|app: 0|req: 15/23] 10.222.0.36 () {58 vars in 1151 bytes} [Thu May 5 19:47:51 2022] DELETE /compute/v2.1/os-aggregates/2 => generated 0 bytes in 91 msecs (HTTP/1.1 200) 9 headers in 355 bytes (1 switches on core 0)
May 05 19:47:51.255260 n-d-840717-1 devstack@n-api.service[103054]: DEBUG nova.api.openstack.wsgi [None req-98175f5a-f39f-45ed-9a31-9d7ace6df3b8 tempest-FlavorsExtraSpecsTestJSON-1401529468 tempest-FlavorsExtraSpecsTestJSON-1401529468-project] Calling method '>' {{(pid=103054) _process_stack /opt/stack/nova/nova/api/openstack/wsgi.py:513}}
May 05 19:47:51.260374 n-d-840717-1 devstack@n-api.service[103053]: DEBUG nova.api.openstack.wsgi [None req-a6034fc4-8247-4a77-9248-ec25c1e7dd26 tempest-AggregatesAdminTestV241-1872914758 tempest-AggregatesAdminTestV241-1872914758-project-admin] Calling method '>' {{(pid=103053) _process_stack /opt/stack/nova/nova/api/openstack/wsgi.py:513}}
May 05 19:47:51.271407 n-d-840717-1 devstack@n-api.service[103053]: /usr/local/lib/python3.8/dist-packages/oslo_policy/policy.py:1065: UserWarning: Policy os_compute_api:os-aggregates:show failed scope check. The token used to make the request was project scoped but the policy requires ['system'] scope. This behavior may change in the future where using the intended scope is required
May 05 19:47:51.271407 n-d-840717-1 devstack@n-api.service[103053]: warnings.warn(msg)
May 05 19:47:51.291905 n-d-840717-1 devstack@n-api.service[103054]: INFO nova.api.openstack.requestlog [None req-98175f5a-f39f-45ed-9a31-9d7ace6df3b8 tempest-FlavorsExtraSpecsTestJSON-1401529468 tempest-FlavorsExtraSpecsTestJSON-1401529468-project] 10.222.0.36 "GET /compute/v2.1/flavors/1410475138/os-extra_specs/hw:numa_nodes" status: 200 len: 22 microversion: 2.1 time: 0.044099
May 05 19:47:51.294485 n-d-840717-1 devstack@n-api.service[103053]: INFO nova.api.openstack.requestlog [None req-a6034fc4-8247-4a77-9248-ec25c1e7dd26 tempest-AggregatesAdminTestV241-1872914758 tempest-AggregatesAdminTestV241-1872914758-project-admin] 10.222.0.36 "GET /compute/v2.1/os-aggregates/3" status: 200 len: 298 microversion: 2.41 time: 0.037554
May 05 19:47:51.300446 n-d-840717-1 devstack@n-api.service[103054]: [pid: 103054|app: 0|req: 9/24] 10.222.0.36 () {58 vars in 1244 bytes} [Thu May 5 19:47:51 2022] GET /compute/v2.1/flavors/1410475138/os-extra_specs/hw:numa_nodes => generated 22 bytes in 56 msecs (HTTP/1.1 200) 9 headers in 356 bytes (1 switches on core 0)
May 05 19:47:51.300618 n-d-840717-1 devstack@n-api.service[103053]: [pid: 103053|app: 0|req: 16/25] 10.222.0.36 () {60 vars in 1189 bytes} [Thu May 5 19:47:51 2022] GET /compute/v2.1/os-aggregates/3 => generated 298 bytes in 41 msecs (HTTP/1.1 200) 9 headers in 359 bytes (1 switches on core 0)
May 05 19:47:51.309968 n-d-840717-1 devstack@n-api.service[103054]: DEBUG nova.api.openstack.wsgi [None req-b8d2e9a9-d607-4255-923d-42e57e03981e tempest-AggregatesAdminNegativeTestJSON-80123040 tempest-AggregatesAdminNegativeTestJSON-80123040-project-admin] Action: 'create', calling method: >, body: {"aggregate": {"name": "tempest-test_aggregate-681579523"}} {{(pid=103054) _process_stack /opt/stack/nova/nova/api/openstack/wsgi.py:511}}
May 05 19:47:51.310420 n-d-840717-1 devstack@n-api.service[103053]: DEBUG nova.api.openstack.wsgi [None req-27722997-6106-4d81-93be-80aaf0ddd688 tempest-AggregatesAdminTestV241-1872914758 tempest-AggregatesAdminTestV241-1872914758-project-admin] Action: 'action', calling method: >, body: {"add_host": {"host": "n-h1-840717-1"}} {{(pid=103053) _process_stack /opt/stack/nova/nova/api/openstack/wsgi.py:511}}
May 05 19:47:51.314945 n-d-840717-1 devstack@n-api.service[103053]: /usr/local/lib/python3.8/dist-packages/oslo_policy/policy.py:1065: UserWarning: Policy os_compute_api:os-aggregates:add_host failed scope check. The token used to make the request was project scoped but the policy requires ['system'] scope. This behavior may change in the future where using the intended scope is required
May 05 19:47:51.314945 n-d-840717-1 devstack@n-api.service[103053]: warnings.warn(msg)
May 05 19:47:51.335976 n-d-840717-1 devstack@n-api.service[103053]: DEBUG oslo_concurrency.lockutils [None req-27722997-6106-4d81-93be-80aaf0ddd688 tempest-AggregatesAdminTestV241-1872914758 tempest-AggregatesAdminTestV241-1872914758-project-admin] Lock "c74d984c-b0f0-433d-b121-2f6f6af580b1" acquired by "nova.context.set_target_cell..get_or_set_cached_cell_and_set_connections" :: waited 0.000s {{(pid=103053) inner /usr/local/lib/python3.8/dist-packages/oslo_concurrency/lockutils.py:355}}
May 05 19:47:51.337372 n-d-840717-1 devstack@n-api.service[103053]: DEBUG oslo_concurrency.lockutils [None req-27722997-6106-4d81-93be-80aaf0ddd688 tempest-AggregatesAdminTestV241-1872914758 tempest-AggregatesAdminTestV241-1872914758-project-admin] Lock "c74d984c-b0f0-433d-b121-2f6f6af580b1" released by "nova.context.set_target_cell..get_or_set_cached_cell_and_set_connections" :: held 0.002s {{(pid=103053) inner /usr/local/lib/python3.8/dist-packages/oslo_concurrency/lockutils.py:367}}
May 05 19:47:51.340019 n-d-840717-1 devstack@n-api.service[103054]: /usr/local/lib/python3.8/dist-packages/oslo_policy/policy.py:1065: UserWarning: Policy os_compute_api:os-aggregates:create failed scope check. The token used to make the request was project scoped but the policy requires ['system'] scope. This behavior may change in the future where using the intended scope is required
May 05 19:47:51.340019 n-d-840717-1 devstack@n-api.service[103054]: warnings.warn(msg)
May 05 19:47:51.341556 n-d-840717-1 devstack@n-api.service[103054]: DEBUG nova.objects.aggregate [None req-b8d2e9a9-d607-4255-923d-42e57e03981e tempest-AggregatesAdminNegativeTestJSON-80123040 tempest-AggregatesAdminNegativeTestJSON-80123040-project-admin] Generated uuid 88d2a4e7-9a1a-470f-b48e-97675a8577ae for aggregate {{(pid=103054) create /opt/stack/nova/nova/objects/aggregate.py:299}}
May 05 19:47:51.382590 n-d-840717-1 devstack@n-api.service[103054]: INFO nova.api.openstack.requestlog [None req-b8d2e9a9-d607-4255-923d-42e57e03981e tempest-AggregatesAdminNegativeTestJSON-80123040 tempest-AggregatesAdminNegativeTestJSON-80123040-project-admin] 10.222.0.36 "POST /compute/v2.1/os-aggregates" status: 200 len: 197 microversion: 2.1 time: 0.084324
May 05 19:47:51.384564 n-d-840717-1 devstack@n-api.service[103054]: [pid: 103054|app: 0|req: 10/26] 10.222.0.36 () {60 vars in 1163 bytes} [Thu May 5 19:47:51 2022] POST /compute/v2.1/os-aggregates => generated 197 bytes in 88 msecs (HTTP/1.1 200) 9 headers in 357 bytes (1 switches on core 0)
May 05 19:47:51.390915 n-d-840717-1 devstack@n-api.service[103054]: DEBUG nova.api.openstack.wsgi [None req-1b5c7695-8206-48d8-a8a9-6a8160cc0022 tempest-FlavorsExtraSpecsTestJSON-228208083 tempest-FlavorsExtraSpecsTestJSON-228208083-project-admin] Action: 'create', calling method: >, body: {"extra_specs": {"hw:numa_nodes": "1", "hw:cpu_policy": "shared"}} {{(pid=103054) _process_stack /opt/stack/nova/nova/api/openstack/wsgi.py:511}}
May 05 19:47:51.392490 n-d-840717-1 devstack@n-api.service[103054]: /usr/local/lib/python3.8/dist-packages/oslo_policy/policy.py:1065: UserWarning: Policy os_compute_api:os-flavor-extra-specs:create failed scope check. The token used to make the request was project scoped but the policy requires ['system'] scope. This behavior may change in the future where using the intended scope is required
May 05 19:47:51.392490 n-d-840717-1 devstack@n-api.service[103054]: warnings.warn(msg)
May 05 19:47:51.440333 n-d-840717-1 devstack@n-api.service[103054]: INFO nova.api.openstack.requestlog [None req-1b5c7695-8206-48d8-a8a9-6a8160cc0022 tempest-FlavorsExtraSpecsTestJSON-228208083 tempest-FlavorsExtraSpecsTestJSON-228208083-project-admin] 10.222.0.36 "POST /compute/v2.1/flavors/1410475138/os-extra_specs" status: 200 len: 66 microversion: 2.1 time: 0.054138
May 05 19:47:51.441061 n-d-840717-1 devstack@n-api.service[103054]: [pid: 103054|app: 0|req: 11/27] 10.222.0.36 () {60 vars in 1223 bytes} [Thu May 5 19:47:51 2022] POST /compute/v2.1/flavors/1410475138/os-extra_specs => generated 66 bytes in 56 msecs (HTTP/1.1 200) 9 headers in 356 bytes (1 switches on core 0)
May 05 19:47:51.445900 n-d-840717-1 devstack@n-api.service[103054]: DEBUG nova.api.openstack.wsgi [None req-3e5344b3-5b20-4adc-9284-8792cef0b7bf tempest-AggregatesAdminNegativeTestJSON-80123040 tempest-AggregatesAdminNegativeTestJSON-80123040-project-admin] Action: 'action', calling method: >, body: {"add_host": {"host": "tempest-nonexist_host-1384612972"}} {{(pid=103054) _process_stack /opt/stack/nova/nova/api/openstack/wsgi.py:511}}
May 05 19:47:51.448537 n-d-840717-1 devstack@n-api.service[103054]: /usr/local/lib/python3.8/dist-packages/oslo_policy/policy.py:1065: UserWarning: Policy os_compute_api:os-aggregates:add_host failed scope check. The token used to make the request was project scoped but the policy requires ['system'] scope. This behavior may change in the future where using the intended scope is required
May 05 19:47:51.448537 n-d-840717-1 devstack@n-api.service[103054]: warnings.warn(msg)
May 05 19:47:51.483345 n-d-840717-1 devstack@n-api.service[103054]: DEBUG oslo_concurrency.lockutils [None req-3e5344b3-5b20-4adc-9284-8792cef0b7bf tempest-AggregatesAdminNegativeTestJSON-80123040 tempest-AggregatesAdminNegativeTestJSON-80123040-project-admin] Lock "00000000-0000-0000-0000-000000000000" acquired by "nova.context.set_target_cell..get_or_set_cached_cell_and_set_connections" :: waited 0.000s {{(pid=103054) inner /usr/local/lib/python3.8/dist-packages/oslo_concurrency/lockutils.py:355}}
May 05 19:47:51.484095 n-d-840717-1 devstack@n-api.service[103054]: DEBUG oslo_concurrency.lockutils [None req-3e5344b3-5b20-4adc-9284-8792cef0b7bf tempest-AggregatesAdminNegativeTestJSON-80123040 tempest-AggregatesAdminNegativeTestJSON-80123040-project-admin] Lock "00000000-0000-0000-0000-000000000000" released by "nova.context.set_target_cell..get_or_set_cached_cell_and_set_connections" :: held 0.001s {{(pid=103054) inner /usr/local/lib/python3.8/dist-packages/oslo_concurrency/lockutils.py:367}}
May 05 19:47:51.498555 n-d-840717-1 devstack@n-api.service[103054]: DEBUG oslo_concurrency.lockutils [None req-3e5344b3-5b20-4adc-9284-8792cef0b7bf tempest-AggregatesAdminNegativeTestJSON-80123040 tempest-AggregatesAdminNegativeTestJSON-80123040-project-admin] Lock "c74d984c-b0f0-433d-b121-2f6f6af580b1" acquired by "nova.context.set_target_cell..get_or_set_cached_cell_and_set_connections" :: waited 0.000s {{(pid=103054) inner /usr/local/lib/python3.8/dist-packages/oslo_concurrency/lockutils.py:355}}
May 05 19:47:51.500072 n-d-840717-1 devstack@n-api.service[103054]: DEBUG oslo_concurrency.lockutils [None req-3e5344b3-5b20-4adc-9284-8792cef0b7bf tempest-AggregatesAdminNegativeTestJSON-80123040 tempest-AggregatesAdminNegativeTestJSON-80123040-project-admin] Lock "c74d984c-b0f0-433d-b121-2f6f6af580b1" released by "nova.context.set_target_cell..get_or_set_cached_cell_and_set_connections" :: held 0.002s {{(pid=103054) inner /usr/local/lib/python3.8/dist-packages/oslo_concurrency/lockutils.py:367}}
May 05 19:47:51.518517 n-d-840717-1 devstack@n-api.service[103054]: INFO nova.api.openstack.wsgi [None req-3e5344b3-5b20-4adc-9284-8792cef0b7bf tempest-AggregatesAdminNegativeTestJSON-80123040 tempest-AggregatesAdminNegativeTestJSON-80123040-project-admin] HTTP exception thrown: Compute host tempest-nonexist_host-1384612972 could not be found.
