May 05 19:48:58.083662 n-d-840717-1 devstack@n-api.service[103054]: DEBUG oslo_concurrency.lockutils [None req-852e4d97-158f-4ef4-a453-43f695a2c804 tempest-ServersAdmin275Test-416698197 tempest-ServersAdmin275Test-416698197-project] Lock "c74d984c-b0f0-433d-b121-2f6f6af580b1" acquired by "nova.context.set_target_cell..get_or_set_cached_cell_and_set_connections" :: waited 0.000s {{(pid=103054) inner /usr/local/lib/python3.8/dist-packages/oslo_concurrency/lockutils.py:355}}
May 05 19:48:58.084115 n-d-840717-1 devstack@n-api.service[103054]: DEBUG oslo_concurrency.lockutils [None req-852e4d97-158f-4ef4-a453-43f695a2c804 tempest-ServersAdmin275Test-416698197 tempest-ServersAdmin275Test-416698197-project] Lock "c74d984c-b0f0-433d-b121-2f6f6af580b1" released by "nova.context.set_target_cell..get_or_set_cached_cell_and_set_connections" :: held 0.001s {{(pid=103054) inner /usr/local/lib/python3.8/dist-packages/oslo_concurrency/lockutils.py:367}}
May 05 19:48:58.085331 n-d-840717-1 devstack@n-api.service[103054]: DEBUG oslo_concurrency.lockutils [None req-852e4d97-158f-4ef4-a453-43f695a2c804 tempest-ServersAdmin275Test-416698197 tempest-ServersAdmin275Test-416698197-project] Lock "c74d984c-b0f0-433d-b121-2f6f6af580b1" acquired by "nova.context.set_target_cell..get_or_set_cached_cell_and_set_connections" :: waited 0.000s {{(pid=103054) inner /usr/local/lib/python3.8/dist-packages/oslo_concurrency/lockutils.py:355}}
May 05 19:48:58.085764 n-d-840717-1 devstack@n-api.service[103054]: DEBUG oslo_concurrency.lockutils [None req-852e4d97-158f-4ef4-a453-43f695a2c804 tempest-ServersAdmin275Test-416698197 tempest-ServersAdmin275Test-416698197-project] Lock "c74d984c-b0f0-433d-b121-2f6f6af580b1" released by "nova.context.set_target_cell..get_or_set_cached_cell_and_set_connections" :: held 0.001s {{(pid=103054) inner /usr/local/lib/python3.8/dist-packages/oslo_concurrency/lockutils.py:367}}
May 05 19:48:58.093186 n-d-840717-1 devstack@n-api.service[103053]: INFO nova.api.openstack.requestlog [None req-dbf32565-4a96-49c7-bbe6-fe68c5ad3141 tempest-DeleteServersAdminTestJSON-1694152157 tempest-DeleteServersAdminTestJSON-1694152157-project] 10.222.0.36 "GET /compute/v2.1/servers/a30afc9e-055e-4c21-a947-e4776e000fba" status: 200 len: 1319 microversion: 2.1 time: 0.429582
May 05 19:48:58.094989 n-d-840717-1 devstack@n-api.service[103053]: [pid: 103053|app: 0|req: 177/333] 10.222.0.36 () {58 vars in 1235 bytes} [Thu May 5 19:48:57 2022] GET /compute/v2.1/servers/a30afc9e-055e-4c21-a947-e4776e000fba => generated 1319 bytes in 432 msecs (HTTP/1.1 200) 9 headers in 358 bytes (1 switches on core 0)
May 05 19:48:58.212356 n-d-840717-1 devstack@n-api.service[103054]: DEBUG nova.policy [None req-852e4d97-158f-4ef4-a453-43f695a2c804 tempest-ServersAdmin275Test-416698197 tempest-ServersAdmin275Test-416698197-project] Policy check for os_compute_api:os-extended-server-attributes failed with credentials {'is_admin': False, 'user_id': 'cf3fe0f71f7c4c8cbb4076fcba586ca7', 'user_domain_id': 'default', 'system_scope': None, 'domain_id': None, 'project_id': 'c1ea6695b40d4b2097245ce2c62eb2e2', 'project_domain_id': 'default', 'roles': ['reader', 'member'], 'is_admin_project': True, 'service_user_id': None, 'service_user_domain_id': None, 'service_project_id': None, 'service_project_domain_id': None, 'service_roles': []} {{(pid=103054) authorize /opt/stack/nova/nova/policy.py:199}}
May 05 19:48:58.222586 n-d-840717-1 devstack@n-api.service[103054]: DEBUG nova.policy [None req-852e4d97-158f-4ef4-a453-43f695a2c804 tempest-ServersAdmin275Test-416698197 tempest-ServersAdmin275Test-416698197-project] Policy check for os_compute_api:servers:show:host_status failed with credentials {'is_admin': False, 'user_id': 'cf3fe0f71f7c4c8cbb4076fcba586ca7', 'user_domain_id': 'default', 'system_scope': None, 'domain_id': None, 'project_id': 'c1ea6695b40d4b2097245ce2c62eb2e2', 'project_domain_id': 'default', 'roles': ['reader', 'member'], 'is_admin_project': True, 'service_user_id': None, 'service_user_domain_id': None, 'service_project_id': None, 'service_project_domain_id': None, 'service_roles': []} {{(pid=103054) authorize /opt/stack/nova/nova/policy.py:199}}
May 05 19:48:58.224175 n-d-840717-1 devstack@n-api.service[103054]: DEBUG nova.policy [None req-852e4d97-158f-4ef4-a453-43f695a2c804 tempest-ServersAdmin275Test-416698197 tempest-ServersAdmin275Test-416698197-project] Policy check for os_compute_api:servers:show:host_status:unknown-only failed with credentials {'is_admin': False, 'user_id': 'cf3fe0f71f7c4c8cbb4076fcba586ca7', 'user_domain_id': 'default', 'system_scope': None, 'domain_id': None, 'project_id': 'c1ea6695b40d4b2097245ce2c62eb2e2', 'project_domain_id': 'default', 'roles': ['reader', 'member'], 'is_admin_project': True, 'service_user_id': None, 'service_user_domain_id': None, 'service_project_id': None, 'service_project_domain_id': None, 'service_roles': []} {{(pid=103054) authorize /opt/stack/nova/nova/policy.py:199}}
May 05 19:48:58.229364 n-d-840717-1 devstack@n-api.service[103054]: INFO nova.api.openstack.requestlog [None req-852e4d97-158f-4ef4-a453-43f695a2c804 tempest-ServersAdmin275Test-416698197 tempest-ServersAdmin275Test-416698197-project] 10.222.0.36 "GET /compute/v2.1/servers/b1344af4-ac94-4482-8c6e-08fa01e62f39" status: 200 len: 1451 microversion: 2.75 time: 0.160437
May 05 19:48:58.240598 n-d-840717-1 devstack@n-api.service[103054]: [pid: 103054|app: 0|req: 157/334] 10.222.0.36 () {60 vars in 1276 bytes} [Thu May 5 19:48:58 2022] GET /compute/v2.1/servers/b1344af4-ac94-4482-8c6e-08fa01e62f39 => generated 1451 bytes in 162 msecs (HTTP/1.1 200) 9 headers in 360 bytes (1 switches on core 0)
May 05 19:48:58.371368 n-d-840717-1 devstack@n-api.service[103053]: DEBUG nova.api.openstack.wsgi [None req-589c22b6-f9e6-42a0-8f59-3159b3081baa tempest-AZAdminNegativeTestJSON-1225556685 tempest-AZAdminNegativeTestJSON-1225556685-project] Calling method '>' {{(pid=103053) _process_stack /opt/stack/nova/nova/api/openstack/wsgi.py:513}}
May 05 19:48:58.372995 n-d-840717-1 devstack@n-api.service[103053]: /usr/local/lib/python3.8/dist-packages/oslo_policy/policy.py:1065: UserWarning: Policy os_compute_api:os-availability-zone:detail failed scope check. The token used to make the request was project scoped but the policy requires ['system'] scope. This behavior may change in the future where using the intended scope is required
May 05 19:48:58.372995 n-d-840717-1 devstack@n-api.service[103053]: warnings.warn(msg)
May 05 19:48:58.374040 n-d-840717-1 devstack@n-api.service[103053]: DEBUG nova.policy [None req-589c22b6-f9e6-42a0-8f59-3159b3081baa tempest-AZAdminNegativeTestJSON-1225556685 tempest-AZAdminNegativeTestJSON-1225556685-project] Policy check for os_compute_api:os-availability-zone:detail failed with credentials {'is_admin': False, 'user_id': '2bd3ce4c7e7a42da9bc96e6de61e3a5b', 'user_domain_id': 'default', 'system_scope': None, 'domain_id': None, 'project_id': '09bb8c1cc6a648bab72e6182ba3c47f9', 'project_domain_id': 'default', 'roles': ['reader', 'member'], 'is_admin_project': True, 'service_user_id': None, 'service_user_domain_id': None, 'service_project_id': None, 'service_project_domain_id': None, 'service_roles': []} {{(pid=103053) authorize /opt/stack/nova/nova/policy.py:199}}
May 05 19:48:58.374680 n-d-840717-1 devstack@n-api.service[103053]: DEBUG nova.api.openstack.wsgi [None req-589c22b6-f9e6-42a0-8f59-3159b3081baa tempest-AZAdminNegativeTestJSON-1225556685 tempest-AZAdminNegativeTestJSON-1225556685-project] Returning 403 to user: Policy doesn't allow os_compute_api:os-availability-zone:detail to be performed. {{(pid=103053) __call__ /opt/stack/nova/nova/api/openstack/wsgi.py:927}}
May 05 19:48:58.375509 n-d-840717-1 devstack@n-api.service[103053]: INFO nova.api.openstack.requestlog [None req-589c22b6-f9e6-42a0-8f59-3159b3081baa tempest-AZAdminNegativeTestJSON-1225556685 tempest-AZAdminNegativeTestJSON-1225556685-project] 10.222.0.36 "GET /compute/v2.1/os-availability-zone/detail" status: 403 len: 123 microversion: 2.1 time: 0.279255
May 05 19:48:58.376019 n-d-840717-1 devstack@n-api.service[103053]: [pid: 103053|app: 0|req: 178/335] 10.222.0.36 () {58 vars in 1184 bytes} [Thu May 5 19:48:58 2022] GET /compute/v2.1/os-availability-zone/detail => generated 123 bytes in 280 msecs (HTTP/1.1 403) 9 headers in 379 bytes (1 switches on core 0)
May 05 19:48:58.630593 n-d-840717-1 devstack@n-api.service[103053]: DEBUG nova.api.openstack.wsgi [None req-d5918303-637a-42e7-88d1-6538a290bb44 tempest-ServerDiagnosticsNegativeTest-986932610 tempest-ServerDiagnosticsNegativeTest-986932610-project] Calling method '>' {{(pid=103053) _process_stack /opt/stack/nova/nova/api/openstack/wsgi.py:513}}
May 05 19:48:58.631140 n-d-840717-1 devstack@n-api.service[103053]: DEBUG nova.compute.api [None req-d5918303-637a-42e7-88d1-6538a290bb44 tempest-ServerDiagnosticsNegativeTest-986932610 tempest-ServerDiagnosticsNegativeTest-986932610-project] [instance: bf40ce3b-d653-4ff9-97e0-11fdd421c41f] Fetching instance by UUID {{(pid=103053) get /opt/stack/nova/nova/compute/api.py:2813}}
May 05 19:48:58.639732 n-d-840717-1 devstack@n-api.service[103053]: DEBUG oslo_concurrency.lockutils [None req-d5918303-637a-42e7-88d1-6538a290bb44 tempest-ServerDiagnosticsNegativeTest-986932610 tempest-ServerDiagnosticsNegativeTest-986932610-project] Lock "c74d984c-b0f0-433d-b121-2f6f6af580b1" acquired by "nova.context.set_target_cell..get_or_set_cached_cell_and_set_connections" :: waited 0.000s {{(pid=103053) inner /usr/local/lib/python3.8/dist-packages/oslo_concurrency/lockutils.py:355}}
May 05 19:48:58.640585 n-d-840717-1 devstack@n-api.service[103053]: DEBUG oslo_concurrency.lockutils [None req-d5918303-637a-42e7-88d1-6538a290bb44 tempest-ServerDiagnosticsNegativeTest-986932610 tempest-ServerDiagnosticsNegativeTest-986932610-project] Lock "c74d984c-b0f0-433d-b121-2f6f6af580b1" released by "nova.context.set_target_cell..get_or_set_cached_cell_and_set_connections" :: held 0.001s {{(pid=103053) inner /usr/local/lib/python3.8/dist-packages/oslo_concurrency/lockutils.py:367}}
May 05 19:48:58.641596 n-d-840717-1 devstack@n-api.service[103053]: DEBUG oslo_concurrency.lockutils [None req-d5918303-637a-42e7-88d1-6538a290bb44 tempest-ServerDiagnosticsNegativeTest-986932610 tempest-ServerDiagnosticsNegativeTest-986932610-project] Lock "c74d984c-b0f0-433d-b121-2f6f6af580b1" acquired by "nova.context.set_target_cell..get_or_set_cached_cell_and_set_connections" :: waited 0.000s {{(pid=103053) inner /usr/local/lib/python3.8/dist-packages/oslo_concurrency/lockutils.py:355}}
May 05 19:48:58.642210 n-d-840717-1 devstack@n-api.service[103053]: DEBUG oslo_concurrency.lockutils [None req-d5918303-637a-42e7-88d1-6538a290bb44 tempest-ServerDiagnosticsNegativeTest-986932610 tempest-ServerDiagnosticsNegativeTest-986932610-project] Lock "c74d984c-b0f0-433d-b121-2f6f6af580b1" released by "nova.context.set_target_cell..get_or_set_cached_cell_and_set_connections" :: held 0.001s {{(pid=103053) inner /usr/local/lib/python3.8/dist-packages/oslo_concurrency/lockutils.py:367}}
May 05 19:48:58.833574 n-d-840717-1 devstack@n-api.service[103054]: DEBUG nova.api.openstack.wsgi [None req-1f679b1e-35b4-4420-9aea-a60db5020697 tempest-FlavorsAdminTestJSON-240242280 tempest-FlavorsAdminTestJSON-240242280-project-admin] Action: 'create', calling method: >, body: {"flavor": {"ram": "1024", "vcpus": 1, "disk": 10, "name": "tempest-FlavorsAdminTestJSON-flavor-627744344", "id": 1234351989, "os-flavor-access:is_public": "True"}} {{(pid=103054) _process_stack /opt/stack/nova/nova/api/openstack/wsgi.py:511}}
May 05 19:48:58.835844 n-d-840717-1 devstack@n-api.service[103054]: /usr/local/lib/python3.8/dist-packages/oslo_policy/policy.py:1065: UserWarning: Policy os_compute_api:os-flavor-manage:create failed scope check. The token used to make the request was project scoped but the policy requires ['system'] scope. This behavior may change in the future where using the intended scope is required
May 05 19:48:58.835844 n-d-840717-1 devstack@n-api.service[103054]: warnings.warn(msg)
May 05 19:48:58.886393 n-d-840717-1 devstack@n-api.service[103054]: INFO nova.api.openstack.requestlog [None req-1f679b1e-35b4-4420-9aea-a60db5020697 tempest-FlavorsAdminTestJSON-240242280 tempest-FlavorsAdminTestJSON-240242280-project-admin] 10.222.0.36 "POST /compute/v2.1/flavors" status: 200 len: 429 microversion: 2.1 time: 0.281660
May 05 19:48:58.893978 n-d-840717-1 devstack@n-api.service[103054]: [pid: 103054|app: 0|req: 158/336] 10.222.0.36 () {60 vars in 1146 bytes} [Thu May 5 19:48:58 2022] POST /compute/v2.1/flavors => generated 429 bytes in 284 msecs (HTTP/1.1 200) 9 headers in 357 bytes (1 switches on core 0)
May 05 19:48:58.896924 n-d-840717-1 devstack@n-api.service[103053]: DEBUG nova.policy [None req-d5918303-637a-42e7-88d1-6538a290bb44 tempest-ServerDiagnosticsNegativeTest-986932610 tempest-ServerDiagnosticsNegativeTest-986932610-project] Policy check for os_compute_api:os-extended-server-attributes failed with credentials {'is_admin': False, 'user_id': '66b0a6f4564a41d2bec928cc78f3c364', 'user_domain_id': 'default', 'system_scope': None, 'domain_id': None, 'project_id': '98520bcd3a4241bd851403bddd5b66a6', 'project_domain_id': 'default', 'roles': ['reader', 'member'], 'is_admin_project': True, 'service_user_id': None, 'service_user_domain_id': None, 'service_project_id': None, 'service_project_domain_id': None, 'service_roles': []} {{(pid=103053) authorize /opt/stack/nova/nova/policy.py:199}}
May 05 19:48:58.899729 n-d-840717-1 devstack@n-api.service[103054]: DEBUG nova.api.openstack.wsgi [None req-db4f0d7a-4a61-40d3-bfc6-616d7012929f tempest-FlavorsAdminTestJSON-240242280 tempest-FlavorsAdminTestJSON-240242280-project-admin] Calling method '>' {{(pid=103054) _process_stack /opt/stack/nova/nova/api/openstack/wsgi.py:513}}
May 05 19:48:58.900484 n-d-840717-1 devstack@n-api.service[103054]: /usr/local/lib/python3.8/dist-packages/oslo_policy/policy.py:1065: UserWarning: Policy os_compute_api:os-flavor-manage:delete failed scope check. The token used to make the request was project scoped but the policy requires ['system'] scope. This behavior may change in the future where using the intended scope is required
May 05 19:48:58.900484 n-d-840717-1 devstack@n-api.service[103054]: warnings.warn(msg)
May 05 19:48:58.913021 n-d-840717-1 devstack@n-api.service[103053]: INFO nova.api.openstack.requestlog [None req-d5918303-637a-42e7-88d1-6538a290bb44 tempest-ServerDiagnosticsNegativeTest-986932610 tempest-ServerDiagnosticsNegativeTest-986932610-project] 10.222.0.36 "GET /compute/v2.1/servers/bf40ce3b-d653-4ff9-97e0-11fdd421c41f" status: 200 len: 1322 microversion: 2.1 time: 0.285710
May 05 19:48:58.914292 n-d-840717-1 devstack@n-api.service[103053]: [pid: 103053|app: 0|req: 179/337] 10.222.0.36 () {58 vars in 1235 bytes} [Thu May 5 19:48:58 2022] GET /compute/v2.1/servers/bf40ce3b-d653-4ff9-97e0-11fdd421c41f => generated 1322 bytes in 289 msecs (HTTP/1.1 200) 9 headers in 358 bytes (1 switches on core 0)
May 05 19:48:58.929650 n-d-840717-1 devstack@n-api.service[103054]: INFO nova.api.openstack.requestlog [None req-db4f0d7a-4a61-40d3-bfc6-616d7012929f tempest-FlavorsAdminTestJSON-240242280 tempest-FlavorsAdminTestJSON-240242280-project-admin] 10.222.0.36 "DELETE /compute/v2.1/flavors/1234351989" status: 202 len: 0 microversion: 2.1 time: 0.033242
May 05 19:48:58.932200 n-d-840717-1 devstack@n-api.service[103054]: [pid: 103054|app: 0|req: 159/338] 10.222.0.36 () {58 vars in 1160 bytes} [Thu May 5 19:48:58 2022] DELETE /compute/v2.1/flavors/1234351989 => generated 0 bytes in 37 msecs (HTTP/1.1 202) 9 headers in 361 bytes (1 switches on core 0)
May 05 19:48:58.940009 n-d-840717-1 devstack@n-api.service[103053]: DEBUG nova.api.openstack.wsgi [None req-9df15bf5-073f-45f6-8f2f-e3bea532d0ab tempest-FlavorsAdminTestJSON-240242280 tempest-FlavorsAdminTestJSON-240242280-project-admin] Calling method '>' {{(pid=103053) _process_stack /opt/stack/nova/nova/api/openstack/wsgi.py:513}}
May 05 19:48:58.973695 n-d-840717-1 devstack@n-api.service[103053]: INFO nova.api.openstack.requestlog [None req-9df15bf5-073f-45f6-8f2f-e3bea532d0ab tempest-FlavorsAdminTestJSON-240242280 tempest-FlavorsAdminTestJSON-240242280-project-admin] 10.222.0.36 "GET /compute/v2.1/flavors/detail" status: 200 len: 5815 microversion: 2.1 time: 0.036779
May 05 19:48:58.974805 n-d-840717-1 devstack@n-api.service[103053]: [pid: 103053|app: 0|req: 180/339] 10.222.0.36 () {58 vars in 1145 bytes} [Thu May 5 19:48:58 2022] GET /compute/v2.1/flavors/detail => generated 5815 bytes in 39 msecs (HTTP/1.1 200) 9 headers in 358 bytes (1 switches on core 0)
May 05 19:48:58.985933 n-d-840717-1 devstack@n-api.service[103054]: DEBUG nova.api.openstack.wsgi [req-31f10af7-a753-4bf7-a298-0bf59f4b8829 req-6e2fba6a-abae-4779-b8d7-f914a4821389 service nova] Action: 'create', calling method: >, body: {"events": [{"server_uuid": "a30afc9e-055e-4c21-a947-e4776e000fba", "name": "network-vif-plugged", "status": "completed", "tag": "66ff1290-c884-4371-b12d-7c644d2fb4fb"}]} {{(pid=103054) _process_stack /opt/stack/nova/nova/api/openstack/wsgi.py:511}}
May 05 19:48:58.988946 n-d-840717-1 devstack@n-api.service[103054]: /usr/local/lib/python3.8/dist-packages/oslo_policy/policy.py:1065: UserWarning: Policy os_compute_api:os-server-external-events:create failed scope check. The token used to make the request was project scoped but the policy requires ['system'] scope. This behavior may change in the future where using the intended scope is required
May 05 19:48:58.988946 n-d-840717-1 devstack@n-api.service[103054]: warnings.warn(msg)
May 05 19:48:58.992150 n-d-840717-1 devstack@n-api.service[103053]: DEBUG nova.api.openstack.wsgi [None req-2692891b-eaf0-4d3d-860d-7aada0a5b9ed tempest-FlavorsAdminTestJSON-240242280 tempest-FlavorsAdminTestJSON-240242280-project-admin] Action: 'create', calling method: >, body: {"flavor": {"ram": 512, "vcpus": 1, "disk": 10, "name": "tempest-test_flavor_-2090391432", "id": 1171002418, "swap": 1024, "rxtx_factor": 2, "OS-FLV-EXT-DATA:ephemeral": 10, "os-flavor-access:is_public": "True"}} {{(pid=103053) _process_stack /opt/stack/nova/nova/api/openstack/wsgi.py:511}}
May 05 19:48:58.994223 n-d-840717-1 devstack@n-api.service[103053]: /usr/local/lib/python3.8/dist-packages/oslo_policy/policy.py:1065: UserWarning: Policy os_compute_api:os-flavor-manage:create failed scope check. The token used to make the request was project scoped but the policy requires ['system'] scope. This behavior may change in the future where using the intended scope is required
May 05 19:48:58.994223 n-d-840717-1 devstack@n-api.service[103053]: warnings.warn(msg)
May 05 19:48:59.014382 n-d-840717-1 devstack@n-api.service[103054]: DEBUG oslo_concurrency.lockutils [req-31f10af7-a753-4bf7-a298-0bf59f4b8829 req-6e2fba6a-abae-4779-b8d7-f914a4821389 service nova] Lock "c74d984c-b0f0-433d-b121-2f6f6af580b1" acquired by "nova.context.set_target_cell..get_or_set_cached_cell_and_set_connections" :: waited 0.000s {{(pid=103054) inner /usr/local/lib/python3.8/dist-packages/oslo_concurrency/lockutils.py:355}}
May 05 19:48:59.014831 n-d-840717-1 devstack@n-api.service[103054]: DEBUG oslo_concurrency.lockutils [req-31f10af7-a753-4bf7-a298-0bf59f4b8829 req-6e2fba6a-abae-4779-b8d7-f914a4821389 service nova] Lock "c74d984c-b0f0-433d-b121-2f6f6af580b1" released by "nova.context.set_target_cell..get_or_set_cached_cell_and_set_connections" :: held 0.001s {{(pid=103054) inner /usr/local/lib/python3.8/dist-packages/oslo_concurrency/lockutils.py:367}}
May 05 19:48:59.022215 n-d-840717-1 devstack@n-api.service[103053]: INFO nova.api.openstack.requestlog [None req-2692891b-eaf0-4d3d-860d-7aada0a5b9ed tempest-FlavorsAdminTestJSON-240242280 tempest-FlavorsAdminTestJSON-240242280-project-admin] 10.222.0.36 "POST /compute/v2.1/flavors" status: 200 len: 417 microversion: 2.1 time: 0.033720
May 05 19:48:59.022653 n-d-840717-1 devstack@n-api.service[103053]: [pid: 103053|app: 0|req: 181/340] 10.222.0.36 () {60 vars in 1146 bytes} [Thu May 5 19:48:58 2022] POST /compute/v2.1/flavors => generated 417 bytes in 35 msecs (HTTP/1.1 200) 9 headers in 357 bytes (2 switches on core 0)
May 05 19:48:59.033906 n-d-840717-1 devstack@n-api.service[103053]: DEBUG nova.api.openstack.wsgi [None req-3aa8534b-9de5-49d3-836c-97624d8be407 tempest-FlavorsAdminTestJSON-240242280 tempest-FlavorsAdminTestJSON-240242280-project-admin] Calling method '>' {{(pid=103053) _process_stack /opt/stack/nova/nova/api/openstack/wsgi.py:513}}
May 05 19:48:59.063874 n-d-840717-1 devstack@n-api.service[103053]: INFO nova.api.openstack.requestlog [None req-3aa8534b-9de5-49d3-836c-97624d8be407 tempest-FlavorsAdminTestJSON-240242280 tempest-FlavorsAdminTestJSON-240242280-project-admin] 10.222.0.36 "GET /compute/v2.1/flavors/detail" status: 200 len: 6222 microversion: 2.1 time: 0.033664
May 05 19:48:59.064921 n-d-840717-1 devstack@n-api.service[103054]: INFO nova.api.openstack.compute.server_external_events [req-31f10af7-a753-4bf7-a298-0bf59f4b8829 req-6e2fba6a-abae-4779-b8d7-f914a4821389 service nova] Creating event network-vif-plugged:66ff1290-c884-4371-b12d-7c644d2fb4fb for instance a30afc9e-055e-4c21-a947-e4776e000fba on n-h1-840717-1
May 05 19:48:59.068816 n-d-840717-1 devstack@n-api.service[103053]: [pid: 103053|app: 0|req: 182/341] 10.222.0.36 () {58 vars in 1145 bytes} [Thu May 5 19:48:59 2022] GET /compute/v2.1/flavors/detail => generated 6222 bytes in 39 msecs (HTTP/1.1 200) 9 headers in 358 bytes (1 switches on core 0)
May 05 19:48:59.082419 n-d-840717-1 devstack@n-api.service[103054]: INFO nova.api.openstack.requestlog [req-31f10af7-a753-4bf7-a298-0bf59f4b8829 req-6e2fba6a-abae-4779-b8d7-f914a4821389 service nova] 10.222.0.36 "POST /compute/v2.1/os-server-external-events" status: 200 len: 183 microversion: 2.1 time: 0.101185
May 05 19:48:59.093142 n-d-840717-1 devstack@n-api.service[103053]: DEBUG nova.api.openstack.wsgi [None req-c26177d6-f884-4da5-9927-b0da46642a00 tempest-FlavorsAdminTestJSON-240242280 tempest-FlavorsAdminTestJSON-240242280-project-admin] Calling method '>' {{(pid=103053) _process_stack /opt/stack/nova/nova/api/openstack/wsgi.py:513}}
May 05 19:48:59.094414 n-d-840717-1 devstack@n-api.service[103053]: /usr/local/lib/python3.8/dist-packages/oslo_policy/policy.py:1065: UserWarning: Policy os_compute_api:os-flavor-manage:delete failed scope check. The token used to make the request was project scoped but the policy requires ['system'] scope. This behavior may change in the future where using the intended scope is required
May 05 19:48:59.094414 n-d-840717-1 devstack@n-api.service[103053]: warnings.warn(msg)
May 05 19:48:59.097381 n-d-840717-1 devstack@n-api.service[103054]: [pid: 103054|app: 0|req: 160/342] 10.222.0.36 () {64 vars in 1317 bytes} [Thu May 5 19:48:58 2022] POST /compute/v2.1/os-server-external-events => generated 183 bytes in 118 msecs (HTTP/1.1 200) 9 headers in 357 bytes (1 switches on core 0)
May 05 19:48:59.112419 n-d-840717-1 devstack@n-api.service[103054]: DEBUG nova.api.openstack.wsgi [None req-4acd1939-b3de-43d3-93c5-f1257369f93e tempest-LiveMigrationTest-1491589789 tempest-LiveMigrationTest-1491589789-project] Calling method '>' {{(pid=103054) _process_stack /opt/stack/nova/nova/api/openstack/wsgi.py:513}}
May 05 19:48:59.113196 n-d-840717-1 devstack@n-api.service[103054]: DEBUG nova.compute.api [None req-4acd1939-b3de-43d3-93c5-f1257369f93e tempest-LiveMigrationTest-1491589789 tempest-LiveMigrationTest-1491589789-project] [instance: 4b36d1d8-47f4-45eb-bd91-d7c1f042b613] Fetching instance by UUID {{(pid=103054) get /opt/stack/nova/nova/compute/api.py:2813}}
May 05 19:48:59.133150 n-d-840717-1 devstack@n-api.service[103053]: INFO nova.api.openstack.requestlog [None req-c26177d6-f884-4da5-9927-b0da46642a00 tempest-FlavorsAdminTestJSON-240242280 tempest-FlavorsAdminTestJSON-240242280-project-admin] 10.222.0.36 "DELETE /compute/v2.1/flavors/1171002418" status: 202 len: 0 microversion: 2.1 time: 0.054395
May 05 19:48:59.134079 n-d-840717-1 devstack@n-api.service[103053]: [pid: 103053|app: 0|req: 183/343] 10.222.0.36 () {58 vars in 1160 bytes} [Thu May 5 19:48:59 2022] DELETE /compute/v2.1/flavors/1171002418 => generated 0 bytes in 56 msecs (HTTP/1.1 202) 9 headers in 361 bytes (1 switches on core 0)
May 05 19:48:59.135611 n-d-840717-1 devstack@n-api.service[103054]: DEBUG oslo_concurrency.lockutils [None req-4acd1939-b3de-43d3-93c5-f1257369f93e tempest-LiveMigrationTest-1491589789 tempest-LiveMigrationTest-1491589789-project] Lock "c74d984c-b0f0-433d-b121-2f6f6af580b1" acquired by "nova.context.set_target_cell..get_or_set_cached_cell_and_set_connections" :: waited 0.000s {{(pid=103054) inner /usr/local/lib/python3.8/dist-packages/oslo_concurrency/lockutils.py:355}}
May 05 19:48:59.139411 n-d-840717-1 devstack@n-api.service[103054]: DEBUG oslo_concurrency.lockutils [None req-4acd1939-b3de-43d3-93c5-f1257369f93e tempest-LiveMigrationTest-1491589789 tempest-LiveMigrationTest-1491589789-project] Lock "c74d984c-b0f0-433d-b121-2f6f6af580b1" released by "nova.context.set_target_cell..get_or_set_cached_cell_and_set_connections" :: held 0.001s {{(pid=103054) inner /usr/local/lib/python3.8/dist-packages/oslo_concurrency/lockutils.py:367}}
May 05 19:48:59.140296 n-d-840717-1 devstack@n-api.service[103054]: DEBUG oslo_concurrency.lockutils [None req-4acd1939-b3de-43d3-93c5-f1257369f93e tempest-LiveMigrationTest-1491589789 tempest-LiveMigrationTest-1491589789-project] Lock "c74d984c-b0f0-433d-b121-2f6f6af580b1" acquired by "nova.context.set_target_cell..get_or_set_cached_cell_and_set_connections" :: waited 0.000s {{(pid=103054) inner /usr/local/lib/python3.8/dist-packages/oslo_concurrency/lockutils.py:355}}
May 05 19:48:59.140907 n-d-840717-1 devstack@n-api.service[103054]: DEBUG oslo_concurrency.lockutils [None req-4acd1939-b3de-43d3-93c5-f1257369f93e tempest-LiveMigrationTest-1491589789 tempest-LiveMigrationTest-1491589789-project] Lock "c74d984c-b0f0-433d-b121-2f6f6af580b1" released by "nova.context.set_target_cell..get_or_set_cached_cell_and_set_connections" :: held 0.000s {{(pid=103054) inner /usr/local/lib/python3.8/dist-packages/oslo_concurrency/lockutils.py:367}}
May 05 19:48:59.144816 n-d-840717-1 devstack@n-api.service[103053]: DEBUG nova.api.openstack.wsgi [None req-10b54958-bf83-4132-a947-fd083637fa5b tempest-DeleteServersAdminTestJSON-1694152157 tempest-DeleteServersAdminTestJSON-1694152157-project] Calling method '>' {{(pid=103053) _process_stack /opt/stack/nova/nova/api/openstack/wsgi.py:513}}
May 05 19:48:59.147725 n-d-840717-1 devstack@n-api.service[103053]: DEBUG nova.compute.api [None req-10b54958-bf83-4132-a947-fd083637fa5b tempest-DeleteServersAdminTestJSON-1694152157 tempest-DeleteServersAdminTestJSON-1694152157-project] [instance: a30afc9e-055e-4c21-a947-e4776e000fba] Fetching instance by UUID {{(pid=103053) get /opt/stack/nova/nova/compute/api.py:2813}}
May 05 19:48:59.163812 n-d-840717-1 devstack@n-api.service[103053]: DEBUG oslo_concurrency.lockutils [None req-10b54958-bf83-4132-a947-fd083637fa5b tempest-DeleteServersAdminTestJSON-1694152157 tempest-DeleteServersAdminTestJSON-1694152157-project] Lock "c74d984c-b0f0-433d-b121-2f6f6af580b1" acquired by "nova.context.set_target_cell..get_or_set_cached_cell_and_set_connections" :: waited 0.000s {{(pid=103053) inner /usr/local/lib/python3.8/dist-packages/oslo_concurrency/lockutils.py:355}}
May 05 19:48:59.166649 n-d-840717-1 devstack@n-api.service[103053]: DEBUG oslo_concurrency.lockutils [None req-10b54958-bf83-4132-a947-fd083637fa5b tempest-DeleteServersAdminTestJSON-1694152157 tempest-DeleteServersAdminTestJSON-1694152157-project] Lock "c74d984c-b0f0-433d-b121-2f6f6af580b1" released by "nova.context.set_target_cell..get_or_set_cached_cell_and_set_connections" :: held 0.001s {{(pid=103053) inner /usr/local/lib/python3.8/dist-packages/oslo_concurrency/lockutils.py:367}}
May 05 19:48:59.169360 n-d-840717-1 devstack@n-api.service[103053]: DEBUG oslo_concurrency.lockutils [None req-10b54958-bf83-4132-a947-fd083637fa5b tempest-DeleteServersAdminTestJSON-1694152157 tempest-DeleteServersAdminTestJSON-1694152157-project] Lock "c74d984c-b0f0-433d-b121-2f6f6af580b1" acquired by "nova.context.set_target_cell..get_or_set_cached_cell_and_set_connections" :: waited 0.000s {{(pid=103053) inner /usr/local/lib/python3.8/dist-packages/oslo_concurrency/lockutils.py:355}}
May 05 19:48:59.171185 n-d-840717-1 devstack@n-api.service[103053]: DEBUG oslo_concurrency.lockutils [None req-10b54958-bf83-4132-a947-fd083637fa5b tempest-DeleteServersAdminTestJSON-1694152157 tempest-DeleteServersAdminTestJSON-1694152157-project] Lock "c74d984c-b0f0-433d-b121-2f6f6af580b1" released by "nova.context.set_target_cell..get_or_set_cached_cell_and_set_connections" :: held 0.002s {{(pid=103053) inner /usr/local/lib/python3.8/dist-packages/oslo_concurrency/lockutils.py:367}}
May 05 19:48:59.595941 n-d-840717-1 devstack@n-api.service[103053]: DEBUG nova.policy [None req-10b54958-bf83-4132-a947-fd083637fa5b tempest-DeleteServersAdminTestJSON-1694152157 tempest-DeleteServersAdminTestJSON-1694152157-project] Policy check for os_compute_api:os-extended-server-attributes failed with credentials {'is_admin': False, 'user_id': '57003b6af8b24433b5c89e877521942b', 'user_domain_id': 'default', 'system_scope': None, 'domain_id': None, 'project_id': '69f94df1cbe14489aec5f0f54ec137b6', 'project_domain_id': 'default', 'roles': ['reader', 'member'], 'is_admin_project': True, 'service_user_id': None, 'service_user_domain_id': None, 'service_project_id': None, 'service_project_domain_id': None, 'service_roles': []} {{(pid=103053) authorize /opt/stack/nova/nova/policy.py:199}}
May 05 19:48:59.604315 n-d-840717-1 devstack@n-api.service[103053]: INFO nova.api.openstack.requestlog [None req-10b54958-bf83-4132-a947-fd083637fa5b tempest-DeleteServersAdminTestJSON-1694152157 tempest-DeleteServersAdminTestJSON-1694152157-project] 10.222.0.36 "GET /compute/v2.1/servers/a30afc9e-055e-4c21-a947-e4776e000fba" status: 200 len: 1319 microversion: 2.1 time: 0.468497
May 05 19:48:59.611408 n-d-840717-1 devstack@n-api.service[103053]: [pid: 103053|app: 0|req: 184/344] 10.222.0.36 () {58 vars in 1235 bytes} [Thu May 5 19:48:59 2022] GET /compute/v2.1/servers/a30afc9e-055e-4c21-a947-e4776e000fba => generated 1319 bytes in 470 msecs (HTTP/1.1 200) 9 headers in 358 bytes (1 switches on core 0)
May 05 19:48:59.611408 n-d-840717-1 devstack@n-api.service[103053]: DEBUG nova.api.openstack.wsgi [None req-20c63bcb-4b26-401a-9b4c-63e9f59bdd4e tempest-FlavorsAdminTestJSON-240242280 tempest-FlavorsAdminTestJSON-240242280-project-admin] Calling method '>' {{(pid=103053) _process_stack /opt/stack/nova/nova/api/openstack/wsgi.py:513}}
May 05 19:48:59.636368 n-d-840717-1 devstack@n-api.service[103053]: INFO nova.api.openstack.requestlog [None req-20c63bcb-4b26-401a-9b4c-63e9f59bdd4e tempest-FlavorsAdminTestJSON-240242280 tempest-FlavorsAdminTestJSON-240242280-project-admin] 10.222.0.36 "GET /compute/v2.1/flavors/detail" status: 200 len: 5815 microversion: 2.1 time: 0.030319
May 05 19:48:59.637456 n-d-840717-1 devstack@n-api.service[103053]: [pid: 103053|app: 0|req: 185/345] 10.222.0.36 () {58 vars in 1145 bytes} [Thu May 5 19:48:59 2022] GET /compute/v2.1/flavors/detail => generated 5815 bytes in 32 msecs (HTTP/1.1 200) 9 headers in 358 bytes (1 switches on core 0)
May 05 19:48:59.642447 n-d-840717-1 devstack@n-api.service[103053]: DEBUG nova.api.openstack.wsgi [None req-2f5f705d-1077-4a66-ba7a-6cfc52744deb tempest-ServersAdmin275Test-416698197 tempest-ServersAdmin275Test-416698197-project] Calling method '>' {{(pid=103053) _process_stack /opt/stack/nova/nova/api/openstack/wsgi.py:513}}
May 05 19:48:59.643143 n-d-840717-1 devstack@n-api.service[103053]: DEBUG nova.compute.api [None req-2f5f705d-1077-4a66-ba7a-6cfc52744deb tempest-ServersAdmin275Test-416698197 tempest-ServersAdmin275Test-416698197-project] [instance: b1344af4-ac94-4482-8c6e-08fa01e62f39] Fetching instance by UUID {{(pid=103053) get /opt/stack/nova/nova/compute/api.py:2813}}
May 05 19:48:59.654950 n-d-840717-1 devstack@n-api.service[103053]: DEBUG oslo_concurrency.lockutils [None req-2f5f705d-1077-4a66-ba7a-6cfc52744deb tempest-ServersAdmin275Test-416698197 tempest-ServersAdmin275Test-416698197-project] Lock "c74d984c-b0f0-433d-b121-2f6f6af580b1" acquired by "nova.context.set_target_cell..get_or_set_cached_cell_and_set_connections" :: waited 0.001s {{(pid=103053) inner /usr/local/lib/python3.8/dist-packages/oslo_concurrency/lockutils.py:355}}
May 05 19:48:59.655523 n-d-840717-1 devstack@n-api.service[103053]: DEBUG oslo_concurrency.lockutils [None req-2f5f705d-1077-4a66-ba7a-6cfc52744deb tempest-ServersAdmin275Test-416698197 tempest-ServersAdmin275Test-416698197-project] Lock "c74d984c-b0f0-433d-b121-2f6f6af580b1" released by "nova.context.set_target_cell..get_or_set_cached_cell_and_set_connections" :: held 0.001s {{(pid=103053) inner /usr/local/lib/python3.8/dist-packages/oslo_concurrency/lockutils.py:367}}
May 05 19:48:59.656511 n-d-840717-1 devstack@n-api.service[103053]: DEBUG oslo_concurrency.lockutils [None req-2f5f705d-1077-4a66-ba7a-6cfc52744deb tempest-ServersAdmin275Test-416698197 tempest-ServersAdmin275Test-416698197-project] Lock "c74d984c-b0f0-433d-b121-2f6f6af580b1" acquired by "nova.context.set_target_cell..get_or_set_cached_cell_and_set_connections" :: waited 0.000s {{(pid=103053) inner /usr/local/lib/python3.8/dist-packages/oslo_concurrency/lockutils.py:355}}
May 05 19:48:59.657026 n-d-840717-1 devstack@n-api.service[103053]: DEBUG oslo_concurrency.lockutils [None req-2f5f705d-1077-4a66-ba7a-6cfc52744deb tempest-ServersAdmin275Test-416698197 tempest-ServersAdmin275Test-416698197-project] Lock "c74d984c-b0f0-433d-b121-2f6f6af580b1" released by "nova.context.set_target_cell..get_or_set_cached_cell_and_set_connections" :: held 0.001s {{(pid=103053) inner /usr/local/lib/python3.8/dist-packages/oslo_concurrency/lockutils.py:367}}
May 05 19:48:59.749768 n-d-840717-1 devstack@n-api.service[103054]: DEBUG nova.policy [None req-4acd1939-b3de-43d3-93c5-f1257369f93e tempest-LiveMigrationTest-1491589789 tempest-LiveMigrationTest-1491589789-project] Policy check for os_compute_api:os-extended-server-attributes failed with credentials {'is_admin': False, 'user_id': '2c95adae0f7549e09f691a9478086dfd', 'user_domain_id': 'default', 'system_scope': None, 'domain_id': None, 'project_id': 'ec798a1d17654fd38a17594ac4520b82', 'project_domain_id': 'default', 'roles': ['reader', 'member'], 'is_admin_project': True, 'service_user_id': None, 'service_user_domain_id': None, 'service_project_id': None, 'service_project_domain_id': None, 'service_roles': []} {{(pid=103054) authorize /opt/stack/nova/nova/policy.py:199}}
May 05 19:48:59.760029 n-d-840717-1 devstack@n-api.service[103054]: INFO nova.api.openstack.requestlog [None req-4acd1939-b3de-43d3-93c5-f1257369f93e tempest-LiveMigrationTest-1491589789 tempest-LiveMigrationTest-1491589789-project] 10.222.0.36 "GET /compute/v2.1/servers/4b36d1d8-47f4-45eb-bd91-d7c1f042b613" status: 200 len: 1502 microversion: 2.1 time: 0.661212
May 05 19:48:59.760810 n-d-840717-1 devstack@n-api.service[103054]: [pid: 103054|app: 0|req: 161/346] 10.222.0.36 () {58 vars in 1235 bytes} [Thu May 5 19:48:59 2022] GET /compute/v2.1/servers/4b36d1d8-47f4-45eb-bd91-d7c1f042b613 => generated 1502 bytes in 663 msecs (HTTP/1.1 200) 9 headers in 358 bytes (1 switches on core 0)
May 05 19:48:59.766068 n-d-840717-1 devstack@n-api.service[103054]: DEBUG nova.api.openstack.wsgi [None req-ffb4324d-efc3-4a2d-a418-3f4110f81c7c tempest-FlavorsAdminTestJSON-240242280 tempest-FlavorsAdminTestJSON-240242280-project-admin] Action: 'create', calling method: >, body: {"flavor": {"ram": 512, "vcpus": 1, "disk": 10, "name": "tempest-FlavorsAdminTestJSON-flavor-1388230614", "id": 1050332392, "os-flavor-access:is_public": "True"}} {{(pid=103054) _process_stack /opt/stack/nova/nova/api/openstack/wsgi.py:511}}
May 05 19:48:59.767890 n-d-840717-1 devstack@n-api.service[103054]: /usr/local/lib/python3.8/dist-packages/oslo_policy/policy.py:1065: UserWarning: Policy os_compute_api:os-flavor-manage:create failed scope check. The token used to make the request was project scoped but the policy requires ['system'] scope. This behavior may change in the future where using the intended scope is required
May 05 19:48:59.767890 n-d-840717-1 devstack@n-api.service[103054]: warnings.warn(msg)
May 05 19:48:59.798114 n-d-840717-1 devstack@n-api.service[103054]: INFO nova.api.openstack.requestlog [None req-ffb4324d-efc3-4a2d-a418-3f4110f81c7c tempest-FlavorsAdminTestJSON-240242280 tempest-FlavorsAdminTestJSON-240242280-project-admin] 10.222.0.36 "POST /compute/v2.1/flavors" status: 200 len: 429 microversion: 2.1 time: 0.035758
May 05 19:48:59.799527 n-d-840717-1 devstack@n-api.service[103054]: [pid: 103054|app: 0|req: 162/347] 10.222.0.36 () {60 vars in 1146 bytes} [Thu May 5 19:48:59 2022] POST /compute/v2.1/flavors => generated 429 bytes in 38 msecs (HTTP/1.1 200) 9 headers in 357 bytes (1 switches on core 0)
May 05 19:48:59.801050 n-d-840717-1 devstack@n-api.service[103053]: DEBUG nova.policy [None req-2f5f705d-1077-4a66-ba7a-6cfc52744deb tempest-ServersAdmin275Test-416698197 tempest-ServersAdmin275Test-416698197-project] Policy check for os_compute_api:os-extended-server-attributes failed with credentials {'is_admin': False, 'user_id': 'cf3fe0f71f7c4c8cbb4076fcba586ca7', 'user_domain_id': 'default', 'system_scope': None, 'domain_id': None, 'project_id': 'c1ea6695b40d4b2097245ce2c62eb2e2', 'project_domain_id': 'default', 'roles': ['reader', 'member'], 'is_admin_project': True, 'service_user_id': None, 'service_user_domain_id': None, 'service_project_id': None, 'service_project_domain_id': None, 'service_roles': []} {{(pid=103053) authorize /opt/stack/nova/nova/policy.py:199}}
May 05 19:48:59.811549 n-d-840717-1 devstack@n-api.service[103054]: DEBUG nova.api.openstack.wsgi [None req-463fed1e-e407-4eaf-951a-8ed8c48dcf05 tempest-FlavorsAdminTestJSON-240242280 tempest-FlavorsAdminTestJSON-240242280-project-admin] Calling method '>' {{(pid=103054) _process_stack /opt/stack/nova/nova/api/openstack/wsgi.py:513}}
May 05 19:48:59.812722 n-d-840717-1 devstack@n-api.service[103054]: /usr/local/lib/python3.8/dist-packages/oslo_policy/policy.py:1065: UserWarning: Policy os_compute_api:os-flavor-manage:delete failed scope check. The token used to make the request was project scoped but the policy requires ['system'] scope. This behavior may change in the future where using the intended scope is required
May 05 19:48:59.812722 n-d-840717-1 devstack@n-api.service[103054]: warnings.warn(msg)
May 05 19:48:59.813610 n-d-840717-1 devstack@n-api.service[103053]: DEBUG nova.policy [None req-2f5f705d-1077-4a66-ba7a-6cfc52744deb tempest-ServersAdmin275Test-416698197 tempest-ServersAdmin275Test-416698197-project] Policy check for os_compute_api:servers:show:host_status failed with credentials {'is_admin': False, 'user_id': 'cf3fe0f71f7c4c8cbb4076fcba586ca7', 'user_domain_id': 'default', 'system_scope': None, 'domain_id': None, 'project_id': 'c1ea6695b40d4b2097245ce2c62eb2e2', 'project_domain_id': 'default', 'roles': ['reader', 'member'], 'is_admin_project': True, 'service_user_id': None, 'service_user_domain_id': None, 'service_project_id': None, 'service_project_domain_id': None, 'service_roles': []} {{(pid=103053) authorize /opt/stack/nova/nova/policy.py:199}}
May 05 19:48:59.815766 n-d-840717-1 devstack@n-api.service[103053]: DEBUG nova.policy [None req-2f5f705d-1077-4a66-ba7a-6cfc52744deb tempest-ServersAdmin275Test-416698197 tempest-ServersAdmin275Test-416698197-project] Policy check for os_compute_api:servers:show:host_status:unknown-only failed with credentials {'is_admin': False, 'user_id': 'cf3fe0f71f7c4c8cbb4076fcba586ca7', 'user_domain_id': 'default', 'system_scope': None, 'domain_id': None, 'project_id': 'c1ea6695b40d4b2097245ce2c62eb2e2', 'project_domain_id': 'default', 'roles': ['reader', 'member'], 'is_admin_project': True, 'service_user_id': None, 'service_user_domain_id': None, 'service_project_id': None, 'service_project_domain_id': None, 'service_roles': []} {{(pid=103053) authorize /opt/stack/nova/nova/policy.py:199}}
May 05 19:48:59.822442 n-d-840717-1 devstack@n-api.service[103053]: INFO nova.api.openstack.requestlog [None req-2f5f705d-1077-4a66-ba7a-6cfc52744deb tempest-ServersAdmin275Test-416698197 tempest-ServersAdmin275Test-416698197-project] 10.222.0.36 "GET /compute/v2.1/servers/b1344af4-ac94-4482-8c6e-08fa01e62f39" status: 200 len: 1436 microversion: 2.75 time: 0.183412
May 05 19:48:59.823221 n-d-840717-1 devstack@n-api.service[103053]: [pid: 103053|app: 0|req: 186/348] 10.222.0.36 () {60 vars in 1276 bytes} [Thu May 5 19:48:59 2022] GET /compute/v2.1/servers/b1344af4-ac94-4482-8c6e-08fa01e62f39 => generated 1436 bytes in 185 msecs (HTTP/1.1 200) 9 headers in 360 bytes (1 switches on core 0)
May 05 19:48:59.849485 n-d-840717-1 devstack@n-api.service[103054]: INFO nova.api.openstack.requestlog [None req-463fed1e-e407-4eaf-951a-8ed8c48dcf05 tempest-FlavorsAdminTestJSON-240242280 tempest-FlavorsAdminTestJSON-240242280-project-admin] 10.222.0.36 "DELETE /compute/v2.1/flavors/1050332392" status: 202 len: 0 microversion: 2.1 time: 0.042745
May 05 19:48:59.852125 n-d-840717-1 devstack@n-api.service[103054]: [pid: 103054|app: 0|req: 163/349] 10.222.0.36 () {58 vars in 1160 bytes} [Thu May 5 19:48:59 2022] DELETE /compute/v2.1/flavors/1050332392 => generated 0 bytes in 47 msecs (HTTP/1.1 202) 9 headers in 361 bytes (1 switches on core 0)
May 05 19:48:59.863016 n-d-840717-1 devstack@n-api.service[103054]: DEBUG nova.api.openstack.wsgi [None req-99cc1505-1d29-4b66-a045-ead15a566251 tempest-FlavorsAdminTestJSON-240242280 tempest-FlavorsAdminTestJSON-240242280-project-admin] Calling method '>' {{(pid=103054) _process_stack /opt/stack/nova/nova/api/openstack/wsgi.py:513}}
May 05 19:48:59.893915 n-d-840717-1 devstack@n-api.service[103054]: INFO nova.api.openstack.requestlog [None req-99cc1505-1d29-4b66-a045-ead15a566251 tempest-FlavorsAdminTestJSON-240242280 tempest-FlavorsAdminTestJSON-240242280-project-admin] 10.222.0.36 "GET /compute/v2.1/flavors/detail" status: 200 len: 5815 microversion: 2.1 time: 0.035969
May 05 19:48:59.906324 n-d-840717-1 devstack@n-api.service[103054]: [pid: 103054|app: 0|req: 164/350] 10.222.0.36 () {58 vars in 1145 bytes} [Thu May 5 19:48:59 2022] GET /compute/v2.1/flavors/detail => generated 5815 bytes in 40 msecs (HTTP/1.1 200) 9 headers in 358 bytes (1 switches on core 0)
May 05 19:48:59.913041 n-d-840717-1 devstack@n-api.service[103054]: DEBUG nova.api.openstack.wsgi [None req-fd98719d-9d67-478e-b0ec-274c21753ab9 tempest-FlavorsAdminTestJSON-240242280 tempest-FlavorsAdminTestJSON-240242280-project-admin] Action: 'create', calling method: >, body: {"flavor": {"ram": 512, "vcpus": 1, "disk": 10, "name": "tempest-FlavorsAdminTestJSON-flavor-451807058", "id": null, "os-flavor-access:is_public": "True"}} {{(pid=103054) _process_stack /opt/stack/nova/nova/api/openstack/wsgi.py:511}}
May 05 19:48:59.951588 n-d-840717-1 devstack@n-api.service[103054]: INFO nova.api.openstack.requestlog [None req-fd98719d-9d67-478e-b0ec-274c21753ab9 tempest-FlavorsAdminTestJSON-240242280 tempest-FlavorsAdminTestJSON-240242280-project-admin] 10.222.0.36 "POST /compute/v2.1/flavors" status: 200 len: 506 microversion: 2.1 time: 0.043114
May 05 19:48:59.952586 n-d-840717-1 devstack@n-api.service[103054]: [pid: 103054|app: 0|req: 165/351] 10.222.0.36 () {60 vars in 1146 bytes} [Thu May 5 19:48:59 2022] POST /compute/v2.1/flavors => generated 506 bytes in 45 msecs (HTTP/1.1 200) 9 headers in 357 bytes (2 switches on core 0)
May 05 19:48:59.957678 n-d-840717-1 devstack@n-api.service[103054]: DEBUG nova.api.openstack.wsgi [None req-fed2fb9f-4975-4daa-8e0e-2f979c287968 tempest-ServerDiagnosticsNegativeTest-986932610 tempest-ServerDiagnosticsNegativeTest-986932610-project] Calling method '>' {{(pid=103054) _process_stack /opt/stack/nova/nova/api/openstack/wsgi.py:513}}
May 05 19:48:59.958281 n-d-840717-1 devstack@n-api.service[103054]: DEBUG nova.compute.api [None req-fed2fb9f-4975-4daa-8e0e-2f979c287968 tempest-ServerDiagnosticsNegativeTest-986932610 tempest-ServerDiagnosticsNegativeTest-986932610-project] [instance: bf40ce3b-d653-4ff9-97e0-11fdd421c41f] Fetching instance by UUID {{(pid=103054) get /opt/stack/nova/nova/compute/api.py:2813}}
May 05 19:48:59.967054 n-d-840717-1 devstack@n-api.service[103054]: DEBUG oslo_concurrency.lockutils [None req-fed2fb9f-4975-4daa-8e0e-2f979c287968 tempest-ServerDiagnosticsNegativeTest-986932610 tempest-ServerDiagnosticsNegativeTest-986932610-project] Lock "c74d984c-b0f0-433d-b121-2f6f6af580b1" acquired by "nova.context.set_target_cell..get_or_set_cached_cell_and_set_connections" :: waited 0.000s {{(pid=103054) inner /usr/local/lib/python3.8/dist-packages/oslo_concurrency/lockutils.py:355}}
May 05 19:48:59.967575 n-d-840717-1 devstack@n-api.service[103054]: DEBUG oslo_concurrency.lockutils [None req-fed2fb9f-4975-4daa-8e0e-2f979c287968 tempest-ServerDiagnosticsNegativeTest-986932610 tempest-ServerDiagnosticsNegativeTest-986932610-project] Lock "c74d984c-b0f0-433d-b121-2f6f6af580b1" released by "nova.context.set_target_cell..get_or_set_cached_cell_and_set_connections" :: held 0.001s {{(pid=103054) inner /usr/local/lib/python3.8/dist-packages/oslo_concurrency/lockutils.py:367}}
May 05 19:48:59.968392 n-d-840717-1 devstack@n-api.service[103054]: DEBUG oslo_concurrency.lockutils [None req-fed2fb9f-4975-4daa-8e0e-2f979c287968 tempest-ServerDiagnosticsNegativeTest-986932610 tempest-ServerDiagnosticsNegativeTest-986932610-project] Lock "c74d984c-b0f0-433d-b121-2f6f6af580b1" acquired by "nova.context.set_target_cell..get_or_set_cached_cell_and_set_connections" :: waited 0.000s {{(pid=103054) inner /usr/local/lib/python3.8/dist-packages/oslo_concurrency/lockutils.py:355}}
May 05 19:48:59.969091 n-d-840717-1 devstack@n-api.service[103054]: DEBUG oslo_concurrency.lockutils [None req-fed2fb9f-4975-4daa-8e0e-2f979c287968 tempest-ServerDiagnosticsNegativeTest-986932610 tempest-ServerDiagnosticsNegativeTest-986932610-project] Lock "c74d984c-b0f0-433d-b121-2f6f6af580b1" released by "nova.context.set_target_cell..get_or_set_cached_cell_and_set_connections" :: held 0.000s {{(pid=103054) inner /usr/local/lib/python3.8/dist-packages/oslo_concurrency/lockutils.py:367}}
May 05 19:49:00.095342 n-d-840717-1 devstack@n-api.service[103053]: DEBUG nova.api.openstack.wsgi [None req-32f11da7-cedd-4613-ac54-20770639b9ee tempest-ServersAdmin275Test-494214774 tempest-ServersAdmin275Test-494214774-project-admin] Action: 'action', calling method: >, body: {"rebuild": {"imageRef": "dd96146e-ea6a-43a8-b422-92d24e7d3372"}} {{(pid=103053) _process_stack /opt/stack/nova/nova/api/openstack/wsgi.py:511}}
May 05 19:49:00.096825 n-d-840717-1 devstack@n-api.service[103053]: DEBUG nova.compute.api [None req-32f11da7-cedd-4613-ac54-20770639b9ee tempest-ServersAdmin275Test-494214774 tempest-ServersAdmin275Test-494214774-project-admin] [instance: b1344af4-ac94-4482-8c6e-08fa01e62f39] Fetching instance by UUID {{(pid=103053) get /opt/stack/nova/nova/compute/api.py:2813}}
May 05 19:49:00.104270 n-d-840717-1 devstack@n-api.service[103053]: DEBUG oslo_concurrency.lockutils [None req-32f11da7-cedd-4613-ac54-20770639b9ee tempest-ServersAdmin275Test-494214774 tempest-ServersAdmin275Test-494214774-project-admin] Lock "c74d984c-b0f0-433d-b121-2f6f6af580b1" acquired by "nova.context.set_target_cell..get_or_set_cached_cell_and_set_connections" :: waited 0.000s {{(pid=103053) inner /usr/local/lib/python3.8/dist-packages/oslo_concurrency/lockutils.py:355}}
May 05 19:49:00.104729 n-d-840717-1 devstack@n-api.service[103053]: DEBUG oslo_concurrency.lockutils [None req-32f11da7-cedd-4613-ac54-20770639b9ee tempest-ServersAdmin275Test-494214774 tempest-ServersAdmin275Test-494214774-project-admin] Lock "c74d984c-b0f0-433d-b121-2f6f6af580b1" released by "nova.context.set_target_cell..get_or_set_cached_cell_and_set_connections" :: held 0.001s {{(pid=103053) inner /usr/local/lib/python3.8/dist-packages/oslo_concurrency/lockutils.py:367}}
May 05 19:49:00.105513 n-d-840717-1 devstack@n-api.service[103053]: DEBUG oslo_concurrency.lockutils [None req-32f11da7-cedd-4613-ac54-20770639b9ee tempest-ServersAdmin275Test-494214774 tempest-ServersAdmin275Test-494214774-project-admin] Lock "c74d984c-b0f0-433d-b121-2f6f6af580b1" acquired by "nova.context.set_target_cell..get_or_set_cached_cell_and_set_connections" :: waited 0.000s {{(pid=103053) inner /usr/local/lib/python3.8/dist-packages/oslo_concurrency/lockutils.py:355}}
May 05 19:49:00.105955 n-d-840717-1 devstack@n-api.service[103053]: DEBUG oslo_concurrency.lockutils [None req-32f11da7-cedd-4613-ac54-20770639b9ee tempest-ServersAdmin275Test-494214774 tempest-ServersAdmin275Test-494214774-project-admin] Lock "c74d984c-b0f0-433d-b121-2f6f6af580b1" released by "nova.context.set_target_cell..get_or_set_cached_cell_and_set_connections" :: held 0.000s {{(pid=103053) inner /usr/local/lib/python3.8/dist-packages/oslo_concurrency/lockutils.py:367}}
May 05 19:49:00.290018 n-d-840717-1 devstack@n-api.service[103053]: DEBUG nova.virt.hardware [None req-32f11da7-cedd-4613-ac54-20770639b9ee tempest-ServersAdmin275Test-494214774 tempest-ServersAdmin275Test-494214774-project-admin] Flavor limits 0:0:0 {{(pid=103053) get_cpu_topology_constraints /opt/stack/nova/nova/virt/hardware.py:343}}
May 05 19:49:00.290442 n-d-840717-1 devstack@n-api.service[103053]: DEBUG nova.virt.hardware [None req-32f11da7-cedd-4613-ac54-20770639b9ee tempest-ServersAdmin275Test-494214774 tempest-ServersAdmin275Test-494214774-project-admin] Image limits 0:0:0 {{(pid=103053) get_cpu_topology_constraints /opt/stack/nova/nova/virt/hardware.py:347}}
