May 05 17:33:35.609118 n-d-840684-2 neutron-server[104028]: DEBUG neutron_lib.callbacks.manager [req-ec98a18b-4dff-41f4-82b1-fd86d8efa9cf req-c85f6f86-0092-4400-89da-39664699bb92 tempest-AggregatesAdminTestJSON-1855115041 tempest-AggregatesAdminTestJSON-1855115041-project-admin] Publish callbacks ['neutron.plugins.ml2.ovo_rpc._ObjectChangeHandler.handle_event-3742155'] for security_group (4dd03692-6709-4b96-9465-7c67efa89b89), after_create {{(pid=104028) _notify_loop /usr/local/lib/python3.8/dist-packages/neutron_lib/callbacks/manager.py:176}}
May 05 17:33:35.615085 n-d-840684-2 neutron-server[104028]: DEBUG neutron.scheduler.dhcp_agent_scheduler [None req-572713c5-d083-4b29-b3ec-06788b315cd6 admin admin] Network 083ae3ed-0d88-4b43-9b60-d7c82eb557b6 is already hosted by enough agents. {{(pid=104028) _get_dhcp_agents_hosting_network /opt/stack/neutron/neutron/scheduler/dhcp_agent_scheduler.py:275}}
May 05 17:33:35.623556 n-d-840684-2 neutron-server[104028]: DEBUG neutron.pecan_wsgi.hooks.policy_enforcement [req-7b8733f6-4354-4bba-b009-fc2431faed34 req-cd34a8aa-44a6-4b03-87ab-c8ffebb1f8c3 service neutron] Attributes excluded by policy engine: ['standard_attr_id', 'vlan_transparent'] {{(pid=104028) _exclude_attributes_by_policy /opt/stack/neutron/neutron/pecan_wsgi/hooks/policy_enforcement.py:259}}
May 05 17:33:35.625022 n-d-840684-2 neutron-server[104028]: INFO neutron.wsgi [req-7b8733f6-4354-4bba-b009-fc2431faed34 req-cd34a8aa-44a6-4b03-87ab-c8ffebb1f8c3 service neutron] 10.222.0.32 "GET /v2.0/networks?id=8f4a655e-9ca6-43d5-9d8f-d513598848d0 HTTP/1.1" status: 200 len: 870 time: 0.5801063
May 05 17:33:35.625642 n-d-840684-2 neutron-server[104028]: DEBUG neutron.api.rpc.handlers.resources_rpc [None req-45e2dc94-f92e-4971-ba48-4457ae0e3faa admin admin] Pushing event updated for resources: {'SecurityGroup': ['ID=b7cb1e18-69e5-4825-a798-c7db3661be5a,revision_number=1']} {{(pid=104028) push /opt/stack/neutron/neutron/api/rpc/handlers/resources_rpc.py:237}}
May 05 17:33:35.633573 n-d-840684-2 neutron-server[104028]: INFO neutron.wsgi [None req-45e2dc94-f92e-4971-ba48-4457ae0e3faa admin admin] 10.222.0.41 "GET /v2.0/security-groups?tenant_id=a6756a82026a4336a42000ba62060665&name=default HTTP/1.1" status: 200 len: 2996 time: 1.2263885
May 05 17:33:35.636312 n-d-840684-2 neutron-server[104027]: DEBUG neutron.wsgi [-] (104027) accepted ('10.222.0.41', 49210) {{(pid=104027) server /usr/local/lib/python3.8/dist-packages/eventlet/wsgi.py:1004}}
May 05 17:33:35.643754 n-d-840684-2 neutron-server[104028]: DEBUG neutron.scheduler.base_scheduler [None req-572713c5-d083-4b29-b3ec-06788b315cd6 admin admin] Resources bound (agent type, host, resource id): {{(pid=104028) schedule /opt/stack/neutron/neutron/scheduler/base_scheduler.py:57}}
May 05 17:33:35.646349 n-d-840684-2 neutron-server[104028]: DEBUG neutron.db.l3_dvrscheduler_db [None req-572713c5-d083-4b29-b3ec-06788b315cd6 admin admin] Received port after_create {{(pid=104028) _notify_l3_agent_new_port /opt/stack/neutron/neutron/db/l3_dvrscheduler_db.py:536}}
May 05 17:33:35.651321 n-d-840684-2 neutron-server[104029]: DEBUG neutron.plugins.ml2.plugin [None req-5fde5e33-59b0-4b58-8c57-8420a92149f7 None None] Current status of the port 2d3c02e5-4bd2-4c06-8315-4187c27843af is: ACTIVE; New status is: ACTIVE {{(pid=104029) _update_individual_port_db_status /opt/stack/neutron/neutron/plugins/ml2/plugin.py:2296}}
May 05 17:33:35.663435 n-d-840684-2 neutron-server[104028]: DEBUG neutron.api.rpc.handlers.resources_rpc [None req-572713c5-d083-4b29-b3ec-06788b315cd6 admin admin] Pushing event updated for resources: {'Port': ['ID=ad0ed450-0f62-4c28-9ce7-2777e1afd247,revision_number=1']} {{(pid=104028) push /opt/stack/neutron/neutron/api/rpc/handlers/resources_rpc.py:237}}
May 05 17:33:35.682767 n-d-840684-2 neutron-server[104029]: DEBUG neutron.plugins.ml2.plugin [None req-0ea142b2-46fe-402a-acd0-201b7da63b91 None None] Current status of the port 2d3c02e5-4bd2-4c06-8315-4187c27843af is: ACTIVE; New status is: ACTIVE {{(pid=104029) _update_individual_port_db_status /opt/stack/neutron/neutron/plugins/ml2/plugin.py:2296}}
May 05 17:33:35.720519 n-d-840684-2 neutron-server[104027]: DEBUG neutron_lib.callbacks.manager [None req-477f7315-f903-403c-b15e-e0ab7440e6bc admin admin] Publish callbacks [] for security_group (b7cb1e18-69e5-4825-a798-c7db3661be5a), before_delete {{(pid=104027) _notify_loop /usr/local/lib/python3.8/dist-packages/neutron_lib/callbacks/manager.py:176}}
May 05 17:33:35.743846 n-d-840684-2 neutron-server[104027]: DEBUG neutron_lib.callbacks.manager [None req-477f7315-f903-403c-b15e-e0ab7440e6bc admin admin] Publish callbacks [] for security_group (b7cb1e18-69e5-4825-a798-c7db3661be5a), precommit_delete {{(pid=104027) _notify_loop /usr/local/lib/python3.8/dist-packages/neutron_lib/callbacks/manager.py:176}}
May 05 17:33:35.746156 n-d-840684-2 neutron-server[104028]: INFO neutron.wsgi [req-7b8733f6-4354-4bba-b009-fc2431faed34 req-afa65067-2739-4502-9ec1-b731e9a19e5d service neutron] 10.222.0.32 "GET /v2.0/floatingips?fixed_ip_address=192.168.233.76&port_id=1f3ed7da-ddb9-42bf-b678-e4453626c025 HTTP/1.1" status: 200 len: 217 time: 0.1037154
May 05 17:33:35.759383 n-d-840684-2 neutron-server[104028]: INFO neutron.wsgi [req-ec98a18b-4dff-41f4-82b1-fd86d8efa9cf req-c85f6f86-0092-4400-89da-39664699bb92 tempest-AggregatesAdminTestJSON-1855115041 tempest-AggregatesAdminTestJSON-1855115041-project-admin] 10.222.0.41 "GET /v2.0/security-groups?id=10067288-ea00-41b1-9865-bd865925d896&fields=id&fields=name HTTP/1.1" status: 200 len: 286 time: 1.0183790
May 05 17:33:35.800459 n-d-840684-2 neutron-server[104028]: DEBUG neutron.api.rpc.handlers.resources_rpc [None req-c85f6f86-0092-4400-89da-39664699bb92 tempest-AggregatesAdminTestJSON-1855115041 tempest-AggregatesAdminTestJSON-1855115041-project-admin] Pushing event updated for resources: {'SecurityGroup': ['ID=4dd03692-6709-4b96-9465-7c67efa89b89,revision_number=1']} {{(pid=104028) push /opt/stack/neutron/neutron/api/rpc/handlers/resources_rpc.py:237}}
May 05 17:33:35.810467 n-d-840684-2 neutron-server[104027]: DEBUG neutron_lib.callbacks.manager [None req-477f7315-f903-403c-b15e-e0ab7440e6bc admin admin] Publish callbacks ['neutron.plugins.ml2.ovo_rpc._ObjectChangeHandler.handle_event-3742155'] for security_group (b7cb1e18-69e5-4825-a798-c7db3661be5a), after_delete {{(pid=104027) _notify_loop /usr/local/lib/python3.8/dist-packages/neutron_lib/callbacks/manager.py:176}}
May 05 17:33:35.815281 n-d-840684-2 neutron-server[104027]: DEBUG neutron_lib.callbacks.manager [None req-477f7315-f903-403c-b15e-e0ab7440e6bc admin admin] Publish callbacks [] for security_group (None), before_response {{(pid=104027) _notify_loop /usr/local/lib/python3.8/dist-packages/neutron_lib/callbacks/manager.py:176}}
May 05 17:33:35.824357 n-d-840684-2 neutron-server[104027]: INFO neutron.wsgi [None req-477f7315-f903-403c-b15e-e0ab7440e6bc admin admin] 10.222.0.41 "DELETE /v2.0/security-groups/b7cb1e18-69e5-4825-a798-c7db3661be5a HTTP/1.1" status: 204 len: 168 time: 0.1856332
May 05 17:33:35.841113 n-d-840684-2 neutron-server[104027]: DEBUG neutron.api.rpc.handlers.resources_rpc [None req-477f7315-f903-403c-b15e-e0ab7440e6bc admin admin] Pushing event deleted for resources: {'SecurityGroup': ['ID=b7cb1e18-69e5-4825-a798-c7db3661be5a,revision_number=None']} {{(pid=104027) push /opt/stack/neutron/neutron/api/rpc/handlers/resources_rpc.py:237}}
May 05 17:33:35.898459 n-d-840684-2 neutron-server[104028]: DEBUG neutron.pecan_wsgi.hooks.policy_enforcement [req-07e1a098-ab3f-44c5-b5c5-d489b86c4ebb req-c9addd27-f261-4f14-990d-a00c7c3792f4 tempest-DeleteServersAdminTestJSON-57915518 tempest-DeleteServersAdminTestJSON-57915518-project] Attributes excluded by policy engine: ['standard_attr_id', 'binding:profile', 'binding:host_id', 'binding:vif_type', 'binding:vif_details'] {{(pid=104028) _exclude_attributes_by_policy /opt/stack/neutron/neutron/pecan_wsgi/hooks/policy_enforcement.py:259}}
May 05 17:33:35.900066 n-d-840684-2 neutron-server[104028]: INFO neutron.wsgi [req-07e1a098-ab3f-44c5-b5c5-d489b86c4ebb req-c9addd27-f261-4f14-990d-a00c7c3792f4 tempest-DeleteServersAdminTestJSON-57915518 tempest-DeleteServersAdminTestJSON-57915518-project] 10.222.0.41 "GET /v2.0/ports?device_id=9ad033c2-ae0b-40eb-90e2-9200002b1ffa HTTP/1.1" status: 200 len: 950 time: 0.1651495
May 05 17:33:35.950461 n-d-840684-2 neutron-server[104028]: DEBUG neutron.pecan_wsgi.hooks.policy_enforcement [req-7b8733f6-4354-4bba-b009-fc2431faed34 req-b3a34973-373f-4c4c-9baa-e985b662571e service neutron] Attributes excluded by policy engine: ['standard_attr_id', 'shared', 'segment_id'] {{(pid=104028) _exclude_attributes_by_policy /opt/stack/neutron/neutron/pecan_wsgi/hooks/policy_enforcement.py:259}}
May 05 17:33:35.952000 n-d-840684-2 neutron-server[104028]: INFO neutron.wsgi [req-7b8733f6-4354-4bba-b009-fc2431faed34 req-b3a34973-373f-4c4c-9baa-e985b662571e service neutron] 10.222.0.32 "GET /v2.0/subnets?id=c5c289c5-156b-474e-81be-491a18da3b8e HTTP/1.1" status: 200 len: 843 time: 0.1900029
May 05 17:33:36.050024 n-d-840684-2 neutron-server[104027]: DEBUG neutron.wsgi [-] (104027) accepted ('10.222.0.41', 49218) {{(pid=104027) server /usr/local/lib/python3.8/dist-packages/eventlet/wsgi.py:1004}}
May 05 17:33:36.064519 n-d-840684-2 neutron-server[104028]: DEBUG neutron.pecan_wsgi.hooks.policy_enforcement [req-7b8733f6-4354-4bba-b009-fc2431faed34 req-3eeb5042-8778-4fd6-af8d-18f6996680ca service neutron] Attributes excluded by policy engine: ['standard_attr_id'] {{(pid=104028) _exclude_attributes_by_policy /opt/stack/neutron/neutron/pecan_wsgi/hooks/policy_enforcement.py:259}}
May 05 17:33:36.066342 n-d-840684-2 neutron-server[104028]: INFO neutron.wsgi [req-7b8733f6-4354-4bba-b009-fc2431faed34 req-3eeb5042-8778-4fd6-af8d-18f6996680ca service neutron] 10.222.0.32 "GET /v2.0/ports?network_id=8f4a655e-9ca6-43d5-9d8f-d513598848d0&device_owner=network%3Adhcp HTTP/1.1" status: 200 len: 1203 time: 0.0854704
May 05 17:33:36.116034 n-d-840684-2 neutron-server[104027]: INFO neutron.wsgi [None req-ccc37925-ac60-4b0b-8e46-f8a7ed47e391 admin admin] 10.222.0.41 "GET /v2.0/security-groups?tenant_id=577d0a2bdd1743fd868c15d5d1574c59&name=default HTTP/1.1" status: 200 len: 2996 time: 0.0642159
May 05 17:33:36.122272 n-d-840684-2 neutron-server[104027]: DEBUG neutron.wsgi [-] (104027) accepted ('10.222.0.41', 49222) {{(pid=104027) server /usr/local/lib/python3.8/dist-packages/eventlet/wsgi.py:1004}}
May 05 17:33:36.160746 n-d-840684-2 neutron-server[104028]: INFO neutron.wsgi [req-07e1a098-ab3f-44c5-b5c5-d489b86c4ebb req-26a39a0f-a401-4d0a-ab22-43f81bb1e19e tempest-DeleteServersAdminTestJSON-57915518 tempest-DeleteServersAdminTestJSON-57915518-project] 10.222.0.41 "GET /v2.0/security-groups?id=b7a018fd-fa96-4475-96eb-8a19f065c5b0&fields=id&fields=name HTTP/1.1" status: 200 len: 286 time: 0.2048573
May 05 17:33:36.194454 n-d-840684-2 neutron-server[104027]: DEBUG neutron_lib.callbacks.manager [None req-adc6031d-b061-4713-b849-6f591d115a40 admin admin] Publish callbacks [] for security_group (12f97699-78ba-408c-84b3-7dd3bae2e42e), before_delete {{(pid=104027) _notify_loop /usr/local/lib/python3.8/dist-packages/neutron_lib/callbacks/manager.py:176}}
May 05 17:33:36.217527 n-d-840684-2 neutron-server[104027]: DEBUG neutron_lib.callbacks.manager [None req-adc6031d-b061-4713-b849-6f591d115a40 admin admin] Publish callbacks [] for security_group (12f97699-78ba-408c-84b3-7dd3bae2e42e), precommit_delete {{(pid=104027) _notify_loop /usr/local/lib/python3.8/dist-packages/neutron_lib/callbacks/manager.py:176}}
May 05 17:33:36.260960 n-d-840684-2 neutron-server[104028]: INFO neutron.wsgi [req-7b8733f6-4354-4bba-b009-fc2431faed34 req-b48491a6-a2ab-4137-a1bf-3b6603de0e97 service neutron] 10.222.0.32 "GET /v2.0/networks/8f4a655e-9ca6-43d5-9d8f-d513598848d0?fields=segments HTTP/1.1" status: 200 len: 212 time: 0.1841698
May 05 17:33:36.271039 n-d-840684-2 neutron-server[104027]: DEBUG neutron_lib.callbacks.manager [None req-adc6031d-b061-4713-b849-6f591d115a40 admin admin] Publish callbacks ['neutron.plugins.ml2.ovo_rpc._ObjectChangeHandler.handle_event-3742155'] for security_group (12f97699-78ba-408c-84b3-7dd3bae2e42e), after_delete {{(pid=104027) _notify_loop /usr/local/lib/python3.8/dist-packages/neutron_lib/callbacks/manager.py:176}}
May 05 17:33:36.273849 n-d-840684-2 neutron-server[104027]: DEBUG neutron_lib.callbacks.manager [None req-adc6031d-b061-4713-b849-6f591d115a40 admin admin] Publish callbacks [] for security_group (None), before_response {{(pid=104027) _notify_loop /usr/local/lib/python3.8/dist-packages/neutron_lib/callbacks/manager.py:176}}
May 05 17:33:36.277670 n-d-840684-2 neutron-server[104027]: INFO neutron.wsgi [None req-adc6031d-b061-4713-b849-6f591d115a40 admin admin] 10.222.0.41 "DELETE /v2.0/security-groups/12f97699-78ba-408c-84b3-7dd3bae2e42e HTTP/1.1" status: 204 len: 168 time: 0.1540685
May 05 17:33:36.287461 n-d-840684-2 neutron-server[104027]: DEBUG neutron.api.rpc.handlers.resources_rpc [None req-adc6031d-b061-4713-b849-6f591d115a40 admin admin] Pushing event deleted for resources: {'SecurityGroup': ['ID=12f97699-78ba-408c-84b3-7dd3bae2e42e,revision_number=None']} {{(pid=104027) push /opt/stack/neutron/neutron/api/rpc/handlers/resources_rpc.py:237}}
May 05 17:33:36.336327 n-d-840684-2 neutron-server[104028]: DEBUG neutron.pecan_wsgi.hooks.policy_enforcement [req-dc62c007-1ce0-42fb-9eca-da967ee77447 req-c5d8b015-4759-455f-90c3-e360c02b9b31 tempest-AggregatesAdminTestJSON-1565902459 tempest-AggregatesAdminTestJSON-1565902459-project] Attributes excluded by policy engine: ['standard_attr_id', 'binding:profile', 'binding:host_id', 'binding:vif_type', 'binding:vif_details'] {{(pid=104028) _exclude_attributes_by_policy /opt/stack/neutron/neutron/pecan_wsgi/hooks/policy_enforcement.py:259}}
May 05 17:33:36.337842 n-d-840684-2 neutron-server[104028]: INFO neutron.wsgi [req-dc62c007-1ce0-42fb-9eca-da967ee77447 req-c5d8b015-4759-455f-90c3-e360c02b9b31 tempest-AggregatesAdminTestJSON-1565902459 tempest-AggregatesAdminTestJSON-1565902459-project] 10.222.0.41 "GET /v2.0/ports?device_id=fe332fb0-e90b-424c-8ce2-1e8f488659ce HTTP/1.1" status: 200 len: 971 time: 0.0972416
May 05 17:33:36.343231 n-d-840684-2 neutron-server[104027]: DEBUG neutron.wsgi [-] (104027) accepted ('10.222.0.41', 49228) {{(pid=104027) server /usr/local/lib/python3.8/dist-packages/eventlet/wsgi.py:1004}}
May 05 17:33:36.356100 n-d-840684-2 neutron-server[104027]: DEBUG neutron_lib.callbacks.manager [None req-26e5aa72-b73b-425c-8362-2e1a5d2ef990 admin admin] Publish callbacks [] for security_group (None), before_create {{(pid=104027) _notify_loop /usr/local/lib/python3.8/dist-packages/neutron_lib/callbacks/manager.py:176}}
May 05 17:33:36.367141 n-d-840684-2 neutron-server[104028]: DEBUG neutron_lib.callbacks.manager [None req-572713c5-d083-4b29-b3ec-06788b315cd6 admin admin] Publish callbacks [] for router_gateway (48e37d69-5930-49f6-a998-21a8b043703e), after_create {{(pid=104028) _notify_loop /usr/local/lib/python3.8/dist-packages/neutron_lib/callbacks/manager.py:176}}
May 05 17:33:36.436681 n-d-840684-2 neutron-server[104028]: INFO neutron.wsgi [req-dc62c007-1ce0-42fb-9eca-da967ee77447 req-8c3719b5-4f08-4bad-a696-ea403691a09e tempest-AggregatesAdminTestJSON-1565902459 tempest-AggregatesAdminTestJSON-1565902459-project] 10.222.0.41 "GET /v2.0/security-groups?id=10067288-ea00-41b1-9865-bd865925d896&fields=id&fields=name HTTP/1.1" status: 200 len: 286 time: 0.0875323
May 05 17:33:36.437909 n-d-840684-2 neutron-server[104027]: DEBUG neutron_lib.callbacks.manager [None req-26e5aa72-b73b-425c-8362-2e1a5d2ef990 admin admin] Publish callbacks [] for security_group (a246948a-a95d-4abe-8fb3-85756d496042), precommit_create {{(pid=104027) _notify_loop /usr/local/lib/python3.8/dist-packages/neutron_lib/callbacks/manager.py:176}}
May 05 17:33:36.445770 n-d-840684-2 neutron-server[104027]: DEBUG neutron_lib.callbacks.manager [None req-26e5aa72-b73b-425c-8362-2e1a5d2ef990 admin admin] Publish callbacks ['neutron.plugins.ml2.ovo_rpc._ObjectChangeHandler.handle_event-3742155'] for security_group (a246948a-a95d-4abe-8fb3-85756d496042), after_create {{(pid=104027) _notify_loop /usr/local/lib/python3.8/dist-packages/neutron_lib/callbacks/manager.py:176}}
May 05 17:33:36.496023 n-d-840684-2 neutron-server[104027]: DEBUG neutron.api.rpc.handlers.resources_rpc [None req-26e5aa72-b73b-425c-8362-2e1a5d2ef990 admin admin] Pushing event updated for resources: {'SecurityGroup': ['ID=a246948a-a95d-4abe-8fb3-85756d496042,revision_number=1']} {{(pid=104027) push /opt/stack/neutron/neutron/api/rpc/handlers/resources_rpc.py:237}}
May 05 17:33:36.500248 n-d-840684-2 neutron-server[104027]: INFO neutron.wsgi [None req-26e5aa72-b73b-425c-8362-2e1a5d2ef990 admin admin] 10.222.0.41 "GET /v2.0/security-groups?tenant_id=bc5dd47f82244ad080f21b1202cdbaaa&name=default HTTP/1.1" status: 200 len: 2996 time: 0.1559987
May 05 17:33:36.503384 n-d-840684-2 neutron-server[104027]: DEBUG neutron.wsgi [-] (104027) accepted ('10.222.0.41', 49230) {{(pid=104027) server /usr/local/lib/python3.8/dist-packages/eventlet/wsgi.py:1004}}
May 05 17:33:36.567724 n-d-840684-2 neutron-server[104027]: DEBUG neutron_lib.callbacks.manager [None req-6ddb85df-86dd-4068-b3e7-fb86c206c61d admin admin] Publish callbacks [] for security_group (a246948a-a95d-4abe-8fb3-85756d496042), before_delete {{(pid=104027) _notify_loop /usr/local/lib/python3.8/dist-packages/neutron_lib/callbacks/manager.py:176}}
May 05 17:33:36.591444 n-d-840684-2 neutron-server[104027]: DEBUG neutron_lib.callbacks.manager [None req-6ddb85df-86dd-4068-b3e7-fb86c206c61d admin admin] Publish callbacks [] for security_group (a246948a-a95d-4abe-8fb3-85756d496042), precommit_delete {{(pid=104027) _notify_loop /usr/local/lib/python3.8/dist-packages/neutron_lib/callbacks/manager.py:176}}
May 05 17:33:36.601369 n-d-840684-2 neutron-server[104028]: DEBUG neutron_lib.callbacks.manager [None req-572713c5-d083-4b29-b3ec-06788b315cd6 admin admin] Publish callbacks ['neutron.services.l3_router.l3_router_plugin.L3_HA_NAT_db_mixin._after_router_create-3748762', 'neutron.services.l3_router.l3_router_plugin.DVRResourceOperationHandler._create_snat_interfaces_after_change-3751637'] for router (48e37d69-5930-49f6-a998-21a8b043703e), after_create {{(pid=104028) _notify_loop /usr/local/lib/python3.8/dist-packages/neutron_lib/callbacks/manager.py:176}}
May 05 17:33:36.640393 n-d-840684-2 neutron-server[104027]: DEBUG neutron_lib.callbacks.manager [None req-6ddb85df-86dd-4068-b3e7-fb86c206c61d admin admin] Publish callbacks ['neutron.plugins.ml2.ovo_rpc._ObjectChangeHandler.handle_event-3742155'] for security_group (a246948a-a95d-4abe-8fb3-85756d496042), after_delete {{(pid=104027) _notify_loop /usr/local/lib/python3.8/dist-packages/neutron_lib/callbacks/manager.py:176}}
May 05 17:33:36.643333 n-d-840684-2 neutron-server[104027]: DEBUG neutron_lib.callbacks.manager [None req-6ddb85df-86dd-4068-b3e7-fb86c206c61d admin admin] Publish callbacks [] for security_group (None), before_response {{(pid=104027) _notify_loop /usr/local/lib/python3.8/dist-packages/neutron_lib/callbacks/manager.py:176}}
May 05 17:33:36.644792 n-d-840684-2 neutron-server[104027]: INFO neutron.wsgi [None req-6ddb85df-86dd-4068-b3e7-fb86c206c61d admin admin] 10.222.0.41 "DELETE /v2.0/security-groups/a246948a-a95d-4abe-8fb3-85756d496042 HTTP/1.1" status: 204 len: 168 time: 0.1405196
May 05 17:33:36.655302 n-d-840684-2 neutron-server[104027]: DEBUG neutron.api.rpc.handlers.resources_rpc [None req-6ddb85df-86dd-4068-b3e7-fb86c206c61d admin admin] Pushing event deleted for resources: {'SecurityGroup': ['ID=a246948a-a95d-4abe-8fb3-85756d496042,revision_number=None']} {{(pid=104027) push /opt/stack/neutron/neutron/api/rpc/handlers/resources_rpc.py:237}}
May 05 17:33:36.777400 n-d-840684-2 neutron-server[104028]: DEBUG neutron.pecan_wsgi.hooks.policy_enforcement [req-a5983505-8636-4dc7-be52-2f277f4431b0 req-27bf543e-283c-4424-90a8-25837fc44abf tempest-ServersWithSpecificFlavorTestJSON-1137075604 tempest-ServersWithSpecificFlavorTestJSON-1137075604-project] Attributes excluded by policy engine: ['standard_attr_id', 'binding:profile', 'binding:host_id', 'binding:vif_type', 'binding:vif_details'] {{(pid=104028) _exclude_attributes_by_policy /opt/stack/neutron/neutron/pecan_wsgi/hooks/policy_enforcement.py:259}}
May 05 17:33:36.781702 n-d-840684-2 neutron-server[104028]: INFO neutron.wsgi [req-a5983505-8636-4dc7-be52-2f277f4431b0 req-27bf543e-283c-4424-90a8-25837fc44abf tempest-ServersWithSpecificFlavorTestJSON-1137075604 tempest-ServersWithSpecificFlavorTestJSON-1137075604-project] 10.222.0.41 "GET /v2.0/ports?device_id=c7d8ec69-a64e-44da-9e62-41a2c00a6adf HTTP/1.1" status: 200 len: 943 time: 0.0692179
May 05 17:33:36.845087 n-d-840684-2 neutron-server[104028]: INFO neutron.wsgi [req-a5983505-8636-4dc7-be52-2f277f4431b0 req-0128b481-a31c-479d-823f-e1e7ec723538 tempest-ServersWithSpecificFlavorTestJSON-1137075604 tempest-ServersWithSpecificFlavorTestJSON-1137075604-project] 10.222.0.41 "GET /v2.0/security-groups?id=cca58168-9735-456e-bfba-a137e472fa3a&fields=id&fields=name HTTP/1.1" status: 200 len: 312 time: 0.0589099
May 05 17:33:36.845812 n-d-840684-2 neutron-server[104028]: DEBUG neutron.scheduler.l3_agent_scheduler [None req-572713c5-d083-4b29-b3ec-06788b315cd6 admin admin] Router 48e37d69-5930-49f6-a998-21a8b043703e is scheduled to L3 agent db1851e4-2f90-4cd4-817a-5691c20d48c5 with binding_index 1 {{(pid=104028) bind_router /opt/stack/neutron/neutron/scheduler/l3_agent_scheduler.py:209}}
May 05 17:33:36.962093 n-d-840684-2 neutron-server[104028]: DEBUG neutron.api.rpc.agentnotifiers.l3_rpc_agent_api [None req-572713c5-d083-4b29-b3ec-06788b315cd6 admin admin] Notify agent at l3_agent.n-d-840684-2 the message routers_updated {{(pid=104028) _agent_notification /opt/stack/neutron/neutron/api/rpc/agentnotifiers/l3_rpc_agent_api.py:65}}
May 05 17:33:36.974824 n-d-840684-2 neutron-server[104030]: DEBUG neutron.api.rpc.handlers.l3_rpc [None req-bea17edb-7672-441b-8cb4-c22a5687c3d9 None None] Sync routers for ids ['48e37d69-5930-49f6-a998-21a8b043703e'] in n-d-840684-2 {{(pid=104030) sync_routers /opt/stack/neutron/neutron/api/rpc/handlers/l3_rpc.py:125}}
May 05 17:33:36.980753 n-d-840684-2 neutron-server[104027]: DEBUG neutron.wsgi [-] (104027) accepted ('10.222.0.41', 49248) {{(pid=104027) server /usr/local/lib/python3.8/dist-packages/eventlet/wsgi.py:1004}}
May 05 17:33:36.984780 n-d-840684-2 neutron-server[104030]: DEBUG neutron.db.l3_dvrscheduler_db [None req-bea17edb-7672-441b-8cb4-c22a5687c3d9 None None] Routers {'48e37d69-5930-49f6-a998-21a8b043703e'} bound to L3 agent in host n-d-840684-2 {{(pid=104030) _get_router_ids_for_agent /opt/stack/neutron/neutron/db/l3_dvrscheduler_db.py:421}}
May 05 17:33:36.985579 n-d-840684-2 neutron-server[104030]: DEBUG neutron.db.l3_hamode_db [None req-bea17edb-7672-441b-8cb4-c22a5687c3d9 None None] neutron.services.l3_router.l3_router_plugin.L3RouterPlugin method get_ha_sync_data_for_host called with arguments (, 'n-d-840684-2', Agent(admin_state_up=True,agent_type='L3 agent',availability_zone='nova',binary='neutron-l3-agent',configurations={"agent_mode": "legacy", "ex_gw_ports": 3, "extensions": [], "floating_ips": 0, "handle_internal_only_routers": true, "interface_driver": "openvswitch", "interfaces": 3, "log_agent_heartbeats": false, "routers": 3},created_at=2022-05-05T17:22:28Z,description=,heartbeat_timestamp=2022-05-05T17:33:28Z,host='n-d-840684-2',id=db1851e4-2f90-4cd4-817a-5691c20d48c5,load=0,resource_versions=,resources_synced=,started_at=2022-05-05T17:22:28Z,topic='l3_agent')) {'router_ids': ['48e37d69-5930-49f6-a998-21a8b043703e'], 'active': True} {{(pid=104030) wrapper /usr/local/lib/python3.8/dist-packages/oslo_log/helpers.py:65}}
May 05 17:33:36.990547 n-d-840684-2 neutron-server[104028]: DEBUG neutron_lib.callbacks.manager [None req-572713c5-d083-4b29-b3ec-06788b315cd6 admin admin] Publish callbacks [] for router (None), before_response {{(pid=104028) _notify_loop /usr/local/lib/python3.8/dist-packages/neutron_lib/callbacks/manager.py:176}}
May 05 17:33:36.997615 n-d-840684-2 neutron-server[104027]: DEBUG neutron_lib.callbacks.manager [None req-6bfaf64b-5560-487f-bc4e-f8f623cd6335 admin admin] Publish callbacks [] for security_group (None), before_create {{(pid=104027) _notify_loop /usr/local/lib/python3.8/dist-packages/neutron_lib/callbacks/manager.py:176}}
May 05 17:33:36.999115 n-d-840684-2 neutron-server[104028]: INFO neutron.wsgi [None req-572713c5-d083-4b29-b3ec-06788b315cd6 admin admin] 10.222.0.41 "POST /v2.0/routers HTTP/1.1" status: 201 len: 932 time: 4.1292310
May 05 17:33:37.001873 n-d-840684-2 neutron-server[104028]: DEBUG neutron.wsgi [-] (104028) accepted ('10.222.0.41', 49252) {{(pid=104028) server /usr/local/lib/python3.8/dist-packages/eventlet/wsgi.py:1004}}
May 05 17:33:37.118340 n-d-840684-2 neutron-server[104027]: DEBUG neutron_lib.callbacks.manager [None req-6bfaf64b-5560-487f-bc4e-f8f623cd6335 admin admin] Publish callbacks [] for security_group (22ab132b-5ff8-4af8-a73b-29d5a7a53aad), precommit_create {{(pid=104027) _notify_loop /usr/local/lib/python3.8/dist-packages/neutron_lib/callbacks/manager.py:176}}
May 05 17:33:37.124976 n-d-840684-2 neutron-server[104027]: DEBUG neutron_lib.callbacks.manager [None req-6bfaf64b-5560-487f-bc4e-f8f623cd6335 admin admin] Publish callbacks ['neutron.plugins.ml2.ovo_rpc._ObjectChangeHandler.handle_event-3742155'] for security_group (22ab132b-5ff8-4af8-a73b-29d5a7a53aad), after_create {{(pid=104027) _notify_loop /usr/local/lib/python3.8/dist-packages/neutron_lib/callbacks/manager.py:176}}
May 05 17:33:37.188122 n-d-840684-2 neutron-server[104030]: DEBUG neutron.db.l3_dvr_db [None req-bea17edb-7672-441b-8cb4-c22a5687c3d9 None None] Set router 48e37d69-5930-49f6-a998-21a8b043703e gateway port host: n-d-840684-2 {{(pid=104030) _build_routers_list /opt/stack/neutron/neutron/db/l3_dvr_db.py:906}}
May 05 17:33:37.207918 n-d-840684-2 neutron-server[104028]: DEBUG neutron.wsgi [-] (104028) accepted ('10.222.0.41', 49260) {{(pid=104028) server /usr/local/lib/python3.8/dist-packages/eventlet/wsgi.py:1004}}
May 05 17:33:37.209132 n-d-840684-2 neutron-server[104027]: INFO neutron.wsgi [None req-6bfaf64b-5560-487f-bc4e-f8f623cd6335 admin admin] 10.222.0.41 "GET /v2.0/security-groups?tenant_id=278004047e2a4f2781b3a696fde8e446&name=default HTTP/1.1" status: 200 len: 2996 time: 0.2275596
May 05 17:33:37.210194 n-d-840684-2 neutron-server[104027]: DEBUG neutron.api.rpc.handlers.resources_rpc [None req-6bfaf64b-5560-487f-bc4e-f8f623cd6335 admin admin] Pushing event updated for resources: {'SecurityGroup': ['ID=22ab132b-5ff8-4af8-a73b-29d5a7a53aad,revision_number=1']} {{(pid=104027) push /opt/stack/neutron/neutron/api/rpc/handlers/resources_rpc.py:237}}
May 05 17:33:37.403020 n-d-840684-2 neutron-server[104029]: DEBUG neutron.plugins.ml2.rpc [None req-5fde5e33-59b0-4b58-8c57-8420a92149f7 None None] Device 2d3c02e5-4bd2-4c06-8315-4187c27843af up at agent ovs-agent-n-d-840684-2 {{(pid=104029) update_device_up /opt/stack/neutron/neutron/plugins/ml2/rpc.py:296}}
May 05 17:33:37.403989 n-d-840684-2 neutron-server[104030]: DEBUG neutron.db.l3_hamode_db [None req-bea17edb-7672-441b-8cb4-c22a5687c3d9 None None] neutron.services.l3_router.l3_router_plugin.L3RouterPlugin method _process_sync_ha_data called with arguments (, [{'id': '48e37d69-5930-49f6-a998-21a8b043703e', 'name': 'tempest-FloatingIPsAssociationTestJSON-1769553204-router', 'tenant_id': '96acac5a17234aa8a2f2dbc2f213e8ca', 'admin_state_up': True, 'status': 'ACTIVE', 'external_gateway_info': {'network_id': '083ae3ed-0d88-4b43-9b60-d7c82eb557b6', 'external_fixed_ips': [{'subnet_id': '5e13ad38-3e46-44fb-871e-06cf23bc0dc4', 'ip_address': '172.25.4.46'}], 'enable_snat': True}, 'gw_port_id': 'ad0ed450-0f62-4c28-9ce7-2777e1afd247', 'description': '', 'availability_zones': ['nova'], 'distributed': False, 'ha': False, 'ha_vr_id': 0, 'availability_zone_hints': [], 'routes': [], 'flavor_id': None, 'tags': [], 'created_at': '2022-05-05T17:33:32Z', 'updated_at': '2022-05-05T17:33:36Z', 'revision_number': 3, 'project_id': '96acac5a17234aa8a2f2dbc2f213e8ca', 'gw_port': {'id': 'ad0ed450-0f62-4c28-9ce7-2777e1afd247', 'name': '', 'network_id': '083ae3ed-0d88-4b43-9b60-d7c82eb557b6', 'tenant_id': '', 'mac_address': 'fa:16:3e:d0:e7:b4', 'admin_state_up': True, 'status': 'DOWN', 'device_id': '48e37d69-5930-49f6-a998-21a8b043703e', 'device_owner': 'network:router_gateway', 'standard_attr_id': 206, 'fixed_ips': [{'subnet_id': '5e13ad38-3e46-44fb-871e-06cf23bc0dc4', 'ip_address': '172.25.4.46', 'prefixlen': 24}], 'allowed_address_pairs': [], 'extra_dhcp_opts': [], 'security_groups': [], 'description': '', 'binding:vnic_type': 'normal', 'binding:profile': {}, 'binding:host_id': '', 'binding:vif_type': 'unbound', 'binding:vif_details': {}, 'port_security_enabled': False, 'tags': [], 'created_at': '2022-05-05T17:33:34Z', 'updated_at': '2022-05-05T17:33:34Z', 'revision_number': 1, 'project_id': '', 'subnets': [{'id': '5e13ad38-3e46-44fb-871e-06cf23bc0dc4', 'cidr': '172.25.4.0/24', 'gateway_ip': '172.25.4.1', 'dns_nameservers': [], 'ipv6_ra_mode': None, 'subnetpool_id': None}], 'extra_subnets': [], 'address_scopes': {4: None, 6: None}, 'mtu': 1500}, 'enable_snat': True, 'gw_port_host': 'n-d-840684-2'}], 'n-d-840684-2', False) {} {{(pid=104030) wrapper /usr/local/lib/python3.8/dist-packages/oslo_log/helpers.py:65}}
May 05 17:33:37.440741 n-d-840684-2 neutron-server[104030]: DEBUG neutron.api.rpc.handlers.l3_rpc [None req-bea17edb-7672-441b-8cb4-c22a5687c3d9 None None] Checking router: 48e37d69-5930-49f6-a998-21a8b043703e for host: n-d-840684-2 {{(pid=104030) _ensure_host_set_on_ports /opt/stack/neutron/neutron/api/rpc/handlers/l3_rpc.py:155}}
May 05 17:33:37.442101 n-d-840684-2 neutron-server[104030]: DEBUG neutron.api.rpc.handlers.l3_rpc [None req-bea17edb-7672-441b-8cb4-c22a5687c3d9 None None] Updating router 48e37d69-5930-49f6-a998-21a8b043703e port ad0ed450-0f62-4c28-9ce7-2777e1afd247 binding host n-d-840684-2 {{(pid=104030) _ensure_host_set_on_port /opt/stack/neutron/neutron/api/rpc/handlers/l3_rpc.py:205}}
May 05 17:33:37.471596 n-d-840684-2 neutron-server[104029]: DEBUG neutron.db.provisioning_blocks [None req-5fde5e33-59b0-4b58-8c57-8420a92149f7 None None] Provisioning complete for port 2d3c02e5-4bd2-4c06-8315-4187c27843af triggered by entity L2. {{(pid=104029) provisioning_complete /opt/stack/neutron/neutron/db/provisioning_blocks.py:145}}
May 05 17:33:37.472675 n-d-840684-2 neutron-server[104029]: DEBUG neutron_lib.callbacks.manager [None req-5fde5e33-59b0-4b58-8c57-8420a92149f7 None None] Publish callbacks ['neutron.plugins.ml2.plugin.Ml2Plugin._port_provisioned-996707'] for port (2d3c02e5-4bd2-4c06-8315-4187c27843af), provisioning_complete {{(pid=104029) _notify_loop /usr/local/lib/python3.8/dist-packages/neutron_lib/callbacks/manager.py:176}}
May 05 17:33:37.485681 n-d-840684-2 neutron-server[104030]: DEBUG neutron_lib.callbacks.manager [None req-bea17edb-7672-441b-8cb4-c22a5687c3d9 None None] Publish callbacks ['neutron.plugins.ml2.plugin.SecurityGroupDbMixin._ensure_default_security_group_handler-937660'] for port (ad0ed450-0f62-4c28-9ce7-2777e1afd247), before_update {{(pid=104030) _notify_loop /usr/local/lib/python3.8/dist-packages/neutron_lib/callbacks/manager.py:176}}
May 05 17:33:37.576181 n-d-840684-2 neutron-server[104027]: DEBUG neutron.wsgi [-] (104027) accepted ('10.222.0.32', 53300) {{(pid=104027) server /usr/local/lib/python3.8/dist-packages/eventlet/wsgi.py:1004}}
May 05 17:33:37.576631 n-d-840684-2 neutron-server[104029]: DEBUG neutron.plugins.ml2.plugin [None req-5fde5e33-59b0-4b58-8c57-8420a92149f7 None None] Current status of the port 2d3c02e5-4bd2-4c06-8315-4187c27843af is: ACTIVE; New status is: ACTIVE {{(pid=104029) _update_individual_port_db_status /opt/stack/neutron/neutron/plugins/ml2/plugin.py:2296}}
May 05 17:33:37.746721 n-d-840684-2 neutron-server[104028]: DEBUG neutron.pecan_wsgi.hooks.policy_enforcement [req-1dc48363-983d-49e2-8045-bba9fdbab65f req-562cfc86-4502-40a6-a310-4a0cf53912ec tempest-DeleteServersAdminTestJSON-57915518 tempest-DeleteServersAdminTestJSON-57915518-project] Attributes excluded by policy engine: ['standard_attr_id', 'binding:profile', 'binding:host_id', 'binding:vif_type', 'binding:vif_details'] {{(pid=104028) _exclude_attributes_by_policy /opt/stack/neutron/neutron/pecan_wsgi/hooks/policy_enforcement.py:259}}
May 05 17:33:37.755021 n-d-840684-2 neutron-server[104028]: INFO neutron.wsgi [req-1dc48363-983d-49e2-8045-bba9fdbab65f req-562cfc86-4502-40a6-a310-4a0cf53912ec tempest-DeleteServersAdminTestJSON-57915518 tempest-DeleteServersAdminTestJSON-57915518-project] 10.222.0.41 "GET /v2.0/ports?device_id=9ad033c2-ae0b-40eb-90e2-9200002b1ffa HTTP/1.1" status: 200 len: 950 time: 0.2516260
May 05 17:33:37.758269 n-d-840684-2 neutron-server[104028]: INFO neutron.wsgi [req-7b8733f6-4354-4bba-b009-fc2431faed34 req-75e0cc6e-b293-4b5f-b2ff-a821037957e1 service neutron] 10.222.0.32 "GET /v2.0/networks/8f4a655e-9ca6-43d5-9d8f-d513598848d0?fields=provider%3Aphysical_network&fields=provider%3Anetwork_type HTTP/1.1" status: 200 len: 281 time: 0.5924652
May 05 17:33:37.816735 n-d-840684-2 neutron-server[104028]: DEBUG neutron_lib.callbacks.manager [None req-ad0ea4d4-bf00-4b2f-b692-6527a90543ef admin admin] Publish callbacks [] for security_group (22ab132b-5ff8-4af8-a73b-29d5a7a53aad), before_delete {{(pid=104028) _notify_loop /usr/local/lib/python3.8/dist-packages/neutron_lib/callbacks/manager.py:176}}
May 05 17:33:37.842752 n-d-840684-2 neutron-server[104028]: DEBUG neutron.pecan_wsgi.hooks.policy_enforcement [req-b0960654-3357-4b85-b0a1-d50ddbd7cc75 req-7672dcf4-b9e3-4453-98a1-346e8e80ec2c tempest-AggregatesAdminTestJSON-1565902459 tempest-AggregatesAdminTestJSON-1565902459-project] Attributes excluded by policy engine: ['standard_attr_id', 'binding:profile', 'binding:host_id', 'binding:vif_type', 'binding:vif_details'] {{(pid=104028) _exclude_attributes_by_policy /opt/stack/neutron/neutron/pecan_wsgi/hooks/policy_enforcement.py:259}}
May 05 17:33:37.844893 n-d-840684-2 neutron-server[104028]: INFO neutron.wsgi [req-b0960654-3357-4b85-b0a1-d50ddbd7cc75 req-7672dcf4-b9e3-4453-98a1-346e8e80ec2c tempest-AggregatesAdminTestJSON-1565902459 tempest-AggregatesAdminTestJSON-1565902459-project] 10.222.0.41 "GET /v2.0/ports?device_id=fe332fb0-e90b-424c-8ce2-1e8f488659ce HTTP/1.1" status: 200 len: 971 time: 0.1714749
May 05 17:33:37.855868 n-d-840684-2 neutron-server[104030]: DEBUG neutron_lib.callbacks.manager [None req-bea17edb-7672-441b-8cb4-c22a5687c3d9 None None] Publish callbacks [] for port (ad0ed450-0f62-4c28-9ce7-2777e1afd247), precommit_update {{(pid=104030) _notify_loop /usr/local/lib/python3.8/dist-packages/neutron_lib/callbacks/manager.py:176}}
May 05 17:33:37.863152 n-d-840684-2 neutron-server[104030]: DEBUG neutron_lib.callbacks.manager [None req-bea17edb-7672-441b-8cb4-c22a5687c3d9 None None] Publish callbacks ['neutron.plugins.ml2.plugin.SecurityGroupServerNotifierRpcMixin._notify_sg_on_port_change-937680', 'neutron.plugins.ml2.ovo_rpc._ObjectChangeHandler.handle_event-407844', 'neutron.api.rpc.agentnotifiers.dhcp_rpc_agent_api.DhcpAgentNotifyAPI._native_event_send_dhcp_notification-3909131', 'neutron.db.l3_db.L3RpcNotifierMixin._notify_gateway_port_ip_changed-8751061173697', 'neutron.db.l3_dvrscheduler_db._notify_l3_agent_port_update-8751060713144', 'neutron.db.l3_hascheduler_db._notify_l3_agent_ha_port_update-8751060713162'] for port (ad0ed450-0f62-4c28-9ce7-2777e1afd247), after_update {{(pid=104030) _notify_loop /usr/local/lib/python3.8/dist-packages/neutron_lib/callbacks/manager.py:176}}
May 05 17:33:37.908765 n-d-840684-2 neutron-server[104027]: DEBUG neutron.pecan_wsgi.hooks.policy_enforcement [req-d840f524-ecb8-457a-b1ed-3bf5c97df080 req-339e0729-ee5f-4938-b503-504e7b838810 tempest-AggregatesAdminTestJSON-1565902459 tempest-AggregatesAdminTestJSON-1565902459-project] Attributes excluded by policy engine: ['standard_attr_id', 'binding:profile', 'binding:host_id', 'binding:vif_type', 'binding:vif_details'] {{(pid=104027) _exclude_attributes_by_policy /opt/stack/neutron/neutron/pecan_wsgi/hooks/policy_enforcement.py:259}}
May 05 17:33:37.910448 n-d-840684-2 neutron-server[104027]: INFO neutron.wsgi [req-d840f524-ecb8-457a-b1ed-3bf5c97df080 req-339e0729-ee5f-4938-b503-504e7b838810 tempest-AggregatesAdminTestJSON-1565902459 tempest-AggregatesAdminTestJSON-1565902459-project] 10.222.0.32 "GET /v2.0/ports?device_id=fe332fb0-e90b-424c-8ce2-1e8f488659ce HTTP/1.1" status: 200 len: 971 time: 0.3332484
May 05 17:33:37.912590 n-d-840684-2 neutron-server[104028]: DEBUG neutron_lib.callbacks.manager [None req-ad0ea4d4-bf00-4b2f-b692-6527a90543ef admin admin] Publish callbacks [] for security_group (22ab132b-5ff8-4af8-a73b-29d5a7a53aad), precommit_delete {{(pid=104028) _notify_loop /usr/local/lib/python3.8/dist-packages/neutron_lib/callbacks/manager.py:176}}
May 05 17:33:37.922646 n-d-840684-2 neutron-server[104030]: DEBUG neutron.plugins.ml2.managers [None req-bea17edb-7672-441b-8cb4-c22a5687c3d9 None None] Attempting to bind port ad0ed450-0f62-4c28-9ce7-2777e1afd247 on host n-d-840684-2 for vnic_type normal with profile {{(pid=104030) bind_port /opt/stack/neutron/neutron/plugins/ml2/managers.py:795}}
May 05 17:33:37.923055 n-d-840684-2 neutron-server[104030]: DEBUG neutron.plugins.ml2.managers [None req-bea17edb-7672-441b-8cb4-c22a5687c3d9 None None] Attempting to bind port ad0ed450-0f62-4c28-9ce7-2777e1afd247 by drivers openvswitch,hyperv on host n-d-840684-2 at level 0 using segments [{'id': 'bc70617e-50f6-4f2a-bb16-dd05e809e0f1', 'network_type': 'flat', 'physical_network': 'physnet1', 'segmentation_id': None, 'network_id': '083ae3ed-0d88-4b43-9b60-d7c82eb557b6'}] {{(pid=104030) _bind_port_level /opt/stack/neutron/neutron/plugins/ml2/managers.py:820}}
May 05 17:33:37.923418 n-d-840684-2 neutron-server[104030]: DEBUG neutron.plugins.ml2.drivers.mech_agent [None req-bea17edb-7672-441b-8cb4-c22a5687c3d9 None None] Attempting to bind port ad0ed450-0f62-4c28-9ce7-2777e1afd247 on network 083ae3ed-0d88-4b43-9b60-d7c82eb557b6 {{(pid=104030) bind_port /opt/stack/neutron/neutron/plugins/ml2/drivers/mech_agent.py:91}}
May 05 17:33:37.935367 n-d-840684-2 neutron-server[104030]: DEBUG neutron.api.rpc.handlers.resources_rpc [None req-a319b4c6-6018-465d-bb35-58c3afc46f60 None None] Pushing event updated for resources: {'Port': ['ID=ad0ed450-0f62-4c28-9ce7-2777e1afd247,revision_number=2']} {{(pid=104030) push /opt/stack/neutron/neutron/api/rpc/handlers/resources_rpc.py:237}}
May 05 17:33:37.937789 n-d-840684-2 neutron-server[104030]: DEBUG neutron.plugins.ml2.drivers.mech_agent [None req-bea17edb-7672-441b-8cb4-c22a5687c3d9 None None] Checking agent: {'id': '795b4fff-fbbf-469e-9737-231ff128f917', 'agent_type': 'Open vSwitch agent', 'binary': 'neutron-openvswitch-agent', 'topic': 'N/A', 'host': 'n-d-840684-2', 'admin_state_up': True, 'created_at': datetime.datetime(2022, 5, 5, 17, 22, 32), 'started_at': datetime.datetime(2022, 5, 5, 17, 23, 2), 'heartbeat_timestamp': datetime.datetime(2022, 5, 5, 17, 33, 32), 'description': None, 'resources_synced': None, 'availability_zone': None, 'alive': True, 'configurations': {'arp_responder_enabled': False, 'baremetal_smartnic': False, 'bridge_mappings': {'physnet1': 'br-data'}, 'datapath_type': 'system', 'devices': 0, 'enable_distributed_routing': False, 'extensions': [], 'in_distributed_mode': False, 'integration_bridge': 'br-int', 'l2_population': False, 'log_agent_heartbeats': False, 'ovs_capabilities': {'datapath_types': ['netdev', 'system'], 'iface_types': ['erspan', 'geneve', 'gre', 'internal', 'ip6erspan', 'ip6gre', 'lisp', 'patch', 'stt', 'system', 'tap', 'vxlan']}, 'ovs_hybrid_plug': False, 'resource_provider_bandwidths': {}, 'resource_provider_hypervisors': {'br-data': 'n-d-840684-2'}, 'resource_provider_inventory_defaults': {'allocation_ratio': 1.0, 'min_unit': 1, 'step_size': 1, 'reserved': 0}, 'resource_provider_packet_processing_inventory_defaults': {'allocation_ratio': 1.0, 'min_unit': 1, 'step_size': 1, 'reserved': 0}, 'resource_provider_packet_processing_with_direction': {}, 'resource_provider_packet_processing_without_direction': {}, 'tunnel_types': [], 'tunneling_ip': None, 'vhostuser_socket_dir': '/var/run/openvswitch'}, 'resource_versions': {'AddressGroup': '1.2', 'Agent': '1.1', 'ConntrackHelper': '1.0', 'LocalIPAssociation': '1.0', 'Log': '1.0', 'NDPProxy': '1.0', 'Network': '1.1', 'Port': '1.7', 'PortForwarding': '1.3', 'QosPolicy': '1.10', 'SecurityGroup': '1.5', 'SecurityGroupRule': '1.2', 'SubPort': '1.0', 'Subnet': '1.1', 'Trunk': '1.1'}} {{(pid=104030) bind_port /opt/stack/neutron/neutron/plugins/ml2/drivers/mech_agent.py:110}}
May 05 17:33:37.938165 n-d-840684-2 neutron-server[104030]: DEBUG neutron.plugins.ml2.drivers.mech_agent [None req-bea17edb-7672-441b-8cb4-c22a5687c3d9 None None] Checking segment: {'id': 'bc70617e-50f6-4f2a-bb16-dd05e809e0f1', 'network_type': 'flat', 'physical_network': 'physnet1', 'segmentation_id': None, 'network_id': '083ae3ed-0d88-4b43-9b60-d7c82eb557b6'} for mappings: {'physnet1': 'br-data'} with network types: ['local', 'flat', 'vlan'] {{(pid=104030) check_segment_for_agent /opt/stack/neutron/neutron/plugins/ml2/drivers/mech_agent.py:373}}
May 05 17:33:37.938634 n-d-840684-2 neutron-server[104030]: DEBUG neutron_lib.callbacks.manager [None req-bea17edb-7672-441b-8cb4-c22a5687c3d9 None None] Publish callbacks [] for ovs_bridge_name (None), before_read {{(pid=104030) _notify_loop /usr/local/lib/python3.8/dist-packages/neutron_lib/callbacks/manager.py:176}}
May 05 17:33:37.939036 n-d-840684-2 neutron-server[104030]: DEBUG neutron.plugins.ml2.drivers.mech_agent [None req-bea17edb-7672-441b-8cb4-c22a5687c3d9 None None] Bound using segment: {'id': 'bc70617e-50f6-4f2a-bb16-dd05e809e0f1', 'network_type': 'flat', 'physical_network': 'physnet1', 'segmentation_id': None, 'network_id': '083ae3ed-0d88-4b43-9b60-d7c82eb557b6'} {{(pid=104030) bind_port /opt/stack/neutron/neutron/plugins/ml2/drivers/mech_agent.py:120}}
May 05 17:33:37.939504 n-d-840684-2 neutron-server[104030]: DEBUG neutron.plugins.ml2.managers [None req-bea17edb-7672-441b-8cb4-c22a5687c3d9 None None] Bound port: ad0ed450-0f62-4c28-9ce7-2777e1afd247, host: n-d-840684-2, vif_type: ovs, vif_details: {"connectivity": "l2", "port_filter": true, "ovs_hybrid_plug": false, "datapath_type": "system", "bridge_name": "br-int"}, binding_levels: [{'bound_driver': 'openvswitch', 'bound_segment': {'id': 'bc70617e-50f6-4f2a-bb16-dd05e809e0f1', 'network_type': 'flat', 'physical_network': 'physnet1', 'segmentation_id': None, 'network_id': '083ae3ed-0d88-4b43-9b60-d7c82eb557b6'}}] {{(pid=104030) _bind_port_level /opt/stack/neutron/neutron/plugins/ml2/managers.py:932}}
May 05 17:33:37.939904 n-d-840684-2 neutron-server[104030]: DEBUG neutron_lib.callbacks.manager [None req-bea17edb-7672-441b-8cb4-c22a5687c3d9 None None] Publish callbacks ['neutron.plugins.ml2.plugin.SecurityGroupDbMixin._ensure_default_security_group_handler-937660'] for port (ad0ed450-0f62-4c28-9ce7-2777e1afd247), before_update {{(pid=104030) _notify_loop /usr/local/lib/python3.8/dist-packages/neutron_lib/callbacks/manager.py:176}}
May 05 17:33:37.994203 n-d-840684-2 neutron-server[104028]: INFO neutron.wsgi [req-1dc48363-983d-49e2-8045-bba9fdbab65f req-86fa9944-afb6-468e-b38c-76ee99ac3260 tempest-DeleteServersAdminTestJSON-57915518 tempest-DeleteServersAdminTestJSON-57915518-project] 10.222.0.41 "GET /v2.0/security-groups?id=b7a018fd-fa96-4475-96eb-8a19f065c5b0&fields=id&fields=name HTTP/1.1" status: 200 len: 286 time: 0.2382865
May 05 17:33:37.995427 n-d-840684-2 neutron-server[104030]: DEBUG neutron.plugins.ml2.db [None req-bea17edb-7672-441b-8cb4-c22a5687c3d9 None None] For port ad0ed450-0f62-4c28-9ce7-2777e1afd247, host n-d-840684-2, cleared binding levels {{(pid=104030) clear_binding_levels /opt/stack/neutron/neutron/plugins/ml2/db.py:87}}
May 05 17:33:37.998902 n-d-840684-2 neutron-server[104030]: DEBUG neutron.plugins.ml2.db [None req-bea17edb-7672-441b-8cb4-c22a5687c3d9 None None] For port ad0ed450-0f62-4c28-9ce7-2777e1afd247, host n-d-840684-2, set binding levels [PortBindingLevel(driver='openvswitch',host='n-d-840684-2',level=0,port_id=ad0ed450-0f62-4c28-9ce7-2777e1afd247,segment=NetworkSegment(bc70617e-50f6-4f2a-bb16-dd05e809e0f1),segment_id=bc70617e-50f6-4f2a-bb16-dd05e809e0f1)] {{(pid=104030) set_binding_levels /opt/stack/neutron/neutron/plugins/ml2/db.py:59}}
May 05 17:33:38.007058 n-d-840684-2 neutron-server[104030]: DEBUG neutron_lib.callbacks.manager [None req-bea17edb-7672-441b-8cb4-c22a5687c3d9 None None] Publish callbacks ['neutron.plugins.ml2.plugin.SecurityGroupServerNotifierRpcMixin._notify_sg_on_port_change-937680', 'neutron.plugins.ml2.ovo_rpc._ObjectChangeHandler.handle_event-407844', 'neutron.api.rpc.agentnotifiers.dhcp_rpc_agent_api.DhcpAgentNotifyAPI._native_event_send_dhcp_notification-3909131', 'neutron.db.l3_db.L3RpcNotifierMixin._notify_gateway_port_ip_changed-8751061173697', 'neutron.db.l3_dvrscheduler_db._notify_l3_agent_port_update-8751060713144', 'neutron.db.l3_hascheduler_db._notify_l3_agent_ha_port_update-8751060713162'] for port (ad0ed450-0f62-4c28-9ce7-2777e1afd247), after_update {{(pid=104030) _notify_loop /usr/local/lib/python3.8/dist-packages/neutron_lib/callbacks/manager.py:176}}
May 05 17:33:38.017924 n-d-840684-2 neutron-server[104028]: INFO neutron.wsgi [req-b0960654-3357-4b85-b0a1-d50ddbd7cc75 req-cb2dbf1b-7f74-46a7-b83f-6b20f3699e2c tempest-AggregatesAdminTestJSON-1565902459 tempest-AggregatesAdminTestJSON-1565902459-project] 10.222.0.41 "GET /v2.0/security-groups?id=10067288-ea00-41b1-9865-bd865925d896&fields=id&fields=name HTTP/1.1" status: 200 len: 286 time: 0.1564360
May 05 17:33:38.060631 n-d-840684-2 neutron-server[104028]: DEBUG neutron_lib.callbacks.manager [None req-ad0ea4d4-bf00-4b2f-b692-6527a90543ef admin admin] Publish callbacks ['neutron.plugins.ml2.ovo_rpc._ObjectChangeHandler.handle_event-3742155'] for security_group (22ab132b-5ff8-4af8-a73b-29d5a7a53aad), after_delete {{(pid=104028) _notify_loop /usr/local/lib/python3.8/dist-packages/neutron_lib/callbacks/manager.py:176}}
May 05 17:33:38.062464 n-d-840684-2 neutron-server[104030]: DEBUG neutron.db.l3_dvrscheduler_db [None req-bea17edb-7672-441b-8cb4-c22a5687c3d9 None None] Routers {'48e37d69-5930-49f6-a998-21a8b043703e'} bound to L3 agent in host n-d-840684-2 {{(pid=104030) _get_router_ids_for_agent /opt/stack/neutron/neutron/db/l3_dvrscheduler_db.py:421}}
May 05 17:33:38.063228 n-d-840684-2 neutron-server[104030]: DEBUG neutron.db.l3_hamode_db [None req-bea17edb-7672-441b-8cb4-c22a5687c3d9 None None] neutron.services.l3_router.l3_router_plugin.L3RouterPlugin method get_ha_sync_data_for_host called with arguments (, 'n-d-840684-2', Agent(admin_state_up=True,agent_type='L3 agent',availability_zone='nova',binary='neutron-l3-agent',configurations={"agent_mode": "legacy", "ex_gw_ports": 3, "extensions": [], "floating_ips": 0, "handle_internal_only_routers": true, "interface_driver": "openvswitch", "interfaces": 3, "log_agent_heartbeats": false, "routers": 3},created_at=2022-05-05T17:22:28Z,description=,heartbeat_timestamp=2022-05-05T17:33:28Z,host='n-d-840684-2',id=db1851e4-2f90-4cd4-817a-5691c20d48c5,load=0,resource_versions=,resources_synced=,started_at=2022-05-05T17:22:28Z,topic='l3_agent')) {'router_ids': ['48e37d69-5930-49f6-a998-21a8b043703e'], 'active': True} {{(pid=104030) wrapper /usr/local/lib/python3.8/dist-packages/oslo_log/helpers.py:65}}
May 05 17:33:38.063718 n-d-840684-2 neutron-server[104028]: DEBUG neutron_lib.callbacks.manager [None req-ad0ea4d4-bf00-4b2f-b692-6527a90543ef admin admin] Publish callbacks [] for security_group (None), before_response {{(pid=104028) _notify_loop /usr/local/lib/python3.8/dist-packages/neutron_lib/callbacks/manager.py:176}}
May 05 17:33:38.067190 n-d-840684-2 neutron-server[104028]: INFO neutron.wsgi [None req-ad0ea4d4-bf00-4b2f-b692-6527a90543ef admin admin] 10.222.0.41 "DELETE /v2.0/security-groups/22ab132b-5ff8-4af8-a73b-29d5a7a53aad HTTP/1.1" status: 204 len: 168 time: 0.8557861
May 05 17:33:38.102289 n-d-840684-2 neutron-server[104028]: DEBUG neutron.api.rpc.handlers.resources_rpc [None req-ad0ea4d4-bf00-4b2f-b692-6527a90543ef admin admin] Pushing event deleted for resources: {'SecurityGroup': ['ID=22ab132b-5ff8-4af8-a73b-29d5a7a53aad,revision_number=None']} {{(pid=104028) push /opt/stack/neutron/neutron/api/rpc/handlers/resources_rpc.py:237}}
May 05 17:33:38.260358 n-d-840684-2 neutron-server[104028]: DEBUG neutron.pecan_wsgi.hooks.policy_enforcement [req-33dadde7-6101-425b-b1c4-6acbac3e8636 req-2db85ccf-ce13-4d59-a1f3-822231d24625 tempest-ServersWithSpecificFlavorTestJSON-1137075604 tempest-ServersWithSpecificFlavorTestJSON-1137075604-project] Attributes excluded by policy engine: ['standard_attr_id', 'binding:profile', 'binding:host_id', 'binding:vif_type', 'binding:vif_details'] {{(pid=104028) _exclude_attributes_by_policy /opt/stack/neutron/neutron/pecan_wsgi/hooks/policy_enforcement.py:259}}
May 05 17:33:38.262851 n-d-840684-2 neutron-server[104028]: INFO neutron.wsgi [req-33dadde7-6101-425b-b1c4-6acbac3e8636 req-2db85ccf-ce13-4d59-a1f3-822231d24625 tempest-ServersWithSpecificFlavorTestJSON-1137075604 tempest-ServersWithSpecificFlavorTestJSON-1137075604-project] 10.222.0.41 "GET /v2.0/ports?device_id=c7d8ec69-a64e-44da-9e62-41a2c00a6adf HTTP/1.1" status: 200 len: 943 time: 0.0948489
May 05 17:33:38.274904 n-d-840684-2 neutron-server[104030]: DEBUG neutron.api.rpc.handlers.resources_rpc [None req-a319b4c6-6018-465d-bb35-58c3afc46f60 None None] Pushing event updated for resources: {'Port': ['ID=ad0ed450-0f62-4c28-9ce7-2777e1afd247,revision_number=3']} {{(pid=104030) push /opt/stack/neutron/neutron/api/rpc/handlers/resources_rpc.py:237}}
